
CREATE TABLE `permission_category` (
  `id` int NOT NULL AUTO_INCREMENT,
  `perm_group_id` int DEFAULT NULL,
  `name` varchar(100) DEFAULT NULL,
  `short_code` varchar(100) DEFAULT NULL,
  `enable_view` int DEFAULT '0',
  `enable_add` int DEFAULT '0',
  `enable_edit` int DEFAULT '0',
  `enable_delete` int DEFAULT '0',
  `created_at` timestamp NOT NULL DEFAULT CURRENT_TIMESTAMP ON UPDATE CURRENT_TIMESTAMP,
  PRIMARY KEY (`id`),
  KEY `idx_short_code` (`short_code`),
  KEY `perm_group_id` (`perm_group_id`),
  CONSTRAINT `permission_category_ibfk_1` FOREIGN KEY (`perm_group_id`) REFERENCES `permission_group` (`id`) ON DELETE CASCADE
) ENGINE=InnoDB AUTO_INCREMENT=12003 DEFAULT CHARSET=utf8mb3;

INSERT INTO `permission_category` (`id`, `perm_group_id`, `name`, `short_code`, `enable_view`, `enable_add`, `enable_edit`, `enable_delete`, `created_at`) VALUES (1, 1, 'Student', 'student', 1, 1, 1, 1, '2019-10-24 05:42:03');
INSERT INTO `permission_category` (`id`, `perm_group_id`, `name`, `short_code`, `enable_view`, `enable_add`, `enable_edit`, `enable_delete`, `created_at`) VALUES (2, 1, 'Import Student', 'import_student', 1, 0, 0, 0, '2018-06-22 10:17:19');
INSERT INTO `permission_category` (`id`, `perm_group_id`, `name`, `short_code`, `enable_view`, `enable_add`, `enable_edit`, `enable_delete`, `created_at`) VALUES (3, 1, 'Student Categories', 'student_categories', 1, 1, 1, 1, '2018-06-22 10:17:36');
INSERT INTO `permission_category` (`id`, `perm_group_id`, `name`, `short_code`, `enable_view`, `enable_add`, `enable_edit`, `enable_delete`, `created_at`) VALUES (4, 1, 'Student Houses', 'student_houses', 1, 1, 1, 1, '2018-06-22 10:17:53');
INSERT INTO `permission_category` (`id`, `perm_group_id`, `name`, `short_code`, `enable_view`, `enable_add`, `enable_edit`, `enable_delete`, `created_at`) VALUES (5, 2, 'Collect Fees', 'collect_fees', 1, 1, 0, 1, '2018-06-22 10:21:03');
INSERT INTO `permission_category` (`id`, `perm_group_id`, `name`, `short_code`, `enable_view`, `enable_add`, `enable_edit`, `enable_delete`, `created_at`) VALUES (6, 2, 'Fees Carry Forward', 'fees_carry_forward', 1, 0, 0, 0, '2018-06-27 00:18:15');
INSERT INTO `permission_category` (`id`, `perm_group_id`, `name`, `short_code`, `enable_view`, `enable_add`, `enable_edit`, `enable_delete`, `created_at`) VALUES (7, 2, 'Fees Master', 'fees_master', 1, 1, 1, 1, '2018-06-27 00:18:57');
INSERT INTO `permission_category` (`id`, `perm_group_id`, `name`, `short_code`, `enable_view`, `enable_add`, `enable_edit`, `enable_delete`, `created_at`) VALUES (8, 2, 'Fees Group', 'fees_group', 1, 1, 1, 1, '2018-06-22 10:21:46');
INSERT INTO `permission_category` (`id`, `perm_group_id`, `name`, `short_code`, `enable_view`, `enable_add`, `enable_edit`, `enable_delete`, `created_at`) VALUES (9, 3, 'Income', 'income', 1, 1, 1, 1, '2018-06-22 10:23:21');
INSERT INTO `permission_category` (`id`, `perm_group_id`, `name`, `short_code`, `enable_view`, `enable_add`, `enable_edit`, `enable_delete`, `created_at`) VALUES (10, 3, 'Income Head', 'income_head', 1, 1, 1, 1, '2018-06-22 10:22:44');
INSERT INTO `permission_category` (`id`, `perm_group_id`, `name`, `short_code`, `enable_view`, `enable_add`, `enable_edit`, `enable_delete`, `created_at`) VALUES (11, 3, 'Search Income', 'search_income', 1, 0, 0, 0, '2018-06-22 10:23:00');
INSERT INTO `permission_category` (`id`, `perm_group_id`, `name`, `short_code`, `enable_view`, `enable_add`, `enable_edit`, `enable_delete`, `created_at`) VALUES (12, 4, 'Expense', 'expense', 1, 1, 1, 1, '2018-06-22 10:24:06');
INSERT INTO `permission_category` (`id`, `perm_group_id`, `name`, `short_code`, `enable_view`, `enable_add`, `enable_edit`, `enable_delete`, `created_at`) VALUES (13, 4, 'Expense Head', 'expense_head', 1, 1, 1, 1, '2018-06-22 10:23:47');
INSERT INTO `permission_category` (`id`, `perm_group_id`, `name`, `short_code`, `enable_view`, `enable_add`, `enable_edit`, `enable_delete`, `created_at`) VALUES (14, 4, 'Search Expense', 'search_expense', 1, 0, 0, 0, '2018-06-22 10:24:13');
INSERT INTO `permission_category` (`id`, `perm_group_id`, `name`, `short_code`, `enable_view`, `enable_add`, `enable_edit`, `enable_delete`, `created_at`) VALUES (15, 5, 'Student / Period Attendance', 'student_attendance', 1, 1, 1, 0, '2019-11-29 01:19:05');
INSERT INTO `permission_category` (`id`, `perm_group_id`, `name`, `short_code`, `enable_view`, `enable_add`, `enable_edit`, `enable_delete`, `created_at`) VALUES (20, 6, 'Marks Grade', 'marks_grade', 1, 1, 1, 1, '2018-06-22 10:25:25');
INSERT INTO `permission_category` (`id`, `perm_group_id`, `name`, `short_code`, `enable_view`, `enable_add`, `enable_edit`, `enable_delete`, `created_at`) VALUES (21, 7, 'Class Timetable', 'class_timetable', 1, 1, 1, 0, '2021-08-05 05:38:03');
INSERT INTO `permission_category` (`id`, `perm_group_id`, `name`, `short_code`, `enable_view`, `enable_add`, `enable_edit`, `enable_delete`, `created_at`) VALUES (23, 7, 'Subject', 'subject', 1, 1, 1, 1, '2018-06-22 10:32:17');
INSERT INTO `permission_category` (`id`, `perm_group_id`, `name`, `short_code`, `enable_view`, `enable_add`, `enable_edit`, `enable_delete`, `created_at`) VALUES (24, 7, 'Class', 'class', 1, 1, 1, 1, '2018-06-22 10:32:35');
INSERT INTO `permission_category` (`id`, `perm_group_id`, `name`, `short_code`, `enable_view`, `enable_add`, `enable_edit`, `enable_delete`, `created_at`) VALUES (25, 7, 'Section', 'section', 1, 1, 1, 1, '2018-06-22 10:31:10');
INSERT INTO `permission_category` (`id`, `perm_group_id`, `name`, `short_code`, `enable_view`, `enable_add`, `enable_edit`, `enable_delete`, `created_at`) VALUES (26, 7, 'Promote Student', 'promote_student', 1, 0, 0, 0, '2018-06-22 10:32:47');
INSERT INTO `permission_category` (`id`, `perm_group_id`, `name`, `short_code`, `enable_view`, `enable_add`, `enable_edit`, `enable_delete`, `created_at`) VALUES (27, 8, 'Upload Content', 'upload_content', 1, 1, 0, 1, '2018-06-22 10:33:19');
INSERT INTO `permission_category` (`id`, `perm_group_id`, `name`, `short_code`, `enable_view`, `enable_add`, `enable_edit`, `enable_delete`, `created_at`) VALUES (28, 9, 'Books List', 'books', 1, 1, 1, 1, '2019-11-24 00:37:12');
INSERT INTO `permission_category` (`id`, `perm_group_id`, `name`, `short_code`, `enable_view`, `enable_add`, `enable_edit`, `enable_delete`, `created_at`) VALUES (29, 9, 'Issue Return', 'issue_return', 1, 0, 0, 0, '2019-11-24 00:37:18');
INSERT INTO `permission_category` (`id`, `perm_group_id`, `name`, `short_code`, `enable_view`, `enable_add`, `enable_edit`, `enable_delete`, `created_at`) VALUES (30, 9, 'Add Staff Member', 'add_staff_member', 1, 0, 0, 0, '2018-07-02 11:37:00');
INSERT INTO `permission_category` (`id`, `perm_group_id`, `name`, `short_code`, `enable_view`, `enable_add`, `enable_edit`, `enable_delete`, `created_at`) VALUES (31, 10, 'Issue Item', 'issue_item', 1, 1, 1, 1, '2019-11-29 06:39:27');
INSERT INTO `permission_category` (`id`, `perm_group_id`, `name`, `short_code`, `enable_view`, `enable_add`, `enable_edit`, `enable_delete`, `created_at`) VALUES (32, 10, 'Add Item Stock', 'item_stock', 1, 1, 1, 1, '2019-11-24 00:39:17');
INSERT INTO `permission_category` (`id`, `perm_group_id`, `name`, `short_code`, `enable_view`, `enable_add`, `enable_edit`, `enable_delete`, `created_at`) VALUES (33, 10, 'Add Item', 'item', 1, 1, 1, 1, '2019-11-24 00:39:39');
INSERT INTO `permission_category` (`id`, `perm_group_id`, `name`, `short_code`, `enable_view`, `enable_add`, `enable_edit`, `enable_delete`, `created_at`) VALUES (34, 10, 'Item Store', 'store', 1, 1, 1, 1, '2019-11-24 00:40:41');
INSERT INTO `permission_category` (`id`, `perm_group_id`, `name`, `short_code`, `enable_view`, `enable_add`, `enable_edit`, `enable_delete`, `created_at`) VALUES (35, 10, 'Item Supplier', 'supplier', 1, 1, 1, 1, '2019-11-24 00:40:49');
INSERT INTO `permission_category` (`id`, `perm_group_id`, `name`, `short_code`, `enable_view`, `enable_add`, `enable_edit`, `enable_delete`, `created_at`) VALUES (37, 11, 'Routes', 'routes', 1, 1, 1, 1, '2018-06-22 10:39:17');
INSERT INTO `permission_category` (`id`, `perm_group_id`, `name`, `short_code`, `enable_view`, `enable_add`, `enable_edit`, `enable_delete`, `created_at`) VALUES (38, 11, 'Vehicle', 'vehicle', 1, 1, 1, 1, '2018-06-22 10:39:36');
INSERT INTO `permission_category` (`id`, `perm_group_id`, `name`, `short_code`, `enable_view`, `enable_add`, `enable_edit`, `enable_delete`, `created_at`) VALUES (39, 11, 'Assign Vehicle', 'assign_vehicle', 1, 1, 1, 1, '2018-06-27 04:39:20');
INSERT INTO `permission_category` (`id`, `perm_group_id`, `name`, `short_code`, `enable_view`, `enable_add`, `enable_edit`, `enable_delete`, `created_at`) VALUES (40, 12, 'Hostel', 'hostel', 1, 1, 1, 1, '2018-06-22 10:40:49');
INSERT INTO `permission_category` (`id`, `perm_group_id`, `name`, `short_code`, `enable_view`, `enable_add`, `enable_edit`, `enable_delete`, `created_at`) VALUES (41, 12, 'Room Type', 'room_type', 1, 1, 1, 1, '2018-06-22 10:40:27');
INSERT INTO `permission_category` (`id`, `perm_group_id`, `name`, `short_code`, `enable_view`, `enable_add`, `enable_edit`, `enable_delete`, `created_at`) VALUES (42, 12, 'Hostel Rooms', 'hostel_rooms', 1, 1, 1, 1, '2018-06-25 06:23:03');
INSERT INTO `permission_category` (`id`, `perm_group_id`, `name`, `short_code`, `enable_view`, `enable_add`, `enable_edit`, `enable_delete`, `created_at`) VALUES (43, 13, 'Notice Board', 'notice_board', 1, 1, 1, 1, '2018-06-22 10:41:17');
INSERT INTO `permission_category` (`id`, `perm_group_id`, `name`, `short_code`, `enable_view`, `enable_add`, `enable_edit`, `enable_delete`, `created_at`) VALUES (44, 13, 'Email', 'email', 1, 0, 0, 0, '2019-11-26 05:20:37');
INSERT INTO `permission_category` (`id`, `perm_group_id`, `name`, `short_code`, `enable_view`, `enable_add`, `enable_edit`, `enable_delete`, `created_at`) VALUES (46, 13, 'Email / SMS Log', 'email_sms_log', 1, 0, 0, 0, '2018-06-22 10:41:23');
INSERT INTO `permission_category` (`id`, `perm_group_id`, `name`, `short_code`, `enable_view`, `enable_add`, `enable_edit`, `enable_delete`, `created_at`) VALUES (53, 15, 'Languages', 'languages', 0, 1, 0, 1, '2021-01-23 07:09:32');
INSERT INTO `permission_category` (`id`, `perm_group_id`, `name`, `short_code`, `enable_view`, `enable_add`, `enable_edit`, `enable_delete`, `created_at`) VALUES (54, 15, 'General Setting', 'general_setting', 1, 0, 1, 0, '2018-07-05 09:08:35');
INSERT INTO `permission_category` (`id`, `perm_group_id`, `name`, `short_code`, `enable_view`, `enable_add`, `enable_edit`, `enable_delete`, `created_at`) VALUES (55, 15, 'Session Setting', 'session_setting', 1, 1, 1, 1, '2018-06-22 10:44:15');
INSERT INTO `permission_category` (`id`, `perm_group_id`, `name`, `short_code`, `enable_view`, `enable_add`, `enable_edit`, `enable_delete`, `created_at`) VALUES (56, 15, 'Notification Setting', 'notification_setting', 1, 0, 1, 0, '2018-07-05 09:08:41');
INSERT INTO `permission_category` (`id`, `perm_group_id`, `name`, `short_code`, `enable_view`, `enable_add`, `enable_edit`, `enable_delete`, `created_at`) VALUES (57, 15, 'SMS Setting', 'sms_setting', 1, 0, 1, 0, '2018-07-05 09:08:47');
INSERT INTO `permission_category` (`id`, `perm_group_id`, `name`, `short_code`, `enable_view`, `enable_add`, `enable_edit`, `enable_delete`, `created_at`) VALUES (58, 15, 'Email Setting', 'email_setting', 1, 0, 1, 0, '2018-07-05 09:08:51');
INSERT INTO `permission_category` (`id`, `perm_group_id`, `name`, `short_code`, `enable_view`, `enable_add`, `enable_edit`, `enable_delete`, `created_at`) VALUES (59, 15, 'Front CMS Setting', 'front_cms_setting', 1, 0, 1, 0, '2018-07-05 09:08:55');
INSERT INTO `permission_category` (`id`, `perm_group_id`, `name`, `short_code`, `enable_view`, `enable_add`, `enable_edit`, `enable_delete`, `created_at`) VALUES (60, 15, 'Payment Methods', 'payment_methods', 1, 0, 1, 0, '2018-07-05 09:08:59');
INSERT INTO `permission_category` (`id`, `perm_group_id`, `name`, `short_code`, `enable_view`, `enable_add`, `enable_edit`, `enable_delete`, `created_at`) VALUES (61, 16, 'Menus', 'menus', 1, 1, 0, 1, '2018-07-09 03:50:06');
INSERT INTO `permission_category` (`id`, `perm_group_id`, `name`, `short_code`, `enable_view`, `enable_add`, `enable_edit`, `enable_delete`, `created_at`) VALUES (62, 16, 'Media Manager', 'media_manager', 1, 1, 0, 1, '2018-07-09 03:50:26');
INSERT INTO `permission_category` (`id`, `perm_group_id`, `name`, `short_code`, `enable_view`, `enable_add`, `enable_edit`, `enable_delete`, `created_at`) VALUES (63, 16, 'Banner Images', 'banner_images', 1, 1, 0, 1, '2018-06-22 10:46:02');
INSERT INTO `permission_category` (`id`, `perm_group_id`, `name`, `short_code`, `enable_view`, `enable_add`, `enable_edit`, `enable_delete`, `created_at`) VALUES (64, 16, 'Pages', 'pages', 1, 1, 1, 1, '2018-06-22 10:46:21');
INSERT INTO `permission_category` (`id`, `perm_group_id`, `name`, `short_code`, `enable_view`, `enable_add`, `enable_edit`, `enable_delete`, `created_at`) VALUES (65, 16, 'Gallery', 'gallery', 1, 1, 1, 1, '2018-06-22 10:47:02');
INSERT INTO `permission_category` (`id`, `perm_group_id`, `name`, `short_code`, `enable_view`, `enable_add`, `enable_edit`, `enable_delete`, `created_at`) VALUES (66, 16, 'Event', 'event', 1, 1, 1, 1, '2018-06-22 10:47:20');
INSERT INTO `permission_category` (`id`, `perm_group_id`, `name`, `short_code`, `enable_view`, `enable_add`, `enable_edit`, `enable_delete`, `created_at`) VALUES (67, 16, 'News', 'notice', 1, 1, 1, 1, '2018-07-03 08:39:34');
INSERT INTO `permission_category` (`id`, `perm_group_id`, `name`, `short_code`, `enable_view`, `enable_add`, `enable_edit`, `enable_delete`, `created_at`) VALUES (68, 2, 'Fees Group Assign', 'fees_group_assign', 1, 0, 0, 0, '2018-06-22 10:20:42');
INSERT INTO `permission_category` (`id`, `perm_group_id`, `name`, `short_code`, `enable_view`, `enable_add`, `enable_edit`, `enable_delete`, `created_at`) VALUES (69, 2, 'Fees Type', 'fees_type', 1, 1, 1, 1, '2018-06-22 10:19:34');
INSERT INTO `permission_category` (`id`, `perm_group_id`, `name`, `short_code`, `enable_view`, `enable_add`, `enable_edit`, `enable_delete`, `created_at`) VALUES (70, 2, 'Fees Discount', 'fees_discount', 1, 1, 1, 1, '2018-06-22 10:20:10');
INSERT INTO `permission_category` (`id`, `perm_group_id`, `name`, `short_code`, `enable_view`, `enable_add`, `enable_edit`, `enable_delete`, `created_at`) VALUES (71, 2, 'Fees Discount Assign', 'fees_discount_assign', 1, 0, 0, 0, '2018-06-22 10:20:17');
INSERT INTO `permission_category` (`id`, `perm_group_id`, `name`, `short_code`, `enable_view`, `enable_add`, `enable_edit`, `enable_delete`, `created_at`) VALUES (73, 2, 'Search Fees Payment', 'search_fees_payment', 1, 0, 0, 0, '2018-06-22 10:20:27');
INSERT INTO `permission_category` (`id`, `perm_group_id`, `name`, `short_code`, `enable_view`, `enable_add`, `enable_edit`, `enable_delete`, `created_at`) VALUES (74, 2, 'Search Due Fees', 'search_due_fees', 1, 0, 0, 0, '2018-06-22 10:20:35');
INSERT INTO `permission_category` (`id`, `perm_group_id`, `name`, `short_code`, `enable_view`, `enable_add`, `enable_edit`, `enable_delete`, `created_at`) VALUES (77, 7, 'Assign Class Teacher', 'assign_class_teacher', 1, 1, 1, 1, '2018-06-22 10:30:52');
INSERT INTO `permission_category` (`id`, `perm_group_id`, `name`, `short_code`, `enable_view`, `enable_add`, `enable_edit`, `enable_delete`, `created_at`) VALUES (78, 17, 'Admission Enquiry', 'admission_enquiry', 1, 1, 1, 1, '2018-06-22 10:51:24');
INSERT INTO `permission_category` (`id`, `perm_group_id`, `name`, `short_code`, `enable_view`, `enable_add`, `enable_edit`, `enable_delete`, `created_at`) VALUES (79, 17, 'Follow Up Admission Enquiry', 'follow_up_admission_enquiry', 1, 1, 0, 1, '2018-06-22 10:51:39');
INSERT INTO `permission_category` (`id`, `perm_group_id`, `name`, `short_code`, `enable_view`, `enable_add`, `enable_edit`, `enable_delete`, `created_at`) VALUES (80, 17, 'Visitor Book', 'visitor_book', 1, 1, 1, 1, '2018-06-22 10:48:58');
INSERT INTO `permission_category` (`id`, `perm_group_id`, `name`, `short_code`, `enable_view`, `enable_add`, `enable_edit`, `enable_delete`, `created_at`) VALUES (81, 17, 'Phone Call Log', 'phone_call_log', 1, 1, 1, 1, '2018-06-22 10:50:57');
INSERT INTO `permission_category` (`id`, `perm_group_id`, `name`, `short_code`, `enable_view`, `enable_add`, `enable_edit`, `enable_delete`, `created_at`) VALUES (82, 17, 'Postal Dispatch', 'postal_dispatch', 1, 1, 1, 1, '2018-06-22 10:50:21');
INSERT INTO `permission_category` (`id`, `perm_group_id`, `name`, `short_code`, `enable_view`, `enable_add`, `enable_edit`, `enable_delete`, `created_at`) VALUES (83, 17, 'Postal Receive', 'postal_receive', 1, 1, 1, 1, '2018-06-22 10:50:04');
INSERT INTO `permission_category` (`id`, `perm_group_id`, `name`, `short_code`, `enable_view`, `enable_add`, `enable_edit`, `enable_delete`, `created_at`) VALUES (84, 17, 'Complain', 'complaint', 1, 1, 1, 1, '2018-07-03 08:40:55');
INSERT INTO `permission_category` (`id`, `perm_group_id`, `name`, `short_code`, `enable_view`, `enable_add`, `enable_edit`, `enable_delete`, `created_at`) VALUES (85, 17, 'Setup Font Office', 'setup_font_office', 1, 1, 1, 1, '2018-06-22 10:49:24');
INSERT INTO `permission_category` (`id`, `perm_group_id`, `name`, `short_code`, `enable_view`, `enable_add`, `enable_edit`, `enable_delete`, `created_at`) VALUES (86, 18, 'Staff', 'staff', 1, 1, 1, 1, '2018-06-22 10:53:31');
INSERT INTO `permission_category` (`id`, `perm_group_id`, `name`, `short_code`, `enable_view`, `enable_add`, `enable_edit`, `enable_delete`, `created_at`) VALUES (87, 18, 'Disable Staff', 'disable_staff', 1, 0, 0, 0, '2018-06-22 10:53:12');
INSERT INTO `permission_category` (`id`, `perm_group_id`, `name`, `short_code`, `enable_view`, `enable_add`, `enable_edit`, `enable_delete`, `created_at`) VALUES (88, 18, 'Staff Attendance', 'staff_attendance', 1, 1, 1, 0, '2018-06-22 10:53:10');
INSERT INTO `permission_category` (`id`, `perm_group_id`, `name`, `short_code`, `enable_view`, `enable_add`, `enable_edit`, `enable_delete`, `created_at`) VALUES (90, 18, 'Staff Payroll', 'staff_payroll', 1, 1, 0, 1, '2018-06-22 10:52:51');
INSERT INTO `permission_category` (`id`, `perm_group_id`, `name`, `short_code`, `enable_view`, `enable_add`, `enable_edit`, `enable_delete`, `created_at`) VALUES (93, 19, 'Homework', 'homework', 1, 1, 1, 1, '2018-06-22 10:53:50');
INSERT INTO `permission_category` (`id`, `perm_group_id`, `name`, `short_code`, `enable_view`, `enable_add`, `enable_edit`, `enable_delete`, `created_at`) VALUES (94, 19, 'Homework Evaluation', 'homework_evaluation', 1, 1, 0, 0, '2018-06-27 03:07:21');
INSERT INTO `permission_category` (`id`, `perm_group_id`, `name`, `short_code`, `enable_view`, `enable_add`, `enable_edit`, `enable_delete`, `created_at`) VALUES (96, 20, 'Student Certificate', 'student_certificate', 1, 1, 1, 1, '2018-07-06 10:41:07');
INSERT INTO `permission_category` (`id`, `perm_group_id`, `name`, `short_code`, `enable_view`, `enable_add`, `enable_edit`, `enable_delete`, `created_at`) VALUES (97, 20, 'Generate Certificate', 'generate_certificate', 1, 0, 0, 0, '2018-07-06 10:37:16');
INSERT INTO `permission_category` (`id`, `perm_group_id`, `name`, `short_code`, `enable_view`, `enable_add`, `enable_edit`, `enable_delete`, `created_at`) VALUES (98, 20, 'Student ID Card', 'student_id_card', 1, 1, 1, 1, '2018-07-06 10:41:28');
INSERT INTO `permission_category` (`id`, `perm_group_id`, `name`, `short_code`, `enable_view`, `enable_add`, `enable_edit`, `enable_delete`, `created_at`) VALUES (99, 20, 'Generate ID Card', 'generate_id_card', 1, 0, 0, 0, '2018-07-06 10:41:49');
INSERT INTO `permission_category` (`id`, `perm_group_id`, `name`, `short_code`, `enable_view`, `enable_add`, `enable_edit`, `enable_delete`, `created_at`) VALUES (102, 21, 'Calendar To Do List', 'calendar_to_do_list', 1, 1, 1, 1, '2018-06-22 10:54:41');
INSERT INTO `permission_category` (`id`, `perm_group_id`, `name`, `short_code`, `enable_view`, `enable_add`, `enable_edit`, `enable_delete`, `created_at`) VALUES (104, 10, 'Item Category', 'item_category', 1, 1, 1, 1, '2018-06-22 10:34:33');
INSERT INTO `permission_category` (`id`, `perm_group_id`, `name`, `short_code`, `enable_view`, `enable_add`, `enable_edit`, `enable_delete`, `created_at`) VALUES (106, 22, 'Quick Session Change', 'quick_session_change', 1, 0, 0, 0, '2018-06-22 10:54:45');
INSERT INTO `permission_category` (`id`, `perm_group_id`, `name`, `short_code`, `enable_view`, `enable_add`, `enable_edit`, `enable_delete`, `created_at`) VALUES (107, 1, 'Disable Student', 'disable_student', 1, 0, 0, 0, '2018-06-25 06:21:34');
INSERT INTO `permission_category` (`id`, `perm_group_id`, `name`, `short_code`, `enable_view`, `enable_add`, `enable_edit`, `enable_delete`, `created_at`) VALUES (108, 18, ' Approve Leave Request', 'approve_leave_request', 1, 0, 1, 1, '2020-10-05 08:56:27');
INSERT INTO `permission_category` (`id`, `perm_group_id`, `name`, `short_code`, `enable_view`, `enable_add`, `enable_edit`, `enable_delete`, `created_at`) VALUES (109, 18, 'Apply Leave', 'apply_leave', 1, 1, 0, 0, '2019-11-28 23:47:46');
INSERT INTO `permission_category` (`id`, `perm_group_id`, `name`, `short_code`, `enable_view`, `enable_add`, `enable_edit`, `enable_delete`, `created_at`) VALUES (110, 18, 'Leave Types ', 'leave_types', 1, 1, 1, 1, '2018-07-02 10:17:56');
INSERT INTO `permission_category` (`id`, `perm_group_id`, `name`, `short_code`, `enable_view`, `enable_add`, `enable_edit`, `enable_delete`, `created_at`) VALUES (111, 18, 'Department', 'department', 1, 1, 1, 1, '2018-06-26 03:57:07');
INSERT INTO `permission_category` (`id`, `perm_group_id`, `name`, `short_code`, `enable_view`, `enable_add`, `enable_edit`, `enable_delete`, `created_at`) VALUES (112, 18, 'Designation', 'designation', 1, 1, 1, 1, '2018-06-26 03:57:07');
INSERT INTO `permission_category` (`id`, `perm_group_id`, `name`, `short_code`, `enable_view`, `enable_add`, `enable_edit`, `enable_delete`, `created_at`) VALUES (113, 22, 'Fees Collection And Expense Monthly Chart', 'fees_collection_and_expense_monthly_chart', 1, 0, 0, 0, '2018-07-03 07:08:15');
INSERT INTO `permission_category` (`id`, `perm_group_id`, `name`, `short_code`, `enable_view`, `enable_add`, `enable_edit`, `enable_delete`, `created_at`) VALUES (114, 22, 'Fees Collection And Expense Yearly Chart', 'fees_collection_and_expense_yearly_chart', 1, 0, 0, 0, '2018-07-03 07:08:15');
INSERT INTO `permission_category` (`id`, `perm_group_id`, `name`, `short_code`, `enable_view`, `enable_add`, `enable_edit`, `enable_delete`, `created_at`) VALUES (115, 22, 'Monthly Fees Collection Widget', 'Monthly fees_collection_widget', 1, 0, 0, 0, '2018-07-03 07:13:35');
INSERT INTO `permission_category` (`id`, `perm_group_id`, `name`, `short_code`, `enable_view`, `enable_add`, `enable_edit`, `enable_delete`, `created_at`) VALUES (116, 22, 'Monthly Expense Widget', 'monthly_expense_widget', 1, 0, 0, 0, '2018-07-03 07:13:35');
INSERT INTO `permission_category` (`id`, `perm_group_id`, `name`, `short_code`, `enable_view`, `enable_add`, `enable_edit`, `enable_delete`, `created_at`) VALUES (117, 22, 'Student Count Widget', 'student_count_widget', 1, 0, 0, 0, '2018-07-03 07:13:35');
INSERT INTO `permission_category` (`id`, `perm_group_id`, `name`, `short_code`, `enable_view`, `enable_add`, `enable_edit`, `enable_delete`, `created_at`) VALUES (118, 22, 'Staff Role Count Widget', 'staff_role_count_widget', 1, 0, 0, 0, '2018-07-03 07:13:35');
INSERT INTO `permission_category` (`id`, `perm_group_id`, `name`, `short_code`, `enable_view`, `enable_add`, `enable_edit`, `enable_delete`, `created_at`) VALUES (122, 5, 'Attendance By Date', 'attendance_by_date', 1, 0, 0, 0, '2018-07-03 08:42:29');
INSERT INTO `permission_category` (`id`, `perm_group_id`, `name`, `short_code`, `enable_view`, `enable_add`, `enable_edit`, `enable_delete`, `created_at`) VALUES (123, 9, 'Add Student', 'add_student', 1, 0, 0, 0, '2018-07-03 08:42:29');
INSERT INTO `permission_category` (`id`, `perm_group_id`, `name`, `short_code`, `enable_view`, `enable_add`, `enable_edit`, `enable_delete`, `created_at`) VALUES (126, 15, 'User Status', 'user_status', 1, 0, 0, 0, '2018-07-03 08:42:29');
INSERT INTO `permission_category` (`id`, `perm_group_id`, `name`, `short_code`, `enable_view`, `enable_add`, `enable_edit`, `enable_delete`, `created_at`) VALUES (127, 18, 'Can See Other Users Profile', 'can_see_other_users_profile', 1, 0, 0, 0, '2018-07-03 08:42:29');
INSERT INTO `permission_category` (`id`, `perm_group_id`, `name`, `short_code`, `enable_view`, `enable_add`, `enable_edit`, `enable_delete`, `created_at`) VALUES (128, 1, 'Student Timeline', 'student_timeline', 1, 1, 1, 1, '2023-01-18 06:07:14');
INSERT INTO `permission_category` (`id`, `perm_group_id`, `name`, `short_code`, `enable_view`, `enable_add`, `enable_edit`, `enable_delete`, `created_at`) VALUES (129, 18, 'Staff Timeline', 'staff_timeline', 1, 1, 1, 1, '2023-01-18 06:07:14');
INSERT INTO `permission_category` (`id`, `perm_group_id`, `name`, `short_code`, `enable_view`, `enable_add`, `enable_edit`, `enable_delete`, `created_at`) VALUES (130, 15, 'Backup', 'backup', 1, 1, 0, 1, '2018-07-09 04:17:17');
INSERT INTO `permission_category` (`id`, `perm_group_id`, `name`, `short_code`, `enable_view`, `enable_add`, `enable_edit`, `enable_delete`, `created_at`) VALUES (131, 15, 'Restore', 'restore', 1, 0, 0, 0, '2018-07-09 04:17:17');
INSERT INTO `permission_category` (`id`, `perm_group_id`, `name`, `short_code`, `enable_view`, `enable_add`, `enable_edit`, `enable_delete`, `created_at`) VALUES (134, 1, 'Disable Reason', 'disable_reason', 1, 1, 1, 1, '2019-11-27 06:39:21');
INSERT INTO `permission_category` (`id`, `perm_group_id`, `name`, `short_code`, `enable_view`, `enable_add`, `enable_edit`, `enable_delete`, `created_at`) VALUES (135, 2, 'Fees Reminder', 'fees_reminder', 1, 0, 1, 0, '2019-10-25 00:39:49');
INSERT INTO `permission_category` (`id`, `perm_group_id`, `name`, `short_code`, `enable_view`, `enable_add`, `enable_edit`, `enable_delete`, `created_at`) VALUES (136, 5, 'Approve Leave', 'approve_leave', 1, 1, 1, 1, '2023-01-18 06:07:14');
INSERT INTO `permission_category` (`id`, `perm_group_id`, `name`, `short_code`, `enable_view`, `enable_add`, `enable_edit`, `enable_delete`, `created_at`) VALUES (137, 6, 'Exam Group', 'exam_group', 1, 1, 1, 1, '2019-10-25 01:02:34');
INSERT INTO `permission_category` (`id`, `perm_group_id`, `name`, `short_code`, `enable_view`, `enable_add`, `enable_edit`, `enable_delete`, `created_at`) VALUES (141, 6, 'Design Admit Card', 'design_admit_card', 1, 1, 1, 1, '2019-10-25 01:06:59');
INSERT INTO `permission_category` (`id`, `perm_group_id`, `name`, `short_code`, `enable_view`, `enable_add`, `enable_edit`, `enable_delete`, `created_at`) VALUES (142, 6, 'Print Admit Card', 'print_admit_card', 1, 0, 0, 0, '2019-11-23 23:57:51');
INSERT INTO `permission_category` (`id`, `perm_group_id`, `name`, `short_code`, `enable_view`, `enable_add`, `enable_edit`, `enable_delete`, `created_at`) VALUES (143, 6, 'Design Marksheet', 'design_marksheet', 1, 1, 1, 1, '2019-10-25 01:10:25');
INSERT INTO `permission_category` (`id`, `perm_group_id`, `name`, `short_code`, `enable_view`, `enable_add`, `enable_edit`, `enable_delete`, `created_at`) VALUES (144, 6, 'Print Marksheet', 'print_marksheet', 1, 0, 0, 0, '2019-10-25 01:11:02');
INSERT INTO `permission_category` (`id`, `perm_group_id`, `name`, `short_code`, `enable_view`, `enable_add`, `enable_edit`, `enable_delete`, `created_at`) VALUES (145, 7, 'Teachers Timetable', 'teachers_time_table', 1, 0, 0, 0, '2019-11-30 02:52:21');
INSERT INTO `permission_category` (`id`, `perm_group_id`, `name`, `short_code`, `enable_view`, `enable_add`, `enable_edit`, `enable_delete`, `created_at`) VALUES (146, 14, 'Student Report', 'student_report', 1, 0, 0, 0, '2019-10-25 01:27:00');
INSERT INTO `permission_category` (`id`, `perm_group_id`, `name`, `short_code`, `enable_view`, `enable_add`, `enable_edit`, `enable_delete`, `created_at`) VALUES (147, 14, 'Guardian Report', 'guardian_report', 1, 0, 0, 0, '2019-10-25 01:30:27');
INSERT INTO `permission_category` (`id`, `perm_group_id`, `name`, `short_code`, `enable_view`, `enable_add`, `enable_edit`, `enable_delete`, `created_at`) VALUES (148, 14, 'Student History', 'student_history', 1, 0, 0, 0, '2019-10-25 01:39:07');
INSERT INTO `permission_category` (`id`, `perm_group_id`, `name`, `short_code`, `enable_view`, `enable_add`, `enable_edit`, `enable_delete`, `created_at`) VALUES (149, 14, 'Student Login Credential Report', 'student_login_credential_report', 1, 0, 0, 0, '2019-10-25 01:39:07');
INSERT INTO `permission_category` (`id`, `perm_group_id`, `name`, `short_code`, `enable_view`, `enable_add`, `enable_edit`, `enable_delete`, `created_at`) VALUES (150, 14, 'Class Subject Report', 'class_subject_report', 1, 0, 0, 0, '2019-10-25 01:39:07');
INSERT INTO `permission_category` (`id`, `perm_group_id`, `name`, `short_code`, `enable_view`, `enable_add`, `enable_edit`, `enable_delete`, `created_at`) VALUES (151, 14, 'Admission Report', 'admission_report', 1, 0, 0, 0, '2019-10-25 01:39:07');
INSERT INTO `permission_category` (`id`, `perm_group_id`, `name`, `short_code`, `enable_view`, `enable_add`, `enable_edit`, `enable_delete`, `created_at`) VALUES (152, 14, 'Sibling Report', 'sibling_report', 1, 0, 0, 0, '2019-10-25 01:39:07');
INSERT INTO `permission_category` (`id`, `perm_group_id`, `name`, `short_code`, `enable_view`, `enable_add`, `enable_edit`, `enable_delete`, `created_at`) VALUES (153, 14, 'Homework Evaluation Report', 'homehork_evaluation_report', 1, 0, 0, 0, '2019-11-24 01:04:24');
INSERT INTO `permission_category` (`id`, `perm_group_id`, `name`, `short_code`, `enable_view`, `enable_add`, `enable_edit`, `enable_delete`, `created_at`) VALUES (154, 14, 'Student Profile', 'student_profile', 1, 0, 0, 0, '2019-10-25 01:39:07');
INSERT INTO `permission_category` (`id`, `perm_group_id`, `name`, `short_code`, `enable_view`, `enable_add`, `enable_edit`, `enable_delete`, `created_at`) VALUES (155, 14, 'Fees Statement', 'fees_statement', 1, 0, 0, 0, '2019-10-25 01:55:52');
INSERT INTO `permission_category` (`id`, `perm_group_id`, `name`, `short_code`, `enable_view`, `enable_add`, `enable_edit`, `enable_delete`, `created_at`) VALUES (156, 14, 'Balance Fees Report', 'balance_fees_report', 1, 0, 0, 0, '2019-10-25 01:55:52');
INSERT INTO `permission_category` (`id`, `perm_group_id`, `name`, `short_code`, `enable_view`, `enable_add`, `enable_edit`, `enable_delete`, `created_at`) VALUES (157, 14, 'Fees Collection Report', 'fees_collection_report', 1, 0, 0, 0, '2019-10-25 01:55:52');
INSERT INTO `permission_category` (`id`, `perm_group_id`, `name`, `short_code`, `enable_view`, `enable_add`, `enable_edit`, `enable_delete`, `created_at`) VALUES (158, 14, 'Online Fees Collection Report', 'online_fees_collection_report', 1, 0, 0, 0, '2019-10-25 01:55:52');
INSERT INTO `permission_category` (`id`, `perm_group_id`, `name`, `short_code`, `enable_view`, `enable_add`, `enable_edit`, `enable_delete`, `created_at`) VALUES (159, 14, 'Income Report', 'income_report', 1, 0, 0, 0, '2019-10-25 01:55:52');
INSERT INTO `permission_category` (`id`, `perm_group_id`, `name`, `short_code`, `enable_view`, `enable_add`, `enable_edit`, `enable_delete`, `created_at`) VALUES (160, 14, 'Expense Report', 'expense_report', 1, 0, 0, 0, '2019-10-25 01:55:52');
INSERT INTO `permission_category` (`id`, `perm_group_id`, `name`, `short_code`, `enable_view`, `enable_add`, `enable_edit`, `enable_delete`, `created_at`) VALUES (161, 14, 'PayRoll Report', 'payroll_report', 1, 0, 0, 0, '2019-10-31 00:23:22');
INSERT INTO `permission_category` (`id`, `perm_group_id`, `name`, `short_code`, `enable_view`, `enable_add`, `enable_edit`, `enable_delete`, `created_at`) VALUES (162, 14, 'Income Group Report', 'income_group_report', 1, 0, 0, 0, '2019-10-25 01:55:52');
INSERT INTO `permission_category` (`id`, `perm_group_id`, `name`, `short_code`, `enable_view`, `enable_add`, `enable_edit`, `enable_delete`, `created_at`) VALUES (163, 14, 'Expense Group Report', 'expense_group_report', 1, 0, 0, 0, '2019-10-25 01:55:52');
INSERT INTO `permission_category` (`id`, `perm_group_id`, `name`, `short_code`, `enable_view`, `enable_add`, `enable_edit`, `enable_delete`, `created_at`) VALUES (164, 14, 'Attendance Report', 'attendance_report', 1, 0, 0, 0, '2019-10-25 02:08:06');
INSERT INTO `permission_category` (`id`, `perm_group_id`, `name`, `short_code`, `enable_view`, `enable_add`, `enable_edit`, `enable_delete`, `created_at`) VALUES (165, 14, 'Staff Attendance Report', 'staff_attendance_report', 1, 0, 0, 0, '2019-10-25 02:08:06');
INSERT INTO `permission_category` (`id`, `perm_group_id`, `name`, `short_code`, `enable_view`, `enable_add`, `enable_edit`, `enable_delete`, `created_at`) VALUES (174, 14, 'Transport Report', 'transport_report', 1, 0, 0, 0, '2019-10-25 02:13:56');
INSERT INTO `permission_category` (`id`, `perm_group_id`, `name`, `short_code`, `enable_view`, `enable_add`, `enable_edit`, `enable_delete`, `created_at`) VALUES (175, 14, 'Hostel Report', 'hostel_report', 1, 0, 0, 0, '2019-11-27 06:51:53');
INSERT INTO `permission_category` (`id`, `perm_group_id`, `name`, `short_code`, `enable_view`, `enable_add`, `enable_edit`, `enable_delete`, `created_at`) VALUES (176, 14, 'Audit Trail Report', 'audit_trail_report', 1, 0, 0, 0, '2019-10-25 02:16:39');
INSERT INTO `permission_category` (`id`, `perm_group_id`, `name`, `short_code`, `enable_view`, `enable_add`, `enable_edit`, `enable_delete`, `created_at`) VALUES (177, 14, 'User Log', 'user_log', 1, 0, 0, 0, '2019-10-25 02:19:27');
INSERT INTO `permission_category` (`id`, `perm_group_id`, `name`, `short_code`, `enable_view`, `enable_add`, `enable_edit`, `enable_delete`, `created_at`) VALUES (178, 14, 'Book Issue Report', 'book_issue_report', 1, 0, 0, 0, '2019-10-25 02:29:04');
INSERT INTO `permission_category` (`id`, `perm_group_id`, `name`, `short_code`, `enable_view`, `enable_add`, `enable_edit`, `enable_delete`, `created_at`) VALUES (179, 14, 'Book Due Report', 'book_due_report', 1, 0, 0, 0, '2019-10-25 02:29:04');
INSERT INTO `permission_category` (`id`, `perm_group_id`, `name`, `short_code`, `enable_view`, `enable_add`, `enable_edit`, `enable_delete`, `created_at`) VALUES (180, 14, 'Book Inventory Report', 'book_inventory_report', 1, 0, 0, 0, '2019-10-25 02:29:04');
INSERT INTO `permission_category` (`id`, `perm_group_id`, `name`, `short_code`, `enable_view`, `enable_add`, `enable_edit`, `enable_delete`, `created_at`) VALUES (181, 14, 'Stock Report', 'stock_report', 1, 0, 0, 0, '2019-10-25 02:31:28');
INSERT INTO `permission_category` (`id`, `perm_group_id`, `name`, `short_code`, `enable_view`, `enable_add`, `enable_edit`, `enable_delete`, `created_at`) VALUES (182, 14, 'Add Item Report', 'add_item_report', 1, 0, 0, 0, '2019-10-25 02:31:28');
INSERT INTO `permission_category` (`id`, `perm_group_id`, `name`, `short_code`, `enable_view`, `enable_add`, `enable_edit`, `enable_delete`, `created_at`) VALUES (183, 14, 'Issue Item Report', 'issue_item_report', 1, 0, 0, 0, '2019-11-29 03:48:06');
INSERT INTO `permission_category` (`id`, `perm_group_id`, `name`, `short_code`, `enable_view`, `enable_add`, `enable_edit`, `enable_delete`, `created_at`) VALUES (185, 23, 'Online Examination', 'online_examination', 1, 1, 1, 1, '2019-11-23 23:54:50');
INSERT INTO `permission_category` (`id`, `perm_group_id`, `name`, `short_code`, `enable_view`, `enable_add`, `enable_edit`, `enable_delete`, `created_at`) VALUES (186, 23, 'Question Bank', 'question_bank', 1, 1, 1, 1, '2019-11-23 23:55:18');
INSERT INTO `permission_category` (`id`, `perm_group_id`, `name`, `short_code`, `enable_view`, `enable_add`, `enable_edit`, `enable_delete`, `created_at`) VALUES (187, 6, 'Exam Result', 'exam_result', 1, 0, 0, 0, '2019-11-23 23:58:50');
INSERT INTO `permission_category` (`id`, `perm_group_id`, `name`, `short_code`, `enable_view`, `enable_add`, `enable_edit`, `enable_delete`, `created_at`) VALUES (188, 7, 'Subject Group', 'subject_group', 1, 1, 1, 1, '2019-11-24 00:34:32');
INSERT INTO `permission_category` (`id`, `perm_group_id`, `name`, `short_code`, `enable_view`, `enable_add`, `enable_edit`, `enable_delete`, `created_at`) VALUES (189, 18, 'Teachers Rating', 'teachers_rating', 1, 0, 1, 1, '2019-11-24 03:12:54');
INSERT INTO `permission_category` (`id`, `perm_group_id`, `name`, `short_code`, `enable_view`, `enable_add`, `enable_edit`, `enable_delete`, `created_at`) VALUES (190, 22, 'Fees Awaiting Payment Widegts', 'fees_awaiting_payment_widegts', 1, 0, 0, 0, '2019-11-24 00:52:51');
INSERT INTO `permission_category` (`id`, `perm_group_id`, `name`, `short_code`, `enable_view`, `enable_add`, `enable_edit`, `enable_delete`, `created_at`) VALUES (191, 22, 'Conveted Leads Widegts', 'conveted_leads_widegts', 1, 0, 0, 0, '2019-11-24 00:58:24');
INSERT INTO `permission_category` (`id`, `perm_group_id`, `name`, `short_code`, `enable_view`, `enable_add`, `enable_edit`, `enable_delete`, `created_at`) VALUES (192, 22, 'Fees Overview Widegts', 'fees_overview_widegts', 1, 0, 0, 0, '2019-11-24 00:57:41');
INSERT INTO `permission_category` (`id`, `perm_group_id`, `name`, `short_code`, `enable_view`, `enable_add`, `enable_edit`, `enable_delete`, `created_at`) VALUES (193, 22, 'Enquiry Overview Widegts', 'enquiry_overview_widegts', 1, 0, 0, 0, '2019-12-02 05:06:09');
INSERT INTO `permission_category` (`id`, `perm_group_id`, `name`, `short_code`, `enable_view`, `enable_add`, `enable_edit`, `enable_delete`, `created_at`) VALUES (194, 22, 'Library Overview Widegts', 'book_overview_widegts', 1, 0, 0, 0, '2019-12-01 01:13:04');
INSERT INTO `permission_category` (`id`, `perm_group_id`, `name`, `short_code`, `enable_view`, `enable_add`, `enable_edit`, `enable_delete`, `created_at`) VALUES (195, 22, 'Student Today Attendance Widegts', 'today_attendance_widegts', 1, 0, 0, 0, '2019-12-03 04:57:45');
INSERT INTO `permission_category` (`id`, `perm_group_id`, `name`, `short_code`, `enable_view`, `enable_add`, `enable_edit`, `enable_delete`, `created_at`) VALUES (196, 6, 'Marks Import', 'marks_import', 1, 0, 0, 0, '2019-11-24 01:02:11');
INSERT INTO `permission_category` (`id`, `perm_group_id`, `name`, `short_code`, `enable_view`, `enable_add`, `enable_edit`, `enable_delete`, `created_at`) VALUES (197, 14, 'Student Attendance Type Report', 'student_attendance_type_report', 1, 0, 0, 0, '2019-11-24 01:06:32');
INSERT INTO `permission_category` (`id`, `perm_group_id`, `name`, `short_code`, `enable_view`, `enable_add`, `enable_edit`, `enable_delete`, `created_at`) VALUES (198, 14, 'Exam Marks Report', 'exam_marks_report', 1, 0, 0, 0, '2019-11-24 01:11:15');
INSERT INTO `permission_category` (`id`, `perm_group_id`, `name`, `short_code`, `enable_view`, `enable_add`, `enable_edit`, `enable_delete`, `created_at`) VALUES (200, 14, 'Online Exam Wise Report', 'online_exam_wise_report', 1, 0, 0, 0, '2019-11-24 01:18:14');
INSERT INTO `permission_category` (`id`, `perm_group_id`, `name`, `short_code`, `enable_view`, `enable_add`, `enable_edit`, `enable_delete`, `created_at`) VALUES (201, 14, 'Online Exams Report', 'online_exams_report', 1, 0, 0, 0, '2019-11-29 02:48:05');
INSERT INTO `permission_category` (`id`, `perm_group_id`, `name`, `short_code`, `enable_view`, `enable_add`, `enable_edit`, `enable_delete`, `created_at`) VALUES (202, 14, 'Online Exams Attempt Report', 'online_exams_attempt_report', 1, 0, 0, 0, '2019-11-29 02:46:24');
INSERT INTO `permission_category` (`id`, `perm_group_id`, `name`, `short_code`, `enable_view`, `enable_add`, `enable_edit`, `enable_delete`, `created_at`) VALUES (203, 14, 'Online Exams Rank Report', 'online_exams_rank_report', 1, 0, 0, 0, '2019-11-24 01:22:25');
INSERT INTO `permission_category` (`id`, `perm_group_id`, `name`, `short_code`, `enable_view`, `enable_add`, `enable_edit`, `enable_delete`, `created_at`) VALUES (204, 14, 'Staff Report', 'staff_report', 1, 0, 0, 0, '2019-11-24 01:25:27');
INSERT INTO `permission_category` (`id`, `perm_group_id`, `name`, `short_code`, `enable_view`, `enable_add`, `enable_edit`, `enable_delete`, `created_at`) VALUES (205, 6, 'Exam', 'exam', 1, 1, 1, 1, '2019-11-24 04:55:48');
INSERT INTO `permission_category` (`id`, `perm_group_id`, `name`, `short_code`, `enable_view`, `enable_add`, `enable_edit`, `enable_delete`, `created_at`) VALUES (207, 6, 'Exam Publish', 'exam_publish', 1, 0, 0, 0, '2019-11-24 05:15:04');
INSERT INTO `permission_category` (`id`, `perm_group_id`, `name`, `short_code`, `enable_view`, `enable_add`, `enable_edit`, `enable_delete`, `created_at`) VALUES (208, 6, 'Link Exam', 'link_exam', 1, 0, 1, 0, '2019-11-24 05:15:04');
INSERT INTO `permission_category` (`id`, `perm_group_id`, `name`, `short_code`, `enable_view`, `enable_add`, `enable_edit`, `enable_delete`, `created_at`) VALUES (210, 6, 'Assign / View student', 'exam_assign_view_student', 1, 0, 1, 0, '2019-11-24 05:15:04');
INSERT INTO `permission_category` (`id`, `perm_group_id`, `name`, `short_code`, `enable_view`, `enable_add`, `enable_edit`, `enable_delete`, `created_at`) VALUES (211, 6, 'Exam Subject', 'exam_subject', 1, 0, 1, 0, '2019-11-24 05:15:04');
INSERT INTO `permission_category` (`id`, `perm_group_id`, `name`, `short_code`, `enable_view`, `enable_add`, `enable_edit`, `enable_delete`, `created_at`) VALUES (212, 6, 'Exam Marks', 'exam_marks', 1, 0, 1, 0, '2019-11-24 05:15:04');
INSERT INTO `permission_category` (`id`, `perm_group_id`, `name`, `short_code`, `enable_view`, `enable_add`, `enable_edit`, `enable_delete`, `created_at`) VALUES (213, 15, 'Language Switcher', 'language_switcher', 1, 0, 0, 0, '2019-11-24 05:17:11');
INSERT INTO `permission_category` (`id`, `perm_group_id`, `name`, `short_code`, `enable_view`, `enable_add`, `enable_edit`, `enable_delete`, `created_at`) VALUES (214, 23, 'Add Questions in Exam ', 'add_questions_in_exam', 1, 0, 1, 0, '2019-11-28 01:38:57');
INSERT INTO `permission_category` (`id`, `perm_group_id`, `name`, `short_code`, `enable_view`, `enable_add`, `enable_edit`, `enable_delete`, `created_at`) VALUES (215, 15, 'Custom Fields', 'custom_fields', 1, 0, 0, 0, '2019-11-29 04:08:35');
INSERT INTO `permission_category` (`id`, `perm_group_id`, `name`, `short_code`, `enable_view`, `enable_add`, `enable_edit`, `enable_delete`, `created_at`) VALUES (216, 15, 'System Fields', 'system_fields', 1, 0, 0, 0, '2019-11-25 00:15:01');
INSERT INTO `permission_category` (`id`, `perm_group_id`, `name`, `short_code`, `enable_view`, `enable_add`, `enable_edit`, `enable_delete`, `created_at`) VALUES (217, 13, 'SMS', 'sms', 1, 0, 0, 0, '2018-06-22 10:40:54');
INSERT INTO `permission_category` (`id`, `perm_group_id`, `name`, `short_code`, `enable_view`, `enable_add`, `enable_edit`, `enable_delete`, `created_at`) VALUES (219, 14, 'Student / Period Attendance Report', 'student_period_attendance_report', 1, 0, 0, 0, '2019-11-29 02:19:31');
INSERT INTO `permission_category` (`id`, `perm_group_id`, `name`, `short_code`, `enable_view`, `enable_add`, `enable_edit`, `enable_delete`, `created_at`) VALUES (220, 14, 'Biometric Attendance Log', 'biometric_attendance_log', 1, 0, 0, 0, '2019-11-27 05:59:16');
INSERT INTO `permission_category` (`id`, `perm_group_id`, `name`, `short_code`, `enable_view`, `enable_add`, `enable_edit`, `enable_delete`, `created_at`) VALUES (221, 14, 'Book Issue Return Report', 'book_issue_return_report', 1, 0, 0, 0, '2019-11-27 06:30:23');
INSERT INTO `permission_category` (`id`, `perm_group_id`, `name`, `short_code`, `enable_view`, `enable_add`, `enable_edit`, `enable_delete`, `created_at`) VALUES (222, 23, 'Assign / View Student', 'online_assign_view_student', 1, 0, 1, 0, '2019-11-28 04:20:22');
INSERT INTO `permission_category` (`id`, `perm_group_id`, `name`, `short_code`, `enable_view`, `enable_add`, `enable_edit`, `enable_delete`, `created_at`) VALUES (223, 14, 'Rank Report', 'rank_report', 1, 0, 0, 0, '2019-11-29 02:30:21');
INSERT INTO `permission_category` (`id`, `perm_group_id`, `name`, `short_code`, `enable_view`, `enable_add`, `enable_edit`, `enable_delete`, `created_at`) VALUES (224, 25, 'Chat', 'chat', 1, 0, 0, 0, '2019-11-29 04:10:28');
INSERT INTO `permission_category` (`id`, `perm_group_id`, `name`, `short_code`, `enable_view`, `enable_add`, `enable_edit`, `enable_delete`, `created_at`) VALUES (226, 22, 'Income Donut Graph', 'income_donut_graph', 1, 0, 0, 0, '2019-11-29 05:00:33');
INSERT INTO `permission_category` (`id`, `perm_group_id`, `name`, `short_code`, `enable_view`, `enable_add`, `enable_edit`, `enable_delete`, `created_at`) VALUES (227, 22, 'Expense Donut Graph', 'expense_donut_graph', 1, 0, 0, 0, '2019-11-29 05:01:10');
INSERT INTO `permission_category` (`id`, `perm_group_id`, `name`, `short_code`, `enable_view`, `enable_add`, `enable_edit`, `enable_delete`, `created_at`) VALUES (228, 9, 'Import Book', 'import_book', 1, 0, 0, 0, '2019-11-29 06:21:01');
INSERT INTO `permission_category` (`id`, `perm_group_id`, `name`, `short_code`, `enable_view`, `enable_add`, `enable_edit`, `enable_delete`, `created_at`) VALUES (229, 22, 'Staff Present Today Widegts', 'staff_present_today_widegts', 1, 0, 0, 0, '2019-11-29 06:48:00');
INSERT INTO `permission_category` (`id`, `perm_group_id`, `name`, `short_code`, `enable_view`, `enable_add`, `enable_edit`, `enable_delete`, `created_at`) VALUES (230, 22, 'Student Present Today Widegts', 'student_present_today_widegts', 1, 0, 0, 0, '2019-11-29 06:47:42');
INSERT INTO `permission_category` (`id`, `perm_group_id`, `name`, `short_code`, `enable_view`, `enable_add`, `enable_edit`, `enable_delete`, `created_at`) VALUES (231, 26, 'Multi Class Student', 'multi_class_student', 1, 1, 1, 1, '2020-10-05 08:56:27');
INSERT INTO `permission_category` (`id`, `perm_group_id`, `name`, `short_code`, `enable_view`, `enable_add`, `enable_edit`, `enable_delete`, `created_at`) VALUES (232, 27, 'Online Admission', 'online_admission', 1, 0, 1, 1, '2019-12-02 06:11:10');
INSERT INTO `permission_category` (`id`, `perm_group_id`, `name`, `short_code`, `enable_view`, `enable_add`, `enable_edit`, `enable_delete`, `created_at`) VALUES (233, 15, 'Print Header Footer', 'print_header_footer', 1, 0, 0, 0, '2020-02-12 02:02:02');
INSERT INTO `permission_category` (`id`, `perm_group_id`, `name`, `short_code`, `enable_view`, `enable_add`, `enable_edit`, `enable_delete`, `created_at`) VALUES (234, 28, 'Manage Alumni', 'manage_alumni', 1, 1, 1, 1, '2020-06-02 03:15:46');
INSERT INTO `permission_category` (`id`, `perm_group_id`, `name`, `short_code`, `enable_view`, `enable_add`, `enable_edit`, `enable_delete`, `created_at`) VALUES (235, 28, 'Events', 'events', 1, 1, 1, 1, '2020-05-28 21:48:52');
INSERT INTO `permission_category` (`id`, `perm_group_id`, `name`, `short_code`, `enable_view`, `enable_add`, `enable_edit`, `enable_delete`, `created_at`) VALUES (236, 29, 'Manage Lesson Plan', 'manage_lesson_plan', 1, 1, 1, 0, '2020-05-28 22:17:37');
INSERT INTO `permission_category` (`id`, `perm_group_id`, `name`, `short_code`, `enable_view`, `enable_add`, `enable_edit`, `enable_delete`, `created_at`) VALUES (237, 29, 'Manage Syllabus Status', 'manage_syllabus_status', 1, 0, 1, 0, '2020-05-28 22:20:11');
INSERT INTO `permission_category` (`id`, `perm_group_id`, `name`, `short_code`, `enable_view`, `enable_add`, `enable_edit`, `enable_delete`, `created_at`) VALUES (238, 29, 'Lesson', 'lesson', 1, 1, 1, 1, '2020-05-28 22:20:11');
INSERT INTO `permission_category` (`id`, `perm_group_id`, `name`, `short_code`, `enable_view`, `enable_add`, `enable_edit`, `enable_delete`, `created_at`) VALUES (239, 29, 'Topic', 'topic', 1, 1, 1, 1, '2020-05-28 22:20:11');
INSERT INTO `permission_category` (`id`, `perm_group_id`, `name`, `short_code`, `enable_view`, `enable_add`, `enable_edit`, `enable_delete`, `created_at`) VALUES (240, 14, 'Syllabus Status Report', 'syllabus_status_report', 1, 0, 0, 0, '2020-05-28 23:17:54');
INSERT INTO `permission_category` (`id`, `perm_group_id`, `name`, `short_code`, `enable_view`, `enable_add`, `enable_edit`, `enable_delete`, `created_at`) VALUES (241, 14, 'Teacher Syllabus Status Report', 'teacher_syllabus_status_report', 1, 0, 0, 0, '2020-05-28 23:17:54');
INSERT INTO `permission_category` (`id`, `perm_group_id`, `name`, `short_code`, `enable_view`, `enable_add`, `enable_edit`, `enable_delete`, `created_at`) VALUES (242, 14, 'Alumni Report', 'alumni_report', 1, 0, 0, 0, '2020-06-07 23:59:54');
INSERT INTO `permission_category` (`id`, `perm_group_id`, `name`, `short_code`, `enable_view`, `enable_add`, `enable_edit`, `enable_delete`, `created_at`) VALUES (243, 15, 'Student Profile Update', 'student_profile_update', 1, 0, 0, 0, '2020-08-21 05:36:33');
INSERT INTO `permission_category` (`id`, `perm_group_id`, `name`, `short_code`, `enable_view`, `enable_add`, `enable_edit`, `enable_delete`, `created_at`) VALUES (244, 14, 'Student Gender Ratio Report', 'student_gender_ratio_report', 1, 0, 0, 0, '2020-08-22 12:37:51');
INSERT INTO `permission_category` (`id`, `perm_group_id`, `name`, `short_code`, `enable_view`, `enable_add`, `enable_edit`, `enable_delete`, `created_at`) VALUES (245, 14, 'Student Teacher Ratio Report', 'student_teacher_ratio_report', 1, 0, 0, 0, '2020-08-22 12:42:27');
INSERT INTO `permission_category` (`id`, `perm_group_id`, `name`, `short_code`, `enable_view`, `enable_add`, `enable_edit`, `enable_delete`, `created_at`) VALUES (246, 14, 'Daily Attendance Report', 'daily_attendance_report', 1, 0, 0, 0, '2020-08-22 12:43:16');
INSERT INTO `permission_category` (`id`, `perm_group_id`, `name`, `short_code`, `enable_view`, `enable_add`, `enable_edit`, `enable_delete`, `created_at`) VALUES (247, 23, 'Import Question', 'import_question', 1, 0, 0, 0, '2019-11-23 18:25:18');
INSERT INTO `permission_category` (`id`, `perm_group_id`, `name`, `short_code`, `enable_view`, `enable_add`, `enable_edit`, `enable_delete`, `created_at`) VALUES (248, 20, 'Staff ID Card', 'staff_id_card', 1, 1, 1, 1, '2018-07-06 10:41:28');
INSERT INTO `permission_category` (`id`, `perm_group_id`, `name`, `short_code`, `enable_view`, `enable_add`, `enable_edit`, `enable_delete`, `created_at`) VALUES (249, 20, 'Generate Staff ID Card', 'generate_staff_id_card', 1, 0, 0, 0, '2018-07-06 10:41:49');
INSERT INTO `permission_category` (`id`, `perm_group_id`, `name`, `short_code`, `enable_view`, `enable_add`, `enable_edit`, `enable_delete`, `created_at`) VALUES (250, 19, 'Daily Assignment', 'daily_assignment', 1, 0, 0, 0, '2022-03-02 07:28:23');
INSERT INTO `permission_category` (`id`, `perm_group_id`, `name`, `short_code`, `enable_view`, `enable_add`, `enable_edit`, `enable_delete`, `created_at`) VALUES (251, 6, 'Marks Division', 'marks_division', 1, 1, 1, 1, '2022-07-01 15:24:16');
INSERT INTO `permission_category` (`id`, `perm_group_id`, `name`, `short_code`, `enable_view`, `enable_add`, `enable_edit`, `enable_delete`, `created_at`) VALUES (252, 13, 'Schedule Email SMS Log', 'schedule_email_sms_log', 1, 0, 1, 0, '2022-07-09 11:25:16');
INSERT INTO `permission_category` (`id`, `perm_group_id`, `name`, `short_code`, `enable_view`, `enable_add`, `enable_edit`, `enable_delete`, `created_at`) VALUES (253, 13, 'Login Credentials Send', 'login_credentials_send', 1, 0, 0, 0, '2022-07-01 15:46:10');
INSERT INTO `permission_category` (`id`, `perm_group_id`, `name`, `short_code`, `enable_view`, `enable_add`, `enable_edit`, `enable_delete`, `created_at`) VALUES (254, 13, 'Email Template', 'email_template', 1, 1, 1, 1, '2022-07-01 15:46:10');
INSERT INTO `permission_category` (`id`, `perm_group_id`, `name`, `short_code`, `enable_view`, `enable_add`, `enable_edit`, `enable_delete`, `created_at`) VALUES (255, 13, 'SMS Template', 'sms_template', 1, 1, 1, 1, '2022-07-01 15:46:10');
INSERT INTO `permission_category` (`id`, `perm_group_id`, `name`, `short_code`, `enable_view`, `enable_add`, `enable_edit`, `enable_delete`, `created_at`) VALUES (256, 14, 'Balance Fees Report With Remark', 'balance_fees_report_with_remark', 1, 0, 0, 0, '2019-10-25 01:55:52');
INSERT INTO `permission_category` (`id`, `perm_group_id`, `name`, `short_code`, `enable_view`, `enable_add`, `enable_edit`, `enable_delete`, `created_at`) VALUES (257, 14, 'Balance Fees Statement', 'balance_fees_statement', 1, 0, 0, 0, '2019-10-25 01:55:52');
INSERT INTO `permission_category` (`id`, `perm_group_id`, `name`, `short_code`, `enable_view`, `enable_add`, `enable_edit`, `enable_delete`, `created_at`) VALUES (258, 14, 'Daily Collection Report', 'daily_collection_report', 1, 0, 0, 0, '2019-10-25 01:55:52');
INSERT INTO `permission_category` (`id`, `perm_group_id`, `name`, `short_code`, `enable_view`, `enable_add`, `enable_edit`, `enable_delete`, `created_at`) VALUES (259, 11, 'Fees Master', 'transport_fees_master', 1, 0, 1, 0, '2022-07-05 09:29:19');
INSERT INTO `permission_category` (`id`, `perm_group_id`, `name`, `short_code`, `enable_view`, `enable_add`, `enable_edit`, `enable_delete`, `created_at`) VALUES (260, 11, 'Pickup Point', 'pickup_point', 1, 1, 1, 1, '2022-07-04 09:50:08');
INSERT INTO `permission_category` (`id`, `perm_group_id`, `name`, `short_code`, `enable_view`, `enable_add`, `enable_edit`, `enable_delete`, `created_at`) VALUES (261, 11, 'Route Pickup Point', 'route_pickup_point', 1, 1, 1, 1, '2022-07-04 09:50:08');
INSERT INTO `permission_category` (`id`, `perm_group_id`, `name`, `short_code`, `enable_view`, `enable_add`, `enable_edit`, `enable_delete`, `created_at`) VALUES (262, 11, 'Student Transport Fees', 'student_transport_fees', 1, 1, 1, 0, '2022-07-05 10:15:55');
INSERT INTO `permission_category` (`id`, `perm_group_id`, `name`, `short_code`, `enable_view`, `enable_add`, `enable_edit`, `enable_delete`, `created_at`) VALUES (263, 29, 'Comments', 'lesson_plan_comments', 1, 1, 0, 1, '2020-05-28 22:20:11');
INSERT INTO `permission_category` (`id`, `perm_group_id`, `name`, `short_code`, `enable_view`, `enable_add`, `enable_edit`, `enable_delete`, `created_at`) VALUES (264, 15, 'Sidebar Menu', 'sidebar_menu', 1, 0, 0, 0, '2022-07-11 12:01:17');
INSERT INTO `permission_category` (`id`, `perm_group_id`, `name`, `short_code`, `enable_view`, `enable_add`, `enable_edit`, `enable_delete`, `created_at`) VALUES (265, 15, 'Currency', 'currency', 1, 0, 0, 0, '2020-08-21 05:36:33');
INSERT INTO `permission_category` (`id`, `perm_group_id`, `name`, `short_code`, `enable_view`, `enable_add`, `enable_edit`, `enable_delete`, `created_at`) VALUES (266, 6, 'Exam Schedule', 'exam_schedule', 1, 0, 0, 0, '2019-11-23 23:58:50');
INSERT INTO `permission_category` (`id`, `perm_group_id`, `name`, `short_code`, `enable_view`, `enable_add`, `enable_edit`, `enable_delete`, `created_at`) VALUES (267, 6, 'Generate Rank', 'generate_rank', 1, 0, 0, 0, '2019-11-24 05:15:04');
INSERT INTO `permission_category` (`id`, `perm_group_id`, `name`, `short_code`, `enable_view`, `enable_add`, `enable_edit`, `enable_delete`, `created_at`) VALUES (268, 8, 'Content Type', 'content_type', 1, 1, 1, 1, '2022-07-08 05:18:54');
INSERT INTO `permission_category` (`id`, `perm_group_id`, `name`, `short_code`, `enable_view`, `enable_add`, `enable_edit`, `enable_delete`, `created_at`) VALUES (269, 8, 'Content Share List', 'content_share_list', 1, 0, 0, 1, '2022-07-08 05:18:58');
INSERT INTO `permission_category` (`id`, `perm_group_id`, `name`, `short_code`, `enable_view`, `enable_add`, `enable_edit`, `enable_delete`, `created_at`) VALUES (270, 8, 'Video Tutorial', 'video_tutorial', 1, 1, 1, 1, '2022-07-08 05:19:01');
INSERT INTO `permission_category` (`id`, `perm_group_id`, `name`, `short_code`, `enable_view`, `enable_add`, `enable_edit`, `enable_delete`, `created_at`) VALUES (271, 15, 'Currency Switcher', 'currency_switcher', 1, 0, 0, 0, '2019-11-24 05:17:11');
INSERT INTO `permission_category` (`id`, `perm_group_id`, `name`, `short_code`, `enable_view`, `enable_add`, `enable_edit`, `enable_delete`, `created_at`) VALUES (272, 2, 'Offline Bank Payments', 'offline_bank_payments', 1, 0, 0, 0, '2018-06-27 00:18:15');
INSERT INTO `permission_category` (`id`, `perm_group_id`, `name`, `short_code`, `enable_view`, `enable_add`, `enable_edit`, `enable_delete`, `created_at`) VALUES (273, 29, 'Copy Old Lessons', 'copy_old_lesson', 1, 0, 0, 0, '2020-05-28 22:20:11');
INSERT INTO `permission_category` (`id`, `perm_group_id`, `name`, `short_code`, `enable_view`, `enable_add`, `enable_edit`, `enable_delete`, `created_at`) VALUES (5001, 500, 'Setting', 'setting', 1, 0, 1, 0, '2020-06-10 13:39:04');
INSERT INTO `permission_category` (`id`, `perm_group_id`, `name`, `short_code`, `enable_view`, `enable_add`, `enable_edit`, `enable_delete`, `created_at`) VALUES (5002, 500, 'Live Classes', 'live_classes', 1, 1, 0, 1, '2020-05-31 15:41:32');
INSERT INTO `permission_category` (`id`, `perm_group_id`, `name`, `short_code`, `enable_view`, `enable_add`, `enable_edit`, `enable_delete`, `created_at`) VALUES (5003, 500, 'Live Meeting', 'live_meeting', 1, 1, 0, 1, '2020-06-01 12:41:41');
INSERT INTO `permission_category` (`id`, `perm_group_id`, `name`, `short_code`, `enable_view`, `enable_add`, `enable_edit`, `enable_delete`, `created_at`) VALUES (5004, 500, 'Live Meeting Report', 'live_meeting_report', 1, 0, 0, 0, '2020-06-10 05:07:40');
INSERT INTO `permission_category` (`id`, `perm_group_id`, `name`, `short_code`, `enable_view`, `enable_add`, `enable_edit`, `enable_delete`, `created_at`) VALUES (5005, 500, 'Live Classes Report', 'live_classes_report', 1, 0, 0, 0, '2020-06-10 06:29:53');
INSERT INTO `permission_category` (`id`, `perm_group_id`, `name`, `short_code`, `enable_view`, `enable_add`, `enable_edit`, `enable_delete`, `created_at`) VALUES (6001, 600, 'Live Classes', 'gmeet_live_classes', 1, 1, 0, 1, '2020-09-22 10:03:29');
INSERT INTO `permission_category` (`id`, `perm_group_id`, `name`, `short_code`, `enable_view`, `enable_add`, `enable_edit`, `enable_delete`, `created_at`) VALUES (6002, 600, 'Live Meeting', 'gmeet_live_meeting', 1, 1, 0, 1, '2020-09-22 10:03:44');
INSERT INTO `permission_category` (`id`, `perm_group_id`, `name`, `short_code`, `enable_view`, `enable_add`, `enable_edit`, `enable_delete`, `created_at`) VALUES (6003, 600, 'Live Meeting Report', 'gmeet_live_meeting_report', 1, 0, 0, 0, '2020-09-22 10:03:57');
INSERT INTO `permission_category` (`id`, `perm_group_id`, `name`, `short_code`, `enable_view`, `enable_add`, `enable_edit`, `enable_delete`, `created_at`) VALUES (6004, 600, 'Live Classes Report', 'gmeet_live_classes_report', 1, 0, 0, 0, '2020-09-22 10:04:08');
INSERT INTO `permission_category` (`id`, `perm_group_id`, `name`, `short_code`, `enable_view`, `enable_add`, `enable_edit`, `enable_delete`, `created_at`) VALUES (6005, 600, 'Setting', 'gmeet_setting', 1, 0, 1, 0, '2020-09-22 10:04:08');
INSERT INTO `permission_category` (`id`, `perm_group_id`, `name`, `short_code`, `enable_view`, `enable_add`, `enable_edit`, `enable_delete`, `created_at`) VALUES (7001, 700, 'Online Course', 'online_course', 1, 1, 1, 1, '2019-11-23 18:25:18');
INSERT INTO `permission_category` (`id`, `perm_group_id`, `name`, `short_code`, `enable_view`, `enable_add`, `enable_edit`, `enable_delete`, `created_at`) VALUES (7002, 700, 'Course Publish', 'course_publish', 1, 0, 0, 0, '2019-11-23 18:25:18');
INSERT INTO `permission_category` (`id`, `perm_group_id`, `name`, `short_code`, `enable_view`, `enable_add`, `enable_edit`, `enable_delete`, `created_at`) VALUES (7003, 700, 'Course Section', 'online_course_section', 1, 1, 1, 1, '2021-05-17 05:26:33');
INSERT INTO `permission_category` (`id`, `perm_group_id`, `name`, `short_code`, `enable_view`, `enable_add`, `enable_edit`, `enable_delete`, `created_at`) VALUES (7004, 700, 'Course Lesson', 'online_course_lesson', 1, 1, 1, 1, '2021-05-17 05:26:24');
INSERT INTO `permission_category` (`id`, `perm_group_id`, `name`, `short_code`, `enable_view`, `enable_add`, `enable_edit`, `enable_delete`, `created_at`) VALUES (7005, 700, 'Course Quiz', 'online_course_quiz', 1, 1, 1, 1, '2021-05-17 05:26:20');
INSERT INTO `permission_category` (`id`, `perm_group_id`, `name`, `short_code`, `enable_view`, `enable_add`, `enable_edit`, `enable_delete`, `created_at`) VALUES (7006, 700, 'Offline Payment', 'online_course_offline_payment', 1, 1, 0, 0, '2021-05-17 05:26:17');
INSERT INTO `permission_category` (`id`, `perm_group_id`, `name`, `short_code`, `enable_view`, `enable_add`, `enable_edit`, `enable_delete`, `created_at`) VALUES (7007, 700, 'Student Course Purchase Report', 'student_course_purchase_report', 1, 0, 0, 0, '2021-05-17 05:25:56');
INSERT INTO `permission_category` (`id`, `perm_group_id`, `name`, `short_code`, `enable_view`, `enable_add`, `enable_edit`, `enable_delete`, `created_at`) VALUES (7008, 700, 'Course Sell Count Report', 'course_sell_count_report', 1, 0, 0, 0, '2021-05-17 05:25:52');
INSERT INTO `permission_category` (`id`, `perm_group_id`, `name`, `short_code`, `enable_view`, `enable_add`, `enable_edit`, `enable_delete`, `created_at`) VALUES (7009, 700, 'Course Trending Report', 'course_trending_report', 1, 0, 0, 0, '2021-05-17 05:25:49');
INSERT INTO `permission_category` (`id`, `perm_group_id`, `name`, `short_code`, `enable_view`, `enable_add`, `enable_edit`, `enable_delete`, `created_at`) VALUES (7010, 700, 'Course Complete Report', 'course_complete_report', 1, 0, 0, 0, '2021-05-17 05:25:42');
INSERT INTO `permission_category` (`id`, `perm_group_id`, `name`, `short_code`, `enable_view`, `enable_add`, `enable_edit`, `enable_delete`, `created_at`) VALUES (7011, 700, 'Setting', 'online_course_setting', 1, 0, 0, 0, '2021-05-17 05:25:37');
INSERT INTO `permission_category` (`id`, `perm_group_id`, `name`, `short_code`, `enable_view`, `enable_add`, `enable_edit`, `enable_delete`, `created_at`) VALUES (7012, 700, 'Course Rating Report', 'course_rating_report', 1, 0, 0, 1, '2022-06-14 11:24:57');
INSERT INTO `permission_category` (`id`, `perm_group_id`, `name`, `short_code`, `enable_view`, `enable_add`, `enable_edit`, `enable_delete`, `created_at`) VALUES (7013, 700, 'Guest Report', 'guest_report', 1, 0, 1, 1, '2022-06-14 11:33:09');
INSERT INTO `permission_category` (`id`, `perm_group_id`, `name`, `short_code`, `enable_view`, `enable_add`, `enable_edit`, `enable_delete`, `created_at`) VALUES (7014, 700, 'Course Category', 'course_category', 1, 1, 1, 1, '2019-11-23 18:25:18');
INSERT INTO `permission_category` (`id`, `perm_group_id`, `name`, `short_code`, `enable_view`, `enable_add`, `enable_edit`, `enable_delete`, `created_at`) VALUES (8001, 800, 'Behaviour Records Assign Incident', 'behaviour_records_assign_incident', 1, 1, 0, 1, '2022-05-03 08:56:15');
INSERT INTO `permission_category` (`id`, `perm_group_id`, `name`, `short_code`, `enable_view`, `enable_add`, `enable_edit`, `enable_delete`, `created_at`) VALUES (8002, 800, 'Behaviour Records Incident', 'behaviour_records_incident', 1, 1, 1, 1, '2022-05-03 07:25:10');
INSERT INTO `permission_category` (`id`, `perm_group_id`, `name`, `short_code`, `enable_view`, `enable_add`, `enable_edit`, `enable_delete`, `created_at`) VALUES (8003, 800, 'Student Incident Report', 'student_incident_report', 1, 0, 0, 0, '2022-05-03 07:24:48');
INSERT INTO `permission_category` (`id`, `perm_group_id`, `name`, `short_code`, `enable_view`, `enable_add`, `enable_edit`, `enable_delete`, `created_at`) VALUES (8004, 800, 'Student Behaviour Rank Report', 'student_behaviour_rank_report', 1, 0, 0, 0, '2022-05-03 07:24:45');
INSERT INTO `permission_category` (`id`, `perm_group_id`, `name`, `short_code`, `enable_view`, `enable_add`, `enable_edit`, `enable_delete`, `created_at`) VALUES (8005, 800, 'Class Wise Rank Report', 'class_wise_rank_report', 1, 0, 0, 0, '2022-05-03 07:24:37');
INSERT INTO `permission_category` (`id`, `perm_group_id`, `name`, `short_code`, `enable_view`, `enable_add`, `enable_edit`, `enable_delete`, `created_at`) VALUES (8006, 800, 'Class Section Wise Rank Report', 'class_section_wise_rank_report', 1, 0, 0, 0, '2022-05-03 07:24:33');
INSERT INTO `permission_category` (`id`, `perm_group_id`, `name`, `short_code`, `enable_view`, `enable_add`, `enable_edit`, `enable_delete`, `created_at`) VALUES (8007, 800, 'House Wise Rank Report', 'house_wise_rank_report', 1, 0, 0, 0, '2022-05-03 07:24:30');
INSERT INTO `permission_category` (`id`, `perm_group_id`, `name`, `short_code`, `enable_view`, `enable_add`, `enable_edit`, `enable_delete`, `created_at`) VALUES (8008, 800, 'Incident Wise Report', 'incident_wise_report', 1, 0, 0, 0, '2022-05-03 07:24:26');
INSERT INTO `permission_category` (`id`, `perm_group_id`, `name`, `short_code`, `enable_view`, `enable_add`, `enable_edit`, `enable_delete`, `created_at`) VALUES (8009, 800, 'Behaviour Records Setting', 'behaviour_records_setting', 1, 0, 1, 0, '2022-05-03 07:24:05');
INSERT INTO `permission_category` (`id`, `perm_group_id`, `name`, `short_code`, `enable_view`, `enable_add`, `enable_edit`, `enable_delete`, `created_at`) VALUES (8012, 1100, 'Setting', 'google_authenticate_setting', 1, 0, 0, 0, '2018-07-06 10:41:49');
INSERT INTO `permission_category` (`id`, `perm_group_id`, `name`, `short_code`, `enable_view`, `enable_add`, `enable_edit`, `enable_delete`, `created_at`) VALUES (8013, 1100, 'Setup 2FA', 'google_authenticate_setup_two_fa', 1, 0, 0, 0, '2018-07-06 10:41:49');
INSERT INTO `permission_category` (`id`, `perm_group_id`, `name`, `short_code`, `enable_view`, `enable_add`, `enable_edit`, `enable_delete`, `created_at`) VALUES (9001, 900, 'CBSE Exam', 'cbse_exam', 1, 1, 1, 1, '2022-11-03 08:58:30');
INSERT INTO `permission_category` (`id`, `perm_group_id`, `name`, `short_code`, `enable_view`, `enable_add`, `enable_edit`, `enable_delete`, `created_at`) VALUES (9002, 900, 'CBSE Exam Schedule', 'cbse_exam_schedule', 1, 0, 0, 0, '2023-05-09 11:01:34');
INSERT INTO `permission_category` (`id`, `perm_group_id`, `name`, `short_code`, `enable_view`, `enable_add`, `enable_edit`, `enable_delete`, `created_at`) VALUES (9003, 900, 'CBSE Exam Assign / View Student', 'cbse_exam_assign_view_student', 1, 0, 1, 0, '2022-11-03 09:18:15');
INSERT INTO `permission_category` (`id`, `perm_group_id`, `name`, `short_code`, `enable_view`, `enable_add`, `enable_edit`, `enable_delete`, `created_at`) VALUES (9004, 900, 'CBSE Exam Subjects', 'cbse_exam_subjects', 1, 0, 1, 0, '2022-11-04 08:01:41');
INSERT INTO `permission_category` (`id`, `perm_group_id`, `name`, `short_code`, `enable_view`, `enable_add`, `enable_edit`, `enable_delete`, `created_at`) VALUES (9005, 900, 'CBSE Exam Marks', 'cbse_exam_marks', 1, 0, 1, 0, '2022-11-03 09:18:24');
INSERT INTO `permission_category` (`id`, `perm_group_id`, `name`, `short_code`, `enable_view`, `enable_add`, `enable_edit`, `enable_delete`, `created_at`) VALUES (9006, 900, 'CBSE Exam Attendance', 'cbse_exam_attendance', 1, 0, 1, 0, '2022-11-03 09:18:28');
INSERT INTO `permission_category` (`id`, `perm_group_id`, `name`, `short_code`, `enable_view`, `enable_add`, `enable_edit`, `enable_delete`, `created_at`) VALUES (9007, 900, 'CBSE Exam Teacher Remark', 'cbse_exam_teacher_remark', 1, 0, 1, 0, '2022-11-03 09:18:32');
INSERT INTO `permission_category` (`id`, `perm_group_id`, `name`, `short_code`, `enable_view`, `enable_add`, `enable_edit`, `enable_delete`, `created_at`) VALUES (9008, 900, 'CBSE Exam Print Marksheet', 'cbse_exam_print_marksheet', 1, 0, 0, 0, '2022-11-03 09:18:43');
INSERT INTO `permission_category` (`id`, `perm_group_id`, `name`, `short_code`, `enable_view`, `enable_add`, `enable_edit`, `enable_delete`, `created_at`) VALUES (9009, 900, 'CBSE Exam Grade', 'cbse_exam_grade', 1, 1, 1, 1, '2022-11-03 09:18:46');
INSERT INTO `permission_category` (`id`, `perm_group_id`, `name`, `short_code`, `enable_view`, `enable_add`, `enable_edit`, `enable_delete`, `created_at`) VALUES (9010, 900, 'CBSE Exam Assign Observation', 'cbse_exam_assign_observation', 1, 1, 1, 1, '2023-05-08 12:33:23');
INSERT INTO `permission_category` (`id`, `perm_group_id`, `name`, `short_code`, `enable_view`, `enable_add`, `enable_edit`, `enable_delete`, `created_at`) VALUES (9011, 900, 'CBSE Exam Observation', 'cbse_exam_observation', 1, 1, 1, 1, '2023-05-09 10:57:16');
INSERT INTO `permission_category` (`id`, `perm_group_id`, `name`, `short_code`, `enable_view`, `enable_add`, `enable_edit`, `enable_delete`, `created_at`) VALUES (9012, 900, 'CBSE Exam Observation Parameter', 'cbse_exam_observation_parameter', 1, 1, 1, 1, '2023-05-09 11:01:54');
INSERT INTO `permission_category` (`id`, `perm_group_id`, `name`, `short_code`, `enable_view`, `enable_add`, `enable_edit`, `enable_delete`, `created_at`) VALUES (9013, 900, 'CBSE Exam Assessment', 'cbse_exam_assessment', 1, 1, 1, 1, '2023-05-09 11:01:51');
INSERT INTO `permission_category` (`id`, `perm_group_id`, `name`, `short_code`, `enable_view`, `enable_add`, `enable_edit`, `enable_delete`, `created_at`) VALUES (9014, 900, 'CBSE Exam Term', 'cbse_exam_term', 1, 1, 1, 1, '2023-05-09 11:01:47');
INSERT INTO `permission_category` (`id`, `perm_group_id`, `name`, `short_code`, `enable_view`, `enable_add`, `enable_edit`, `enable_delete`, `created_at`) VALUES (9015, 900, 'CBSE Exam Template', 'cbse_exam_template', 1, 1, 1, 1, '2023-05-09 11:01:43');
INSERT INTO `permission_category` (`id`, `perm_group_id`, `name`, `short_code`, `enable_view`, `enable_add`, `enable_edit`, `enable_delete`, `created_at`) VALUES (9016, 900, 'CBSE Exam Link Exam', 'cbse_exam_link_exam', 1, 0, 0, 0, '2023-05-09 11:01:40');
INSERT INTO `permission_category` (`id`, `perm_group_id`, `name`, `short_code`, `enable_view`, `enable_add`, `enable_edit`, `enable_delete`, `created_at`) VALUES (9017, 900, 'CBSE Exam Subject Marks Report', 'subject_marks_report', 1, 0, 0, 0, '2023-05-09 11:01:38');
INSERT INTO `permission_category` (`id`, `perm_group_id`, `name`, `short_code`, `enable_view`, `enable_add`, `enable_edit`, `enable_delete`, `created_at`) VALUES (9018, 900, 'CBSE Exam Template Marks Report', 'template_marks_report', 1, 0, 0, 0, '2023-05-09 11:01:34');
INSERT INTO `permission_category` (`id`, `perm_group_id`, `name`, `short_code`, `enable_view`, `enable_add`, `enable_edit`, `enable_delete`, `created_at`) VALUES (9019, 900, 'CBSE Exam Setting', 'cbse_exam_setting', 1, 0, 0, 0, '2023-07-03 05:24:57');
INSERT INTO `permission_category` (`id`, `perm_group_id`, `name`, `short_code`, `enable_view`, `enable_add`, `enable_edit`, `enable_delete`, `created_at`) VALUES (9020, 900, 'CBSE Exam Generate Rank', 'cbse_exam_generate_rank', 1, 0, 0, 0, '2023-07-03 05:24:57');
INSERT INTO `permission_category` (`id`, `perm_group_id`, `name`, `short_code`, `enable_view`, `enable_add`, `enable_edit`, `enable_delete`, `created_at`) VALUES (10001, 1000, 'Overview', 'multi_branch_overview', 1, 0, 0, 0, '2022-11-15 05:07:36');
INSERT INTO `permission_category` (`id`, `perm_group_id`, `name`, `short_code`, `enable_view`, `enable_add`, `enable_edit`, `enable_delete`, `created_at`) VALUES (10002, 1000, 'Daily Collection Report', 'multi_branch_daily_collection_report', 1, 0, 0, 0, '2022-11-15 04:57:02');
INSERT INTO `permission_category` (`id`, `perm_group_id`, `name`, `short_code`, `enable_view`, `enable_add`, `enable_edit`, `enable_delete`, `created_at`) VALUES (10003, 1000, 'Payroll Report', 'multi_branch_payroll', 1, 0, 0, 0, '2022-11-16 11:19:48');
INSERT INTO `permission_category` (`id`, `perm_group_id`, `name`, `short_code`, `enable_view`, `enable_add`, `enable_edit`, `enable_delete`, `created_at`) VALUES (10004, 1000, 'Income Report', 'multi_branch_income_report', 1, 0, 0, 0, '2022-11-15 05:07:36');
INSERT INTO `permission_category` (`id`, `perm_group_id`, `name`, `short_code`, `enable_view`, `enable_add`, `enable_edit`, `enable_delete`, `created_at`) VALUES (10005, 1000, 'Expense Report', 'multi_branch_expense_report', 1, 0, 0, 0, '2022-11-15 05:02:27');
INSERT INTO `permission_category` (`id`, `perm_group_id`, `name`, `short_code`, `enable_view`, `enable_add`, `enable_edit`, `enable_delete`, `created_at`) VALUES (10006, 1000, 'User Log Report', 'multi_branch_user_log_report', 1, 0, 0, 0, '2022-11-15 05:02:27');
INSERT INTO `permission_category` (`id`, `perm_group_id`, `name`, `short_code`, `enable_view`, `enable_add`, `enable_edit`, `enable_delete`, `created_at`) VALUES (10007, 1000, 'Setting', 'multi_branch_setting', 1, 0, 0, 0, '2022-11-15 05:07:36');
INSERT INTO `permission_category` (`id`, `perm_group_id`, `name`, `short_code`, `enable_view`, `enable_add`, `enable_edit`, `enable_delete`, `created_at`) VALUES (12001, 1200, 'Attendance', 'qr_code_attendance', 1, 0, 0, 0, '2023-12-11 12:34:11');
INSERT INTO `permission_category` (`id`, `perm_group_id`, `name`, `short_code`, `enable_view`, `enable_add`, `enable_edit`, `enable_delete`, `created_at`) VALUES (12002, 1200, 'Setting', 'qr_code_setting', 1, 0, 0, 0, '2023-12-11 12:34:25');


#
# TABLE STRUCTURE FOR: permission_group
#


CREATE TABLE `permission_group` (
  `id` int NOT NULL AUTO_INCREMENT,
  `name` varchar(100) DEFAULT NULL,
  `short_code` varchar(100) NOT NULL,
  `is_active` int DEFAULT '0',
  `system` int NOT NULL,
  `created_at` timestamp NOT NULL DEFAULT CURRENT_TIMESTAMP ON UPDATE CURRENT_TIMESTAMP,
  PRIMARY KEY (`id`)
) ENGINE=InnoDB AUTO_INCREMENT=1201 DEFAULT CHARSET=utf8mb3;

INSERT INTO `permission_group` (`id`, `name`, `short_code`, `is_active`, `system`, `created_at`) VALUES (1, 'Student Information', 'student_information', 1, 1, '2019-03-15 09:30:22');
INSERT INTO `permission_group` (`id`, `name`, `short_code`, `is_active`, `system`, `created_at`) VALUES (2, 'Fees Collection', 'fees_collection', 1, 0, '2021-05-04 05:34:34');
INSERT INTO `permission_group` (`id`, `name`, `short_code`, `is_active`, `system`, `created_at`) VALUES (3, 'Income', 'income', 1, 0, '2020-06-01 01:57:39');
INSERT INTO `permission_group` (`id`, `name`, `short_code`, `is_active`, `system`, `created_at`) VALUES (4, 'Expense', 'expense', 1, 0, '2023-02-02 10:56:33');
INSERT INTO `permission_group` (`id`, `name`, `short_code`, `is_active`, `system`, `created_at`) VALUES (5, 'Student Attendance', 'student_attendance', 1, 0, '2018-07-02 07:48:08');
INSERT INTO `permission_group` (`id`, `name`, `short_code`, `is_active`, `system`, `created_at`) VALUES (6, 'Examination', 'examination', 1, 0, '2018-07-11 02:49:08');
INSERT INTO `permission_group` (`id`, `name`, `short_code`, `is_active`, `system`, `created_at`) VALUES (7, 'Academics', 'academics', 1, 1, '2018-07-02 07:25:43');
INSERT INTO `permission_group` (`id`, `name`, `short_code`, `is_active`, `system`, `created_at`) VALUES (8, 'Download Center', 'download_center', 1, 0, '2023-02-02 10:57:04');
INSERT INTO `permission_group` (`id`, `name`, `short_code`, `is_active`, `system`, `created_at`) VALUES (9, 'Library', 'library', 1, 0, '2023-03-14 07:15:35');
INSERT INTO `permission_group` (`id`, `name`, `short_code`, `is_active`, `system`, `created_at`) VALUES (10, 'Inventory', 'inventory', 1, 0, '2018-06-27 00:48:58');
INSERT INTO `permission_group` (`id`, `name`, `short_code`, `is_active`, `system`, `created_at`) VALUES (11, 'Transport', 'transport', 1, 0, '2024-03-02 08:55:35');
INSERT INTO `permission_group` (`id`, `name`, `short_code`, `is_active`, `system`, `created_at`) VALUES (12, 'Hostel', 'hostel', 1, 0, '2024-03-02 08:55:38');
INSERT INTO `permission_group` (`id`, `name`, `short_code`, `is_active`, `system`, `created_at`) VALUES (13, 'Communicate', 'communicate', 1, 0, '2018-07-02 07:50:00');
INSERT INTO `permission_group` (`id`, `name`, `short_code`, `is_active`, `system`, `created_at`) VALUES (14, 'Reports', 'reports', 1, 1, '2018-06-27 03:40:22');
INSERT INTO `permission_group` (`id`, `name`, `short_code`, `is_active`, `system`, `created_at`) VALUES (15, 'System Settings', 'system_settings', 1, 1, '2018-06-27 03:40:28');
INSERT INTO `permission_group` (`id`, `name`, `short_code`, `is_active`, `system`, `created_at`) VALUES (16, 'Front CMS', 'front_cms', 1, 0, '2018-07-10 05:16:54');
INSERT INTO `permission_group` (`id`, `name`, `short_code`, `is_active`, `system`, `created_at`) VALUES (17, 'Front Office', 'front_office', 1, 0, '2018-06-27 03:45:30');
INSERT INTO `permission_group` (`id`, `name`, `short_code`, `is_active`, `system`, `created_at`) VALUES (18, 'Human Resource', 'human_resource', 1, 1, '2018-06-27 03:41:02');
INSERT INTO `permission_group` (`id`, `name`, `short_code`, `is_active`, `system`, `created_at`) VALUES (19, 'Homework', 'homework', 1, 0, '2023-03-13 12:56:21');
INSERT INTO `permission_group` (`id`, `name`, `short_code`, `is_active`, `system`, `created_at`) VALUES (20, 'Certificate', 'certificate', 1, 0, '2018-06-27 07:51:29');
INSERT INTO `permission_group` (`id`, `name`, `short_code`, `is_active`, `system`, `created_at`) VALUES (21, 'Calendar To Do List', 'calendar_to_do_list', 1, 0, '2019-03-15 09:06:25');
INSERT INTO `permission_group` (`id`, `name`, `short_code`, `is_active`, `system`, `created_at`) VALUES (22, 'Dashboard and Widgets', 'dashboard_and_widgets', 1, 1, '2018-06-27 03:41:17');
INSERT INTO `permission_group` (`id`, `name`, `short_code`, `is_active`, `system`, `created_at`) VALUES (23, 'Online Examination', 'online_examination', 1, 0, '2020-06-01 02:25:36');
INSERT INTO `permission_group` (`id`, `name`, `short_code`, `is_active`, `system`, `created_at`) VALUES (25, 'Chat', 'chat', 1, 0, '2019-11-23 23:54:04');
INSERT INTO `permission_group` (`id`, `name`, `short_code`, `is_active`, `system`, `created_at`) VALUES (26, 'Multi Class', 'multi_class', 1, 0, '2019-11-27 12:14:14');
INSERT INTO `permission_group` (`id`, `name`, `short_code`, `is_active`, `system`, `created_at`) VALUES (27, 'Online Admission', 'online_admission', 1, 0, '2019-11-27 02:42:13');
INSERT INTO `permission_group` (`id`, `name`, `short_code`, `is_active`, `system`, `created_at`) VALUES (28, 'Alumni', 'alumni', 1, 0, '2020-05-29 00:26:38');
INSERT INTO `permission_group` (`id`, `name`, `short_code`, `is_active`, `system`, `created_at`) VALUES (29, 'Lesson Plan', 'lesson_plan', 1, 0, '2020-06-07 05:38:30');
INSERT INTO `permission_group` (`id`, `name`, `short_code`, `is_active`, `system`, `created_at`) VALUES (500, 'Zoom Live Classes', 'zoom_live_classes', 1, 0, '2023-01-31 12:16:08');
INSERT INTO `permission_group` (`id`, `name`, `short_code`, `is_active`, `system`, `created_at`) VALUES (600, 'Gmeet Live Classes', 'gmeet_live_classes', 1, 0, '2023-01-31 12:16:12');
INSERT INTO `permission_group` (`id`, `name`, `short_code`, `is_active`, `system`, `created_at`) VALUES (700, 'Online Course', 'online_course', 1, 0, '2023-03-14 11:21:29');
INSERT INTO `permission_group` (`id`, `name`, `short_code`, `is_active`, `system`, `created_at`) VALUES (800, 'Behaviour Records', 'behaviour_records', 1, 0, '2023-03-02 05:02:44');
INSERT INTO `permission_group` (`id`, `name`, `short_code`, `is_active`, `system`, `created_at`) VALUES (900, 'CBSE Examination', 'cbseexam', 1, 0, '2023-05-25 12:04:56');
INSERT INTO `permission_group` (`id`, `name`, `short_code`, `is_active`, `system`, `created_at`) VALUES (1000, 'Multi Branch', 'multi_branch', 1, 0, '2022-11-17 10:53:36');
INSERT INTO `permission_group` (`id`, `name`, `short_code`, `is_active`, `system`, `created_at`) VALUES (1100, 'Two Factor Authenticator', 'google_authenticator', 0, 0, '2023-03-28 04:45:37');
INSERT INTO `permission_group` (`id`, `name`, `short_code`, `is_active`, `system`, `created_at`) VALUES (1200, 'QR Code Attendence', 'qr_code_attendence', 1, 0, '2023-12-13 09:21:57');


#
# TABLE STRUCTURE FOR: permission_student
#


CREATE TABLE `permission_student` (
  `id` int NOT NULL AUTO_INCREMENT,
  `name` varchar(100) DEFAULT NULL,
  `short_code` varchar(100) NOT NULL,
  `system` int NOT NULL,
  `student` int NOT NULL,
  `parent` int NOT NULL,
  `group_id` int DEFAULT NULL,
  `created_at` timestamp NOT NULL DEFAULT CURRENT_TIMESTAMP ON UPDATE CURRENT_TIMESTAMP,
  PRIMARY KEY (`id`),
  KEY `group_id` (`group_id`),
  CONSTRAINT `permission_student_ibfk_1` FOREIGN KEY (`group_id`) REFERENCES `permission_group` (`id`) ON DELETE CASCADE
) ENGINE=InnoDB AUTO_INCREMENT=901 DEFAULT CHARSET=utf8mb3;

INSERT INTO `permission_student` (`id`, `name`, `short_code`, `system`, `student`, `parent`, `group_id`, `created_at`) VALUES (1, 'Fees', 'fees', 0, 1, 1, 2, '2023-02-15 16:39:07');
INSERT INTO `permission_student` (`id`, `name`, `short_code`, `system`, `student`, `parent`, `group_id`, `created_at`) VALUES (2, 'Class Timetable', 'class_timetable', 1, 1, 1, 7, '2020-05-30 19:57:50');
INSERT INTO `permission_student` (`id`, `name`, `short_code`, `system`, `student`, `parent`, `group_id`, `created_at`) VALUES (3, 'Homework', 'homework', 0, 1, 1, 19, '2023-03-18 06:03:07');
INSERT INTO `permission_student` (`id`, `name`, `short_code`, `system`, `student`, `parent`, `group_id`, `created_at`) VALUES (4, 'Download Center', 'download_center', 0, 1, 1, 8, '2023-02-02 10:57:04');
INSERT INTO `permission_student` (`id`, `name`, `short_code`, `system`, `student`, `parent`, `group_id`, `created_at`) VALUES (5, 'Attendance', 'attendance', 0, 1, 1, 5, '2020-06-01 02:57:18');
INSERT INTO `permission_student` (`id`, `name`, `short_code`, `system`, `student`, `parent`, `group_id`, `created_at`) VALUES (7, 'Examinations', 'examinations', 0, 1, 1, 6, '2020-06-01 02:59:50');
INSERT INTO `permission_student` (`id`, `name`, `short_code`, `system`, `student`, `parent`, `group_id`, `created_at`) VALUES (8, 'Notice Board', 'notice_board', 0, 1, 1, 13, '2020-06-01 03:00:35');
INSERT INTO `permission_student` (`id`, `name`, `short_code`, `system`, `student`, `parent`, `group_id`, `created_at`) VALUES (11, 'Library', 'library', 0, 1, 1, 9, '2023-03-14 07:15:35');
INSERT INTO `permission_student` (`id`, `name`, `short_code`, `system`, `student`, `parent`, `group_id`, `created_at`) VALUES (12, 'Transport Routes', 'transport_routes', 0, 1, 1, 11, '2024-03-02 08:55:35');
INSERT INTO `permission_student` (`id`, `name`, `short_code`, `system`, `student`, `parent`, `group_id`, `created_at`) VALUES (13, 'Hostel Rooms', 'hostel_rooms', 0, 1, 1, 12, '2024-03-02 08:55:38');
INSERT INTO `permission_student` (`id`, `name`, `short_code`, `system`, `student`, `parent`, `group_id`, `created_at`) VALUES (14, 'Calendar To Do List', 'calendar_to_do_list', 0, 1, 1, 21, '2020-06-01 03:53:18');
INSERT INTO `permission_student` (`id`, `name`, `short_code`, `system`, `student`, `parent`, `group_id`, `created_at`) VALUES (15, 'Online Examination', 'online_examination', 0, 1, 1, 23, '2020-06-11 05:20:01');
INSERT INTO `permission_student` (`id`, `name`, `short_code`, `system`, `student`, `parent`, `group_id`, `created_at`) VALUES (16, 'Teachers Rating', 'teachers_rating', 0, 1, 1, NULL, '2023-01-18 06:07:18');
INSERT INTO `permission_student` (`id`, `name`, `short_code`, `system`, `student`, `parent`, `group_id`, `created_at`) VALUES (17, 'Chat', 'chat', 0, 1, 1, 25, '2020-06-01 04:53:06');
INSERT INTO `permission_student` (`id`, `name`, `short_code`, `system`, `student`, `parent`, `group_id`, `created_at`) VALUES (18, 'Multi Class', 'multi_class', 1, 1, 1, 26, '2020-05-30 19:56:52');
INSERT INTO `permission_student` (`id`, `name`, `short_code`, `system`, `student`, `parent`, `group_id`, `created_at`) VALUES (19, 'Lesson Plan', 'lesson_plan', 0, 1, 1, 29, '2023-03-18 05:24:02');
INSERT INTO `permission_student` (`id`, `name`, `short_code`, `system`, `student`, `parent`, `group_id`, `created_at`) VALUES (20, 'Syllabus Status', 'syllabus_status', 0, 1, 1, 29, '2020-06-07 05:38:30');
INSERT INTO `permission_student` (`id`, `name`, `short_code`, `system`, `student`, `parent`, `group_id`, `created_at`) VALUES (23, 'Apply Leave', 'apply_leave', 0, 1, 1, NULL, '2023-01-18 06:07:18');
INSERT INTO `permission_student` (`id`, `name`, `short_code`, `system`, `student`, `parent`, `group_id`, `created_at`) VALUES (500, 'Zoom Live Classes', 'live_classes', 0, 1, 1, 500, '2023-01-31 12:16:08');
INSERT INTO `permission_student` (`id`, `name`, `short_code`, `system`, `student`, `parent`, `group_id`, `created_at`) VALUES (501, 'Gmeet Live Classes ', 'gmeet_live_classes', 0, 1, 1, 600, '2023-03-16 10:52:03');
INSERT INTO `permission_student` (`id`, `name`, `short_code`, `system`, `student`, `parent`, `group_id`, `created_at`) VALUES (700, 'Online Course', 'online_course', 0, 1, 1, 700, '2023-03-14 11:21:29');
INSERT INTO `permission_student` (`id`, `name`, `short_code`, `system`, `student`, `parent`, `group_id`, `created_at`) VALUES (701, 'Visitor Book', 'visitor_book', 0, 1, 1, NULL, '2023-04-03 10:31:25');
INSERT INTO `permission_student` (`id`, `name`, `short_code`, `system`, `student`, `parent`, `group_id`, `created_at`) VALUES (702, 'Student Timeline', 'student_timeline', 0, 1, 1, NULL, '2022-10-11 04:50:29');
INSERT INTO `permission_student` (`id`, `name`, `short_code`, `system`, `student`, `parent`, `group_id`, `created_at`) VALUES (800, 'Behaviour Records', 'behaviour_records', 0, 1, 1, 800, '2023-03-02 05:02:44');
INSERT INTO `permission_student` (`id`, `name`, `short_code`, `system`, `student`, `parent`, `group_id`, `created_at`) VALUES (900, 'CBSE Examination', 'cbseexam', 0, 1, 1, 900, '2023-05-25 12:07:15');


#
# TABLE STRUCTURE FOR: pickup_point
#


CREATE TABLE `pickup_point` (
  `id` int NOT NULL AUTO_INCREMENT,
  `name` varchar(255) NOT NULL,
  `latitude` varchar(100) DEFAULT NULL,
  `longitude` varchar(100) DEFAULT NULL,
  `created_at` timestamp NOT NULL DEFAULT CURRENT_TIMESTAMP ON UPDATE CURRENT_TIMESTAMP,
  PRIMARY KEY (`id`)
) ENGINE=InnoDB AUTO_INCREMENT=12 DEFAULT CHARSET=utf8mb3;

INSERT INTO `pickup_point` (`id`, `name`, `latitude`, `longitude`, `created_at`) VALUES (1, 'Brooklyn North', '23.21953720694318,', '79.92068396109676', '2023-06-03 10:50:40');
INSERT INTO `pickup_point` (`id`, `name`, `latitude`, `longitude`, `created_at`) VALUES (2, 'Brooklyn South', '23.204781722973813', '79.89751486729702', '2023-02-21 09:34:11');
INSERT INTO `pickup_point` (`id`, `name`, `latitude`, `longitude`, `created_at`) VALUES (3, 'Brooklyn West', '23.19324172886614', '79.91536320113687', '2023-02-21 09:34:30');
INSERT INTO `pickup_point` (`id`, `name`, `latitude`, `longitude`, `created_at`) VALUES (4, 'Brooklyn East', '23.193952567195506', '79.9243812546212', '2023-02-21 09:34:50');
INSERT INTO `pickup_point` (`id`, `name`, `latitude`, `longitude`, `created_at`) VALUES (5, 'Brooklyn Central', '23.21230494959826', '79.92914139397962', '2023-02-21 09:35:08');
INSERT INTO `pickup_point` (`id`, `name`, `latitude`, `longitude`, `created_at`) VALUES (6, 'Manhattan', '23.2066336875236', '80.00451042401824', '2023-02-21 09:45:07');
INSERT INTO `pickup_point` (`id`, `name`, `latitude`, `longitude`, `created_at`) VALUES (7, 'Railway Station', '23.16662749489289', '79.95054096414184', '2023-01-18 07:06:52');
INSERT INTO `pickup_point` (`id`, `name`, `latitude`, `longitude`, `created_at`) VALUES (8, 'High Court', '23.168615566293845', '79.94726999887004', '2023-03-18 10:37:47');
INSERT INTO `pickup_point` (`id`, `name`, `latitude`, `longitude`, `created_at`) VALUES (9, 'civil Line', '23.166120045559563', '79.95531910260692', '2023-03-18 10:38:32');
INSERT INTO `pickup_point` (`id`, `name`, `latitude`, `longitude`, `created_at`) VALUES (10, 'Vijay Nagar', '23.190170327286868', '79.89643280559972', '2023-03-18 10:39:12');
INSERT INTO `pickup_point` (`id`, `name`, `latitude`, `longitude`, `created_at`) VALUES (11, 'Ranital Chowk', '23.170504563243085', '79.92385377983044', '2023-03-18 10:39:46');


#
# TABLE STRUCTURE FOR: print_headerfooter
#


CREATE TABLE `print_headerfooter` (
  `id` int NOT NULL AUTO_INCREMENT,
  `print_type` varchar(255) NOT NULL,
  `header_image` varchar(255) NOT NULL,
  `footer_content` text NOT NULL,
  `created_by` int NOT NULL,
  `entry_date` timestamp NOT NULL DEFAULT CURRENT_TIMESTAMP ON UPDATE CURRENT_TIMESTAMP,
  `created_at` timestamp NOT NULL DEFAULT CURRENT_TIMESTAMP,
  PRIMARY KEY (`id`)
) ENGINE=InnoDB AUTO_INCREMENT=5 DEFAULT CHARSET=utf8mb3;

INSERT INTO `print_headerfooter` (`id`, `print_type`, `header_image`, `footer_content`, `created_by`, `entry_date`, `created_at`) VALUES (1, 'staff_payslip', 'header_image.jpg', 'This payslip is computer generated hence no signature is required.', 1, '2020-02-28 15:41:08', '2023-01-18 06:07:14');
INSERT INTO `print_headerfooter` (`id`, `print_type`, `header_image`, `footer_content`, `created_by`, `entry_date`, `created_at`) VALUES (2, 'student_receipt', 'header_image.jpg', 'This receipt is computer generated hence no signature is required.', 1, '2020-02-28 15:40:58', '2023-01-18 06:07:14');
INSERT INTO `print_headerfooter` (`id`, `print_type`, `header_image`, `footer_content`, `created_by`, `entry_date`, `created_at`) VALUES (3, 'online_admission_receipt', 'header_image.jpg', 'This receipt is for online admission  computer ffffffff generated hence no signature is required.', 1, '2021-05-27 12:50:24', '2023-01-18 06:07:14');
INSERT INTO `print_headerfooter` (`id`, `print_type`, `header_image`, `footer_content`, `created_by`, `entry_date`, `created_at`) VALUES (4, 'online_exam', '1655913577-198504634062b33c698fde1!online-exam.jpg', 'This receipt is for online exam computer  generated hence no signature is required.', 1, '2022-08-30 12:58:46', '2022-09-08 17:28:34');


#
# TABLE STRUCTURE FOR: questions
#


CREATE TABLE `questions` (
  `id` int NOT NULL AUTO_INCREMENT,
  `staff_id` int DEFAULT NULL,
  `subject_id` int DEFAULT NULL,
  `question_type` varchar(100) NOT NULL,
  `level` varchar(10) NOT NULL,
  `class_id` int NOT NULL,
  `section_id` int DEFAULT NULL,
  `class_section_id` int DEFAULT NULL,
  `question` text,
  `opt_a` text,
  `opt_b` text,
  `opt_c` text,
  `opt_d` text,
  `opt_e` text,
  `correct` text,
  `descriptive_word_limit` int NOT NULL,
  `created_at` timestamp NOT NULL DEFAULT CURRENT_TIMESTAMP ON UPDATE CURRENT_TIMESTAMP,
  `updated_at` date DEFAULT NULL,
  PRIMARY KEY (`id`),
  KEY `subject_id` (`subject_id`),
  KEY `staff_id` (`staff_id`),
  KEY `class_id` (`class_id`),
  KEY `section_id` (`section_id`),
  KEY `class_section_id` (`class_section_id`),
  CONSTRAINT `questions_ibfk_1` FOREIGN KEY (`subject_id`) REFERENCES `subjects` (`id`) ON DELETE CASCADE,
  CONSTRAINT `questions_ibfk_2` FOREIGN KEY (`staff_id`) REFERENCES `staff` (`id`) ON DELETE CASCADE,
  CONSTRAINT `questions_ibfk_3` FOREIGN KEY (`subject_id`) REFERENCES `subjects` (`id`) ON DELETE CASCADE,
  CONSTRAINT `questions_ibfk_4` FOREIGN KEY (`class_id`) REFERENCES `classes` (`id`) ON DELETE CASCADE,
  CONSTRAINT `questions_ibfk_5` FOREIGN KEY (`section_id`) REFERENCES `sections` (`id`) ON DELETE CASCADE,
  CONSTRAINT `questions_ibfk_6` FOREIGN KEY (`class_section_id`) REFERENCES `class_sections` (`id`) ON DELETE CASCADE
) ENGINE=InnoDB AUTO_INCREMENT=83 DEFAULT CHARSET=utf8mb3;

INSERT INTO `questions` (`id`, `staff_id`, `subject_id`, `question_type`, `level`, `class_id`, `section_id`, `class_section_id`, `question`, `opt_a`, `opt_b`, `opt_c`, `opt_d`, `opt_e`, `correct`, `descriptive_word_limit`, `created_at`, `updated_at`) VALUES (1, 1, 1, 'singlechoice', 'low', 1, 1, NULL, 'Select small letter from the option.', 'A', 'b', 'L', 'Y', 'G', 'opt_b', 0, '2021-03-23 13:19:34', NULL);
INSERT INTO `questions` (`id`, `staff_id`, `subject_id`, `question_type`, `level`, `class_id`, `section_id`, `class_section_id`, `question`, `opt_a`, `opt_b`, `opt_c`, `opt_d`, `opt_e`, `correct`, `descriptive_word_limit`, `created_at`, `updated_at`) VALUES (2, 1, 1, 'singlechoice', 'low', 1, 1, NULL, 'Spot the word which starts with a capital letter.', 'Game', 'red', 'blue', 'greeN', 'na', 'opt_a', 0, '2021-03-23 13:20:42', NULL);
INSERT INTO `questions` (`id`, `staff_id`, `subject_id`, `question_type`, `level`, `class_id`, `section_id`, `class_section_id`, `question`, `opt_a`, `opt_b`, `opt_c`, `opt_d`, `opt_e`, `correct`, `descriptive_word_limit`, `created_at`, `updated_at`) VALUES (3, 1, 1, 'singlechoice', 'low', 1, 1, NULL, '<span style=\"color: rgb(0, 0, 0); font-family: arial; font-size: 14px;\">Logarithm tables were invented by.</span>', '<span style=\"color: rgb(0, 0, 0); font-family: arial; font-size: 14px;\">John Napier</span>', '<span style=\"color: rgb(0, 0, 0); font-family: arial; font-size: 14px;\">pressure</span>', '<span style=\"color: rgb(0, 0, 0); font-family: arial; font-size: 14px;\">John Harrison</span>', '<span style=\"color: rgb(0, 0, 0); font-family: arial; font-size: 14px;\">John Douglas</span>', 'na', 'opt_a', 0, '2021-03-23 13:28:19', NULL);
INSERT INTO `questions` (`id`, `staff_id`, `subject_id`, `question_type`, `level`, `class_id`, `section_id`, `class_section_id`, `question`, `opt_a`, `opt_b`, `opt_c`, `opt_d`, `opt_e`, `correct`, `descriptive_word_limit`, `created_at`, `updated_at`) VALUES (4, 1, 1, 'descriptive', 'low', 1, 1, NULL, 'What is grammer rule ?', '', '', '', '', '', '', 0, '2021-03-23 13:28:42', NULL);
INSERT INTO `questions` (`id`, `staff_id`, `subject_id`, `question_type`, `level`, `class_id`, `section_id`, `class_section_id`, `question`, `opt_a`, `opt_b`, `opt_c`, `opt_d`, `opt_e`, `correct`, `descriptive_word_limit`, `created_at`, `updated_at`) VALUES (5, 1, 1, 'true_false', 'low', 1, 1, NULL, 'Howard Donald is the oldest member of Take That', '', '', '', '', '', 'false', 0, '2021-03-23 13:29:24', NULL);
INSERT INTO `questions` (`id`, `staff_id`, `subject_id`, `question_type`, `level`, `class_id`, `section_id`, `class_section_id`, `question`, `opt_a`, `opt_b`, `opt_c`, `opt_d`, `opt_e`, `correct`, `descriptive_word_limit`, `created_at`, `updated_at`) VALUES (6, 1, 1, 'true_false', 'low', 1, 2, NULL, 'When it was feared that the serfs might go too far and gain their freedom from serfdom, the protestant leaders joined the princes at crushing them.', '', '', '', '', '', 'false', 0, '2021-03-23 13:29:54', NULL);
INSERT INTO `questions` (`id`, `staff_id`, `subject_id`, `question_type`, `level`, `class_id`, `section_id`, `class_section_id`, `question`, `opt_a`, `opt_b`, `opt_c`, `opt_d`, `opt_e`, `correct`, `descriptive_word_limit`, `created_at`, `updated_at`) VALUES (7, 1, 1, 'descriptive', 'medium', 1, 1, NULL, 'What makes us human?&nbsp;', '', '', '', '', '', '', 0, '2021-03-23 13:30:31', NULL);
INSERT INTO `questions` (`id`, `staff_id`, `subject_id`, `question_type`, `level`, `class_id`, `section_id`, `class_section_id`, `question`, `opt_a`, `opt_b`, `opt_c`, `opt_d`, `opt_e`, `correct`, `descriptive_word_limit`, `created_at`, `updated_at`) VALUES (8, 1, 1, 'descriptive', 'medium', 1, 1, NULL, 'What is consciousness?', '', '', '', '', '', '', 0, '2021-03-23 13:31:02', NULL);
INSERT INTO `questions` (`id`, `staff_id`, `subject_id`, `question_type`, `level`, `class_id`, `section_id`, `class_section_id`, `question`, `opt_a`, `opt_b`, `opt_c`, `opt_d`, `opt_e`, `correct`, `descriptive_word_limit`, `created_at`, `updated_at`) VALUES (9, 1, 1, 'descriptive', 'low', 1, 1, NULL, 'What are the basic rules of grammar?', '', '', '', '', '', '', 0, '2021-03-23 13:31:25', NULL);
INSERT INTO `questions` (`id`, `staff_id`, `subject_id`, `question_type`, `level`, `class_id`, `section_id`, `class_section_id`, `question`, `opt_a`, `opt_b`, `opt_c`, `opt_d`, `opt_e`, `correct`, `descriptive_word_limit`, `created_at`, `updated_at`) VALUES (10, 1, 3, 'descriptive', 'medium', 1, 1, NULL, 'चिपको आन्दोलन का मुख्य उद्देश्य क्या था?', '', '', '', '', '', '', 0, '2021-03-23 13:31:51', NULL);
INSERT INTO `questions` (`id`, `staff_id`, `subject_id`, `question_type`, `level`, `class_id`, `section_id`, `class_section_id`, `question`, `opt_a`, `opt_b`, `opt_c`, `opt_d`, `opt_e`, `correct`, `descriptive_word_limit`, `created_at`, `updated_at`) VALUES (11, 1, 3, 'descriptive', 'medium', 1, 1, NULL, 'भारत के पहले पर्यावरण आंदोलन चिपको आंदोलन आज की प्रासंगिकता क्या है?', '', '', '', '', '', '', 0, '2021-03-23 13:32:31', NULL);
INSERT INTO `questions` (`id`, `staff_id`, `subject_id`, `question_type`, `level`, `class_id`, `section_id`, `class_section_id`, `question`, `opt_a`, `opt_b`, `opt_c`, `opt_d`, `opt_e`, `correct`, `descriptive_word_limit`, `created_at`, `updated_at`) VALUES (12, 1, 3, 'descriptive', 'low', 1, 2, NULL, 'जैव विविधता क्या है?', '', '', '', '', '', '', 0, '2021-03-23 13:33:38', NULL);
INSERT INTO `questions` (`id`, `staff_id`, `subject_id`, `question_type`, `level`, `class_id`, `section_id`, `class_section_id`, `question`, `opt_a`, `opt_b`, `opt_c`, `opt_d`, `opt_e`, `correct`, `descriptive_word_limit`, `created_at`, `updated_at`) VALUES (13, 1, 4, 'singlechoice', 'high', 1, 1, NULL, 'A train running at the speed of 60 km/hr crosses a pole in 9 seconds. What is the length of the train?', '<span style=\"color: rgb(0, 0, 0); font-family: arial; font-size: 14px;\">150 metres</span>', '<span style=\"color: rgb(0, 0, 0); font-family: arial; font-size: 14px;\">115 metres</span>', '', '', '1<span style=\"color: rgb(0, 0, 0); font-family: arial; font-size: 14px;\">0 metres</span>', 'opt_a', 0, '2021-03-23 13:35:08', NULL);
INSERT INTO `questions` (`id`, `staff_id`, `subject_id`, `question_type`, `level`, `class_id`, `section_id`, `class_section_id`, `question`, `opt_a`, `opt_b`, `opt_c`, `opt_d`, `opt_e`, `correct`, `descriptive_word_limit`, `created_at`, `updated_at`) VALUES (14, 1, 4, 'singlechoice', 'low', 1, 1, NULL, 'The length of the bridge, which a train 130 metres long and travelling at 45 km/hr can cross in 30 seconds, is:', '250 m', '350 m', '300 m', '400m', '245m', 'opt_e', 0, '2021-03-23 13:36:28', NULL);
INSERT INTO `questions` (`id`, `staff_id`, `subject_id`, `question_type`, `level`, `class_id`, `section_id`, `class_section_id`, `question`, `opt_a`, `opt_b`, `opt_c`, `opt_d`, `opt_e`, `correct`, `descriptive_word_limit`, `created_at`, `updated_at`) VALUES (15, 1, 6, 'singlechoice', 'low', 1, 1, NULL, 'The non green house gases are:', 'Carbon dioxide', 'Methane', 'Sulphur dioxide', 'Sulphur dioxide', 'na', 'opt_d', 0, '2021-03-23 13:40:41', NULL);
INSERT INTO `questions` (`id`, `staff_id`, `subject_id`, `question_type`, `level`, `class_id`, `section_id`, `class_section_id`, `question`, `opt_a`, `opt_b`, `opt_c`, `opt_d`, `opt_e`, `correct`, `descriptive_word_limit`, `created_at`, `updated_at`) VALUES (16, 1, 4, 'singlechoice', 'low', 1, 1, NULL, '136&divide;5&divide;0.4 =? &ndash; 24&times;3.5', '144', '152', '130', '120', '100', 'opt_b', 0, '2021-03-23 13:42:44', NULL);
INSERT INTO `questions` (`id`, `staff_id`, `subject_id`, `question_type`, `level`, `class_id`, `section_id`, `class_section_id`, `question`, `opt_a`, `opt_b`, `opt_c`, `opt_d`, `opt_e`, `correct`, `descriptive_word_limit`, `created_at`, `updated_at`) VALUES (17, 1, 5, 'singlechoice', 'low', 1, 1, NULL, '<span style=\"color: rgb(0, 0, 0); font-family: arial; font-size: 14px;\">Philology is the</span>', '<span style=\"color: rgb(0, 0, 0); font-family: arial; font-size: 14px;\">science of languages</span>', '<span style=\"color: rgb(0, 0, 0); font-family: arial; font-size: 14px;\">study of bones</span>', '<span style=\"color: rgb(0, 0, 0); font-family: arial; font-size: 14px;\">study of architecture</span>', '<span style=\"color: rgb(0, 0, 0); font-family: arial; font-size: 14px;\">study of maths</span>', '<span style=\"color: rgb(0, 0, 0); font-family: arial; font-size: 14px;\">study of architecture</span>', 'opt_a', 0, '2021-05-03 10:17:06', NULL);
INSERT INTO `questions` (`id`, `staff_id`, `subject_id`, `question_type`, `level`, `class_id`, `section_id`, `class_section_id`, `question`, `opt_a`, `opt_b`, `opt_c`, `opt_d`, `opt_e`, `correct`, `descriptive_word_limit`, `created_at`, `updated_at`) VALUES (18, 1, 4, 'singlechoice', 'low', 1, 1, NULL, 'A train running at the speed of 60 km/hr crosses a pole in 9 seconds. What is the length of the train?', '<span style=\"color: rgb(0, 0, 0); font-family: arial; font-size: 14px;\">150 metres</span>', '<span style=\"color: rgb(0, 0, 0); font-family: arial; font-size: 14px;\">15 metres</span>', '<span style=\"color: rgb(0, 0, 0); font-family: arial; font-size: 14px;\">10 metres</span>', '120<span style=\"color: rgb(0, 0, 0); font-family: arial; font-size: 14px;\">&nbsp;metres</span>', '0<span style=\"color: rgb(0, 0, 0); font-family: arial; font-size: 14px;\">&nbsp;metres</span>', 'opt_a', 0, '2021-03-24 05:30:07', NULL);
INSERT INTO `questions` (`id`, `staff_id`, `subject_id`, `question_type`, `level`, `class_id`, `section_id`, `class_section_id`, `question`, `opt_a`, `opt_b`, `opt_c`, `opt_d`, `opt_e`, `correct`, `descriptive_word_limit`, `created_at`, `updated_at`) VALUES (19, 1, 4, 'singlechoice', 'low', 1, 1, NULL, 'The length of the bridge, which a train 130 metres long and travelling at 45 km/hr can cross in 30 seconds, is:', '250 m', '150 m', '230 m', '100 m', '245 m', 'opt_e', 0, '2021-03-24 05:31:20', NULL);
INSERT INTO `questions` (`id`, `staff_id`, `subject_id`, `question_type`, `level`, `class_id`, `section_id`, `class_section_id`, `question`, `opt_a`, `opt_b`, `opt_c`, `opt_d`, `opt_e`, `correct`, `descriptive_word_limit`, `created_at`, `updated_at`) VALUES (20, 1, 4, 'multichoice', 'low', 1, 1, NULL, 'We need to find the L.C.M of 40, 42 and 45 cm to get the required minimum distance..', '<span style=\"color: rgb(0, 0, 0); font-family: Roboto, Verdana, Geneva, sans-serif; font-size: 16px;\">2520.0</span>', '<span style=\"color: rgb(0, 0, 0); font-family: Roboto, Verdana, Geneva, sans-serif; font-size: 16px;\">2520.0000</span>', '<span style=\"color: rgb(0, 0, 0); font-family: Roboto, Verdana, Geneva, sans-serif; font-size: 16px;\">252.00</span>', '<span style=\"color: rgb(0, 0, 0); font-family: Roboto, Verdana, Geneva, sans-serif; font-size: 16px;\">220.00</span>', '<span style=\"color: rgb(0, 0, 0); font-family: Roboto, Verdana, Geneva, sans-serif; font-size: 16px;\">20.0000</span>', '[\"opt_a\",\"opt_b\",\"opt_c\"]', 0, '2021-03-24 05:33:36', NULL);
INSERT INTO `questions` (`id`, `staff_id`, `subject_id`, `question_type`, `level`, `class_id`, `section_id`, `class_section_id`, `question`, `opt_a`, `opt_b`, `opt_c`, `opt_d`, `opt_e`, `correct`, `descriptive_word_limit`, `created_at`, `updated_at`) VALUES (21, 1, 4, 'singlechoice', 'low', 1, 1, NULL, '1331 &times; 121 &times; 0.11 = (1.1)? &times; 11000', '4', '2', '6', '8', '5', 'opt_e', 0, '2021-03-24 05:39:17', NULL);
INSERT INTO `questions` (`id`, `staff_id`, `subject_id`, `question_type`, `level`, `class_id`, `section_id`, `class_section_id`, `question`, `opt_a`, `opt_b`, `opt_c`, `opt_d`, `opt_e`, `correct`, `descriptive_word_limit`, `created_at`, `updated_at`) VALUES (22, 1, 4, 'singlechoice', 'low', 1, 1, NULL, '135% of 342 - 342% of 13.5 = ?', '<span style=\"color: rgb(101, 101, 101); font-family: Roboto, sans-serif; font-size: 16px;\">415.53</span>', '4566', '55', '555', '5555', 'opt_a', 0, '2021-03-24 05:40:12', NULL);
INSERT INTO `questions` (`id`, `staff_id`, `subject_id`, `question_type`, `level`, `class_id`, `section_id`, `class_section_id`, `question`, `opt_a`, `opt_b`, `opt_c`, `opt_d`, `opt_e`, `correct`, `descriptive_word_limit`, `created_at`, `updated_at`) VALUES (23, 1, 4, 'multichoice', 'low', 1, 1, NULL, 'We need to find the L.C.M of 40, 42 and 45 cm to get the required minimum distance..', '<span style=\"color: rgb(0, 0, 0); font-family: Roboto, Verdana, Geneva, sans-serif; font-size: 16px;\">2520</span>', '<span style=\"color: rgb(0, 0, 0); font-family: Roboto, Verdana, Geneva, sans-serif; font-size: 16px;\">2520.0</span>', '<span style=\"color: rgb(0, 0, 0); font-family: Roboto, Verdana, Geneva, sans-serif; font-size: 16px;\">2520.00</span>', '<span style=\"color: rgb(0, 0, 0); font-family: Roboto, Verdana, Geneva, sans-serif; font-size: 16px;\">2520.000</span>', '<span style=\"color: rgb(0, 0, 0); font-family: Roboto, Verdana, Geneva, sans-serif; font-size: 16px;\">2520.0000</span>', '[\"opt_a\",\"opt_b\",\"opt_c\"]', 0, '2021-03-24 05:45:03', NULL);
INSERT INTO `questions` (`id`, `staff_id`, `subject_id`, `question_type`, `level`, `class_id`, `section_id`, `class_section_id`, `question`, `opt_a`, `opt_b`, `opt_c`, `opt_d`, `opt_e`, `correct`, `descriptive_word_limit`, `created_at`, `updated_at`) VALUES (24, 1, 5, 'singlechoice', 'low', 1, 1, NULL, '<span style=\"color: rgb(0, 0, 0); font-family: arial; font-size: 14px;\">Philology is the</span>', '<span style=\"color: rgb(0, 0, 0); font-family: arial; font-size: 14px;\">science of languages</span>', '<span style=\"color: rgb(0, 0, 0); font-family: arial; font-size: 14px;\">study of bones</span>', '<span style=\"color: rgb(0, 0, 0); font-family: arial; font-size: 14px;\">study of maths</span>', '<span style=\"color: rgb(0, 0, 0); font-family: arial; font-size: 14px;\">study of muscles</span>', '<span style=\"color: rgb(0, 0, 0); font-family: arial; font-size: 14px;\">study of architecture</span>', 'opt_a', 0, '2021-05-03 10:16:11', NULL);
INSERT INTO `questions` (`id`, `staff_id`, `subject_id`, `question_type`, `level`, `class_id`, `section_id`, `class_section_id`, `question`, `opt_a`, `opt_b`, `opt_c`, `opt_d`, `opt_e`, `correct`, `descriptive_word_limit`, `created_at`, `updated_at`) VALUES (25, 1, 5, 'descriptive', 'medium', 1, 1, NULL, 'what is quantum science', '', '', '', '', '', '', 0, '2021-03-24 05:46:47', NULL);
INSERT INTO `questions` (`id`, `staff_id`, `subject_id`, `question_type`, `level`, `class_id`, `section_id`, `class_section_id`, `question`, `opt_a`, `opt_b`, `opt_c`, `opt_d`, `opt_e`, `correct`, `descriptive_word_limit`, `created_at`, `updated_at`) VALUES (26, 1, 5, 'descriptive', 'low', 1, 1, NULL, '<span style=\"color: rgb(0, 0, 0); font-family: Roboto, sans-serif; font-size: 14px; background-color: rgb(245, 245, 245);\">how to calculate the atomic mass of isotopes?</span>', '', '', '', '', '', '', 0, '2021-03-24 05:47:24', NULL);
INSERT INTO `questions` (`id`, `staff_id`, `subject_id`, `question_type`, `level`, `class_id`, `section_id`, `class_section_id`, `question`, `opt_a`, `opt_b`, `opt_c`, `opt_d`, `opt_e`, `correct`, `descriptive_word_limit`, `created_at`, `updated_at`) VALUES (27, 1, 5, 'descriptive', 'low', 1, 1, NULL, 'what is iron?', '', '', '', '', '', '', 0, '2021-03-24 05:48:42', NULL);
INSERT INTO `questions` (`id`, `staff_id`, `subject_id`, `question_type`, `level`, `class_id`, `section_id`, `class_section_id`, `question`, `opt_a`, `opt_b`, `opt_c`, `opt_d`, `opt_e`, `correct`, `descriptive_word_limit`, `created_at`, `updated_at`) VALUES (28, 1, 4, 'descriptive', 'low', 1, 1, NULL, 'Why is Iron different from Other Elements?', '', '', '', '', '', '', 0, '2021-03-24 05:49:27', NULL);
INSERT INTO `questions` (`id`, `staff_id`, `subject_id`, `question_type`, `level`, `class_id`, `section_id`, `class_section_id`, `question`, `opt_a`, `opt_b`, `opt_c`, `opt_d`, `opt_e`, `correct`, `descriptive_word_limit`, `created_at`, `updated_at`) VALUES (29, 1, 5, 'descriptive', 'low', 1, 1, NULL, 'What are the commonly found oxidation state of the elements in the group? Do they change from the top to the bottom of the group and why?', '', '', '', '', '', '', 0, '2021-03-24 05:49:48', NULL);
INSERT INTO `questions` (`id`, `staff_id`, `subject_id`, `question_type`, `level`, `class_id`, `section_id`, `class_section_id`, `question`, `opt_a`, `opt_b`, `opt_c`, `opt_d`, `opt_e`, `correct`, `descriptive_word_limit`, `created_at`, `updated_at`) VALUES (30, 1, 6, 'singlechoice', 'low', 1, 1, NULL, '<span style=\"color: rgb(0, 0, 0); font-family: arial; font-size: 14px;\">Kiran Bedi received Magsaysay Award for government service in</span>', '1992', '1978', '1687', '1542', '1125', 'opt_a', 0, '2021-03-24 05:53:55', NULL);
INSERT INTO `questions` (`id`, `staff_id`, `subject_id`, `question_type`, `level`, `class_id`, `section_id`, `class_section_id`, `question`, `opt_a`, `opt_b`, `opt_c`, `opt_d`, `opt_e`, `correct`, `descriptive_word_limit`, `created_at`, `updated_at`) VALUES (31, 1, 6, 'multichoice', 'low', 1, 1, NULL, 'What was the targeted Ground Level Credit for agriculture &amp; allied sectors set for 2021-22?', '<span style=\"color: rgb(0, 0, 0); font-family: arial; font-size: 14px;\">Rs 15 Lakh cr</span>', '<span style=\"color: rgb(0, 0, 0); font-family: arial; font-size: 14px;\">Rs 10 Lakh cr</span>', '<span style=\"color: rgb(0, 0, 0); font-family: arial; font-size: 14px;\">Rs 16 Lakh cr</span>', '<span style=\"color: rgb(0, 0, 0); font-family: arial; font-size: 14px;\">Rs 20 Lakh cr</span>', '<span style=\"color: rgb(0, 0, 0); font-family: arial; font-size: 14px;\">Rs 78 Lakh cr</span>', '[\"opt_a\",\"opt_b\",\"opt_c\"]', 0, '2021-03-24 05:56:57', NULL);
INSERT INTO `questions` (`id`, `staff_id`, `subject_id`, `question_type`, `level`, `class_id`, `section_id`, `class_section_id`, `question`, `opt_a`, `opt_b`, `opt_c`, `opt_d`, `opt_e`, `correct`, `descriptive_word_limit`, `created_at`, `updated_at`) VALUES (32, 1, 8, 'true_false', 'low', 1, 1, NULL, 'हम डाक्यूमेंट्स मे स्पेल्लिंग चेक नहीं कर सकते है.', '', '', '', '', '', 'false', 0, '2021-03-24 05:57:26', NULL);
INSERT INTO `questions` (`id`, `staff_id`, `subject_id`, `question_type`, `level`, `class_id`, `section_id`, `class_section_id`, `question`, `opt_a`, `opt_b`, `opt_c`, `opt_d`, `opt_e`, `correct`, `descriptive_word_limit`, `created_at`, `updated_at`) VALUES (33, 1, 8, 'true_false', 'low', 1, 1, NULL, 'करैक्टर साइज़ पॉइंट मे मापा जाता है.', '', '', '', '', '', 'true', 0, '2021-03-24 05:58:00', NULL);
INSERT INTO `questions` (`id`, `staff_id`, `subject_id`, `question_type`, `level`, `class_id`, `section_id`, `class_section_id`, `question`, `opt_a`, `opt_b`, `opt_c`, `opt_d`, `opt_e`, `correct`, `descriptive_word_limit`, `created_at`, `updated_at`) VALUES (34, 1, 1, 'true_false', 'low', 1, 1, NULL, 'Prince Harry is taller than Prince William&nbsp;', '', '', '', '', '', 'true', 0, '2021-03-24 06:00:07', NULL);
INSERT INTO `questions` (`id`, `staff_id`, `subject_id`, `question_type`, `level`, `class_id`, `section_id`, `class_section_id`, `question`, `opt_a`, `opt_b`, `opt_c`, `opt_d`, `opt_e`, `correct`, `descriptive_word_limit`, `created_at`, `updated_at`) VALUES (35, 1, 1, 'true_false', 'low', 1, 2, NULL, 'The record for the biggest tiger hunt has not been met since 1911 when Lord Hardinge. then Viceroy of India, shot a tiger than measured 11 feet and 6 inches.', '', '', '', '', '', 'false', 0, '2021-03-24 06:01:30', NULL);
INSERT INTO `questions` (`id`, `staff_id`, `subject_id`, `question_type`, `level`, `class_id`, `section_id`, `class_section_id`, `question`, `opt_a`, `opt_b`, `opt_c`, `opt_d`, `opt_e`, `correct`, `descriptive_word_limit`, `created_at`, `updated_at`) VALUES (36, 1, 5, 'descriptive', 'low', 1, 1, NULL, 'what is soil?', '', '', '', '', '', '', 0, '2021-03-24 06:05:30', NULL);
INSERT INTO `questions` (`id`, `staff_id`, `subject_id`, `question_type`, `level`, `class_id`, `section_id`, `class_section_id`, `question`, `opt_a`, `opt_b`, `opt_c`, `opt_d`, `opt_e`, `correct`, `descriptive_word_limit`, `created_at`, `updated_at`) VALUES (37, 1, 5, 'descriptive', 'low', 1, 1, NULL, 'What is the origin of the name of the group?', '', '', '', '', '', '', 0, '2021-03-24 06:06:21', NULL);
INSERT INTO `questions` (`id`, `staff_id`, `subject_id`, `question_type`, `level`, `class_id`, `section_id`, `class_section_id`, `question`, `opt_a`, `opt_b`, `opt_c`, `opt_d`, `opt_e`, `correct`, `descriptive_word_limit`, `created_at`, `updated_at`) VALUES (38, 1, 1, 'singlechoice', 'low', 1, 1, NULL, 'Find Correct Article.', 'A, An, The', 'Do, Did', 'May, Might', 'Would, Should', 'None of these', 'opt_a', 0, '2021-03-24 06:22:28', NULL);
INSERT INTO `questions` (`id`, `staff_id`, `subject_id`, `question_type`, `level`, `class_id`, `section_id`, `class_section_id`, `question`, `opt_a`, `opt_b`, `opt_c`, `opt_d`, `opt_e`, `correct`, `descriptive_word_limit`, `created_at`, `updated_at`) VALUES (39, 1, 1, 'singlechoice', 'low', 1, 1, NULL, 'He is of a very affable nature.', 'Pleasant', 'Humble', 'Irriting', 'Quarrelsome', 'None of these', 'opt_a', 0, '2021-03-24 06:25:01', NULL);
INSERT INTO `questions` (`id`, `staff_id`, `subject_id`, `question_type`, `level`, `class_id`, `section_id`, `class_section_id`, `question`, `opt_a`, `opt_b`, `opt_c`, `opt_d`, `opt_e`, `correct`, `descriptive_word_limit`, `created_at`, `updated_at`) VALUES (40, 1, 1, 'singlechoice', 'low', 1, 1, NULL, 'He is very polite to his parents and treats them with deference', 'Pride', 'Prayer', 'Diffculty', 'Respect', 'None of these', 'opt_d', 0, '2021-03-24 06:26:54', NULL);
INSERT INTO `questions` (`id`, `staff_id`, `subject_id`, `question_type`, `level`, `class_id`, `section_id`, `class_section_id`, `question`, `opt_a`, `opt_b`, `opt_c`, `opt_d`, `opt_e`, `correct`, `descriptive_word_limit`, `created_at`, `updated_at`) VALUES (41, 1, 6, 'singlechoice', 'low', 1, 1, NULL, 'The american flag is ..................white and blue', 'Red', 'white&nbsp;', 'blue', 'black', 'none of these', 'opt_a', 0, '2021-03-24 06:29:39', NULL);
INSERT INTO `questions` (`id`, `staff_id`, `subject_id`, `question_type`, `level`, `class_id`, `section_id`, `class_section_id`, `question`, `opt_a`, `opt_b`, `opt_c`, `opt_d`, `opt_e`, `correct`, `descriptive_word_limit`, `created_at`, `updated_at`) VALUES (42, 1, 1, 'singlechoice', 'low', 1, 1, NULL, 'You should act bravely ................difficulties.', 'In the rear of', 'In the face of', 'In the hope of', 'None of these', 'In the teeth of', 'opt_b', 0, '2021-03-24 06:32:22', NULL);
INSERT INTO `questions` (`id`, `staff_id`, `subject_id`, `question_type`, `level`, `class_id`, `section_id`, `class_section_id`, `question`, `opt_a`, `opt_b`, `opt_c`, `opt_d`, `opt_e`, `correct`, `descriptive_word_limit`, `created_at`, `updated_at`) VALUES (43, 1, 5, 'singlechoice', 'low', 1, 1, NULL, 'Remaims of very old plants and animals are called.', 'Symbols', 'Signs', 'Old stuff', 'None of these', 'Fossils', 'opt_e', 0, '2021-03-24 06:33:43', NULL);
INSERT INTO `questions` (`id`, `staff_id`, `subject_id`, `question_type`, `level`, `class_id`, `section_id`, `class_section_id`, `question`, `opt_a`, `opt_b`, `opt_c`, `opt_d`, `opt_e`, `correct`, `descriptive_word_limit`, `created_at`, `updated_at`) VALUES (44, 1, 1, 'singlechoice', 'low', 1, 1, NULL, 'You should act bravely ................difficulties.', 'In the rear of', 'In the face of', 'In the hope of', 'In the teeth of', 'none of these', 'opt_b', 0, '2021-03-24 06:39:04', NULL);
INSERT INTO `questions` (`id`, `staff_id`, `subject_id`, `question_type`, `level`, `class_id`, `section_id`, `class_section_id`, `question`, `opt_a`, `opt_b`, `opt_c`, `opt_d`, `opt_e`, `correct`, `descriptive_word_limit`, `created_at`, `updated_at`) VALUES (45, 1, 1, 'singlechoice', 'low', 1, 1, NULL, 'Remaims of very old plants and animals are called.', 'Symbols', 'Signs', 'Fossils', '', 'Old stuff', 'opt_b', 0, '2021-03-24 06:40:03', NULL);
INSERT INTO `questions` (`id`, `staff_id`, `subject_id`, `question_type`, `level`, `class_id`, `section_id`, `class_section_id`, `question`, `opt_a`, `opt_b`, `opt_c`, `opt_d`, `opt_e`, `correct`, `descriptive_word_limit`, `created_at`, `updated_at`) VALUES (46, 1, 1, 'singlechoice', 'low', 1, 1, NULL, 'A place where bees live and store honey called.', 'Hive', 'Nest', 'Cottage', 'Tree', 'none of these', 'opt_a', 0, '2021-03-24 06:42:58', NULL);
INSERT INTO `questions` (`id`, `staff_id`, `subject_id`, `question_type`, `level`, `class_id`, `section_id`, `class_section_id`, `question`, `opt_a`, `opt_b`, `opt_c`, `opt_d`, `opt_e`, `correct`, `descriptive_word_limit`, `created_at`, `updated_at`) VALUES (47, 1, 3, 'descriptive', 'low', 1, 1, NULL, 'संज्ञा क्या है?', '', '', '', '', '', '', 0, '2021-03-24 06:43:28', NULL);
INSERT INTO `questions` (`id`, `staff_id`, `subject_id`, `question_type`, `level`, `class_id`, `section_id`, `class_section_id`, `question`, `opt_a`, `opt_b`, `opt_c`, `opt_d`, `opt_e`, `correct`, `descriptive_word_limit`, `created_at`, `updated_at`) VALUES (48, 1, 3, 'singlechoice', 'low', 1, 1, NULL, 'निम्नलिखित में अव्ययीभाव समास को पहचानिये', 'रक्तपुष्प', 'गंगाजल', 'सीताराम', 'निस्संदेह', 'सीताराम', 'opt_d', 0, '2021-03-24 06:56:43', NULL);
INSERT INTO `questions` (`id`, `staff_id`, `subject_id`, `question_type`, `level`, `class_id`, `section_id`, `class_section_id`, `question`, `opt_a`, `opt_b`, `opt_c`, `opt_d`, `opt_e`, `correct`, `descriptive_word_limit`, `created_at`, `updated_at`) VALUES (49, 1, 3, 'singlechoice', 'low', 1, 1, NULL, 'छंदशास्त्र का दूसरा नाम क्या है ?', 'राजनीतिशास्त्र', 'रसायनशास्त्र', 'पिंगलशास्त्र', 'दर्शनशास्त्र', 'इनमें से कोई नहीं', 'opt_c', 0, '2021-03-24 06:59:34', NULL);
INSERT INTO `questions` (`id`, `staff_id`, `subject_id`, `question_type`, `level`, `class_id`, `section_id`, `class_section_id`, `question`, `opt_a`, `opt_b`, `opt_c`, `opt_d`, `opt_e`, `correct`, `descriptive_word_limit`, `created_at`, `updated_at`) VALUES (50, 1, 3, 'singlechoice', 'low', 1, 1, NULL, 'निम्नांकित में से भाववाचक संज्ञा के उदाहरण को चुनिए', 'रेगिस्तान', 'हिमालय', 'एकता', 'भारतवर्ष', 'इनमें से कोई नहीं', 'opt_c', 0, '2021-03-24 07:02:36', NULL);
INSERT INTO `questions` (`id`, `staff_id`, `subject_id`, `question_type`, `level`, `class_id`, `section_id`, `class_section_id`, `question`, `opt_a`, `opt_b`, `opt_c`, `opt_d`, `opt_e`, `correct`, `descriptive_word_limit`, `created_at`, `updated_at`) VALUES (51, 1, 3, 'singlechoice', 'low', 1, 1, NULL, 'तपोवन में प्रयुक्त संधि का नाम है', 'स्वर संधि', 'विसर्ग संधि', 'व्यंजन संधि', 'अन्य', 'इनमें से कोई नहीं', 'opt_b', 0, '2021-03-24 07:03:33', NULL);
INSERT INTO `questions` (`id`, `staff_id`, `subject_id`, `question_type`, `level`, `class_id`, `section_id`, `class_section_id`, `question`, `opt_a`, `opt_b`, `opt_c`, `opt_d`, `opt_e`, `correct`, `descriptive_word_limit`, `created_at`, `updated_at`) VALUES (52, 1, 4, 'singlechoice', 'low', 1, 1, NULL, 'Find(a+b)2', 'a2-b2+2ab', 'a2+b2-2ab', 'a2+b2+2ab', 'a2-b2-2ab', 'None of these', 'opt_b', 0, '2021-03-24 07:05:23', NULL);
INSERT INTO `questions` (`id`, `staff_id`, `subject_id`, `question_type`, `level`, `class_id`, `section_id`, `class_section_id`, `question`, `opt_a`, `opt_b`, `opt_c`, `opt_d`, `opt_e`, `correct`, `descriptive_word_limit`, `created_at`, `updated_at`) VALUES (53, 1, 6, 'singlechoice', 'low', 1, 1, NULL, 'The release of water vapour from the leaves is:', 'Evaporation', 'Transpiration', 'Frost', 'Dew', 'None of these', 'opt_b', 0, '2021-03-24 08:34:56', NULL);
INSERT INTO `questions` (`id`, `staff_id`, `subject_id`, `question_type`, `level`, `class_id`, `section_id`, `class_section_id`, `question`, `opt_a`, `opt_b`, `opt_c`, `opt_d`, `opt_e`, `correct`, `descriptive_word_limit`, `created_at`, `updated_at`) VALUES (54, 1, 4, 'singlechoice', 'low', 1, 1, NULL, '35% of 40 is', '13', '14', '15', '16', 'na', 'opt_b', 0, '2021-03-24 08:37:37', NULL);
INSERT INTO `questions` (`id`, `staff_id`, `subject_id`, `question_type`, `level`, `class_id`, `section_id`, `class_section_id`, `question`, `opt_a`, `opt_b`, `opt_c`, `opt_d`, `opt_e`, `correct`, `descriptive_word_limit`, `created_at`, `updated_at`) VALUES (55, 1, 4, 'singlechoice', 'low', 1, 1, NULL, '35% of 40 is', '13', '14', '15', '16', 'na', 'opt_b', 0, '2021-03-24 08:37:38', NULL);
INSERT INTO `questions` (`id`, `staff_id`, `subject_id`, `question_type`, `level`, `class_id`, `section_id`, `class_section_id`, `question`, `opt_a`, `opt_b`, `opt_c`, `opt_d`, `opt_e`, `correct`, `descriptive_word_limit`, `created_at`, `updated_at`) VALUES (56, 1, 4, 'singlechoice', 'low', 1, 1, NULL, 'Rename 2/5 as a percent:-', '20%', '30%', '40%', '45%', 'none of these', 'opt_c', 0, '2021-03-24 08:39:20', NULL);
INSERT INTO `questions` (`id`, `staff_id`, `subject_id`, `question_type`, `level`, `class_id`, `section_id`, `class_section_id`, `question`, `opt_a`, `opt_b`, `opt_c`, `opt_d`, `opt_e`, `correct`, `descriptive_word_limit`, `created_at`, `updated_at`) VALUES (57, 1, 5, 'singlechoice', 'low', 1, 1, NULL, 'What Is Metal And Non Metal?', 'An Object', 'A Gas', 'A Liquid', 'a solid material which is typically hard, shiny, malleable, fusible, and ductile, with good electrical and thermal conductivity and nonmetal is a chemical element that mostly lacks the characteristics of a metal. Physically, a nonmetal tends to have a relatively low melting point, boiling point, and density.', 'none of these', 'opt_c', 0, '2021-03-24 08:43:10', NULL);
INSERT INTO `questions` (`id`, `staff_id`, `subject_id`, `question_type`, `level`, `class_id`, `section_id`, `class_section_id`, `question`, `opt_a`, `opt_b`, `opt_c`, `opt_d`, `opt_e`, `correct`, `descriptive_word_limit`, `created_at`, `updated_at`) VALUES (58, 1, 5, 'singlechoice', 'low', 1, 1, NULL, 'The mass of a star is two times the mass of the Sun. How will it come to an end?', 'Neutron Star', 'Blackhole', 'White Dwarf', 'Red Giant', 'None of these', 'opt_b', 0, '2021-03-24 08:46:57', NULL);
INSERT INTO `questions` (`id`, `staff_id`, `subject_id`, `question_type`, `level`, `class_id`, `section_id`, `class_section_id`, `question`, `opt_a`, `opt_b`, `opt_c`, `opt_d`, `opt_e`, `correct`, `descriptive_word_limit`, `created_at`, `updated_at`) VALUES (59, 1, 5, 'singlechoice', 'medium', 1, 1, NULL, 'The mass of a star is two times the mass of the Sun. How will it come to an end?', 'Neutron Star', 'Blackhole', 'Red Giant', 'None of these', 'none of these.', 'opt_b', 0, '2021-03-24 08:48:31', NULL);
INSERT INTO `questions` (`id`, `staff_id`, `subject_id`, `question_type`, `level`, `class_id`, `section_id`, `class_section_id`, `question`, `opt_a`, `opt_b`, `opt_c`, `opt_d`, `opt_e`, `correct`, `descriptive_word_limit`, `created_at`, `updated_at`) VALUES (60, 1, 5, 'singlechoice', 'low', 1, 1, NULL, 'Cement is made hard by:', 'Dehydration', 'Hydration and dissociation of water', 'Dissociation of water', 'Polymerisation', 'None of these', 'opt_b', 0, '2021-03-24 08:50:25', NULL);
INSERT INTO `questions` (`id`, `staff_id`, `subject_id`, `question_type`, `level`, `class_id`, `section_id`, `class_section_id`, `question`, `opt_a`, `opt_b`, `opt_c`, `opt_d`, `opt_e`, `correct`, `descriptive_word_limit`, `created_at`, `updated_at`) VALUES (61, 1, 5, 'singlechoice', 'low', 1, 1, NULL, 'Which among the following waves is used for communication by artificial satellites?', 'The frequency of 101 series', 'Radio waves', 'A.M', 'Microwaves', 'None of these', 'opt_d', 0, '2021-03-24 08:52:05', NULL);
INSERT INTO `questions` (`id`, `staff_id`, `subject_id`, `question_type`, `level`, `class_id`, `section_id`, `class_section_id`, `question`, `opt_a`, `opt_b`, `opt_c`, `opt_d`, `opt_e`, `correct`, `descriptive_word_limit`, `created_at`, `updated_at`) VALUES (62, 1, 6, 'singlechoice', 'low', 1, 1, NULL, 'The non green house gases are:', 'Carbon dioxide', 'Methane', 'Chlorofluorocarbon', 'Sulphur dioxide', 'None of these', 'opt_b', 0, '2021-03-24 08:55:59', NULL);
INSERT INTO `questions` (`id`, `staff_id`, `subject_id`, `question_type`, `level`, `class_id`, `section_id`, `class_section_id`, `question`, `opt_a`, `opt_b`, `opt_c`, `opt_d`, `opt_e`, `correct`, `descriptive_word_limit`, `created_at`, `updated_at`) VALUES (63, 1, 6, 'singlechoice', 'low', 1, 1, NULL, 'The science of classification of organisms is called:', 'Astrology', 'Anatomy', 'Taxonomy', 'Morphology', 'None of these', 'opt_c', 0, '2021-03-24 08:58:22', NULL);
INSERT INTO `questions` (`id`, `staff_id`, `subject_id`, `question_type`, `level`, `class_id`, `section_id`, `class_section_id`, `question`, `opt_a`, `opt_b`, `opt_c`, `opt_d`, `opt_e`, `correct`, `descriptive_word_limit`, `created_at`, `updated_at`) VALUES (64, 1, 9, 'singlechoice', 'low', 1, 1, NULL, 'What is Computer ?', 'Machine.', 'Remote.', 'Cap', 'Book&nbsp;', 'None of these.', 'opt_a', 0, '2021-04-02 11:05:12', NULL);
INSERT INTO `questions` (`id`, `staff_id`, `subject_id`, `question_type`, `level`, `class_id`, `section_id`, `class_section_id`, `question`, `opt_a`, `opt_b`, `opt_c`, `opt_d`, `opt_e`, `correct`, `descriptive_word_limit`, `created_at`, `updated_at`) VALUES (65, 1, 9, 'singlechoice', 'low', 1, 1, NULL, 'What is the full form of RAM ?', 'Random Access Memory&nbsp;', 'Read Only Memory.', 'Synchronous Dynamic RAM (SDRAM)', 'Single Data Rate Synchronous Dynamic RAM (SDR SDRAM)', 'None of&nbsp; thses.', 'opt_a', 0, '2021-04-02 11:10:05', NULL);
INSERT INTO `questions` (`id`, `staff_id`, `subject_id`, `question_type`, `level`, `class_id`, `section_id`, `class_section_id`, `question`, `opt_a`, `opt_b`, `opt_c`, `opt_d`, `opt_e`, `correct`, `descriptive_word_limit`, `created_at`, `updated_at`) VALUES (66, 1, 9, 'singlechoice', 'low', 1, 1, NULL, 'What is input device ?', 'mouse', 'keyboard', 'cpu', 'moniter', 'none of these&nbsp;', 'opt_a', 0, '2021-04-02 11:13:09', NULL);
INSERT INTO `questions` (`id`, `staff_id`, `subject_id`, `question_type`, `level`, `class_id`, `section_id`, `class_section_id`, `question`, `opt_a`, `opt_b`, `opt_c`, `opt_d`, `opt_e`, `correct`, `descriptive_word_limit`, `created_at`, `updated_at`) VALUES (67, 2, 10, 'true_false', 'medium', 1, 1, NULL, 'Plants and animals also grow with time.', '', '', '', '', '', 'true', 0, '2022-10-01 09:23:01', NULL);
INSERT INTO `questions` (`id`, `staff_id`, `subject_id`, `question_type`, `level`, `class_id`, `section_id`, `class_section_id`, `question`, `opt_a`, `opt_b`, `opt_c`, `opt_d`, `opt_e`, `correct`, `descriptive_word_limit`, `created_at`, `updated_at`) VALUES (68, 2, 11, 'singlechoice', 'high', 1, 2, NULL, 'We&nbsp; ________ with our nose.', 'Taste.', 'Smell.', 'Both.', 'Other.', 'None.', 'opt_a', 0, '2022-10-01 09:25:05', NULL);
INSERT INTO `questions` (`id`, `staff_id`, `subject_id`, `question_type`, `level`, `class_id`, `section_id`, `class_section_id`, `question`, `opt_a`, `opt_b`, `opt_c`, `opt_d`, `opt_e`, `correct`, `descriptive_word_limit`, `created_at`, `updated_at`) VALUES (69, 2, 4, 'singlechoice', 'medium', 2, 1, NULL, 'what comes after 328 ?', '330', '329', '353', 'Both.', 'Other.', 'opt_b', 0, '2022-10-01 09:26:35', NULL);
INSERT INTO `questions` (`id`, `staff_id`, `subject_id`, `question_type`, `level`, `class_id`, `section_id`, `class_section_id`, `question`, `opt_a`, `opt_b`, `opt_c`, `opt_d`, `opt_e`, `correct`, `descriptive_word_limit`, `created_at`, `updated_at`) VALUES (70, 5, 4, 'multichoice', 'medium', 2, 2, NULL, 'The number which comes between 512 and 514 is _____', '510.', '515.', '513.', '511.', '518.', '[\"opt_c\"]', 0, '2022-10-01 09:29:14', NULL);
INSERT INTO `questions` (`id`, `staff_id`, `subject_id`, `question_type`, `level`, `class_id`, `section_id`, `class_section_id`, `question`, `opt_a`, `opt_b`, `opt_c`, `opt_d`, `opt_e`, `correct`, `descriptive_word_limit`, `created_at`, `updated_at`) VALUES (71, 5, 5, 'singlechoice', 'medium', 3, 1, NULL, 'Which one of the following is biotic resource?', 'Soil.', 'Water.', 'Plant.', 'Land.', 'Other .', 'opt_c', 0, '2022-10-01 09:32:45', NULL);
INSERT INTO `questions` (`id`, `staff_id`, `subject_id`, `question_type`, `level`, `class_id`, `section_id`, `class_section_id`, `question`, `opt_a`, `opt_b`, `opt_c`, `opt_d`, `opt_e`, `correct`, `descriptive_word_limit`, `created_at`, `updated_at`) VALUES (72, 5, 5, 'singlechoice', 'high', 2, 1, NULL, 'How many water molecules does hydrated cal-cium sulphate contain?&nbsp;', '5', '4', '3', '2', '7', 'opt_d', 0, '2022-11-01 09:49:19', NULL);
INSERT INTO `questions` (`id`, `staff_id`, `subject_id`, `question_type`, `level`, `class_id`, `section_id`, `class_section_id`, `question`, `opt_a`, `opt_b`, `opt_c`, `opt_d`, `opt_e`, `correct`, `descriptive_word_limit`, `created_at`, `updated_at`) VALUES (73, 5, 3, 'singlechoice', 'medium', 1, 1, NULL, 'सूर्योदय&rsquo; का सही सन्धि&ndash;विच्छेद क्या है ?', 'सूर्ये + उदय .', 'सूर्यो + दय.', 'सूर्य + उदय .', 'दय +सूर्यो .', 'इनमें से कोई नहीं.', 'opt_c', 0, '2022-11-01 09:51:36', NULL);
INSERT INTO `questions` (`id`, `staff_id`, `subject_id`, `question_type`, `level`, `class_id`, `section_id`, `class_section_id`, `question`, `opt_a`, `opt_b`, `opt_c`, `opt_d`, `opt_e`, `correct`, `descriptive_word_limit`, `created_at`, `updated_at`) VALUES (78, 1, 1, 'true_false', 'high', 2, 1, NULL, 'question test 1', '', '', '', '', '', 'true', 0, '2023-02-22 12:47:09', NULL);
INSERT INTO `questions` (`id`, `staff_id`, `subject_id`, `question_type`, `level`, `class_id`, `section_id`, `class_section_id`, `question`, `opt_a`, `opt_b`, `opt_c`, `opt_d`, `opt_e`, `correct`, `descriptive_word_limit`, `created_at`, `updated_at`) VALUES (79, 1, 1, 'descriptive', 'high', 2, 1, NULL, 'question test 2', '', '', '', '', '', '', 0, '2023-02-22 12:47:00', NULL);
INSERT INTO `questions` (`id`, `staff_id`, `subject_id`, `question_type`, `level`, `class_id`, `section_id`, `class_section_id`, `question`, `opt_a`, `opt_b`, `opt_c`, `opt_d`, `opt_e`, `correct`, `descriptive_word_limit`, `created_at`, `updated_at`) VALUES (81, 1, 1, 'true_false', 'high', 2, 1, NULL, 'question testttt 1', '', '', '', '', '', 'true', 0, '2023-02-25 08:55:28', NULL);
INSERT INTO `questions` (`id`, `staff_id`, `subject_id`, `question_type`, `level`, `class_id`, `section_id`, `class_section_id`, `question`, `opt_a`, `opt_b`, `opt_c`, `opt_d`, `opt_e`, `correct`, `descriptive_word_limit`, `created_at`, `updated_at`) VALUES (82, 1, 1, 'descriptive', 'high', 2, 1, NULL, 'question testttt 2', '', '', '', '', '', '', 0, '2023-02-25 08:55:28', NULL);


#
# TABLE STRUCTURE FOR: read_notification
#


CREATE TABLE `read_notification` (
  `id` int NOT NULL AUTO_INCREMENT,
  `student_id` int DEFAULT NULL,
  `parent_id` int DEFAULT NULL,
  `staff_id` int DEFAULT NULL,
  `notification_id` int DEFAULT NULL,
  `is_active` varchar(255) DEFAULT 'no',
  `created_at` timestamp NOT NULL DEFAULT CURRENT_TIMESTAMP ON UPDATE CURRENT_TIMESTAMP,
  `updated_at` date DEFAULT NULL,
  PRIMARY KEY (`id`),
  KEY `notification_id` (`notification_id`),
  KEY `staff_id` (`staff_id`),
  KEY `student_id` (`student_id`),
  CONSTRAINT `read_notification_ibfk_1` FOREIGN KEY (`notification_id`) REFERENCES `send_notification` (`id`) ON DELETE CASCADE,
  CONSTRAINT `read_notification_ibfk_2` FOREIGN KEY (`staff_id`) REFERENCES `staff` (`id`) ON DELETE CASCADE,
  CONSTRAINT `read_notification_ibfk_3` FOREIGN KEY (`student_id`) REFERENCES `students` (`id`) ON DELETE CASCADE
) ENGINE=InnoDB AUTO_INCREMENT=688 DEFAULT CHARSET=utf8mb3;

INSERT INTO `read_notification` (`id`, `student_id`, `parent_id`, `staff_id`, `notification_id`, `is_active`, `created_at`, `updated_at`) VALUES (2, 1, NULL, NULL, 1, 'no', '2021-04-02 12:43:32', NULL);
INSERT INTO `read_notification` (`id`, `student_id`, `parent_id`, `staff_id`, `notification_id`, `is_active`, `created_at`, `updated_at`) VALUES (5, 1, NULL, NULL, 5, 'no', '2021-11-02 06:34:07', NULL);
INSERT INTO `read_notification` (`id`, `student_id`, `parent_id`, `staff_id`, `notification_id`, `is_active`, `created_at`, `updated_at`) VALUES (36, 1, NULL, NULL, 38, 'no', '2022-10-01 11:48:17', NULL);
INSERT INTO `read_notification` (`id`, `student_id`, `parent_id`, `staff_id`, `notification_id`, `is_active`, `created_at`, `updated_at`) VALUES (41, 1, NULL, NULL, 49, 'no', '2022-10-01 11:49:40', NULL);
INSERT INTO `read_notification` (`id`, `student_id`, `parent_id`, `staff_id`, `notification_id`, `is_active`, `created_at`, `updated_at`) VALUES (42, 1, NULL, NULL, 48, 'no', '2022-10-01 11:49:41', NULL);
INSERT INTO `read_notification` (`id`, `student_id`, `parent_id`, `staff_id`, `notification_id`, `is_active`, `created_at`, `updated_at`) VALUES (44, 1, NULL, NULL, 46, 'no', '2022-10-01 11:49:45', NULL);
INSERT INTO `read_notification` (`id`, `student_id`, `parent_id`, `staff_id`, `notification_id`, `is_active`, `created_at`, `updated_at`) VALUES (55, NULL, NULL, 5, 48, 'no', '2022-10-01 12:03:28', NULL);
INSERT INTO `read_notification` (`id`, `student_id`, `parent_id`, `staff_id`, `notification_id`, `is_active`, `created_at`, `updated_at`) VALUES (56, NULL, NULL, 5, 46, 'no', '2022-10-01 12:03:29', NULL);
INSERT INTO `read_notification` (`id`, `student_id`, `parent_id`, `staff_id`, `notification_id`, `is_active`, `created_at`, `updated_at`) VALUES (57, NULL, NULL, 5, 44, 'no', '2022-10-01 12:03:30', NULL);
INSERT INTO `read_notification` (`id`, `student_id`, `parent_id`, `staff_id`, `notification_id`, `is_active`, `created_at`, `updated_at`) VALUES (59, 2, NULL, NULL, 53, 'no', '2022-10-03 11:48:42', NULL);
INSERT INTO `read_notification` (`id`, `student_id`, `parent_id`, `staff_id`, `notification_id`, `is_active`, `created_at`, `updated_at`) VALUES (61, 1, NULL, NULL, 64, 'no', '2022-12-05 05:50:46', NULL);
INSERT INTO `read_notification` (`id`, `student_id`, `parent_id`, `staff_id`, `notification_id`, `is_active`, `created_at`, `updated_at`) VALUES (62, 1, NULL, NULL, 70, 'no', '2023-01-04 09:05:50', NULL);
INSERT INTO `read_notification` (`id`, `student_id`, `parent_id`, `staff_id`, `notification_id`, `is_active`, `created_at`, `updated_at`) VALUES (63, NULL, NULL, 5, 74, 'no', '2023-01-25 07:34:13', NULL);
INSERT INTO `read_notification` (`id`, `student_id`, `parent_id`, `staff_id`, `notification_id`, `is_active`, `created_at`, `updated_at`) VALUES (67, NULL, NULL, 5, 70, 'no', '2023-01-25 07:34:17', NULL);
INSERT INTO `read_notification` (`id`, `student_id`, `parent_id`, `staff_id`, `notification_id`, `is_active`, `created_at`, `updated_at`) VALUES (69, NULL, NULL, 5, 68, 'no', '2023-01-25 07:34:19', NULL);
INSERT INTO `read_notification` (`id`, `student_id`, `parent_id`, `staff_id`, `notification_id`, `is_active`, `created_at`, `updated_at`) VALUES (70, NULL, NULL, 5, 67, 'no', '2023-01-25 07:34:19', NULL);
INSERT INTO `read_notification` (`id`, `student_id`, `parent_id`, `staff_id`, `notification_id`, `is_active`, `created_at`, `updated_at`) VALUES (72, NULL, NULL, 5, 64, 'no', '2023-01-25 07:34:20', NULL);
INSERT INTO `read_notification` (`id`, `student_id`, `parent_id`, `staff_id`, `notification_id`, `is_active`, `created_at`, `updated_at`) VALUES (74, NULL, NULL, 5, 62, 'no', '2023-01-25 07:34:22', NULL);
INSERT INTO `read_notification` (`id`, `student_id`, `parent_id`, `staff_id`, `notification_id`, `is_active`, `created_at`, `updated_at`) VALUES (84, 1, NULL, NULL, 75, 'no', '2023-02-03 10:09:40', NULL);
INSERT INTO `read_notification` (`id`, `student_id`, `parent_id`, `staff_id`, `notification_id`, `is_active`, `created_at`, `updated_at`) VALUES (89, NULL, NULL, 2, 79, 'no', '2023-02-20 06:02:33', NULL);
INSERT INTO `read_notification` (`id`, `student_id`, `parent_id`, `staff_id`, `notification_id`, `is_active`, `created_at`, `updated_at`) VALUES (90, NULL, NULL, 5, 79, 'no', '2023-02-20 08:03:11', NULL);
INSERT INTO `read_notification` (`id`, `student_id`, `parent_id`, `staff_id`, `notification_id`, `is_active`, `created_at`, `updated_at`) VALUES (91, NULL, NULL, 5, 78, 'no', '2023-02-20 08:03:12', NULL);
INSERT INTO `read_notification` (`id`, `student_id`, `parent_id`, `staff_id`, `notification_id`, `is_active`, `created_at`, `updated_at`) VALUES (93, NULL, NULL, 5, 75, 'no', '2023-02-20 08:03:14', NULL);
INSERT INTO `read_notification` (`id`, `student_id`, `parent_id`, `staff_id`, `notification_id`, `is_active`, `created_at`, `updated_at`) VALUES (94, NULL, NULL, 5, 49, 'no', '2023-02-20 08:03:16', NULL);
INSERT INTO `read_notification` (`id`, `student_id`, `parent_id`, `staff_id`, `notification_id`, `is_active`, `created_at`, `updated_at`) VALUES (101, NULL, NULL, 5, 38, 'no', '2023-02-20 08:03:18', NULL);
INSERT INTO `read_notification` (`id`, `student_id`, `parent_id`, `staff_id`, `notification_id`, `is_active`, `created_at`, `updated_at`) VALUES (106, NULL, NULL, 5, 53, 'no', '2023-02-20 08:03:25', NULL);
INSERT INTO `read_notification` (`id`, `student_id`, `parent_id`, `staff_id`, `notification_id`, `is_active`, `created_at`, `updated_at`) VALUES (121, NULL, NULL, 5, 61, 'no', '2023-02-20 08:03:42', NULL);
INSERT INTO `read_notification` (`id`, `student_id`, `parent_id`, `staff_id`, `notification_id`, `is_active`, `created_at`, `updated_at`) VALUES (131, 1, NULL, NULL, 78, 'no', '2023-02-23 09:33:00', NULL);
INSERT INTO `read_notification` (`id`, `student_id`, `parent_id`, `staff_id`, `notification_id`, `is_active`, `created_at`, `updated_at`) VALUES (136, 46, NULL, NULL, 78, 'no', '2023-03-01 08:02:57', NULL);
INSERT INTO `read_notification` (`id`, `student_id`, `parent_id`, `staff_id`, `notification_id`, `is_active`, `created_at`, `updated_at`) VALUES (139, 46, NULL, NULL, 75, 'no', '2023-03-01 08:03:02', NULL);
INSERT INTO `read_notification` (`id`, `student_id`, `parent_id`, `staff_id`, `notification_id`, `is_active`, `created_at`, `updated_at`) VALUES (143, 46, NULL, NULL, 70, 'no', '2023-03-01 08:03:11', NULL);
INSERT INTO `read_notification` (`id`, `student_id`, `parent_id`, `staff_id`, `notification_id`, `is_active`, `created_at`, `updated_at`) VALUES (148, 42, NULL, NULL, 78, 'no', '2023-03-02 11:04:06', NULL);
INSERT INTO `read_notification` (`id`, `student_id`, `parent_id`, `staff_id`, `notification_id`, `is_active`, `created_at`, `updated_at`) VALUES (151, 1, NULL, NULL, 67, 'no', '2023-03-16 12:55:36', NULL);
INSERT INTO `read_notification` (`id`, `student_id`, `parent_id`, `staff_id`, `notification_id`, `is_active`, `created_at`, `updated_at`) VALUES (152, 1, NULL, NULL, 66, 'no', '2023-03-16 12:55:37', NULL);
INSERT INTO `read_notification` (`id`, `student_id`, `parent_id`, `staff_id`, `notification_id`, `is_active`, `created_at`, `updated_at`) VALUES (155, 1, NULL, NULL, 53, 'no', '2023-03-16 12:55:58', NULL);
INSERT INTO `read_notification` (`id`, `student_id`, `parent_id`, `staff_id`, `notification_id`, `is_active`, `created_at`, `updated_at`) VALUES (159, 4, NULL, NULL, 78, 'no', '2023-03-18 04:46:03', NULL);
INSERT INTO `read_notification` (`id`, `student_id`, `parent_id`, `staff_id`, `notification_id`, `is_active`, `created_at`, `updated_at`) VALUES (162, 1, NULL, NULL, 61, 'no', '2023-03-22 06:10:18', NULL);
INSERT INTO `read_notification` (`id`, `student_id`, `parent_id`, `staff_id`, `notification_id`, `is_active`, `created_at`, `updated_at`) VALUES (173, 1, NULL, NULL, 62, 'no', '2023-03-31 13:19:51', NULL);
INSERT INTO `read_notification` (`id`, `student_id`, `parent_id`, `staff_id`, `notification_id`, `is_active`, `created_at`, `updated_at`) VALUES (175, 1, NULL, NULL, 102, 'no', '2023-04-03 12:34:14', NULL);
INSERT INTO `read_notification` (`id`, `student_id`, `parent_id`, `staff_id`, `notification_id`, `is_active`, `created_at`, `updated_at`) VALUES (179, NULL, NULL, 3, 44, 'no', '2023-04-03 12:34:57', NULL);
INSERT INTO `read_notification` (`id`, `student_id`, `parent_id`, `staff_id`, `notification_id`, `is_active`, `created_at`, `updated_at`) VALUES (183, NULL, NULL, 3, 38, 'no', '2023-04-03 12:34:59', NULL);
INSERT INTO `read_notification` (`id`, `student_id`, `parent_id`, `staff_id`, `notification_id`, `is_active`, `created_at`, `updated_at`) VALUES (187, NULL, NULL, 3, 68, 'no', '2023-04-03 12:35:02', NULL);
INSERT INTO `read_notification` (`id`, `student_id`, `parent_id`, `staff_id`, `notification_id`, `is_active`, `created_at`, `updated_at`) VALUES (194, NULL, NULL, 3, 48, 'no', '2023-04-03 12:35:07', NULL);
INSERT INTO `read_notification` (`id`, `student_id`, `parent_id`, `staff_id`, `notification_id`, `is_active`, `created_at`, `updated_at`) VALUES (200, NULL, NULL, 7, 44, 'no', '2023-04-03 12:35:24', NULL);
INSERT INTO `read_notification` (`id`, `student_id`, `parent_id`, `staff_id`, `notification_id`, `is_active`, `created_at`, `updated_at`) VALUES (209, 1, NULL, NULL, 107, 'no', '2023-04-03 12:35:29', NULL);
INSERT INTO `read_notification` (`id`, `student_id`, `parent_id`, `staff_id`, `notification_id`, `is_active`, `created_at`, `updated_at`) VALUES (210, NULL, NULL, 6, 62, 'no', '2023-04-03 12:35:41', NULL);
INSERT INTO `read_notification` (`id`, `student_id`, `parent_id`, `staff_id`, `notification_id`, `is_active`, `created_at`, `updated_at`) VALUES (218, NULL, NULL, 6, 49, 'no', '2023-04-03 12:35:47', NULL);
INSERT INTO `read_notification` (`id`, `student_id`, `parent_id`, `staff_id`, `notification_id`, `is_active`, `created_at`, `updated_at`) VALUES (219, NULL, NULL, 6, 48, 'no', '2023-04-03 12:35:48', NULL);
INSERT INTO `read_notification` (`id`, `student_id`, `parent_id`, `staff_id`, `notification_id`, `is_active`, `created_at`, `updated_at`) VALUES (220, NULL, NULL, 6, 44, 'no', '2023-04-03 12:35:48', NULL);
INSERT INTO `read_notification` (`id`, `student_id`, `parent_id`, `staff_id`, `notification_id`, `is_active`, `created_at`, `updated_at`) VALUES (237, 1, NULL, NULL, 113, 'no', '2023-05-02 10:26:55', NULL);
INSERT INTO `read_notification` (`id`, `student_id`, `parent_id`, `staff_id`, `notification_id`, `is_active`, `created_at`, `updated_at`) VALUES (238, NULL, NULL, 4, 75, 'no', '2023-05-03 11:33:57', NULL);
INSERT INTO `read_notification` (`id`, `student_id`, `parent_id`, `staff_id`, `notification_id`, `is_active`, `created_at`, `updated_at`) VALUES (239, NULL, NULL, 4, 70, 'no', '2023-05-03 11:33:58', NULL);
INSERT INTO `read_notification` (`id`, `student_id`, `parent_id`, `staff_id`, `notification_id`, `is_active`, `created_at`, `updated_at`) VALUES (240, NULL, NULL, 4, 79, 'no', '2023-05-03 11:33:59', NULL);
INSERT INTO `read_notification` (`id`, `student_id`, `parent_id`, `staff_id`, `notification_id`, `is_active`, `created_at`, `updated_at`) VALUES (241, NULL, NULL, 4, 68, 'no', '2023-05-03 11:34:00', NULL);
INSERT INTO `read_notification` (`id`, `student_id`, `parent_id`, `staff_id`, `notification_id`, `is_active`, `created_at`, `updated_at`) VALUES (242, NULL, NULL, 4, 74, 'no', '2023-05-03 11:34:00', NULL);
INSERT INTO `read_notification` (`id`, `student_id`, `parent_id`, `staff_id`, `notification_id`, `is_active`, `created_at`, `updated_at`) VALUES (244, NULL, NULL, 4, 62, 'no', '2023-05-03 11:34:02', NULL);
INSERT INTO `read_notification` (`id`, `student_id`, `parent_id`, `staff_id`, `notification_id`, `is_active`, `created_at`, `updated_at`) VALUES (245, NULL, NULL, 4, 48, 'no', '2023-05-03 11:34:06', NULL);
INSERT INTO `read_notification` (`id`, `student_id`, `parent_id`, `staff_id`, `notification_id`, `is_active`, `created_at`, `updated_at`) VALUES (246, NULL, NULL, 5, 110, 'no', '2023-05-03 11:34:13', NULL);
INSERT INTO `read_notification` (`id`, `student_id`, `parent_id`, `staff_id`, `notification_id`, `is_active`, `created_at`, `updated_at`) VALUES (247, NULL, NULL, 5, 108, 'no', '2023-05-03 11:34:14', NULL);
INSERT INTO `read_notification` (`id`, `student_id`, `parent_id`, `staff_id`, `notification_id`, `is_active`, `created_at`, `updated_at`) VALUES (248, NULL, NULL, 5, 111, 'no', '2023-05-03 11:34:14', NULL);
INSERT INTO `read_notification` (`id`, `student_id`, `parent_id`, `staff_id`, `notification_id`, `is_active`, `created_at`, `updated_at`) VALUES (249, NULL, NULL, 5, 112, 'no', '2023-05-03 11:34:15', NULL);
INSERT INTO `read_notification` (`id`, `student_id`, `parent_id`, `staff_id`, `notification_id`, `is_active`, `created_at`, `updated_at`) VALUES (250, NULL, NULL, 5, 106, 'no', '2023-05-03 11:34:16', NULL);
INSERT INTO `read_notification` (`id`, `student_id`, `parent_id`, `staff_id`, `notification_id`, `is_active`, `created_at`, `updated_at`) VALUES (251, NULL, NULL, 5, 107, 'no', '2023-05-03 11:34:16', NULL);
INSERT INTO `read_notification` (`id`, `student_id`, `parent_id`, `staff_id`, `notification_id`, `is_active`, `created_at`, `updated_at`) VALUES (252, NULL, NULL, 1, 118, 'no', '2023-06-02 04:29:56', NULL);
INSERT INTO `read_notification` (`id`, `student_id`, `parent_id`, `staff_id`, `notification_id`, `is_active`, `created_at`, `updated_at`) VALUES (253, NULL, NULL, 1, 117, 'no', '2023-06-02 04:29:56', NULL);
INSERT INTO `read_notification` (`id`, `student_id`, `parent_id`, `staff_id`, `notification_id`, `is_active`, `created_at`, `updated_at`) VALUES (254, NULL, NULL, 1, 116, 'no', '2023-06-02 04:29:57', NULL);
INSERT INTO `read_notification` (`id`, `student_id`, `parent_id`, `staff_id`, `notification_id`, `is_active`, `created_at`, `updated_at`) VALUES (255, NULL, NULL, 1, 115, 'no', '2023-06-02 04:29:57', NULL);
INSERT INTO `read_notification` (`id`, `student_id`, `parent_id`, `staff_id`, `notification_id`, `is_active`, `created_at`, `updated_at`) VALUES (256, NULL, NULL, 1, 114, 'no', '2023-06-02 04:29:58', NULL);
INSERT INTO `read_notification` (`id`, `student_id`, `parent_id`, `staff_id`, `notification_id`, `is_active`, `created_at`, `updated_at`) VALUES (257, NULL, NULL, 5, 117, 'no', '2023-07-07 05:52:29', NULL);
INSERT INTO `read_notification` (`id`, `student_id`, `parent_id`, `staff_id`, `notification_id`, `is_active`, `created_at`, `updated_at`) VALUES (258, NULL, NULL, 5, 116, 'no', '2023-07-07 05:52:30', NULL);
INSERT INTO `read_notification` (`id`, `student_id`, `parent_id`, `staff_id`, `notification_id`, `is_active`, `created_at`, `updated_at`) VALUES (259, NULL, NULL, 5, 109, 'no', '2023-07-07 05:52:32', NULL);
INSERT INTO `read_notification` (`id`, `student_id`, `parent_id`, `staff_id`, `notification_id`, `is_active`, `created_at`, `updated_at`) VALUES (260, NULL, NULL, 5, 113, 'no', '2023-07-07 05:52:33', NULL);
INSERT INTO `read_notification` (`id`, `student_id`, `parent_id`, `staff_id`, `notification_id`, `is_active`, `created_at`, `updated_at`) VALUES (261, 1, NULL, NULL, 115, 'no', '2023-07-07 12:33:25', NULL);
INSERT INTO `read_notification` (`id`, `student_id`, `parent_id`, `staff_id`, `notification_id`, `is_active`, `created_at`, `updated_at`) VALUES (262, 1, NULL, NULL, 114, 'no', '2023-07-07 12:33:25', NULL);
INSERT INTO `read_notification` (`id`, `student_id`, `parent_id`, `staff_id`, `notification_id`, `is_active`, `created_at`, `updated_at`) VALUES (263, 1, NULL, NULL, 112, 'no', '2023-07-07 12:33:26', NULL);
INSERT INTO `read_notification` (`id`, `student_id`, `parent_id`, `staff_id`, `notification_id`, `is_active`, `created_at`, `updated_at`) VALUES (264, 53, NULL, NULL, 121, 'no', '2023-07-14 04:53:16', NULL);
INSERT INTO `read_notification` (`id`, `student_id`, `parent_id`, `staff_id`, `notification_id`, `is_active`, `created_at`, `updated_at`) VALUES (265, 53, NULL, NULL, 120, 'no', '2023-07-14 04:53:20', NULL);
INSERT INTO `read_notification` (`id`, `student_id`, `parent_id`, `staff_id`, `notification_id`, `is_active`, `created_at`, `updated_at`) VALUES (267, 53, NULL, NULL, 118, 'no', '2023-07-14 04:55:19', NULL);
INSERT INTO `read_notification` (`id`, `student_id`, `parent_id`, `staff_id`, `notification_id`, `is_active`, `created_at`, `updated_at`) VALUES (268, 53, NULL, NULL, 116, 'no', '2023-07-14 04:55:20', NULL);
INSERT INTO `read_notification` (`id`, `student_id`, `parent_id`, `staff_id`, `notification_id`, `is_active`, `created_at`, `updated_at`) VALUES (269, 53, NULL, NULL, 114, 'no', '2023-07-14 04:55:22', NULL);
INSERT INTO `read_notification` (`id`, `student_id`, `parent_id`, `staff_id`, `notification_id`, `is_active`, `created_at`, `updated_at`) VALUES (270, 53, NULL, NULL, 115, 'no', '2023-07-14 04:55:35', NULL);
INSERT INTO `read_notification` (`id`, `student_id`, `parent_id`, `staff_id`, `notification_id`, `is_active`, `created_at`, `updated_at`) VALUES (271, 53, NULL, NULL, 113, 'no', '2023-07-14 04:55:35', NULL);
INSERT INTO `read_notification` (`id`, `student_id`, `parent_id`, `staff_id`, `notification_id`, `is_active`, `created_at`, `updated_at`) VALUES (272, 53, NULL, NULL, 112, 'no', '2023-07-14 04:55:37', NULL);
INSERT INTO `read_notification` (`id`, `student_id`, `parent_id`, `staff_id`, `notification_id`, `is_active`, `created_at`, `updated_at`) VALUES (273, 53, NULL, NULL, 109, 'no', '2023-07-14 04:55:37', NULL);
INSERT INTO `read_notification` (`id`, `student_id`, `parent_id`, `staff_id`, `notification_id`, `is_active`, `created_at`, `updated_at`) VALUES (274, 53, NULL, NULL, 107, 'no', '2023-07-14 04:55:40', NULL);
INSERT INTO `read_notification` (`id`, `student_id`, `parent_id`, `staff_id`, `notification_id`, `is_active`, `created_at`, `updated_at`) VALUES (275, 53, NULL, NULL, 104, 'no', '2023-07-14 04:55:40', NULL);
INSERT INTO `read_notification` (`id`, `student_id`, `parent_id`, `staff_id`, `notification_id`, `is_active`, `created_at`, `updated_at`) VALUES (276, 53, NULL, NULL, 103, 'no', '2023-07-14 04:55:41', NULL);
INSERT INTO `read_notification` (`id`, `student_id`, `parent_id`, `staff_id`, `notification_id`, `is_active`, `created_at`, `updated_at`) VALUES (277, 53, NULL, NULL, 102, 'no', '2023-07-14 04:55:41', NULL);
INSERT INTO `read_notification` (`id`, `student_id`, `parent_id`, `staff_id`, `notification_id`, `is_active`, `created_at`, `updated_at`) VALUES (278, NULL, NULL, 1, 124, 'no', '2023-07-15 09:12:32', NULL);
INSERT INTO `read_notification` (`id`, `student_id`, `parent_id`, `staff_id`, `notification_id`, `is_active`, `created_at`, `updated_at`) VALUES (279, NULL, NULL, 1, 123, 'no', '2023-07-15 09:12:33', NULL);
INSERT INTO `read_notification` (`id`, `student_id`, `parent_id`, `staff_id`, `notification_id`, `is_active`, `created_at`, `updated_at`) VALUES (280, NULL, NULL, 1, 122, 'no', '2023-07-15 09:12:34', NULL);
INSERT INTO `read_notification` (`id`, `student_id`, `parent_id`, `staff_id`, `notification_id`, `is_active`, `created_at`, `updated_at`) VALUES (281, NULL, NULL, 1, 121, 'no', '2023-07-15 09:12:35', NULL);
INSERT INTO `read_notification` (`id`, `student_id`, `parent_id`, `staff_id`, `notification_id`, `is_active`, `created_at`, `updated_at`) VALUES (282, 1, NULL, NULL, 121, 'no', '2023-07-18 16:24:28', NULL);
INSERT INTO `read_notification` (`id`, `student_id`, `parent_id`, `staff_id`, `notification_id`, `is_active`, `created_at`, `updated_at`) VALUES (283, 1, NULL, NULL, 120, 'no', '2023-07-18 16:29:33', NULL);
INSERT INTO `read_notification` (`id`, `student_id`, `parent_id`, `staff_id`, `notification_id`, `is_active`, `created_at`, `updated_at`) VALUES (284, 1, NULL, NULL, 111, 'no', '2023-07-18 16:38:54', NULL);
INSERT INTO `read_notification` (`id`, `student_id`, `parent_id`, `staff_id`, `notification_id`, `is_active`, `created_at`, `updated_at`) VALUES (285, 60, NULL, NULL, 121, 'no', '2023-07-21 04:40:49', NULL);
INSERT INTO `read_notification` (`id`, `student_id`, `parent_id`, `staff_id`, `notification_id`, `is_active`, `created_at`, `updated_at`) VALUES (286, 60, NULL, NULL, 120, 'no', '2023-07-21 04:40:50', NULL);
INSERT INTO `read_notification` (`id`, `student_id`, `parent_id`, `staff_id`, `notification_id`, `is_active`, `created_at`, `updated_at`) VALUES (288, 60, NULL, NULL, 118, 'no', '2023-07-21 04:40:51', NULL);
INSERT INTO `read_notification` (`id`, `student_id`, `parent_id`, `staff_id`, `notification_id`, `is_active`, `created_at`, `updated_at`) VALUES (289, 60, NULL, NULL, 115, 'no', '2023-07-21 04:40:53', NULL);
INSERT INTO `read_notification` (`id`, `student_id`, `parent_id`, `staff_id`, `notification_id`, `is_active`, `created_at`, `updated_at`) VALUES (290, 60, NULL, NULL, 114, 'no', '2023-07-21 04:40:53', NULL);
INSERT INTO `read_notification` (`id`, `student_id`, `parent_id`, `staff_id`, `notification_id`, `is_active`, `created_at`, `updated_at`) VALUES (291, 60, NULL, NULL, 75, 'no', '2023-07-21 04:40:56', NULL);
INSERT INTO `read_notification` (`id`, `student_id`, `parent_id`, `staff_id`, `notification_id`, `is_active`, `created_at`, `updated_at`) VALUES (292, 60, NULL, NULL, 70, 'no', '2023-07-21 04:40:57', NULL);
INSERT INTO `read_notification` (`id`, `student_id`, `parent_id`, `staff_id`, `notification_id`, `is_active`, `created_at`, `updated_at`) VALUES (295, 60, NULL, NULL, 38, 'no', '2023-07-21 04:40:58', NULL);
INSERT INTO `read_notification` (`id`, `student_id`, `parent_id`, `staff_id`, `notification_id`, `is_active`, `created_at`, `updated_at`) VALUES (297, 1, NULL, NULL, 104, 'no', '2023-08-05 04:36:21', NULL);
INSERT INTO `read_notification` (`id`, `student_id`, `parent_id`, `staff_id`, `notification_id`, `is_active`, `created_at`, `updated_at`) VALUES (298, 1, NULL, NULL, 108, 'no', '2023-08-05 04:36:22', NULL);
INSERT INTO `read_notification` (`id`, `student_id`, `parent_id`, `staff_id`, `notification_id`, `is_active`, `created_at`, `updated_at`) VALUES (300, 1, NULL, NULL, 123, 'no', '2023-08-05 04:36:26', NULL);
INSERT INTO `read_notification` (`id`, `student_id`, `parent_id`, `staff_id`, `notification_id`, `is_active`, `created_at`, `updated_at`) VALUES (301, 1, NULL, NULL, 118, 'no', '2023-08-05 04:36:28', NULL);
INSERT INTO `read_notification` (`id`, `student_id`, `parent_id`, `staff_id`, `notification_id`, `is_active`, `created_at`, `updated_at`) VALUES (302, 1, NULL, NULL, 116, 'no', '2023-08-05 04:36:29', NULL);
INSERT INTO `read_notification` (`id`, `student_id`, `parent_id`, `staff_id`, `notification_id`, `is_active`, `created_at`, `updated_at`) VALUES (303, NULL, NULL, 5, 114, 'no', '2023-08-05 09:52:52', NULL);
INSERT INTO `read_notification` (`id`, `student_id`, `parent_id`, `staff_id`, `notification_id`, `is_active`, `created_at`, `updated_at`) VALUES (304, NULL, NULL, 5, 105, 'no', '2023-08-05 09:52:53', NULL);
INSERT INTO `read_notification` (`id`, `student_id`, `parent_id`, `staff_id`, `notification_id`, `is_active`, `created_at`, `updated_at`) VALUES (305, NULL, NULL, 5, 104, 'no', '2023-08-05 09:52:53', NULL);
INSERT INTO `read_notification` (`id`, `student_id`, `parent_id`, `staff_id`, `notification_id`, `is_active`, `created_at`, `updated_at`) VALUES (306, NULL, NULL, 5, 103, 'no', '2023-08-05 09:52:54', NULL);
INSERT INTO `read_notification` (`id`, `student_id`, `parent_id`, `staff_id`, `notification_id`, `is_active`, `created_at`, `updated_at`) VALUES (308, NULL, NULL, 1, 131, 'no', '2023-08-07 05:30:56', NULL);
INSERT INTO `read_notification` (`id`, `student_id`, `parent_id`, `staff_id`, `notification_id`, `is_active`, `created_at`, `updated_at`) VALUES (309, NULL, NULL, 1, 130, 'no', '2023-08-07 05:30:56', NULL);
INSERT INTO `read_notification` (`id`, `student_id`, `parent_id`, `staff_id`, `notification_id`, `is_active`, `created_at`, `updated_at`) VALUES (310, NULL, NULL, 1, 129, 'no', '2023-08-07 05:30:57', NULL);
INSERT INTO `read_notification` (`id`, `student_id`, `parent_id`, `staff_id`, `notification_id`, `is_active`, `created_at`, `updated_at`) VALUES (311, NULL, NULL, 1, 129, 'no', '2023-08-07 05:30:57', NULL);
INSERT INTO `read_notification` (`id`, `student_id`, `parent_id`, `staff_id`, `notification_id`, `is_active`, `created_at`, `updated_at`) VALUES (312, NULL, NULL, 1, 128, 'no', '2023-08-07 05:30:58', NULL);
INSERT INTO `read_notification` (`id`, `student_id`, `parent_id`, `staff_id`, `notification_id`, `is_active`, `created_at`, `updated_at`) VALUES (313, NULL, NULL, 1, 127, 'no', '2023-08-07 05:31:00', NULL);
INSERT INTO `read_notification` (`id`, `student_id`, `parent_id`, `staff_id`, `notification_id`, `is_active`, `created_at`, `updated_at`) VALUES (314, NULL, NULL, 1, 126, 'no', '2023-08-07 05:31:03', NULL);
INSERT INTO `read_notification` (`id`, `student_id`, `parent_id`, `staff_id`, `notification_id`, `is_active`, `created_at`, `updated_at`) VALUES (315, NULL, NULL, 5, 123, 'no', '2023-09-05 07:48:31', NULL);
INSERT INTO `read_notification` (`id`, `student_id`, `parent_id`, `staff_id`, `notification_id`, `is_active`, `created_at`, `updated_at`) VALUES (316, NULL, NULL, 5, 122, 'no', '2023-09-05 07:48:32', NULL);
INSERT INTO `read_notification` (`id`, `student_id`, `parent_id`, `staff_id`, `notification_id`, `is_active`, `created_at`, `updated_at`) VALUES (317, 1, NULL, NULL, 129, 'no', '2023-09-05 09:57:32', NULL);
INSERT INTO `read_notification` (`id`, `student_id`, `parent_id`, `staff_id`, `notification_id`, `is_active`, `created_at`, `updated_at`) VALUES (318, 1, NULL, NULL, 127, 'no', '2023-09-05 09:57:33', NULL);
INSERT INTO `read_notification` (`id`, `student_id`, `parent_id`, `staff_id`, `notification_id`, `is_active`, `created_at`, `updated_at`) VALUES (319, 1, NULL, NULL, 126, 'no', '2023-09-05 09:57:34', NULL);
INSERT INTO `read_notification` (`id`, `student_id`, `parent_id`, `staff_id`, `notification_id`, `is_active`, `created_at`, `updated_at`) VALUES (320, 1, NULL, NULL, 124, 'no', '2023-09-05 09:57:35', NULL);
INSERT INTO `read_notification` (`id`, `student_id`, `parent_id`, `staff_id`, `notification_id`, `is_active`, `created_at`, `updated_at`) VALUES (321, NULL, NULL, 5, 132, 'no', '2023-09-05 11:21:01', NULL);
INSERT INTO `read_notification` (`id`, `student_id`, `parent_id`, `staff_id`, `notification_id`, `is_active`, `created_at`, `updated_at`) VALUES (322, NULL, NULL, 5, 131, 'no', '2023-09-05 11:21:03', NULL);
INSERT INTO `read_notification` (`id`, `student_id`, `parent_id`, `staff_id`, `notification_id`, `is_active`, `created_at`, `updated_at`) VALUES (323, 1, NULL, NULL, 103, 'no', '2023-09-06 12:45:02', NULL);
INSERT INTO `read_notification` (`id`, `student_id`, `parent_id`, `staff_id`, `notification_id`, `is_active`, `created_at`, `updated_at`) VALUES (324, 1, NULL, NULL, 130, 'no', '2023-09-06 12:45:03', NULL);
INSERT INTO `read_notification` (`id`, `student_id`, `parent_id`, `staff_id`, `notification_id`, `is_active`, `created_at`, `updated_at`) VALUES (325, 1, NULL, NULL, 132, 'no', '2023-09-06 12:45:06', NULL);
INSERT INTO `read_notification` (`id`, `student_id`, `parent_id`, `staff_id`, `notification_id`, `is_active`, `created_at`, `updated_at`) VALUES (326, 1, NULL, NULL, 131, 'no', '2023-09-06 12:45:06', NULL);
INSERT INTO `read_notification` (`id`, `student_id`, `parent_id`, `staff_id`, `notification_id`, `is_active`, `created_at`, `updated_at`) VALUES (327, 1, NULL, NULL, 109, 'no', '2023-09-06 12:45:07', NULL);
INSERT INTO `read_notification` (`id`, `student_id`, `parent_id`, `staff_id`, `notification_id`, `is_active`, `created_at`, `updated_at`) VALUES (328, 1, NULL, NULL, 134, 'no', '2023-09-06 12:45:09', NULL);
INSERT INTO `read_notification` (`id`, `student_id`, `parent_id`, `staff_id`, `notification_id`, `is_active`, `created_at`, `updated_at`) VALUES (329, NULL, NULL, 4, 138, 'no', '2023-10-03 06:19:26', NULL);
INSERT INTO `read_notification` (`id`, `student_id`, `parent_id`, `staff_id`, `notification_id`, `is_active`, `created_at`, `updated_at`) VALUES (330, NULL, NULL, 4, 136, 'no', '2023-10-03 06:19:27', NULL);
INSERT INTO `read_notification` (`id`, `student_id`, `parent_id`, `staff_id`, `notification_id`, `is_active`, `created_at`, `updated_at`) VALUES (331, NULL, NULL, 4, 133, 'no', '2023-10-03 06:19:27', NULL);
INSERT INTO `read_notification` (`id`, `student_id`, `parent_id`, `staff_id`, `notification_id`, `is_active`, `created_at`, `updated_at`) VALUES (332, NULL, NULL, 4, 132, 'no', '2023-10-03 06:19:27', NULL);
INSERT INTO `read_notification` (`id`, `student_id`, `parent_id`, `staff_id`, `notification_id`, `is_active`, `created_at`, `updated_at`) VALUES (333, NULL, NULL, 4, 110, 'no', '2023-10-03 06:19:30', NULL);
INSERT INTO `read_notification` (`id`, `student_id`, `parent_id`, `staff_id`, `notification_id`, `is_active`, `created_at`, `updated_at`) VALUES (334, NULL, NULL, 4, 106, 'no', '2023-10-03 06:19:30', NULL);
INSERT INTO `read_notification` (`id`, `student_id`, `parent_id`, `staff_id`, `notification_id`, `is_active`, `created_at`, `updated_at`) VALUES (336, NULL, NULL, 4, 44, 'no', '2023-10-03 06:19:34', NULL);
INSERT INTO `read_notification` (`id`, `student_id`, `parent_id`, `staff_id`, `notification_id`, `is_active`, `created_at`, `updated_at`) VALUES (338, NULL, NULL, 4, 105, 'no', '2023-10-03 06:19:35', NULL);
INSERT INTO `read_notification` (`id`, `student_id`, `parent_id`, `staff_id`, `notification_id`, `is_active`, `created_at`, `updated_at`) VALUES (339, NULL, NULL, 1, 135, 'no', '2023-10-03 12:35:17', NULL);
INSERT INTO `read_notification` (`id`, `student_id`, `parent_id`, `staff_id`, `notification_id`, `is_active`, `created_at`, `updated_at`) VALUES (340, 1, NULL, NULL, 135, 'no', '2023-10-04 04:58:06', NULL);
INSERT INTO `read_notification` (`id`, `student_id`, `parent_id`, `staff_id`, `notification_id`, `is_active`, `created_at`, `updated_at`) VALUES (341, 1, NULL, NULL, 138, 'no', '2023-10-04 04:58:08', NULL);
INSERT INTO `read_notification` (`id`, `student_id`, `parent_id`, `staff_id`, `notification_id`, `is_active`, `created_at`, `updated_at`) VALUES (342, NULL, NULL, 1, 134, 'no', '2023-10-04 05:49:55', NULL);
INSERT INTO `read_notification` (`id`, `student_id`, `parent_id`, `staff_id`, `notification_id`, `is_active`, `created_at`, `updated_at`) VALUES (343, 1, NULL, NULL, 147, 'no', '2023-10-04 07:01:54', NULL);
INSERT INTO `read_notification` (`id`, `student_id`, `parent_id`, `staff_id`, `notification_id`, `is_active`, `created_at`, `updated_at`) VALUES (344, NULL, NULL, 5, 146, 'no', '2023-11-01 07:38:47', NULL);
INSERT INTO `read_notification` (`id`, `student_id`, `parent_id`, `staff_id`, `notification_id`, `is_active`, `created_at`, `updated_at`) VALUES (345, NULL, NULL, 5, 145, 'no', '2023-11-01 07:38:47', NULL);
INSERT INTO `read_notification` (`id`, `student_id`, `parent_id`, `staff_id`, `notification_id`, `is_active`, `created_at`, `updated_at`) VALUES (346, NULL, NULL, 5, 143, 'no', '2023-11-01 07:38:49', NULL);
INSERT INTO `read_notification` (`id`, `student_id`, `parent_id`, `staff_id`, `notification_id`, `is_active`, `created_at`, `updated_at`) VALUES (347, NULL, NULL, 5, 142, 'no', '2023-11-01 07:38:49', NULL);
INSERT INTO `read_notification` (`id`, `student_id`, `parent_id`, `staff_id`, `notification_id`, `is_active`, `created_at`, `updated_at`) VALUES (348, NULL, NULL, 5, 141, 'no', '2023-11-01 07:38:49', NULL);
INSERT INTO `read_notification` (`id`, `student_id`, `parent_id`, `staff_id`, `notification_id`, `is_active`, `created_at`, `updated_at`) VALUES (349, NULL, NULL, 5, 140, 'no', '2023-11-01 07:38:49', NULL);
INSERT INTO `read_notification` (`id`, `student_id`, `parent_id`, `staff_id`, `notification_id`, `is_active`, `created_at`, `updated_at`) VALUES (350, NULL, NULL, 5, 136, 'no', '2023-11-01 07:38:51', NULL);
INSERT INTO `read_notification` (`id`, `student_id`, `parent_id`, `staff_id`, `notification_id`, `is_active`, `created_at`, `updated_at`) VALUES (351, NULL, NULL, 5, 133, 'no', '2023-11-01 07:38:51', NULL);
INSERT INTO `read_notification` (`id`, `student_id`, `parent_id`, `staff_id`, `notification_id`, `is_active`, `created_at`, `updated_at`) VALUES (352, NULL, NULL, 5, 130, 'no', '2023-11-01 07:38:52', NULL);
INSERT INTO `read_notification` (`id`, `student_id`, `parent_id`, `staff_id`, `notification_id`, `is_active`, `created_at`, `updated_at`) VALUES (353, NULL, NULL, 5, 129, 'no', '2023-11-01 07:38:52', NULL);
INSERT INTO `read_notification` (`id`, `student_id`, `parent_id`, `staff_id`, `notification_id`, `is_active`, `created_at`, `updated_at`) VALUES (354, NULL, NULL, 5, 128, 'no', '2023-11-01 07:38:52', NULL);
INSERT INTO `read_notification` (`id`, `student_id`, `parent_id`, `staff_id`, `notification_id`, `is_active`, `created_at`, `updated_at`) VALUES (355, NULL, NULL, 5, 127, 'no', '2023-11-01 07:38:52', NULL);
INSERT INTO `read_notification` (`id`, `student_id`, `parent_id`, `staff_id`, `notification_id`, `is_active`, `created_at`, `updated_at`) VALUES (356, NULL, NULL, 5, 126, 'no', '2023-11-01 07:38:52', NULL);
INSERT INTO `read_notification` (`id`, `student_id`, `parent_id`, `staff_id`, `notification_id`, `is_active`, `created_at`, `updated_at`) VALUES (357, NULL, NULL, 5, 115, 'no', '2023-11-01 09:09:05', NULL);
INSERT INTO `read_notification` (`id`, `student_id`, `parent_id`, `staff_id`, `notification_id`, `is_active`, `created_at`, `updated_at`) VALUES (358, NULL, NULL, 5, 120, 'no', '2023-11-01 09:09:06', NULL);
INSERT INTO `read_notification` (`id`, `student_id`, `parent_id`, `staff_id`, `notification_id`, `is_active`, `created_at`, `updated_at`) VALUES (359, NULL, NULL, 5, 121, 'no', '2023-11-01 09:09:06', NULL);
INSERT INTO `read_notification` (`id`, `student_id`, `parent_id`, `staff_id`, `notification_id`, `is_active`, `created_at`, `updated_at`) VALUES (360, NULL, NULL, 5, 124, 'no', '2023-11-01 09:09:07', NULL);
INSERT INTO `read_notification` (`id`, `student_id`, `parent_id`, `staff_id`, `notification_id`, `is_active`, `created_at`, `updated_at`) VALUES (361, 16, NULL, NULL, 103, 'no', '2023-11-02 09:29:18', NULL);
INSERT INTO `read_notification` (`id`, `student_id`, `parent_id`, `staff_id`, `notification_id`, `is_active`, `created_at`, `updated_at`) VALUES (362, 16, NULL, NULL, 102, 'no', '2023-11-02 09:29:18', NULL);
INSERT INTO `read_notification` (`id`, `student_id`, `parent_id`, `staff_id`, `notification_id`, `is_active`, `created_at`, `updated_at`) VALUES (363, 16, NULL, NULL, 78, 'no', '2023-11-02 09:29:18', NULL);
INSERT INTO `read_notification` (`id`, `student_id`, `parent_id`, `staff_id`, `notification_id`, `is_active`, `created_at`, `updated_at`) VALUES (364, 16, NULL, NULL, 75, 'no', '2023-11-02 09:29:18', NULL);
INSERT INTO `read_notification` (`id`, `student_id`, `parent_id`, `staff_id`, `notification_id`, `is_active`, `created_at`, `updated_at`) VALUES (365, 16, NULL, NULL, 70, 'no', '2023-11-02 09:29:18', NULL);
INSERT INTO `read_notification` (`id`, `student_id`, `parent_id`, `staff_id`, `notification_id`, `is_active`, `created_at`, `updated_at`) VALUES (367, 16, NULL, NULL, 53, 'no', '2023-11-02 09:29:19', NULL);
INSERT INTO `read_notification` (`id`, `student_id`, `parent_id`, `staff_id`, `notification_id`, `is_active`, `created_at`, `updated_at`) VALUES (369, 19, NULL, NULL, 118, 'no', '2023-11-02 09:29:33', NULL);
INSERT INTO `read_notification` (`id`, `student_id`, `parent_id`, `staff_id`, `notification_id`, `is_active`, `created_at`, `updated_at`) VALUES (370, 19, NULL, NULL, 116, 'no', '2023-11-02 09:29:33', NULL);
INSERT INTO `read_notification` (`id`, `student_id`, `parent_id`, `staff_id`, `notification_id`, `is_active`, `created_at`, `updated_at`) VALUES (371, 19, NULL, NULL, 115, 'no', '2023-11-02 09:29:35', NULL);
INSERT INTO `read_notification` (`id`, `student_id`, `parent_id`, `staff_id`, `notification_id`, `is_active`, `created_at`, `updated_at`) VALUES (372, 19, NULL, NULL, 114, 'no', '2023-11-02 09:29:36', NULL);
INSERT INTO `read_notification` (`id`, `student_id`, `parent_id`, `staff_id`, `notification_id`, `is_active`, `created_at`, `updated_at`) VALUES (373, 19, NULL, NULL, 113, 'no', '2023-11-02 09:29:36', NULL);
INSERT INTO `read_notification` (`id`, `student_id`, `parent_id`, `staff_id`, `notification_id`, `is_active`, `created_at`, `updated_at`) VALUES (374, 19, NULL, NULL, 112, 'no', '2023-11-02 09:29:37', NULL);
INSERT INTO `read_notification` (`id`, `student_id`, `parent_id`, `staff_id`, `notification_id`, `is_active`, `created_at`, `updated_at`) VALUES (375, 19, NULL, NULL, 111, 'no', '2023-11-02 09:29:37', NULL);
INSERT INTO `read_notification` (`id`, `student_id`, `parent_id`, `staff_id`, `notification_id`, `is_active`, `created_at`, `updated_at`) VALUES (376, 19, NULL, NULL, 109, 'no', '2023-11-02 09:29:37', NULL);
INSERT INTO `read_notification` (`id`, `student_id`, `parent_id`, `staff_id`, `notification_id`, `is_active`, `created_at`, `updated_at`) VALUES (377, 19, NULL, NULL, 108, 'no', '2023-11-02 09:29:37', NULL);
INSERT INTO `read_notification` (`id`, `student_id`, `parent_id`, `staff_id`, `notification_id`, `is_active`, `created_at`, `updated_at`) VALUES (378, 19, NULL, NULL, 107, 'no', '2023-11-02 09:29:37', NULL);
INSERT INTO `read_notification` (`id`, `student_id`, `parent_id`, `staff_id`, `notification_id`, `is_active`, `created_at`, `updated_at`) VALUES (379, 19, NULL, NULL, 104, 'no', '2023-11-02 09:29:38', NULL);
INSERT INTO `read_notification` (`id`, `student_id`, `parent_id`, `staff_id`, `notification_id`, `is_active`, `created_at`, `updated_at`) VALUES (380, 19, NULL, NULL, 103, 'no', '2023-11-02 09:29:38', NULL);
INSERT INTO `read_notification` (`id`, `student_id`, `parent_id`, `staff_id`, `notification_id`, `is_active`, `created_at`, `updated_at`) VALUES (381, 19, NULL, NULL, 102, 'no', '2023-11-02 09:29:38', NULL);
INSERT INTO `read_notification` (`id`, `student_id`, `parent_id`, `staff_id`, `notification_id`, `is_active`, `created_at`, `updated_at`) VALUES (382, 31, NULL, NULL, 131, 'no', '2023-11-02 09:29:51', NULL);
INSERT INTO `read_notification` (`id`, `student_id`, `parent_id`, `staff_id`, `notification_id`, `is_active`, `created_at`, `updated_at`) VALUES (383, 31, NULL, NULL, 130, 'no', '2023-11-02 09:29:51', NULL);
INSERT INTO `read_notification` (`id`, `student_id`, `parent_id`, `staff_id`, `notification_id`, `is_active`, `created_at`, `updated_at`) VALUES (384, 31, NULL, NULL, 129, 'no', '2023-11-02 09:29:51', NULL);
INSERT INTO `read_notification` (`id`, `student_id`, `parent_id`, `staff_id`, `notification_id`, `is_active`, `created_at`, `updated_at`) VALUES (385, 31, NULL, NULL, 127, 'no', '2023-11-02 09:29:52', NULL);
INSERT INTO `read_notification` (`id`, `student_id`, `parent_id`, `staff_id`, `notification_id`, `is_active`, `created_at`, `updated_at`) VALUES (386, 31, NULL, NULL, 126, 'no', '2023-11-02 09:29:52', NULL);
INSERT INTO `read_notification` (`id`, `student_id`, `parent_id`, `staff_id`, `notification_id`, `is_active`, `created_at`, `updated_at`) VALUES (387, 31, NULL, NULL, 124, 'no', '2023-11-02 09:29:52', NULL);
INSERT INTO `read_notification` (`id`, `student_id`, `parent_id`, `staff_id`, `notification_id`, `is_active`, `created_at`, `updated_at`) VALUES (388, 31, NULL, NULL, 123, 'no', '2023-11-02 09:29:52', NULL);
INSERT INTO `read_notification` (`id`, `student_id`, `parent_id`, `staff_id`, `notification_id`, `is_active`, `created_at`, `updated_at`) VALUES (389, 31, NULL, NULL, 121, 'no', '2023-11-02 09:29:52', NULL);
INSERT INTO `read_notification` (`id`, `student_id`, `parent_id`, `staff_id`, `notification_id`, `is_active`, `created_at`, `updated_at`) VALUES (390, 31, NULL, NULL, 120, 'no', '2023-11-02 09:29:52', NULL);
INSERT INTO `read_notification` (`id`, `student_id`, `parent_id`, `staff_id`, `notification_id`, `is_active`, `created_at`, `updated_at`) VALUES (391, 31, NULL, NULL, 118, 'no', '2023-11-02 09:29:53', NULL);
INSERT INTO `read_notification` (`id`, `student_id`, `parent_id`, `staff_id`, `notification_id`, `is_active`, `created_at`, `updated_at`) VALUES (392, 31, NULL, NULL, 116, 'no', '2023-11-02 09:29:53', NULL);
INSERT INTO `read_notification` (`id`, `student_id`, `parent_id`, `staff_id`, `notification_id`, `is_active`, `created_at`, `updated_at`) VALUES (393, 31, NULL, NULL, 115, 'no', '2023-11-02 09:29:53', NULL);
INSERT INTO `read_notification` (`id`, `student_id`, `parent_id`, `staff_id`, `notification_id`, `is_active`, `created_at`, `updated_at`) VALUES (394, 31, NULL, NULL, 114, 'no', '2023-11-02 09:29:53', NULL);
INSERT INTO `read_notification` (`id`, `student_id`, `parent_id`, `staff_id`, `notification_id`, `is_active`, `created_at`, `updated_at`) VALUES (395, 31, NULL, NULL, 113, 'no', '2023-11-02 09:29:53', NULL);
INSERT INTO `read_notification` (`id`, `student_id`, `parent_id`, `staff_id`, `notification_id`, `is_active`, `created_at`, `updated_at`) VALUES (396, 31, NULL, NULL, 78, 'no', '2023-11-02 09:29:59', NULL);
INSERT INTO `read_notification` (`id`, `student_id`, `parent_id`, `staff_id`, `notification_id`, `is_active`, `created_at`, `updated_at`) VALUES (397, 31, NULL, NULL, 75, 'no', '2023-11-02 09:29:59', NULL);
INSERT INTO `read_notification` (`id`, `student_id`, `parent_id`, `staff_id`, `notification_id`, `is_active`, `created_at`, `updated_at`) VALUES (398, 31, NULL, NULL, 70, 'no', '2023-11-02 09:29:59', NULL);
INSERT INTO `read_notification` (`id`, `student_id`, `parent_id`, `staff_id`, `notification_id`, `is_active`, `created_at`, `updated_at`) VALUES (400, 31, NULL, NULL, 53, 'no', '2023-11-02 09:30:00', NULL);
INSERT INTO `read_notification` (`id`, `student_id`, `parent_id`, `staff_id`, `notification_id`, `is_active`, `created_at`, `updated_at`) VALUES (402, 31, NULL, NULL, 49, 'no', '2023-11-02 09:30:00', NULL);
INSERT INTO `read_notification` (`id`, `student_id`, `parent_id`, `staff_id`, `notification_id`, `is_active`, `created_at`, `updated_at`) VALUES (403, 31, NULL, NULL, 48, 'no', '2023-11-02 09:30:00', NULL);
INSERT INTO `read_notification` (`id`, `student_id`, `parent_id`, `staff_id`, `notification_id`, `is_active`, `created_at`, `updated_at`) VALUES (404, 31, NULL, NULL, 46, 'no', '2023-11-02 09:30:01', NULL);
INSERT INTO `read_notification` (`id`, `student_id`, `parent_id`, `staff_id`, `notification_id`, `is_active`, `created_at`, `updated_at`) VALUES (405, 31, NULL, NULL, 103, 'no', '2023-11-02 09:30:03', NULL);
INSERT INTO `read_notification` (`id`, `student_id`, `parent_id`, `staff_id`, `notification_id`, `is_active`, `created_at`, `updated_at`) VALUES (406, 31, NULL, NULL, 102, 'no', '2023-11-02 09:30:04', NULL);
INSERT INTO `read_notification` (`id`, `student_id`, `parent_id`, `staff_id`, `notification_id`, `is_active`, `created_at`, `updated_at`) VALUES (407, 28, NULL, NULL, 126, 'no', '2023-11-02 09:30:38', NULL);
INSERT INTO `read_notification` (`id`, `student_id`, `parent_id`, `staff_id`, `notification_id`, `is_active`, `created_at`, `updated_at`) VALUES (408, 28, NULL, NULL, 124, 'no', '2023-11-02 09:30:38', NULL);
INSERT INTO `read_notification` (`id`, `student_id`, `parent_id`, `staff_id`, `notification_id`, `is_active`, `created_at`, `updated_at`) VALUES (409, 28, NULL, NULL, 123, 'no', '2023-11-02 09:30:38', NULL);
INSERT INTO `read_notification` (`id`, `student_id`, `parent_id`, `staff_id`, `notification_id`, `is_active`, `created_at`, `updated_at`) VALUES (410, 28, NULL, NULL, 121, 'no', '2023-11-02 09:30:39', NULL);
INSERT INTO `read_notification` (`id`, `student_id`, `parent_id`, `staff_id`, `notification_id`, `is_active`, `created_at`, `updated_at`) VALUES (411, 28, NULL, NULL, 120, 'no', '2023-11-02 09:30:39', NULL);
INSERT INTO `read_notification` (`id`, `student_id`, `parent_id`, `staff_id`, `notification_id`, `is_active`, `created_at`, `updated_at`) VALUES (412, 28, NULL, NULL, 118, 'no', '2023-11-02 09:30:39', NULL);
INSERT INTO `read_notification` (`id`, `student_id`, `parent_id`, `staff_id`, `notification_id`, `is_active`, `created_at`, `updated_at`) VALUES (413, 28, NULL, NULL, 116, 'no', '2023-11-02 09:30:39', NULL);
INSERT INTO `read_notification` (`id`, `student_id`, `parent_id`, `staff_id`, `notification_id`, `is_active`, `created_at`, `updated_at`) VALUES (414, 28, NULL, NULL, 115, 'no', '2023-11-02 09:30:39', NULL);
INSERT INTO `read_notification` (`id`, `student_id`, `parent_id`, `staff_id`, `notification_id`, `is_active`, `created_at`, `updated_at`) VALUES (415, 28, NULL, NULL, 114, 'no', '2023-11-02 09:30:39', NULL);
INSERT INTO `read_notification` (`id`, `student_id`, `parent_id`, `staff_id`, `notification_id`, `is_active`, `created_at`, `updated_at`) VALUES (416, 28, NULL, NULL, 113, 'no', '2023-11-02 09:30:40', NULL);
INSERT INTO `read_notification` (`id`, `student_id`, `parent_id`, `staff_id`, `notification_id`, `is_active`, `created_at`, `updated_at`) VALUES (417, 28, NULL, NULL, 112, 'no', '2023-11-02 09:30:40', NULL);
INSERT INTO `read_notification` (`id`, `student_id`, `parent_id`, `staff_id`, `notification_id`, `is_active`, `created_at`, `updated_at`) VALUES (418, 28, NULL, NULL, 111, 'no', '2023-11-02 09:30:40', NULL);
INSERT INTO `read_notification` (`id`, `student_id`, `parent_id`, `staff_id`, `notification_id`, `is_active`, `created_at`, `updated_at`) VALUES (419, 28, NULL, NULL, 109, 'no', '2023-11-02 09:30:40', NULL);
INSERT INTO `read_notification` (`id`, `student_id`, `parent_id`, `staff_id`, `notification_id`, `is_active`, `created_at`, `updated_at`) VALUES (420, 28, NULL, NULL, 108, 'no', '2023-11-02 09:30:40', NULL);
INSERT INTO `read_notification` (`id`, `student_id`, `parent_id`, `staff_id`, `notification_id`, `is_active`, `created_at`, `updated_at`) VALUES (421, 28, NULL, NULL, 107, 'no', '2023-11-02 09:30:41', NULL);
INSERT INTO `read_notification` (`id`, `student_id`, `parent_id`, `staff_id`, `notification_id`, `is_active`, `created_at`, `updated_at`) VALUES (422, NULL, NULL, 6, 128, 'no', '2023-11-02 12:11:46', NULL);
INSERT INTO `read_notification` (`id`, `student_id`, `parent_id`, `staff_id`, `notification_id`, `is_active`, `created_at`, `updated_at`) VALUES (423, NULL, NULL, 6, 122, 'no', '2023-11-02 12:11:46', NULL);
INSERT INTO `read_notification` (`id`, `student_id`, `parent_id`, `staff_id`, `notification_id`, `is_active`, `created_at`, `updated_at`) VALUES (424, NULL, NULL, 6, 121, 'no', '2023-11-02 12:11:46', NULL);
INSERT INTO `read_notification` (`id`, `student_id`, `parent_id`, `staff_id`, `notification_id`, `is_active`, `created_at`, `updated_at`) VALUES (425, NULL, NULL, 6, 117, 'no', '2023-11-02 12:11:46', NULL);
INSERT INTO `read_notification` (`id`, `student_id`, `parent_id`, `staff_id`, `notification_id`, `is_active`, `created_at`, `updated_at`) VALUES (426, NULL, NULL, 6, 110, 'no', '2023-11-02 12:11:47', NULL);
INSERT INTO `read_notification` (`id`, `student_id`, `parent_id`, `staff_id`, `notification_id`, `is_active`, `created_at`, `updated_at`) VALUES (427, NULL, NULL, 6, 106, 'no', '2023-11-02 12:11:47', NULL);
INSERT INTO `read_notification` (`id`, `student_id`, `parent_id`, `staff_id`, `notification_id`, `is_active`, `created_at`, `updated_at`) VALUES (428, NULL, NULL, 6, 105, 'no', '2023-11-02 12:11:47', NULL);
INSERT INTO `read_notification` (`id`, `student_id`, `parent_id`, `staff_id`, `notification_id`, `is_active`, `created_at`, `updated_at`) VALUES (429, NULL, NULL, 6, 79, 'no', '2023-11-02 12:11:47', NULL);
INSERT INTO `read_notification` (`id`, `student_id`, `parent_id`, `staff_id`, `notification_id`, `is_active`, `created_at`, `updated_at`) VALUES (430, NULL, NULL, 6, 74, 'no', '2023-11-02 12:11:47', NULL);
INSERT INTO `read_notification` (`id`, `student_id`, `parent_id`, `staff_id`, `notification_id`, `is_active`, `created_at`, `updated_at`) VALUES (431, NULL, NULL, 6, 68, 'no', '2023-11-02 12:11:48', NULL);
INSERT INTO `read_notification` (`id`, `student_id`, `parent_id`, `staff_id`, `notification_id`, `is_active`, `created_at`, `updated_at`) VALUES (432, NULL, NULL, 6, 66, 'no', '2023-11-02 12:11:48', NULL);
INSERT INTO `read_notification` (`id`, `student_id`, `parent_id`, `staff_id`, `notification_id`, `is_active`, `created_at`, `updated_at`) VALUES (433, NULL, NULL, 6, 147, 'no', '2023-11-02 12:11:53', NULL);
INSERT INTO `read_notification` (`id`, `student_id`, `parent_id`, `staff_id`, `notification_id`, `is_active`, `created_at`, `updated_at`) VALUES (434, NULL, NULL, 7, 147, 'no', '2023-11-02 12:12:36', NULL);
INSERT INTO `read_notification` (`id`, `student_id`, `parent_id`, `staff_id`, `notification_id`, `is_active`, `created_at`, `updated_at`) VALUES (435, NULL, NULL, 7, 146, 'no', '2023-11-02 12:12:36', NULL);
INSERT INTO `read_notification` (`id`, `student_id`, `parent_id`, `staff_id`, `notification_id`, `is_active`, `created_at`, `updated_at`) VALUES (436, NULL, NULL, 7, 144, 'no', '2023-11-02 12:12:36', NULL);
INSERT INTO `read_notification` (`id`, `student_id`, `parent_id`, `staff_id`, `notification_id`, `is_active`, `created_at`, `updated_at`) VALUES (437, NULL, NULL, 7, 136, 'no', '2023-11-02 12:12:36', NULL);
INSERT INTO `read_notification` (`id`, `student_id`, `parent_id`, `staff_id`, `notification_id`, `is_active`, `created_at`, `updated_at`) VALUES (438, NULL, NULL, 7, 122, 'no', '2023-11-02 12:12:39', NULL);
INSERT INTO `read_notification` (`id`, `student_id`, `parent_id`, `staff_id`, `notification_id`, `is_active`, `created_at`, `updated_at`) VALUES (439, NULL, NULL, 7, 117, 'no', '2023-11-02 12:12:39', NULL);
INSERT INTO `read_notification` (`id`, `student_id`, `parent_id`, `staff_id`, `notification_id`, `is_active`, `created_at`, `updated_at`) VALUES (440, NULL, NULL, 7, 115, 'no', '2023-11-02 12:12:39', NULL);
INSERT INTO `read_notification` (`id`, `student_id`, `parent_id`, `staff_id`, `notification_id`, `is_active`, `created_at`, `updated_at`) VALUES (441, NULL, NULL, 7, 110, 'no', '2023-11-02 12:12:39', NULL);
INSERT INTO `read_notification` (`id`, `student_id`, `parent_id`, `staff_id`, `notification_id`, `is_active`, `created_at`, `updated_at`) VALUES (442, 1, NULL, NULL, 141, 'no', '2023-12-02 04:58:39', NULL);
INSERT INTO `read_notification` (`id`, `student_id`, `parent_id`, `staff_id`, `notification_id`, `is_active`, `created_at`, `updated_at`) VALUES (443, 1, NULL, NULL, 140, 'no', '2023-12-02 04:58:40', NULL);
INSERT INTO `read_notification` (`id`, `student_id`, `parent_id`, `staff_id`, `notification_id`, `is_active`, `created_at`, `updated_at`) VALUES (444, 1, NULL, NULL, 139, 'no', '2023-12-02 04:58:40', NULL);
INSERT INTO `read_notification` (`id`, `student_id`, `parent_id`, `staff_id`, `notification_id`, `is_active`, `created_at`, `updated_at`) VALUES (445, 1, NULL, NULL, 150, 'no', '2023-12-02 04:58:43', NULL);
INSERT INTO `read_notification` (`id`, `student_id`, `parent_id`, `staff_id`, `notification_id`, `is_active`, `created_at`, `updated_at`) VALUES (446, 1, NULL, NULL, 149, 'no', '2023-12-02 04:58:43', NULL);
INSERT INTO `read_notification` (`id`, `student_id`, `parent_id`, `staff_id`, `notification_id`, `is_active`, `created_at`, `updated_at`) VALUES (447, 1, NULL, NULL, 151, 'no', '2023-12-02 04:58:45', NULL);
INSERT INTO `read_notification` (`id`, `student_id`, `parent_id`, `staff_id`, `notification_id`, `is_active`, `created_at`, `updated_at`) VALUES (448, 1, NULL, NULL, 148, 'no', '2023-12-02 04:58:46', NULL);
INSERT INTO `read_notification` (`id`, `student_id`, `parent_id`, `staff_id`, `notification_id`, `is_active`, `created_at`, `updated_at`) VALUES (449, 1, NULL, NULL, 152, 'no', '2023-12-02 04:58:47', NULL);
INSERT INTO `read_notification` (`id`, `student_id`, `parent_id`, `staff_id`, `notification_id`, `is_active`, `created_at`, `updated_at`) VALUES (450, NULL, NULL, 4, 146, 'no', '2023-12-02 07:19:59', NULL);
INSERT INTO `read_notification` (`id`, `student_id`, `parent_id`, `staff_id`, `notification_id`, `is_active`, `created_at`, `updated_at`) VALUES (451, NULL, NULL, 5, 144, 'no', '2023-12-02 07:25:33', NULL);
INSERT INTO `read_notification` (`id`, `student_id`, `parent_id`, `staff_id`, `notification_id`, `is_active`, `created_at`, `updated_at`) VALUES (452, NULL, NULL, 5, 139, 'no', '2023-12-02 07:25:33', NULL);
INSERT INTO `read_notification` (`id`, `student_id`, `parent_id`, `staff_id`, `notification_id`, `is_active`, `created_at`, `updated_at`) VALUES (453, NULL, NULL, 5, 138, 'no', '2023-12-02 07:25:33', NULL);
INSERT INTO `read_notification` (`id`, `student_id`, `parent_id`, `staff_id`, `notification_id`, `is_active`, `created_at`, `updated_at`) VALUES (454, NULL, NULL, 5, 137, 'no', '2023-12-02 07:25:33', NULL);
INSERT INTO `read_notification` (`id`, `student_id`, `parent_id`, `staff_id`, `notification_id`, `is_active`, `created_at`, `updated_at`) VALUES (455, NULL, NULL, 5, 102, 'no', '2023-12-02 07:25:33', NULL);
INSERT INTO `read_notification` (`id`, `student_id`, `parent_id`, `staff_id`, `notification_id`, `is_active`, `created_at`, `updated_at`) VALUES (456, NULL, NULL, 5, 149, 'no', '2023-12-02 07:31:37', NULL);
INSERT INTO `read_notification` (`id`, `student_id`, `parent_id`, `staff_id`, `notification_id`, `is_active`, `created_at`, `updated_at`) VALUES (457, 2, NULL, NULL, 102, 'no', '2023-12-02 07:41:13', NULL);
INSERT INTO `read_notification` (`id`, `student_id`, `parent_id`, `staff_id`, `notification_id`, `is_active`, `created_at`, `updated_at`) VALUES (458, 2, NULL, NULL, 78, 'no', '2023-12-02 07:41:13', NULL);
INSERT INTO `read_notification` (`id`, `student_id`, `parent_id`, `staff_id`, `notification_id`, `is_active`, `created_at`, `updated_at`) VALUES (459, 2, NULL, NULL, 75, 'no', '2023-12-02 07:41:13', NULL);
INSERT INTO `read_notification` (`id`, `student_id`, `parent_id`, `staff_id`, `notification_id`, `is_active`, `created_at`, `updated_at`) VALUES (460, 2, NULL, NULL, 70, 'no', '2023-12-02 07:41:13', NULL);
INSERT INTO `read_notification` (`id`, `student_id`, `parent_id`, `staff_id`, `notification_id`, `is_active`, `created_at`, `updated_at`) VALUES (461, 2, NULL, NULL, 62, 'no', '2023-12-02 07:41:13', NULL);
INSERT INTO `read_notification` (`id`, `student_id`, `parent_id`, `staff_id`, `notification_id`, `is_active`, `created_at`, `updated_at`) VALUES (462, 2, NULL, NULL, 61, 'no', '2023-12-02 07:41:14', NULL);
INSERT INTO `read_notification` (`id`, `student_id`, `parent_id`, `staff_id`, `notification_id`, `is_active`, `created_at`, `updated_at`) VALUES (466, 2, NULL, NULL, 49, 'no', '2023-12-02 07:41:14', NULL);
INSERT INTO `read_notification` (`id`, `student_id`, `parent_id`, `staff_id`, `notification_id`, `is_active`, `created_at`, `updated_at`) VALUES (467, 2, NULL, NULL, 48, 'no', '2023-12-02 07:41:15', NULL);
INSERT INTO `read_notification` (`id`, `student_id`, `parent_id`, `staff_id`, `notification_id`, `is_active`, `created_at`, `updated_at`) VALUES (468, 2, NULL, NULL, 46, 'no', '2023-12-02 07:41:15', NULL);
INSERT INTO `read_notification` (`id`, `student_id`, `parent_id`, `staff_id`, `notification_id`, `is_active`, `created_at`, `updated_at`) VALUES (469, 2, NULL, NULL, 142, 'no', '2023-12-02 08:08:26', NULL);
INSERT INTO `read_notification` (`id`, `student_id`, `parent_id`, `staff_id`, `notification_id`, `is_active`, `created_at`, `updated_at`) VALUES (470, 2, NULL, NULL, 141, 'no', '2023-12-02 08:08:26', NULL);
INSERT INTO `read_notification` (`id`, `student_id`, `parent_id`, `staff_id`, `notification_id`, `is_active`, `created_at`, `updated_at`) VALUES (471, 2, NULL, NULL, 140, 'no', '2023-12-02 08:08:26', NULL);
INSERT INTO `read_notification` (`id`, `student_id`, `parent_id`, `staff_id`, `notification_id`, `is_active`, `created_at`, `updated_at`) VALUES (472, 2, NULL, NULL, 139, 'no', '2023-12-02 08:08:26', NULL);
INSERT INTO `read_notification` (`id`, `student_id`, `parent_id`, `staff_id`, `notification_id`, `is_active`, `created_at`, `updated_at`) VALUES (473, 2, NULL, NULL, 138, 'no', '2023-12-02 08:08:26', NULL);
INSERT INTO `read_notification` (`id`, `student_id`, `parent_id`, `staff_id`, `notification_id`, `is_active`, `created_at`, `updated_at`) VALUES (474, 2, NULL, NULL, 137, 'no', '2023-12-02 08:08:27', NULL);
INSERT INTO `read_notification` (`id`, `student_id`, `parent_id`, `staff_id`, `notification_id`, `is_active`, `created_at`, `updated_at`) VALUES (475, 2, NULL, NULL, 135, 'no', '2023-12-02 08:08:27', NULL);
INSERT INTO `read_notification` (`id`, `student_id`, `parent_id`, `staff_id`, `notification_id`, `is_active`, `created_at`, `updated_at`) VALUES (476, 2, NULL, NULL, 134, 'no', '2023-12-02 08:08:27', NULL);
INSERT INTO `read_notification` (`id`, `student_id`, `parent_id`, `staff_id`, `notification_id`, `is_active`, `created_at`, `updated_at`) VALUES (477, 2, NULL, NULL, 132, 'no', '2023-12-02 08:08:27', NULL);
INSERT INTO `read_notification` (`id`, `student_id`, `parent_id`, `staff_id`, `notification_id`, `is_active`, `created_at`, `updated_at`) VALUES (478, 2, NULL, NULL, 131, 'no', '2023-12-02 08:08:27', NULL);
INSERT INTO `read_notification` (`id`, `student_id`, `parent_id`, `staff_id`, `notification_id`, `is_active`, `created_at`, `updated_at`) VALUES (479, 2, NULL, NULL, 130, 'no', '2023-12-02 08:08:27', NULL);
INSERT INTO `read_notification` (`id`, `student_id`, `parent_id`, `staff_id`, `notification_id`, `is_active`, `created_at`, `updated_at`) VALUES (480, 2, NULL, NULL, 129, 'no', '2023-12-02 08:08:28', NULL);
INSERT INTO `read_notification` (`id`, `student_id`, `parent_id`, `staff_id`, `notification_id`, `is_active`, `created_at`, `updated_at`) VALUES (481, 2, NULL, NULL, 127, 'no', '2023-12-02 08:08:28', NULL);
INSERT INTO `read_notification` (`id`, `student_id`, `parent_id`, `staff_id`, `notification_id`, `is_active`, `created_at`, `updated_at`) VALUES (482, 2, NULL, NULL, 126, 'no', '2023-12-02 08:08:28', NULL);
INSERT INTO `read_notification` (`id`, `student_id`, `parent_id`, `staff_id`, `notification_id`, `is_active`, `created_at`, `updated_at`) VALUES (483, 2, NULL, NULL, 124, 'no', '2023-12-02 08:08:28', NULL);
INSERT INTO `read_notification` (`id`, `student_id`, `parent_id`, `staff_id`, `notification_id`, `is_active`, `created_at`, `updated_at`) VALUES (484, 2, NULL, NULL, 123, 'no', '2023-12-02 08:08:28', NULL);
INSERT INTO `read_notification` (`id`, `student_id`, `parent_id`, `staff_id`, `notification_id`, `is_active`, `created_at`, `updated_at`) VALUES (485, 2, NULL, NULL, 121, 'no', '2023-12-02 08:08:28', NULL);
INSERT INTO `read_notification` (`id`, `student_id`, `parent_id`, `staff_id`, `notification_id`, `is_active`, `created_at`, `updated_at`) VALUES (486, 2, NULL, NULL, 120, 'no', '2023-12-02 08:08:29', NULL);
INSERT INTO `read_notification` (`id`, `student_id`, `parent_id`, `staff_id`, `notification_id`, `is_active`, `created_at`, `updated_at`) VALUES (487, 2, NULL, NULL, 118, 'no', '2023-12-02 08:08:29', NULL);
INSERT INTO `read_notification` (`id`, `student_id`, `parent_id`, `staff_id`, `notification_id`, `is_active`, `created_at`, `updated_at`) VALUES (488, 2, NULL, NULL, 116, 'no', '2023-12-02 08:08:29', NULL);
INSERT INTO `read_notification` (`id`, `student_id`, `parent_id`, `staff_id`, `notification_id`, `is_active`, `created_at`, `updated_at`) VALUES (489, 2, NULL, NULL, 115, 'no', '2023-12-02 08:08:29', NULL);
INSERT INTO `read_notification` (`id`, `student_id`, `parent_id`, `staff_id`, `notification_id`, `is_active`, `created_at`, `updated_at`) VALUES (490, 2, NULL, NULL, 114, 'no', '2023-12-02 08:08:29', NULL);
INSERT INTO `read_notification` (`id`, `student_id`, `parent_id`, `staff_id`, `notification_id`, `is_active`, `created_at`, `updated_at`) VALUES (491, 2, NULL, NULL, 113, 'no', '2023-12-02 08:08:29', NULL);
INSERT INTO `read_notification` (`id`, `student_id`, `parent_id`, `staff_id`, `notification_id`, `is_active`, `created_at`, `updated_at`) VALUES (492, 2, NULL, NULL, 112, 'no', '2023-12-02 08:08:30', NULL);
INSERT INTO `read_notification` (`id`, `student_id`, `parent_id`, `staff_id`, `notification_id`, `is_active`, `created_at`, `updated_at`) VALUES (493, 2, NULL, NULL, 111, 'no', '2023-12-02 08:08:30', NULL);
INSERT INTO `read_notification` (`id`, `student_id`, `parent_id`, `staff_id`, `notification_id`, `is_active`, `created_at`, `updated_at`) VALUES (494, 2, NULL, NULL, 109, 'no', '2023-12-02 08:08:30', NULL);
INSERT INTO `read_notification` (`id`, `student_id`, `parent_id`, `staff_id`, `notification_id`, `is_active`, `created_at`, `updated_at`) VALUES (495, 2, NULL, NULL, 108, 'no', '2023-12-02 08:08:30', NULL);
INSERT INTO `read_notification` (`id`, `student_id`, `parent_id`, `staff_id`, `notification_id`, `is_active`, `created_at`, `updated_at`) VALUES (496, 2, NULL, NULL, 107, 'no', '2023-12-02 08:08:30', NULL);
INSERT INTO `read_notification` (`id`, `student_id`, `parent_id`, `staff_id`, `notification_id`, `is_active`, `created_at`, `updated_at`) VALUES (497, 2, NULL, NULL, 104, 'no', '2023-12-02 08:08:30', NULL);
INSERT INTO `read_notification` (`id`, `student_id`, `parent_id`, `staff_id`, `notification_id`, `is_active`, `created_at`, `updated_at`) VALUES (498, 2, NULL, NULL, 103, 'no', '2023-12-02 08:08:31', NULL);
INSERT INTO `read_notification` (`id`, `student_id`, `parent_id`, `staff_id`, `notification_id`, `is_active`, `created_at`, `updated_at`) VALUES (499, 2, NULL, NULL, 38, 'no', '2023-12-02 08:08:31', NULL);
INSERT INTO `read_notification` (`id`, `student_id`, `parent_id`, `staff_id`, `notification_id`, `is_active`, `created_at`, `updated_at`) VALUES (501, 28, NULL, NULL, 151, 'no', '2023-12-05 05:35:46', NULL);
INSERT INTO `read_notification` (`id`, `student_id`, `parent_id`, `staff_id`, `notification_id`, `is_active`, `created_at`, `updated_at`) VALUES (502, 28, NULL, NULL, 150, 'no', '2023-12-05 05:35:47', NULL);
INSERT INTO `read_notification` (`id`, `student_id`, `parent_id`, `staff_id`, `notification_id`, `is_active`, `created_at`, `updated_at`) VALUES (503, 28, NULL, NULL, 149, 'no', '2023-12-05 05:35:47', NULL);
INSERT INTO `read_notification` (`id`, `student_id`, `parent_id`, `staff_id`, `notification_id`, `is_active`, `created_at`, `updated_at`) VALUES (504, 28, NULL, NULL, 148, 'no', '2023-12-05 05:35:47', NULL);
INSERT INTO `read_notification` (`id`, `student_id`, `parent_id`, `staff_id`, `notification_id`, `is_active`, `created_at`, `updated_at`) VALUES (505, 28, NULL, NULL, 147, 'no', '2023-12-05 05:35:47', NULL);
INSERT INTO `read_notification` (`id`, `student_id`, `parent_id`, `staff_id`, `notification_id`, `is_active`, `created_at`, `updated_at`) VALUES (506, 28, NULL, NULL, 143, 'no', '2023-12-05 05:35:47', NULL);
INSERT INTO `read_notification` (`id`, `student_id`, `parent_id`, `staff_id`, `notification_id`, `is_active`, `created_at`, `updated_at`) VALUES (507, 28, NULL, NULL, 142, 'no', '2023-12-05 05:35:49', NULL);
INSERT INTO `read_notification` (`id`, `student_id`, `parent_id`, `staff_id`, `notification_id`, `is_active`, `created_at`, `updated_at`) VALUES (508, 28, NULL, NULL, 140, 'no', '2023-12-05 05:35:50', NULL);
INSERT INTO `read_notification` (`id`, `student_id`, `parent_id`, `staff_id`, `notification_id`, `is_active`, `created_at`, `updated_at`) VALUES (509, 28, NULL, NULL, 139, 'no', '2023-12-05 05:35:50', NULL);
INSERT INTO `read_notification` (`id`, `student_id`, `parent_id`, `staff_id`, `notification_id`, `is_active`, `created_at`, `updated_at`) VALUES (510, 28, NULL, NULL, 138, 'no', '2023-12-05 05:35:50', NULL);
INSERT INTO `read_notification` (`id`, `student_id`, `parent_id`, `staff_id`, `notification_id`, `is_active`, `created_at`, `updated_at`) VALUES (511, 28, NULL, NULL, 137, 'no', '2023-12-05 05:35:52', NULL);
INSERT INTO `read_notification` (`id`, `student_id`, `parent_id`, `staff_id`, `notification_id`, `is_active`, `created_at`, `updated_at`) VALUES (512, 28, NULL, NULL, 135, 'no', '2023-12-05 05:35:52', NULL);
INSERT INTO `read_notification` (`id`, `student_id`, `parent_id`, `staff_id`, `notification_id`, `is_active`, `created_at`, `updated_at`) VALUES (513, 28, NULL, NULL, 134, 'no', '2023-12-05 05:35:52', NULL);
INSERT INTO `read_notification` (`id`, `student_id`, `parent_id`, `staff_id`, `notification_id`, `is_active`, `created_at`, `updated_at`) VALUES (514, 28, NULL, NULL, 132, 'no', '2023-12-05 05:35:53', NULL);
INSERT INTO `read_notification` (`id`, `student_id`, `parent_id`, `staff_id`, `notification_id`, `is_active`, `created_at`, `updated_at`) VALUES (515, 28, NULL, NULL, 131, 'no', '2023-12-05 05:35:53', NULL);
INSERT INTO `read_notification` (`id`, `student_id`, `parent_id`, `staff_id`, `notification_id`, `is_active`, `created_at`, `updated_at`) VALUES (516, 28, NULL, NULL, 130, 'no', '2023-12-05 05:35:53', NULL);
INSERT INTO `read_notification` (`id`, `student_id`, `parent_id`, `staff_id`, `notification_id`, `is_active`, `created_at`, `updated_at`) VALUES (517, 28, NULL, NULL, 129, 'no', '2023-12-05 05:35:54', NULL);
INSERT INTO `read_notification` (`id`, `student_id`, `parent_id`, `staff_id`, `notification_id`, `is_active`, `created_at`, `updated_at`) VALUES (518, 28, NULL, NULL, 127, 'no', '2023-12-05 05:35:54', NULL);
INSERT INTO `read_notification` (`id`, `student_id`, `parent_id`, `staff_id`, `notification_id`, `is_active`, `created_at`, `updated_at`) VALUES (519, 28, NULL, NULL, 104, 'no', '2023-12-05 05:35:55', NULL);
INSERT INTO `read_notification` (`id`, `student_id`, `parent_id`, `staff_id`, `notification_id`, `is_active`, `created_at`, `updated_at`) VALUES (520, 28, NULL, NULL, 103, 'no', '2023-12-05 05:35:56', NULL);
INSERT INTO `read_notification` (`id`, `student_id`, `parent_id`, `staff_id`, `notification_id`, `is_active`, `created_at`, `updated_at`) VALUES (521, 28, NULL, NULL, 102, 'no', '2023-12-05 05:35:57', NULL);
INSERT INTO `read_notification` (`id`, `student_id`, `parent_id`, `staff_id`, `notification_id`, `is_active`, `created_at`, `updated_at`) VALUES (522, 28, NULL, NULL, 78, 'no', '2023-12-05 05:35:57', NULL);
INSERT INTO `read_notification` (`id`, `student_id`, `parent_id`, `staff_id`, `notification_id`, `is_active`, `created_at`, `updated_at`) VALUES (524, 28, NULL, NULL, 53, 'no', '2023-12-05 05:36:00', NULL);
INSERT INTO `read_notification` (`id`, `student_id`, `parent_id`, `staff_id`, `notification_id`, `is_active`, `created_at`, `updated_at`) VALUES (526, 28, NULL, NULL, 49, 'no', '2023-12-05 05:36:00', NULL);
INSERT INTO `read_notification` (`id`, `student_id`, `parent_id`, `staff_id`, `notification_id`, `is_active`, `created_at`, `updated_at`) VALUES (527, 28, NULL, NULL, 48, 'no', '2023-12-05 05:36:00', NULL);
INSERT INTO `read_notification` (`id`, `student_id`, `parent_id`, `staff_id`, `notification_id`, `is_active`, `created_at`, `updated_at`) VALUES (528, 28, NULL, NULL, 46, 'no', '2023-12-05 05:36:01', NULL);
INSERT INTO `read_notification` (`id`, `student_id`, `parent_id`, `staff_id`, `notification_id`, `is_active`, `created_at`, `updated_at`) VALUES (529, 28, NULL, NULL, 38, 'no', '2023-12-05 05:36:01', NULL);
INSERT INTO `read_notification` (`id`, `student_id`, `parent_id`, `staff_id`, `notification_id`, `is_active`, `created_at`, `updated_at`) VALUES (531, 28, NULL, NULL, 64, 'no', '2023-12-05 05:36:03', NULL);
INSERT INTO `read_notification` (`id`, `student_id`, `parent_id`, `staff_id`, `notification_id`, `is_active`, `created_at`, `updated_at`) VALUES (532, 28, NULL, NULL, 62, 'no', '2023-12-05 05:36:04', NULL);
INSERT INTO `read_notification` (`id`, `student_id`, `parent_id`, `staff_id`, `notification_id`, `is_active`, `created_at`, `updated_at`) VALUES (533, 28, NULL, NULL, 61, 'no', '2023-12-05 05:36:05', NULL);
INSERT INTO `read_notification` (`id`, `student_id`, `parent_id`, `staff_id`, `notification_id`, `is_active`, `created_at`, `updated_at`) VALUES (534, 28, NULL, NULL, 141, 'no', '2023-12-05 05:36:09', NULL);
INSERT INTO `read_notification` (`id`, `student_id`, `parent_id`, `staff_id`, `notification_id`, `is_active`, `created_at`, `updated_at`) VALUES (535, NULL, NULL, 5, 154, 'no', '2024-02-02 07:24:08', NULL);
INSERT INTO `read_notification` (`id`, `student_id`, `parent_id`, `staff_id`, `notification_id`, `is_active`, `created_at`, `updated_at`) VALUES (536, NULL, NULL, 5, 153, 'no', '2024-02-02 07:24:08', NULL);
INSERT INTO `read_notification` (`id`, `student_id`, `parent_id`, `staff_id`, `notification_id`, `is_active`, `created_at`, `updated_at`) VALUES (537, NULL, NULL, 5, 152, 'no', '2024-02-02 07:24:09', NULL);
INSERT INTO `read_notification` (`id`, `student_id`, `parent_id`, `staff_id`, `notification_id`, `is_active`, `created_at`, `updated_at`) VALUES (538, NULL, NULL, 5, 151, 'no', '2024-02-02 07:24:09', NULL);
INSERT INTO `read_notification` (`id`, `student_id`, `parent_id`, `staff_id`, `notification_id`, `is_active`, `created_at`, `updated_at`) VALUES (539, NULL, NULL, 5, 162, 'no', '2024-02-02 07:24:11', NULL);
INSERT INTO `read_notification` (`id`, `student_id`, `parent_id`, `staff_id`, `notification_id`, `is_active`, `created_at`, `updated_at`) VALUES (540, NULL, NULL, 5, 160, 'no', '2024-02-02 07:24:11', NULL);
INSERT INTO `read_notification` (`id`, `student_id`, `parent_id`, `staff_id`, `notification_id`, `is_active`, `created_at`, `updated_at`) VALUES (541, NULL, NULL, 5, 159, 'no', '2024-02-02 07:24:11', NULL);
INSERT INTO `read_notification` (`id`, `student_id`, `parent_id`, `staff_id`, `notification_id`, `is_active`, `created_at`, `updated_at`) VALUES (543, NULL, NULL, 5, 163, 'no', '2024-02-02 07:24:16', NULL);
INSERT INTO `read_notification` (`id`, `student_id`, `parent_id`, `staff_id`, `notification_id`, `is_active`, `created_at`, `updated_at`) VALUES (544, NULL, NULL, 5, 164, 'no', '2024-02-02 07:24:17', NULL);
INSERT INTO `read_notification` (`id`, `student_id`, `parent_id`, `staff_id`, `notification_id`, `is_active`, `created_at`, `updated_at`) VALUES (547, NULL, NULL, 4, 156, 'no', '2024-02-02 08:08:09', NULL);
INSERT INTO `read_notification` (`id`, `student_id`, `parent_id`, `staff_id`, `notification_id`, `is_active`, `created_at`, `updated_at`) VALUES (548, NULL, NULL, 4, 153, 'no', '2024-02-02 08:08:09', NULL);
INSERT INTO `read_notification` (`id`, `student_id`, `parent_id`, `staff_id`, `notification_id`, `is_active`, `created_at`, `updated_at`) VALUES (549, NULL, NULL, 4, 150, 'no', '2024-02-02 08:08:09', NULL);
INSERT INTO `read_notification` (`id`, `student_id`, `parent_id`, `staff_id`, `notification_id`, `is_active`, `created_at`, `updated_at`) VALUES (550, NULL, NULL, 4, 147, 'no', '2024-02-02 08:08:09', NULL);
INSERT INTO `read_notification` (`id`, `student_id`, `parent_id`, `staff_id`, `notification_id`, `is_active`, `created_at`, `updated_at`) VALUES (552, NULL, NULL, 4, 145, 'no', '2024-03-02 10:09:33', NULL);
INSERT INTO `read_notification` (`id`, `student_id`, `parent_id`, `staff_id`, `notification_id`, `is_active`, `created_at`, `updated_at`) VALUES (553, NULL, NULL, 5, 168, 'no', '2024-03-02 10:54:09', NULL);
INSERT INTO `read_notification` (`id`, `student_id`, `parent_id`, `staff_id`, `notification_id`, `is_active`, `created_at`, `updated_at`) VALUES (554, NULL, NULL, 5, 170, 'no', '2024-03-02 10:54:11', NULL);
INSERT INTO `read_notification` (`id`, `student_id`, `parent_id`, `staff_id`, `notification_id`, `is_active`, `created_at`, `updated_at`) VALUES (555, NULL, NULL, 5, 171, 'no', '2024-03-02 10:54:12', NULL);
INSERT INTO `read_notification` (`id`, `student_id`, `parent_id`, `staff_id`, `notification_id`, `is_active`, `created_at`, `updated_at`) VALUES (556, NULL, NULL, 5, 156, 'no', '2024-03-04 10:34:55', NULL);
INSERT INTO `read_notification` (`id`, `student_id`, `parent_id`, `staff_id`, `notification_id`, `is_active`, `created_at`, `updated_at`) VALUES (557, NULL, NULL, 5, 165, 'no', '2024-03-04 10:34:56', NULL);
INSERT INTO `read_notification` (`id`, `student_id`, `parent_id`, `staff_id`, `notification_id`, `is_active`, `created_at`, `updated_at`) VALUES (558, NULL, NULL, 6, 160, 'no', '2024-03-04 10:35:44', NULL);
INSERT INTO `read_notification` (`id`, `student_id`, `parent_id`, `staff_id`, `notification_id`, `is_active`, `created_at`, `updated_at`) VALUES (559, NULL, NULL, 6, 155, 'no', '2024-03-04 10:35:45', NULL);
INSERT INTO `read_notification` (`id`, `student_id`, `parent_id`, `staff_id`, `notification_id`, `is_active`, `created_at`, `updated_at`) VALUES (560, NULL, NULL, 6, 154, 'no', '2024-03-04 10:35:45', NULL);
INSERT INTO `read_notification` (`id`, `student_id`, `parent_id`, `staff_id`, `notification_id`, `is_active`, `created_at`, `updated_at`) VALUES (561, NULL, NULL, 6, 153, 'no', '2024-03-04 10:35:45', NULL);
INSERT INTO `read_notification` (`id`, `student_id`, `parent_id`, `staff_id`, `notification_id`, `is_active`, `created_at`, `updated_at`) VALUES (562, NULL, NULL, 7, 129, 'no', '2024-03-04 10:36:50', NULL);
INSERT INTO `read_notification` (`id`, `student_id`, `parent_id`, `staff_id`, `notification_id`, `is_active`, `created_at`, `updated_at`) VALUES (563, NULL, NULL, 7, 128, 'no', '2024-03-04 10:36:50', NULL);
INSERT INTO `read_notification` (`id`, `student_id`, `parent_id`, `staff_id`, `notification_id`, `is_active`, `created_at`, `updated_at`) VALUES (564, NULL, NULL, 7, 106, 'no', '2024-03-04 10:36:50', NULL);
INSERT INTO `read_notification` (`id`, `student_id`, `parent_id`, `staff_id`, `notification_id`, `is_active`, `created_at`, `updated_at`) VALUES (565, NULL, NULL, 7, 105, 'no', '2024-03-04 10:36:50', NULL);
INSERT INTO `read_notification` (`id`, `student_id`, `parent_id`, `staff_id`, `notification_id`, `is_active`, `created_at`, `updated_at`) VALUES (566, 1, NULL, NULL, 171, 'no', '2024-03-05 05:02:02', NULL);
INSERT INTO `read_notification` (`id`, `student_id`, `parent_id`, `staff_id`, `notification_id`, `is_active`, `created_at`, `updated_at`) VALUES (567, 1, NULL, NULL, 170, 'no', '2024-03-05 05:02:03', NULL);
INSERT INTO `read_notification` (`id`, `student_id`, `parent_id`, `staff_id`, `notification_id`, `is_active`, `created_at`, `updated_at`) VALUES (568, NULL, NULL, 5, 178, 'no', '2024-04-03 05:47:34', NULL);
INSERT INTO `read_notification` (`id`, `student_id`, `parent_id`, `staff_id`, `notification_id`, `is_active`, `created_at`, `updated_at`) VALUES (569, NULL, NULL, 5, 177, 'no', '2024-04-03 05:47:34', NULL);
INSERT INTO `read_notification` (`id`, `student_id`, `parent_id`, `staff_id`, `notification_id`, `is_active`, `created_at`, `updated_at`) VALUES (570, NULL, NULL, 5, 176, 'no', '2024-04-03 05:47:34', NULL);
INSERT INTO `read_notification` (`id`, `student_id`, `parent_id`, `staff_id`, `notification_id`, `is_active`, `created_at`, `updated_at`) VALUES (571, NULL, NULL, 5, 175, 'no', '2024-04-03 05:47:35', NULL);
INSERT INTO `read_notification` (`id`, `student_id`, `parent_id`, `staff_id`, `notification_id`, `is_active`, `created_at`, `updated_at`) VALUES (572, NULL, NULL, 5, 167, 'no', '2024-04-03 05:47:37', NULL);
INSERT INTO `read_notification` (`id`, `student_id`, `parent_id`, `staff_id`, `notification_id`, `is_active`, `created_at`, `updated_at`) VALUES (573, NULL, NULL, 5, 155, 'no', '2024-04-03 05:47:37', NULL);
INSERT INTO `read_notification` (`id`, `student_id`, `parent_id`, `staff_id`, `notification_id`, `is_active`, `created_at`, `updated_at`) VALUES (574, NULL, NULL, 5, 147, 'no', '2024-04-03 05:47:40', NULL);
INSERT INTO `read_notification` (`id`, `student_id`, `parent_id`, `staff_id`, `notification_id`, `is_active`, `created_at`, `updated_at`) VALUES (575, 1, NULL, NULL, 179, 'no', '2024-04-03 05:51:34', NULL);
INSERT INTO `read_notification` (`id`, `student_id`, `parent_id`, `staff_id`, `notification_id`, `is_active`, `created_at`, `updated_at`) VALUES (576, 1, NULL, NULL, 178, 'no', '2024-04-03 05:51:35', NULL);
INSERT INTO `read_notification` (`id`, `student_id`, `parent_id`, `staff_id`, `notification_id`, `is_active`, `created_at`, `updated_at`) VALUES (577, 1, NULL, NULL, 176, 'no', '2024-04-03 05:51:35', NULL);
INSERT INTO `read_notification` (`id`, `student_id`, `parent_id`, `staff_id`, `notification_id`, `is_active`, `created_at`, `updated_at`) VALUES (578, 1, NULL, NULL, 172, 'no', '2024-04-03 05:51:37', NULL);
INSERT INTO `read_notification` (`id`, `student_id`, `parent_id`, `staff_id`, `notification_id`, `is_active`, `created_at`, `updated_at`) VALUES (579, 1, NULL, NULL, 168, 'no', '2024-04-03 05:51:38', NULL);
INSERT INTO `read_notification` (`id`, `student_id`, `parent_id`, `staff_id`, `notification_id`, `is_active`, `created_at`, `updated_at`) VALUES (580, 1, NULL, NULL, 167, 'no', '2024-04-03 05:51:39', NULL);
INSERT INTO `read_notification` (`id`, `student_id`, `parent_id`, `staff_id`, `notification_id`, `is_active`, `created_at`, `updated_at`) VALUES (581, 1, NULL, NULL, 162, 'no', '2024-04-03 05:51:40', NULL);
INSERT INTO `read_notification` (`id`, `student_id`, `parent_id`, `staff_id`, `notification_id`, `is_active`, `created_at`, `updated_at`) VALUES (582, 1, NULL, NULL, 180, 'no', '2024-04-03 05:51:53', NULL);
INSERT INTO `read_notification` (`id`, `student_id`, `parent_id`, `staff_id`, `notification_id`, `is_active`, `created_at`, `updated_at`) VALUES (583, NULL, NULL, 6, 146, 'no', '2024-04-03 06:13:12', NULL);
INSERT INTO `read_notification` (`id`, `student_id`, `parent_id`, `staff_id`, `notification_id`, `is_active`, `created_at`, `updated_at`) VALUES (584, NULL, NULL, 6, 150, 'no', '2024-04-03 06:13:15', NULL);
INSERT INTO `read_notification` (`id`, `student_id`, `parent_id`, `staff_id`, `notification_id`, `is_active`, `created_at`, `updated_at`) VALUES (585, NULL, NULL, 6, 145, 'no', '2024-04-03 06:13:15', NULL);
INSERT INTO `read_notification` (`id`, `student_id`, `parent_id`, `staff_id`, `notification_id`, `is_active`, `created_at`, `updated_at`) VALUES (586, NULL, NULL, 6, 163, 'no', '2024-04-03 06:13:15', NULL);
INSERT INTO `read_notification` (`id`, `student_id`, `parent_id`, `staff_id`, `notification_id`, `is_active`, `created_at`, `updated_at`) VALUES (587, NULL, NULL, 6, 144, 'no', '2024-04-03 06:13:17', NULL);
INSERT INTO `read_notification` (`id`, `student_id`, `parent_id`, `staff_id`, `notification_id`, `is_active`, `created_at`, `updated_at`) VALUES (588, NULL, NULL, 6, 136, 'no', '2024-04-03 06:13:18', NULL);
INSERT INTO `read_notification` (`id`, `student_id`, `parent_id`, `staff_id`, `notification_id`, `is_active`, `created_at`, `updated_at`) VALUES (589, NULL, NULL, 6, 133, 'no', '2024-04-03 06:13:19', NULL);
INSERT INTO `read_notification` (`id`, `student_id`, `parent_id`, `staff_id`, `notification_id`, `is_active`, `created_at`, `updated_at`) VALUES (590, NULL, NULL, 6, 168, 'no', '2024-04-03 06:13:21', NULL);
INSERT INTO `read_notification` (`id`, `student_id`, `parent_id`, `staff_id`, `notification_id`, `is_active`, `created_at`, `updated_at`) VALUES (591, NULL, NULL, 6, 129, 'no', '2024-04-03 06:13:23', NULL);
INSERT INTO `read_notification` (`id`, `student_id`, `parent_id`, `staff_id`, `notification_id`, `is_active`, `created_at`, `updated_at`) VALUES (592, NULL, NULL, 4, 120, 'no', '2024-04-03 06:17:21', NULL);
INSERT INTO `read_notification` (`id`, `student_id`, `parent_id`, `staff_id`, `notification_id`, `is_active`, `created_at`, `updated_at`) VALUES (593, NULL, NULL, 4, 165, 'no', '2024-04-03 06:17:23', NULL);
INSERT INTO `read_notification` (`id`, `student_id`, `parent_id`, `staff_id`, `notification_id`, `is_active`, `created_at`, `updated_at`) VALUES (594, NULL, NULL, 4, 164, 'no', '2024-04-03 06:17:23', NULL);
INSERT INTO `read_notification` (`id`, `student_id`, `parent_id`, `staff_id`, `notification_id`, `is_active`, `created_at`, `updated_at`) VALUES (595, NULL, NULL, 4, 159, 'no', '2024-04-03 06:17:23', NULL);
INSERT INTO `read_notification` (`id`, `student_id`, `parent_id`, `staff_id`, `notification_id`, `is_active`, `created_at`, `updated_at`) VALUES (596, 1, NULL, NULL, 181, 'no', '2024-04-03 08:09:53', NULL);
INSERT INTO `read_notification` (`id`, `student_id`, `parent_id`, `staff_id`, `notification_id`, `is_active`, `created_at`, `updated_at`) VALUES (597, NULL, NULL, 10, 181, 'no', '2024-04-04 06:28:08', NULL);
INSERT INTO `read_notification` (`id`, `student_id`, `parent_id`, `staff_id`, `notification_id`, `is_active`, `created_at`, `updated_at`) VALUES (598, NULL, NULL, 10, 180, 'no', '2024-04-04 06:28:09', NULL);
INSERT INTO `read_notification` (`id`, `student_id`, `parent_id`, `staff_id`, `notification_id`, `is_active`, `created_at`, `updated_at`) VALUES (599, NULL, NULL, 10, 179, 'no', '2024-04-04 06:28:10', NULL);
INSERT INTO `read_notification` (`id`, `student_id`, `parent_id`, `staff_id`, `notification_id`, `is_active`, `created_at`, `updated_at`) VALUES (600, NULL, NULL, 10, 178, 'no', '2024-04-04 06:28:10', NULL);
INSERT INTO `read_notification` (`id`, `student_id`, `parent_id`, `staff_id`, `notification_id`, `is_active`, `created_at`, `updated_at`) VALUES (601, NULL, NULL, 10, 163, 'no', '2024-04-04 06:28:14', NULL);
INSERT INTO `read_notification` (`id`, `student_id`, `parent_id`, `staff_id`, `notification_id`, `is_active`, `created_at`, `updated_at`) VALUES (602, NULL, NULL, 10, 162, 'no', '2024-04-04 06:28:14', NULL);
INSERT INTO `read_notification` (`id`, `student_id`, `parent_id`, `staff_id`, `notification_id`, `is_active`, `created_at`, `updated_at`) VALUES (603, NULL, NULL, 10, 160, 'no', '2024-04-04 06:28:14', NULL);
INSERT INTO `read_notification` (`id`, `student_id`, `parent_id`, `staff_id`, `notification_id`, `is_active`, `created_at`, `updated_at`) VALUES (604, NULL, NULL, 10, 159, 'no', '2024-04-04 06:28:14', NULL);
INSERT INTO `read_notification` (`id`, `student_id`, `parent_id`, `staff_id`, `notification_id`, `is_active`, `created_at`, `updated_at`) VALUES (605, NULL, NULL, 10, 156, 'no', '2024-04-04 06:28:14', NULL);
INSERT INTO `read_notification` (`id`, `student_id`, `parent_id`, `staff_id`, `notification_id`, `is_active`, `created_at`, `updated_at`) VALUES (606, NULL, NULL, 10, 155, 'no', '2024-04-04 06:28:15', NULL);
INSERT INTO `read_notification` (`id`, `student_id`, `parent_id`, `staff_id`, `notification_id`, `is_active`, `created_at`, `updated_at`) VALUES (607, NULL, NULL, 10, 154, 'no', '2024-04-04 06:28:15', NULL);
INSERT INTO `read_notification` (`id`, `student_id`, `parent_id`, `staff_id`, `notification_id`, `is_active`, `created_at`, `updated_at`) VALUES (608, NULL, NULL, 10, 153, 'no', '2024-04-04 06:28:15', NULL);
INSERT INTO `read_notification` (`id`, `student_id`, `parent_id`, `staff_id`, `notification_id`, `is_active`, `created_at`, `updated_at`) VALUES (609, NULL, NULL, 10, 152, 'no', '2024-04-04 06:28:15', NULL);
INSERT INTO `read_notification` (`id`, `student_id`, `parent_id`, `staff_id`, `notification_id`, `is_active`, `created_at`, `updated_at`) VALUES (610, NULL, NULL, 10, 151, 'no', '2024-04-04 06:28:15', NULL);
INSERT INTO `read_notification` (`id`, `student_id`, `parent_id`, `staff_id`, `notification_id`, `is_active`, `created_at`, `updated_at`) VALUES (611, NULL, NULL, 10, 150, 'no', '2024-04-04 06:28:16', NULL);
INSERT INTO `read_notification` (`id`, `student_id`, `parent_id`, `staff_id`, `notification_id`, `is_active`, `created_at`, `updated_at`) VALUES (612, NULL, NULL, 10, 149, 'no', '2024-04-04 06:28:16', NULL);
INSERT INTO `read_notification` (`id`, `student_id`, `parent_id`, `staff_id`, `notification_id`, `is_active`, `created_at`, `updated_at`) VALUES (613, NULL, NULL, 10, 148, 'no', '2024-04-04 06:28:16', NULL);
INSERT INTO `read_notification` (`id`, `student_id`, `parent_id`, `staff_id`, `notification_id`, `is_active`, `created_at`, `updated_at`) VALUES (614, NULL, NULL, 10, 147, 'no', '2024-04-04 06:28:16', NULL);
INSERT INTO `read_notification` (`id`, `student_id`, `parent_id`, `staff_id`, `notification_id`, `is_active`, `created_at`, `updated_at`) VALUES (615, NULL, NULL, 10, 146, 'no', '2024-04-04 06:28:16', NULL);
INSERT INTO `read_notification` (`id`, `student_id`, `parent_id`, `staff_id`, `notification_id`, `is_active`, `created_at`, `updated_at`) VALUES (616, NULL, NULL, 10, 145, 'no', '2024-04-04 06:28:17', NULL);
INSERT INTO `read_notification` (`id`, `student_id`, `parent_id`, `staff_id`, `notification_id`, `is_active`, `created_at`, `updated_at`) VALUES (617, NULL, NULL, 10, 144, 'no', '2024-04-04 06:28:17', NULL);
INSERT INTO `read_notification` (`id`, `student_id`, `parent_id`, `staff_id`, `notification_id`, `is_active`, `created_at`, `updated_at`) VALUES (618, NULL, NULL, 10, 143, 'no', '2024-04-04 06:28:25', NULL);
INSERT INTO `read_notification` (`id`, `student_id`, `parent_id`, `staff_id`, `notification_id`, `is_active`, `created_at`, `updated_at`) VALUES (619, NULL, NULL, 10, 142, 'no', '2024-04-04 06:28:25', NULL);
INSERT INTO `read_notification` (`id`, `student_id`, `parent_id`, `staff_id`, `notification_id`, `is_active`, `created_at`, `updated_at`) VALUES (620, NULL, NULL, 10, 141, 'no', '2024-04-04 06:28:25', NULL);
INSERT INTO `read_notification` (`id`, `student_id`, `parent_id`, `staff_id`, `notification_id`, `is_active`, `created_at`, `updated_at`) VALUES (621, NULL, NULL, 10, 140, 'no', '2024-04-04 06:28:25', NULL);
INSERT INTO `read_notification` (`id`, `student_id`, `parent_id`, `staff_id`, `notification_id`, `is_active`, `created_at`, `updated_at`) VALUES (622, NULL, NULL, 10, 139, 'no', '2024-04-04 06:28:26', NULL);
INSERT INTO `read_notification` (`id`, `student_id`, `parent_id`, `staff_id`, `notification_id`, `is_active`, `created_at`, `updated_at`) VALUES (623, NULL, NULL, 10, 138, 'no', '2024-04-04 06:28:26', NULL);
INSERT INTO `read_notification` (`id`, `student_id`, `parent_id`, `staff_id`, `notification_id`, `is_active`, `created_at`, `updated_at`) VALUES (624, NULL, NULL, 10, 137, 'no', '2024-04-04 06:28:26', NULL);
INSERT INTO `read_notification` (`id`, `student_id`, `parent_id`, `staff_id`, `notification_id`, `is_active`, `created_at`, `updated_at`) VALUES (625, NULL, NULL, 10, 136, 'no', '2024-04-04 06:28:26', NULL);
INSERT INTO `read_notification` (`id`, `student_id`, `parent_id`, `staff_id`, `notification_id`, `is_active`, `created_at`, `updated_at`) VALUES (626, NULL, NULL, 10, 135, 'no', '2024-04-04 06:28:26', NULL);
INSERT INTO `read_notification` (`id`, `student_id`, `parent_id`, `staff_id`, `notification_id`, `is_active`, `created_at`, `updated_at`) VALUES (627, NULL, NULL, 10, 134, 'no', '2024-04-04 06:28:27', NULL);
INSERT INTO `read_notification` (`id`, `student_id`, `parent_id`, `staff_id`, `notification_id`, `is_active`, `created_at`, `updated_at`) VALUES (628, NULL, NULL, 10, 133, 'no', '2024-04-04 06:28:27', NULL);
INSERT INTO `read_notification` (`id`, `student_id`, `parent_id`, `staff_id`, `notification_id`, `is_active`, `created_at`, `updated_at`) VALUES (629, NULL, NULL, 10, 132, 'no', '2024-04-04 06:28:27', NULL);
INSERT INTO `read_notification` (`id`, `student_id`, `parent_id`, `staff_id`, `notification_id`, `is_active`, `created_at`, `updated_at`) VALUES (630, NULL, NULL, 10, 131, 'no', '2024-04-04 06:28:27', NULL);
INSERT INTO `read_notification` (`id`, `student_id`, `parent_id`, `staff_id`, `notification_id`, `is_active`, `created_at`, `updated_at`) VALUES (631, NULL, NULL, 10, 130, 'no', '2024-04-04 06:28:27', NULL);
INSERT INTO `read_notification` (`id`, `student_id`, `parent_id`, `staff_id`, `notification_id`, `is_active`, `created_at`, `updated_at`) VALUES (632, NULL, NULL, 10, 129, 'no', '2024-04-04 06:28:28', NULL);
INSERT INTO `read_notification` (`id`, `student_id`, `parent_id`, `staff_id`, `notification_id`, `is_active`, `created_at`, `updated_at`) VALUES (633, NULL, NULL, 10, 128, 'no', '2024-04-04 06:28:28', NULL);
INSERT INTO `read_notification` (`id`, `student_id`, `parent_id`, `staff_id`, `notification_id`, `is_active`, `created_at`, `updated_at`) VALUES (634, NULL, NULL, 10, 127, 'no', '2024-04-04 06:28:28', NULL);
INSERT INTO `read_notification` (`id`, `student_id`, `parent_id`, `staff_id`, `notification_id`, `is_active`, `created_at`, `updated_at`) VALUES (635, NULL, NULL, 10, 126, 'no', '2024-04-04 06:28:28', NULL);
INSERT INTO `read_notification` (`id`, `student_id`, `parent_id`, `staff_id`, `notification_id`, `is_active`, `created_at`, `updated_at`) VALUES (636, NULL, NULL, 10, 124, 'no', '2024-04-04 06:28:28', NULL);
INSERT INTO `read_notification` (`id`, `student_id`, `parent_id`, `staff_id`, `notification_id`, `is_active`, `created_at`, `updated_at`) VALUES (637, NULL, NULL, 10, 115, 'no', '2024-04-04 06:28:37', NULL);
INSERT INTO `read_notification` (`id`, `student_id`, `parent_id`, `staff_id`, `notification_id`, `is_active`, `created_at`, `updated_at`) VALUES (638, NULL, NULL, 10, 114, 'no', '2024-04-04 06:28:38', NULL);
INSERT INTO `read_notification` (`id`, `student_id`, `parent_id`, `staff_id`, `notification_id`, `is_active`, `created_at`, `updated_at`) VALUES (639, NULL, NULL, 10, 113, 'no', '2024-04-04 06:28:38', NULL);
INSERT INTO `read_notification` (`id`, `student_id`, `parent_id`, `staff_id`, `notification_id`, `is_active`, `created_at`, `updated_at`) VALUES (640, NULL, NULL, 10, 112, 'no', '2024-04-04 06:28:38', NULL);
INSERT INTO `read_notification` (`id`, `student_id`, `parent_id`, `staff_id`, `notification_id`, `is_active`, `created_at`, `updated_at`) VALUES (641, NULL, NULL, 10, 111, 'no', '2024-04-04 06:28:38', NULL);
INSERT INTO `read_notification` (`id`, `student_id`, `parent_id`, `staff_id`, `notification_id`, `is_active`, `created_at`, `updated_at`) VALUES (642, NULL, NULL, 10, 110, 'no', '2024-04-04 06:28:38', NULL);
INSERT INTO `read_notification` (`id`, `student_id`, `parent_id`, `staff_id`, `notification_id`, `is_active`, `created_at`, `updated_at`) VALUES (643, NULL, NULL, 10, 109, 'no', '2024-04-04 06:28:38', NULL);
INSERT INTO `read_notification` (`id`, `student_id`, `parent_id`, `staff_id`, `notification_id`, `is_active`, `created_at`, `updated_at`) VALUES (644, NULL, NULL, 10, 108, 'no', '2024-04-04 06:28:39', NULL);
INSERT INTO `read_notification` (`id`, `student_id`, `parent_id`, `staff_id`, `notification_id`, `is_active`, `created_at`, `updated_at`) VALUES (645, NULL, NULL, 10, 107, 'no', '2024-04-04 06:28:39', NULL);
INSERT INTO `read_notification` (`id`, `student_id`, `parent_id`, `staff_id`, `notification_id`, `is_active`, `created_at`, `updated_at`) VALUES (646, NULL, NULL, 10, 106, 'no', '2024-04-04 06:28:39', NULL);
INSERT INTO `read_notification` (`id`, `student_id`, `parent_id`, `staff_id`, `notification_id`, `is_active`, `created_at`, `updated_at`) VALUES (647, NULL, NULL, 10, 105, 'no', '2024-04-04 06:28:39', NULL);
INSERT INTO `read_notification` (`id`, `student_id`, `parent_id`, `staff_id`, `notification_id`, `is_active`, `created_at`, `updated_at`) VALUES (648, NULL, NULL, 10, 104, 'no', '2024-04-04 06:28:39', NULL);
INSERT INTO `read_notification` (`id`, `student_id`, `parent_id`, `staff_id`, `notification_id`, `is_active`, `created_at`, `updated_at`) VALUES (649, NULL, NULL, 10, 103, 'no', '2024-04-04 06:28:40', NULL);
INSERT INTO `read_notification` (`id`, `student_id`, `parent_id`, `staff_id`, `notification_id`, `is_active`, `created_at`, `updated_at`) VALUES (650, NULL, NULL, 10, 102, 'no', '2024-04-04 06:28:40', NULL);
INSERT INTO `read_notification` (`id`, `student_id`, `parent_id`, `staff_id`, `notification_id`, `is_active`, `created_at`, `updated_at`) VALUES (651, NULL, NULL, 10, 79, 'no', '2024-04-04 06:28:40', NULL);
INSERT INTO `read_notification` (`id`, `student_id`, `parent_id`, `staff_id`, `notification_id`, `is_active`, `created_at`, `updated_at`) VALUES (652, NULL, NULL, 10, 78, 'no', '2024-04-04 06:28:40', NULL);
INSERT INTO `read_notification` (`id`, `student_id`, `parent_id`, `staff_id`, `notification_id`, `is_active`, `created_at`, `updated_at`) VALUES (653, NULL, NULL, 10, 75, 'no', '2024-04-04 06:28:40', NULL);
INSERT INTO `read_notification` (`id`, `student_id`, `parent_id`, `staff_id`, `notification_id`, `is_active`, `created_at`, `updated_at`) VALUES (654, NULL, NULL, 10, 74, 'no', '2024-04-04 06:28:41', NULL);
INSERT INTO `read_notification` (`id`, `student_id`, `parent_id`, `staff_id`, `notification_id`, `is_active`, `created_at`, `updated_at`) VALUES (655, NULL, NULL, 10, 70, 'no', '2024-04-04 06:28:41', NULL);
INSERT INTO `read_notification` (`id`, `student_id`, `parent_id`, `staff_id`, `notification_id`, `is_active`, `created_at`, `updated_at`) VALUES (656, NULL, NULL, 10, 68, 'no', '2024-04-04 06:28:41', NULL);
INSERT INTO `read_notification` (`id`, `student_id`, `parent_id`, `staff_id`, `notification_id`, `is_active`, `created_at`, `updated_at`) VALUES (657, NULL, NULL, 10, 67, 'no', '2024-04-04 06:28:41', NULL);
INSERT INTO `read_notification` (`id`, `student_id`, `parent_id`, `staff_id`, `notification_id`, `is_active`, `created_at`, `updated_at`) VALUES (658, NULL, NULL, 10, 64, 'no', '2024-04-04 06:28:42', NULL);
INSERT INTO `read_notification` (`id`, `student_id`, `parent_id`, `staff_id`, `notification_id`, `is_active`, `created_at`, `updated_at`) VALUES (659, NULL, NULL, 10, 62, 'no', '2024-04-04 06:28:42', NULL);
INSERT INTO `read_notification` (`id`, `student_id`, `parent_id`, `staff_id`, `notification_id`, `is_active`, `created_at`, `updated_at`) VALUES (660, NULL, NULL, 10, 61, 'no', '2024-04-04 06:28:42', NULL);
INSERT INTO `read_notification` (`id`, `student_id`, `parent_id`, `staff_id`, `notification_id`, `is_active`, `created_at`, `updated_at`) VALUES (661, NULL, NULL, 10, 53, 'no', '2024-04-04 06:28:49', NULL);
INSERT INTO `read_notification` (`id`, `student_id`, `parent_id`, `staff_id`, `notification_id`, `is_active`, `created_at`, `updated_at`) VALUES (662, NULL, NULL, 10, 49, 'no', '2024-04-04 06:28:49', NULL);
INSERT INTO `read_notification` (`id`, `student_id`, `parent_id`, `staff_id`, `notification_id`, `is_active`, `created_at`, `updated_at`) VALUES (663, NULL, NULL, 10, 48, 'no', '2024-04-04 06:28:49', NULL);
INSERT INTO `read_notification` (`id`, `student_id`, `parent_id`, `staff_id`, `notification_id`, `is_active`, `created_at`, `updated_at`) VALUES (664, NULL, NULL, 10, 46, 'no', '2024-04-04 06:28:50', NULL);
INSERT INTO `read_notification` (`id`, `student_id`, `parent_id`, `staff_id`, `notification_id`, `is_active`, `created_at`, `updated_at`) VALUES (665, NULL, NULL, 10, 44, 'no', '2024-04-04 06:28:50', NULL);
INSERT INTO `read_notification` (`id`, `student_id`, `parent_id`, `staff_id`, `notification_id`, `is_active`, `created_at`, `updated_at`) VALUES (666, NULL, NULL, 10, 38, 'no', '2024-04-04 06:28:50', NULL);
INSERT INTO `read_notification` (`id`, `student_id`, `parent_id`, `staff_id`, `notification_id`, `is_active`, `created_at`, `updated_at`) VALUES (667, NULL, NULL, 10, 167, 'no', '2024-04-04 06:28:56', NULL);
INSERT INTO `read_notification` (`id`, `student_id`, `parent_id`, `staff_id`, `notification_id`, `is_active`, `created_at`, `updated_at`) VALUES (668, NULL, NULL, 10, 165, 'no', '2024-04-04 06:28:56', NULL);
INSERT INTO `read_notification` (`id`, `student_id`, `parent_id`, `staff_id`, `notification_id`, `is_active`, `created_at`, `updated_at`) VALUES (669, NULL, NULL, 10, 164, 'no', '2024-04-04 06:28:56', NULL);
INSERT INTO `read_notification` (`id`, `student_id`, `parent_id`, `staff_id`, `notification_id`, `is_active`, `created_at`, `updated_at`) VALUES (670, NULL, NULL, 10, 123, 'no', '2024-04-04 06:28:57', NULL);
INSERT INTO `read_notification` (`id`, `student_id`, `parent_id`, `staff_id`, `notification_id`, `is_active`, `created_at`, `updated_at`) VALUES (671, NULL, NULL, 10, 122, 'no', '2024-04-04 06:28:57', NULL);
INSERT INTO `read_notification` (`id`, `student_id`, `parent_id`, `staff_id`, `notification_id`, `is_active`, `created_at`, `updated_at`) VALUES (672, NULL, NULL, 10, 121, 'no', '2024-04-04 06:28:57', NULL);
INSERT INTO `read_notification` (`id`, `student_id`, `parent_id`, `staff_id`, `notification_id`, `is_active`, `created_at`, `updated_at`) VALUES (673, NULL, NULL, 10, 120, 'no', '2024-04-04 06:28:57', NULL);
INSERT INTO `read_notification` (`id`, `student_id`, `parent_id`, `staff_id`, `notification_id`, `is_active`, `created_at`, `updated_at`) VALUES (674, NULL, NULL, 10, 117, 'no', '2024-04-04 06:28:57', NULL);
INSERT INTO `read_notification` (`id`, `student_id`, `parent_id`, `staff_id`, `notification_id`, `is_active`, `created_at`, `updated_at`) VALUES (675, NULL, NULL, 10, 116, 'no', '2024-04-04 06:28:58', NULL);
INSERT INTO `read_notification` (`id`, `student_id`, `parent_id`, `staff_id`, `notification_id`, `is_active`, `created_at`, `updated_at`) VALUES (676, NULL, NULL, 10, 171, 'no', '2024-04-04 06:29:04', NULL);
INSERT INTO `read_notification` (`id`, `student_id`, `parent_id`, `staff_id`, `notification_id`, `is_active`, `created_at`, `updated_at`) VALUES (677, NULL, NULL, 10, 170, 'no', '2024-04-04 06:29:04', NULL);
INSERT INTO `read_notification` (`id`, `student_id`, `parent_id`, `staff_id`, `notification_id`, `is_active`, `created_at`, `updated_at`) VALUES (678, NULL, NULL, 10, 169, 'no', '2024-04-04 06:29:04', NULL);
INSERT INTO `read_notification` (`id`, `student_id`, `parent_id`, `staff_id`, `notification_id`, `is_active`, `created_at`, `updated_at`) VALUES (679, NULL, NULL, 10, 168, 'no', '2024-04-04 06:29:04', NULL);
INSERT INTO `read_notification` (`id`, `student_id`, `parent_id`, `staff_id`, `notification_id`, `is_active`, `created_at`, `updated_at`) VALUES (680, NULL, NULL, 10, 175, 'no', '2024-04-04 06:29:10', NULL);
INSERT INTO `read_notification` (`id`, `student_id`, `parent_id`, `staff_id`, `notification_id`, `is_active`, `created_at`, `updated_at`) VALUES (681, NULL, NULL, 10, 174, 'no', '2024-04-04 06:29:10', NULL);
INSERT INTO `read_notification` (`id`, `student_id`, `parent_id`, `staff_id`, `notification_id`, `is_active`, `created_at`, `updated_at`) VALUES (682, NULL, NULL, 10, 173, 'no', '2024-04-04 06:29:10', NULL);
INSERT INTO `read_notification` (`id`, `student_id`, `parent_id`, `staff_id`, `notification_id`, `is_active`, `created_at`, `updated_at`) VALUES (683, NULL, NULL, 10, 172, 'no', '2024-04-04 06:29:10', NULL);
INSERT INTO `read_notification` (`id`, `student_id`, `parent_id`, `staff_id`, `notification_id`, `is_active`, `created_at`, `updated_at`) VALUES (684, NULL, NULL, 10, 177, 'no', '2024-04-04 06:29:17', NULL);
INSERT INTO `read_notification` (`id`, `student_id`, `parent_id`, `staff_id`, `notification_id`, `is_active`, `created_at`, `updated_at`) VALUES (685, NULL, NULL, 10, 176, 'no', '2024-04-04 06:29:18', NULL);
INSERT INTO `read_notification` (`id`, `student_id`, `parent_id`, `staff_id`, `notification_id`, `is_active`, `created_at`, `updated_at`) VALUES (686, NULL, NULL, 4, 179, 'no', '2024-04-04 10:48:17', NULL);
INSERT INTO `read_notification` (`id`, `student_id`, `parent_id`, `staff_id`, `notification_id`, `is_active`, `created_at`, `updated_at`) VALUES (687, NULL, NULL, 4, 168, 'no', '2024-04-04 10:48:29', NULL);


#
# TABLE STRUCTURE FOR: reference
#


CREATE TABLE `reference` (
  `id` int NOT NULL AUTO_INCREMENT,
  `reference` varchar(100) NOT NULL,
  `description` text NOT NULL,
  PRIMARY KEY (`id`)
) ENGINE=InnoDB AUTO_INCREMENT=7 DEFAULT CHARSET=utf8mb3;

INSERT INTO `reference` (`id`, `reference`, `description`) VALUES (1, 'Staff', '');
INSERT INTO `reference` (`id`, `reference`, `description`) VALUES (2, 'Parent', '');
INSERT INTO `reference` (`id`, `reference`, `description`) VALUES (3, 'Student', '');
INSERT INTO `reference` (`id`, `reference`, `description`) VALUES (4, 'Lower Wing', '');
INSERT INTO `reference` (`id`, `reference`, `description`) VALUES (5, 'Partner School', '');
INSERT INTO `reference` (`id`, `reference`, `description`) VALUES (6, 'Self', '');


#
# TABLE STRUCTURE FOR: roles
#


CREATE TABLE `roles` (
  `id` int NOT NULL AUTO_INCREMENT,
  `name` varchar(100) DEFAULT NULL,
  `slug` varchar(150) DEFAULT NULL,
  `is_active` int DEFAULT '0',
  `is_system` int NOT NULL DEFAULT '0',
  `is_superadmin` int NOT NULL DEFAULT '0',
  `created_at` timestamp NOT NULL DEFAULT CURRENT_TIMESTAMP ON UPDATE CURRENT_TIMESTAMP,
  `updated_at` date DEFAULT NULL,
  PRIMARY KEY (`id`)
) ENGINE=InnoDB AUTO_INCREMENT=8 DEFAULT CHARSET=utf8mb3;

INSERT INTO `roles` (`id`, `name`, `slug`, `is_active`, `is_system`, `is_superadmin`, `created_at`, `updated_at`) VALUES (1, 'Admin', NULL, 0, 1, 0, '2018-06-30 15:39:11', '0000-00-00');
INSERT INTO `roles` (`id`, `name`, `slug`, `is_active`, `is_system`, `is_superadmin`, `created_at`, `updated_at`) VALUES (2, 'Teacher', NULL, 0, 1, 0, '2018-06-30 15:39:14', '0000-00-00');
INSERT INTO `roles` (`id`, `name`, `slug`, `is_active`, `is_system`, `is_superadmin`, `created_at`, `updated_at`) VALUES (3, 'Accountant', NULL, 0, 1, 0, '2018-06-30 15:39:17', '0000-00-00');
INSERT INTO `roles` (`id`, `name`, `slug`, `is_active`, `is_system`, `is_superadmin`, `created_at`, `updated_at`) VALUES (4, 'Librarian', NULL, 0, 1, 0, '2018-06-30 15:39:21', '0000-00-00');
INSERT INTO `roles` (`id`, `name`, `slug`, `is_active`, `is_system`, `is_superadmin`, `created_at`, `updated_at`) VALUES (6, 'Receptionist', NULL, 0, 1, 0, '2018-07-02 05:39:03', '0000-00-00');
INSERT INTO `roles` (`id`, `name`, `slug`, `is_active`, `is_system`, `is_superadmin`, `created_at`, `updated_at`) VALUES (7, 'Super Admin', NULL, 0, 1, 1, '2018-07-11 14:11:29', '0000-00-00');


#
# TABLE STRUCTURE FOR: roles_permissions
#


CREATE TABLE `roles_permissions` (
  `id` int NOT NULL AUTO_INCREMENT,
  `role_id` int DEFAULT NULL,
  `perm_cat_id` int DEFAULT NULL,
  `can_view` int DEFAULT NULL,
  `can_add` int DEFAULT NULL,
  `can_edit` int DEFAULT NULL,
  `can_delete` int DEFAULT NULL,
  `created_at` timestamp NOT NULL DEFAULT CURRENT_TIMESTAMP ON UPDATE CURRENT_TIMESTAMP,
  PRIMARY KEY (`id`),
  KEY `role_id` (`role_id`),
  KEY `perm_cat_id` (`perm_cat_id`),
  CONSTRAINT `roles_permissions_ibfk_1` FOREIGN KEY (`role_id`) REFERENCES `roles` (`id`) ON DELETE CASCADE,
  CONSTRAINT `roles_permissions_ibfk_2` FOREIGN KEY (`perm_cat_id`) REFERENCES `permission_category` (`id`) ON DELETE CASCADE
) ENGINE=InnoDB AUTO_INCREMENT=1672 DEFAULT CHARSET=utf8mb3;

INSERT INTO `roles_permissions` (`id`, `role_id`, `perm_cat_id`, `can_view`, `can_add`, `can_edit`, `can_delete`, `created_at`) VALUES (11, 1, 78, 1, 1, 1, 1, '2018-07-03 00:49:43');
INSERT INTO `roles_permissions` (`id`, `role_id`, `perm_cat_id`, `can_view`, `can_add`, `can_edit`, `can_delete`, `created_at`) VALUES (23, 1, 12, 1, 1, 1, 1, '2018-07-06 09:45:38');
INSERT INTO `roles_permissions` (`id`, `role_id`, `perm_cat_id`, `can_view`, `can_add`, `can_edit`, `can_delete`, `created_at`) VALUES (24, 1, 13, 1, 1, 1, 1, '2018-07-06 09:48:28');
INSERT INTO `roles_permissions` (`id`, `role_id`, `perm_cat_id`, `can_view`, `can_add`, `can_edit`, `can_delete`, `created_at`) VALUES (26, 1, 15, 1, 1, 1, 0, '2019-11-27 23:47:28');
INSERT INTO `roles_permissions` (`id`, `role_id`, `perm_cat_id`, `can_view`, `can_add`, `can_edit`, `can_delete`, `created_at`) VALUES (31, 1, 21, 1, 1, 1, 0, '2021-08-05 06:01:14');
INSERT INTO `roles_permissions` (`id`, `role_id`, `perm_cat_id`, `can_view`, `can_add`, `can_edit`, `can_delete`, `created_at`) VALUES (34, 1, 24, 1, 1, 1, 1, '2019-11-28 06:35:20');
INSERT INTO `roles_permissions` (`id`, `role_id`, `perm_cat_id`, `can_view`, `can_add`, `can_edit`, `can_delete`, `created_at`) VALUES (43, 1, 32, 1, 1, 1, 1, '2018-07-06 10:22:05');
INSERT INTO `roles_permissions` (`id`, `role_id`, `perm_cat_id`, `can_view`, `can_add`, `can_edit`, `can_delete`, `created_at`) VALUES (44, 1, 33, 1, 1, 1, 1, '2018-07-06 10:22:29');
INSERT INTO `roles_permissions` (`id`, `role_id`, `perm_cat_id`, `can_view`, `can_add`, `can_edit`, `can_delete`, `created_at`) VALUES (45, 1, 34, 1, 1, 1, 1, '2018-07-06 10:23:59');
INSERT INTO `roles_permissions` (`id`, `role_id`, `perm_cat_id`, `can_view`, `can_add`, `can_edit`, `can_delete`, `created_at`) VALUES (46, 1, 35, 1, 1, 1, 1, '2018-07-06 10:24:34');
INSERT INTO `roles_permissions` (`id`, `role_id`, `perm_cat_id`, `can_view`, `can_add`, `can_edit`, `can_delete`, `created_at`) VALUES (47, 1, 104, 1, 1, 1, 1, '2018-07-06 10:23:08');
INSERT INTO `roles_permissions` (`id`, `role_id`, `perm_cat_id`, `can_view`, `can_add`, `can_edit`, `can_delete`, `created_at`) VALUES (48, 1, 37, 1, 1, 1, 1, '2018-07-06 10:25:30');
INSERT INTO `roles_permissions` (`id`, `role_id`, `perm_cat_id`, `can_view`, `can_add`, `can_edit`, `can_delete`, `created_at`) VALUES (49, 1, 38, 1, 1, 1, 1, '2018-07-09 05:15:27');
INSERT INTO `roles_permissions` (`id`, `role_id`, `perm_cat_id`, `can_view`, `can_add`, `can_edit`, `can_delete`, `created_at`) VALUES (61, 1, 55, 1, 1, 1, 1, '2018-07-02 09:24:16');
INSERT INTO `roles_permissions` (`id`, `role_id`, `perm_cat_id`, `can_view`, `can_add`, `can_edit`, `can_delete`, `created_at`) VALUES (67, 1, 61, 1, 1, 0, 1, '2018-07-09 05:59:19');
INSERT INTO `roles_permissions` (`id`, `role_id`, `perm_cat_id`, `can_view`, `can_add`, `can_edit`, `can_delete`, `created_at`) VALUES (68, 1, 62, 1, 1, 0, 1, '2018-07-09 05:59:19');
INSERT INTO `roles_permissions` (`id`, `role_id`, `perm_cat_id`, `can_view`, `can_add`, `can_edit`, `can_delete`, `created_at`) VALUES (69, 1, 63, 1, 1, 0, 1, '2018-07-09 03:51:38');
INSERT INTO `roles_permissions` (`id`, `role_id`, `perm_cat_id`, `can_view`, `can_add`, `can_edit`, `can_delete`, `created_at`) VALUES (70, 1, 64, 1, 1, 1, 1, '2018-07-09 03:02:19');
INSERT INTO `roles_permissions` (`id`, `role_id`, `perm_cat_id`, `can_view`, `can_add`, `can_edit`, `can_delete`, `created_at`) VALUES (71, 1, 65, 1, 1, 1, 1, '2018-07-09 03:11:21');
INSERT INTO `roles_permissions` (`id`, `role_id`, `perm_cat_id`, `can_view`, `can_add`, `can_edit`, `can_delete`, `created_at`) VALUES (72, 1, 66, 1, 1, 1, 1, '2018-07-09 03:13:09');
INSERT INTO `roles_permissions` (`id`, `role_id`, `perm_cat_id`, `can_view`, `can_add`, `can_edit`, `can_delete`, `created_at`) VALUES (73, 1, 67, 1, 1, 1, 1, '2018-07-09 03:14:47');
INSERT INTO `roles_permissions` (`id`, `role_id`, `perm_cat_id`, `can_view`, `can_add`, `can_edit`, `can_delete`, `created_at`) VALUES (74, 1, 79, 1, 1, 0, 1, '2019-11-30 01:32:51');
INSERT INTO `roles_permissions` (`id`, `role_id`, `perm_cat_id`, `can_view`, `can_add`, `can_edit`, `can_delete`, `created_at`) VALUES (75, 1, 80, 1, 1, 1, 1, '2018-07-06 09:41:23');
INSERT INTO `roles_permissions` (`id`, `role_id`, `perm_cat_id`, `can_view`, `can_add`, `can_edit`, `can_delete`, `created_at`) VALUES (76, 1, 81, 1, 1, 1, 1, '2018-07-06 09:41:23');
INSERT INTO `roles_permissions` (`id`, `role_id`, `perm_cat_id`, `can_view`, `can_add`, `can_edit`, `can_delete`, `created_at`) VALUES (78, 1, 83, 1, 1, 1, 1, '2018-07-06 09:41:23');
INSERT INTO `roles_permissions` (`id`, `role_id`, `perm_cat_id`, `can_view`, `can_add`, `can_edit`, `can_delete`, `created_at`) VALUES (79, 1, 84, 1, 1, 1, 1, '2018-07-06 09:41:23');
INSERT INTO `roles_permissions` (`id`, `role_id`, `perm_cat_id`, `can_view`, `can_add`, `can_edit`, `can_delete`, `created_at`) VALUES (80, 1, 85, 1, 1, 1, 1, '2018-07-12 00:16:00');
INSERT INTO `roles_permissions` (`id`, `role_id`, `perm_cat_id`, `can_view`, `can_add`, `can_edit`, `can_delete`, `created_at`) VALUES (94, 1, 82, 1, 1, 1, 1, '2018-07-06 09:41:23');
INSERT INTO `roles_permissions` (`id`, `role_id`, `perm_cat_id`, `can_view`, `can_add`, `can_edit`, `can_delete`, `created_at`) VALUES (120, 1, 39, 1, 1, 1, 1, '2018-07-06 10:26:28');
INSERT INTO `roles_permissions` (`id`, `role_id`, `perm_cat_id`, `can_view`, `can_add`, `can_edit`, `can_delete`, `created_at`) VALUES (156, 1, 9, 1, 1, 1, 1, '2019-11-27 23:45:46');
INSERT INTO `roles_permissions` (`id`, `role_id`, `perm_cat_id`, `can_view`, `can_add`, `can_edit`, `can_delete`, `created_at`) VALUES (157, 1, 10, 1, 1, 1, 1, '2019-11-27 23:45:46');
INSERT INTO `roles_permissions` (`id`, `role_id`, `perm_cat_id`, `can_view`, `can_add`, `can_edit`, `can_delete`, `created_at`) VALUES (159, 1, 40, 1, 1, 1, 1, '2019-11-30 00:49:39');
INSERT INTO `roles_permissions` (`id`, `role_id`, `perm_cat_id`, `can_view`, `can_add`, `can_edit`, `can_delete`, `created_at`) VALUES (160, 1, 41, 1, 1, 1, 1, '2019-12-02 05:43:41');
INSERT INTO `roles_permissions` (`id`, `role_id`, `perm_cat_id`, `can_view`, `can_add`, `can_edit`, `can_delete`, `created_at`) VALUES (161, 1, 42, 1, 1, 1, 1, '2019-11-30 00:49:39');
INSERT INTO `roles_permissions` (`id`, `role_id`, `perm_cat_id`, `can_view`, `can_add`, `can_edit`, `can_delete`, `created_at`) VALUES (169, 1, 27, 1, 1, 0, 1, '2019-11-29 06:15:37');
INSERT INTO `roles_permissions` (`id`, `role_id`, `perm_cat_id`, `can_view`, `can_add`, `can_edit`, `can_delete`, `created_at`) VALUES (178, 1, 54, 1, 0, 1, 0, '2018-07-05 09:09:22');
INSERT INTO `roles_permissions` (`id`, `role_id`, `perm_cat_id`, `can_view`, `can_add`, `can_edit`, `can_delete`, `created_at`) VALUES (179, 1, 56, 1, 0, 1, 0, '2019-11-30 00:49:54');
INSERT INTO `roles_permissions` (`id`, `role_id`, `perm_cat_id`, `can_view`, `can_add`, `can_edit`, `can_delete`, `created_at`) VALUES (180, 1, 57, 1, 0, 1, 0, '2019-11-30 01:32:51');
INSERT INTO `roles_permissions` (`id`, `role_id`, `perm_cat_id`, `can_view`, `can_add`, `can_edit`, `can_delete`, `created_at`) VALUES (181, 1, 58, 1, 0, 1, 0, '2019-11-30 01:32:51');
INSERT INTO `roles_permissions` (`id`, `role_id`, `perm_cat_id`, `can_view`, `can_add`, `can_edit`, `can_delete`, `created_at`) VALUES (182, 1, 59, 1, 0, 1, 0, '2019-11-30 01:32:51');
INSERT INTO `roles_permissions` (`id`, `role_id`, `perm_cat_id`, `can_view`, `can_add`, `can_edit`, `can_delete`, `created_at`) VALUES (183, 1, 60, 1, 0, 1, 0, '2019-11-30 00:59:57');
INSERT INTO `roles_permissions` (`id`, `role_id`, `perm_cat_id`, `can_view`, `can_add`, `can_edit`, `can_delete`, `created_at`) VALUES (201, 1, 14, 1, 0, 0, 0, '2018-07-02 11:22:03');
INSERT INTO `roles_permissions` (`id`, `role_id`, `perm_cat_id`, `can_view`, `can_add`, `can_edit`, `can_delete`, `created_at`) VALUES (204, 1, 26, 1, 0, 0, 0, '2018-07-02 11:32:05');
INSERT INTO `roles_permissions` (`id`, `role_id`, `perm_cat_id`, `can_view`, `can_add`, `can_edit`, `can_delete`, `created_at`) VALUES (206, 1, 29, 1, 0, 0, 0, '2018-07-02 11:43:54');
INSERT INTO `roles_permissions` (`id`, `role_id`, `perm_cat_id`, `can_view`, `can_add`, `can_edit`, `can_delete`, `created_at`) VALUES (207, 1, 30, 1, 0, 0, 0, '2018-07-02 11:43:54');
INSERT INTO `roles_permissions` (`id`, `role_id`, `perm_cat_id`, `can_view`, `can_add`, `can_edit`, `can_delete`, `created_at`) VALUES (208, 1, 31, 1, 1, 1, 1, '2019-11-30 01:32:51');
INSERT INTO `roles_permissions` (`id`, `role_id`, `perm_cat_id`, `can_view`, `can_add`, `can_edit`, `can_delete`, `created_at`) VALUES (222, 1, 1, 1, 1, 1, 1, '2019-11-27 22:55:06');
INSERT INTO `roles_permissions` (`id`, `role_id`, `perm_cat_id`, `can_view`, `can_add`, `can_edit`, `can_delete`, `created_at`) VALUES (307, 1, 126, 1, 0, 0, 0, '2018-07-03 09:26:13');
INSERT INTO `roles_permissions` (`id`, `role_id`, `perm_cat_id`, `can_view`, `can_add`, `can_edit`, `can_delete`, `created_at`) VALUES (315, 1, 123, 1, 0, 0, 0, '2018-07-03 10:27:03');
INSERT INTO `roles_permissions` (`id`, `role_id`, `perm_cat_id`, `can_view`, `can_add`, `can_edit`, `can_delete`, `created_at`) VALUES (369, 1, 102, 1, 1, 1, 1, '2019-12-02 05:02:15');
INSERT INTO `roles_permissions` (`id`, `role_id`, `perm_cat_id`, `can_view`, `can_add`, `can_edit`, `can_delete`, `created_at`) VALUES (435, 1, 96, 1, 1, 1, 1, '2018-07-09 01:03:54');
INSERT INTO `roles_permissions` (`id`, `role_id`, `perm_cat_id`, `can_view`, `can_add`, `can_edit`, `can_delete`, `created_at`) VALUES (461, 1, 97, 1, 0, 0, 0, '2018-07-09 01:00:16');
INSERT INTO `roles_permissions` (`id`, `role_id`, `perm_cat_id`, `can_view`, `can_add`, `can_edit`, `can_delete`, `created_at`) VALUES (464, 1, 86, 1, 1, 1, 1, '2019-11-28 06:39:19');
INSERT INTO `roles_permissions` (`id`, `role_id`, `perm_cat_id`, `can_view`, `can_add`, `can_edit`, `can_delete`, `created_at`) VALUES (474, 1, 130, 1, 1, 0, 1, '2018-07-09 10:56:36');
INSERT INTO `roles_permissions` (`id`, `role_id`, `perm_cat_id`, `can_view`, `can_add`, `can_edit`, `can_delete`, `created_at`) VALUES (476, 1, 131, 1, 0, 0, 0, '2018-07-09 04:53:32');
INSERT INTO `roles_permissions` (`id`, `role_id`, `perm_cat_id`, `can_view`, `can_add`, `can_edit`, `can_delete`, `created_at`) VALUES (557, 6, 82, 1, 1, 1, 1, '2019-12-01 01:48:28');
INSERT INTO `roles_permissions` (`id`, `role_id`, `perm_cat_id`, `can_view`, `can_add`, `can_edit`, `can_delete`, `created_at`) VALUES (558, 6, 83, 1, 1, 1, 1, '2019-12-01 01:49:08');
INSERT INTO `roles_permissions` (`id`, `role_id`, `perm_cat_id`, `can_view`, `can_add`, `can_edit`, `can_delete`, `created_at`) VALUES (559, 6, 84, 1, 1, 1, 1, '2019-12-01 01:49:59');
INSERT INTO `roles_permissions` (`id`, `role_id`, `perm_cat_id`, `can_view`, `can_add`, `can_edit`, `can_delete`, `created_at`) VALUES (575, 6, 44, 1, 0, 0, 0, '2018-07-10 07:35:33');
INSERT INTO `roles_permissions` (`id`, `role_id`, `perm_cat_id`, `can_view`, `can_add`, `can_edit`, `can_delete`, `created_at`) VALUES (576, 6, 46, 1, 0, 0, 0, '2018-07-10 07:35:33');
INSERT INTO `roles_permissions` (`id`, `role_id`, `perm_cat_id`, `can_view`, `can_add`, `can_edit`, `can_delete`, `created_at`) VALUES (578, 6, 102, 1, 1, 1, 1, '2019-12-01 01:52:27');
INSERT INTO `roles_permissions` (`id`, `role_id`, `perm_cat_id`, `can_view`, `can_add`, `can_edit`, `can_delete`, `created_at`) VALUES (625, 1, 28, 1, 1, 1, 1, '2019-11-29 06:19:18');
INSERT INTO `roles_permissions` (`id`, `role_id`, `perm_cat_id`, `can_view`, `can_add`, `can_edit`, `can_delete`, `created_at`) VALUES (634, 4, 102, 1, 1, 1, 1, '2019-12-01 01:03:00');
INSERT INTO `roles_permissions` (`id`, `role_id`, `perm_cat_id`, `can_view`, `can_add`, `can_edit`, `can_delete`, `created_at`) VALUES (669, 1, 145, 1, 0, 0, 0, '2019-11-26 04:51:15');
INSERT INTO `roles_permissions` (`id`, `role_id`, `perm_cat_id`, `can_view`, `can_add`, `can_edit`, `can_delete`, `created_at`) VALUES (677, 1, 153, 1, 0, 0, 0, '2019-11-01 02:28:24');
INSERT INTO `roles_permissions` (`id`, `role_id`, `perm_cat_id`, `can_view`, `can_add`, `can_edit`, `can_delete`, `created_at`) VALUES (720, 1, 216, 1, 0, 0, 0, '2019-11-26 05:24:12');
INSERT INTO `roles_permissions` (`id`, `role_id`, `perm_cat_id`, `can_view`, `can_add`, `can_edit`, `can_delete`, `created_at`) VALUES (728, 1, 185, 1, 1, 1, 1, '2019-11-28 02:50:33');
INSERT INTO `roles_permissions` (`id`, `role_id`, `perm_cat_id`, `can_view`, `can_add`, `can_edit`, `can_delete`, `created_at`) VALUES (729, 1, 186, 1, 1, 1, 1, '2019-11-28 02:49:07');
INSERT INTO `roles_permissions` (`id`, `role_id`, `perm_cat_id`, `can_view`, `can_add`, `can_edit`, `can_delete`, `created_at`) VALUES (730, 1, 214, 1, 0, 1, 0, '2019-11-28 01:47:53');
INSERT INTO `roles_permissions` (`id`, `role_id`, `perm_cat_id`, `can_view`, `can_add`, `can_edit`, `can_delete`, `created_at`) VALUES (732, 1, 198, 1, 0, 0, 0, '2019-11-26 05:24:30');
INSERT INTO `roles_permissions` (`id`, `role_id`, `perm_cat_id`, `can_view`, `can_add`, `can_edit`, `can_delete`, `created_at`) VALUES (734, 1, 200, 1, 0, 0, 0, '2019-11-26 05:24:30');
INSERT INTO `roles_permissions` (`id`, `role_id`, `perm_cat_id`, `can_view`, `can_add`, `can_edit`, `can_delete`, `created_at`) VALUES (735, 1, 201, 1, 0, 0, 0, '2019-11-26 05:24:30');
INSERT INTO `roles_permissions` (`id`, `role_id`, `perm_cat_id`, `can_view`, `can_add`, `can_edit`, `can_delete`, `created_at`) VALUES (736, 1, 202, 1, 0, 0, 0, '2019-11-26 05:24:30');
INSERT INTO `roles_permissions` (`id`, `role_id`, `perm_cat_id`, `can_view`, `can_add`, `can_edit`, `can_delete`, `created_at`) VALUES (737, 1, 203, 1, 0, 0, 0, '2019-11-26 05:24:30');
INSERT INTO `roles_permissions` (`id`, `role_id`, `perm_cat_id`, `can_view`, `can_add`, `can_edit`, `can_delete`, `created_at`) VALUES (747, 1, 2, 1, 0, 0, 0, '2019-11-27 22:56:08');
INSERT INTO `roles_permissions` (`id`, `role_id`, `perm_cat_id`, `can_view`, `can_add`, `can_edit`, `can_delete`, `created_at`) VALUES (748, 1, 3, 1, 1, 1, 1, '2019-11-27 22:56:32');
INSERT INTO `roles_permissions` (`id`, `role_id`, `perm_cat_id`, `can_view`, `can_add`, `can_edit`, `can_delete`, `created_at`) VALUES (749, 1, 4, 1, 1, 1, 1, '2019-11-27 22:56:48');
INSERT INTO `roles_permissions` (`id`, `role_id`, `perm_cat_id`, `can_view`, `can_add`, `can_edit`, `can_delete`, `created_at`) VALUES (751, 1, 128, 0, 1, 0, 1, '2019-11-27 22:57:01');
INSERT INTO `roles_permissions` (`id`, `role_id`, `perm_cat_id`, `can_view`, `can_add`, `can_edit`, `can_delete`, `created_at`) VALUES (754, 1, 134, 1, 1, 1, 1, '2019-11-27 23:18:21');
INSERT INTO `roles_permissions` (`id`, `role_id`, `perm_cat_id`, `can_view`, `can_add`, `can_edit`, `can_delete`, `created_at`) VALUES (755, 1, 5, 1, 1, 0, 1, '2019-11-27 23:35:07');
INSERT INTO `roles_permissions` (`id`, `role_id`, `perm_cat_id`, `can_view`, `can_add`, `can_edit`, `can_delete`, `created_at`) VALUES (756, 1, 6, 1, 0, 0, 0, '2019-11-27 23:35:25');
INSERT INTO `roles_permissions` (`id`, `role_id`, `perm_cat_id`, `can_view`, `can_add`, `can_edit`, `can_delete`, `created_at`) VALUES (757, 1, 7, 1, 1, 1, 1, '2019-11-27 23:36:35');
INSERT INTO `roles_permissions` (`id`, `role_id`, `perm_cat_id`, `can_view`, `can_add`, `can_edit`, `can_delete`, `created_at`) VALUES (758, 1, 8, 1, 1, 1, 1, '2019-11-27 23:37:27');
INSERT INTO `roles_permissions` (`id`, `role_id`, `perm_cat_id`, `can_view`, `can_add`, `can_edit`, `can_delete`, `created_at`) VALUES (760, 1, 68, 1, 0, 0, 0, '2019-11-27 23:38:06');
INSERT INTO `roles_permissions` (`id`, `role_id`, `perm_cat_id`, `can_view`, `can_add`, `can_edit`, `can_delete`, `created_at`) VALUES (761, 1, 69, 1, 1, 1, 1, '2019-11-27 23:39:06');
INSERT INTO `roles_permissions` (`id`, `role_id`, `perm_cat_id`, `can_view`, `can_add`, `can_edit`, `can_delete`, `created_at`) VALUES (762, 1, 70, 1, 1, 1, 1, '2019-11-27 23:39:41');
INSERT INTO `roles_permissions` (`id`, `role_id`, `perm_cat_id`, `can_view`, `can_add`, `can_edit`, `can_delete`, `created_at`) VALUES (763, 1, 71, 1, 0, 0, 0, '2019-11-27 23:39:59');
INSERT INTO `roles_permissions` (`id`, `role_id`, `perm_cat_id`, `can_view`, `can_add`, `can_edit`, `can_delete`, `created_at`) VALUES (765, 1, 73, 1, 0, 0, 0, '2019-11-27 23:43:15');
INSERT INTO `roles_permissions` (`id`, `role_id`, `perm_cat_id`, `can_view`, `can_add`, `can_edit`, `can_delete`, `created_at`) VALUES (766, 1, 74, 1, 0, 0, 0, '2019-11-27 23:43:55');
INSERT INTO `roles_permissions` (`id`, `role_id`, `perm_cat_id`, `can_view`, `can_add`, `can_edit`, `can_delete`, `created_at`) VALUES (768, 1, 11, 1, 0, 0, 0, '2019-11-27 23:45:46');
INSERT INTO `roles_permissions` (`id`, `role_id`, `perm_cat_id`, `can_view`, `can_add`, `can_edit`, `can_delete`, `created_at`) VALUES (769, 1, 122, 1, 0, 0, 0, '2019-11-27 23:52:43');
INSERT INTO `roles_permissions` (`id`, `role_id`, `perm_cat_id`, `can_view`, `can_add`, `can_edit`, `can_delete`, `created_at`) VALUES (771, 1, 136, 1, 0, 0, 0, '2019-11-27 23:55:36');
INSERT INTO `roles_permissions` (`id`, `role_id`, `perm_cat_id`, `can_view`, `can_add`, `can_edit`, `can_delete`, `created_at`) VALUES (772, 1, 20, 1, 1, 1, 1, '2019-11-28 04:06:44');
INSERT INTO `roles_permissions` (`id`, `role_id`, `perm_cat_id`, `can_view`, `can_add`, `can_edit`, `can_delete`, `created_at`) VALUES (773, 1, 137, 1, 1, 1, 1, '2019-11-28 00:46:14');
INSERT INTO `roles_permissions` (`id`, `role_id`, `perm_cat_id`, `can_view`, `can_add`, `can_edit`, `can_delete`, `created_at`) VALUES (774, 1, 141, 1, 1, 1, 1, '2019-11-28 00:59:42');
INSERT INTO `roles_permissions` (`id`, `role_id`, `perm_cat_id`, `can_view`, `can_add`, `can_edit`, `can_delete`, `created_at`) VALUES (775, 1, 142, 1, 0, 0, 0, '2019-11-27 23:56:12');
INSERT INTO `roles_permissions` (`id`, `role_id`, `perm_cat_id`, `can_view`, `can_add`, `can_edit`, `can_delete`, `created_at`) VALUES (776, 1, 143, 1, 1, 1, 1, '2019-11-28 00:59:42');
INSERT INTO `roles_permissions` (`id`, `role_id`, `perm_cat_id`, `can_view`, `can_add`, `can_edit`, `can_delete`, `created_at`) VALUES (777, 1, 144, 1, 0, 0, 0, '2019-11-27 23:56:12');
INSERT INTO `roles_permissions` (`id`, `role_id`, `perm_cat_id`, `can_view`, `can_add`, `can_edit`, `can_delete`, `created_at`) VALUES (778, 1, 187, 1, 0, 0, 0, '2019-11-27 23:56:12');
INSERT INTO `roles_permissions` (`id`, `role_id`, `perm_cat_id`, `can_view`, `can_add`, `can_edit`, `can_delete`, `created_at`) VALUES (779, 1, 196, 1, 0, 0, 0, '2019-11-27 23:56:12');
INSERT INTO `roles_permissions` (`id`, `role_id`, `perm_cat_id`, `can_view`, `can_add`, `can_edit`, `can_delete`, `created_at`) VALUES (781, 1, 207, 1, 0, 0, 0, '2019-11-27 23:56:12');
INSERT INTO `roles_permissions` (`id`, `role_id`, `perm_cat_id`, `can_view`, `can_add`, `can_edit`, `can_delete`, `created_at`) VALUES (782, 1, 208, 1, 0, 1, 0, '2019-11-28 00:10:22');
INSERT INTO `roles_permissions` (`id`, `role_id`, `perm_cat_id`, `can_view`, `can_add`, `can_edit`, `can_delete`, `created_at`) VALUES (783, 1, 210, 1, 0, 1, 0, '2019-11-28 00:34:40');
INSERT INTO `roles_permissions` (`id`, `role_id`, `perm_cat_id`, `can_view`, `can_add`, `can_edit`, `can_delete`, `created_at`) VALUES (784, 1, 211, 1, 0, 1, 0, '2019-11-28 00:38:23');
INSERT INTO `roles_permissions` (`id`, `role_id`, `perm_cat_id`, `can_view`, `can_add`, `can_edit`, `can_delete`, `created_at`) VALUES (785, 1, 212, 1, 0, 1, 0, '2019-11-28 00:42:15');
INSERT INTO `roles_permissions` (`id`, `role_id`, `perm_cat_id`, `can_view`, `can_add`, `can_edit`, `can_delete`, `created_at`) VALUES (786, 1, 205, 1, 1, 1, 1, '2019-11-28 00:42:15');
INSERT INTO `roles_permissions` (`id`, `role_id`, `perm_cat_id`, `can_view`, `can_add`, `can_edit`, `can_delete`, `created_at`) VALUES (787, 1, 222, 1, 0, 1, 0, '2019-11-28 01:36:36');
INSERT INTO `roles_permissions` (`id`, `role_id`, `perm_cat_id`, `can_view`, `can_add`, `can_edit`, `can_delete`, `created_at`) VALUES (788, 1, 77, 1, 1, 1, 1, '2019-11-28 06:22:10');
INSERT INTO `roles_permissions` (`id`, `role_id`, `perm_cat_id`, `can_view`, `can_add`, `can_edit`, `can_delete`, `created_at`) VALUES (789, 1, 188, 1, 1, 1, 1, '2019-11-28 06:26:16');
INSERT INTO `roles_permissions` (`id`, `role_id`, `perm_cat_id`, `can_view`, `can_add`, `can_edit`, `can_delete`, `created_at`) VALUES (790, 1, 23, 1, 1, 1, 1, '2019-11-28 06:34:20');
INSERT INTO `roles_permissions` (`id`, `role_id`, `perm_cat_id`, `can_view`, `can_add`, `can_edit`, `can_delete`, `created_at`) VALUES (791, 1, 25, 1, 1, 1, 1, '2019-11-28 06:36:20');
INSERT INTO `roles_permissions` (`id`, `role_id`, `perm_cat_id`, `can_view`, `can_add`, `can_edit`, `can_delete`, `created_at`) VALUES (792, 1, 127, 1, 0, 0, 0, '2019-11-28 06:41:25');
INSERT INTO `roles_permissions` (`id`, `role_id`, `perm_cat_id`, `can_view`, `can_add`, `can_edit`, `can_delete`, `created_at`) VALUES (794, 1, 88, 1, 1, 1, 0, '2019-11-28 06:43:04');
INSERT INTO `roles_permissions` (`id`, `role_id`, `perm_cat_id`, `can_view`, `can_add`, `can_edit`, `can_delete`, `created_at`) VALUES (795, 1, 90, 1, 1, 0, 1, '2019-11-28 06:46:22');
INSERT INTO `roles_permissions` (`id`, `role_id`, `perm_cat_id`, `can_view`, `can_add`, `can_edit`, `can_delete`, `created_at`) VALUES (796, 1, 108, 1, 0, 1, 1, '2021-01-23 07:09:32');
INSERT INTO `roles_permissions` (`id`, `role_id`, `perm_cat_id`, `can_view`, `can_add`, `can_edit`, `can_delete`, `created_at`) VALUES (797, 1, 109, 1, 1, 0, 0, '2019-11-28 23:38:11');
INSERT INTO `roles_permissions` (`id`, `role_id`, `perm_cat_id`, `can_view`, `can_add`, `can_edit`, `can_delete`, `created_at`) VALUES (798, 1, 110, 1, 1, 1, 1, '2019-11-28 23:49:29');
INSERT INTO `roles_permissions` (`id`, `role_id`, `perm_cat_id`, `can_view`, `can_add`, `can_edit`, `can_delete`, `created_at`) VALUES (799, 1, 111, 1, 1, 1, 1, '2019-11-28 23:49:57');
INSERT INTO `roles_permissions` (`id`, `role_id`, `perm_cat_id`, `can_view`, `can_add`, `can_edit`, `can_delete`, `created_at`) VALUES (800, 1, 112, 1, 1, 1, 1, '2019-11-28 23:49:57');
INSERT INTO `roles_permissions` (`id`, `role_id`, `perm_cat_id`, `can_view`, `can_add`, `can_edit`, `can_delete`, `created_at`) VALUES (801, 1, 129, 0, 1, 0, 1, '2019-11-28 23:49:57');
INSERT INTO `roles_permissions` (`id`, `role_id`, `perm_cat_id`, `can_view`, `can_add`, `can_edit`, `can_delete`, `created_at`) VALUES (802, 1, 189, 1, 0, 1, 1, '2019-11-28 23:59:22');
INSERT INTO `roles_permissions` (`id`, `role_id`, `perm_cat_id`, `can_view`, `can_add`, `can_edit`, `can_delete`, `created_at`) VALUES (810, 2, 1, 1, 1, 1, 1, '2019-11-30 02:54:16');
INSERT INTO `roles_permissions` (`id`, `role_id`, `perm_cat_id`, `can_view`, `can_add`, `can_edit`, `can_delete`, `created_at`) VALUES (817, 1, 93, 1, 1, 1, 1, '2019-11-29 00:56:14');
INSERT INTO `roles_permissions` (`id`, `role_id`, `perm_cat_id`, `can_view`, `can_add`, `can_edit`, `can_delete`, `created_at`) VALUES (825, 1, 87, 1, 0, 0, 0, '2019-11-29 00:56:14');
INSERT INTO `roles_permissions` (`id`, `role_id`, `perm_cat_id`, `can_view`, `can_add`, `can_edit`, `can_delete`, `created_at`) VALUES (829, 1, 94, 1, 1, 0, 0, '2019-11-29 00:57:57');
INSERT INTO `roles_permissions` (`id`, `role_id`, `perm_cat_id`, `can_view`, `can_add`, `can_edit`, `can_delete`, `created_at`) VALUES (836, 1, 146, 1, 0, 0, 0, '2019-11-29 01:13:28');
INSERT INTO `roles_permissions` (`id`, `role_id`, `perm_cat_id`, `can_view`, `can_add`, `can_edit`, `can_delete`, `created_at`) VALUES (837, 1, 147, 1, 0, 0, 0, '2019-11-29 01:13:28');
INSERT INTO `roles_permissions` (`id`, `role_id`, `perm_cat_id`, `can_view`, `can_add`, `can_edit`, `can_delete`, `created_at`) VALUES (838, 1, 148, 1, 0, 0, 0, '2019-11-29 01:13:28');
INSERT INTO `roles_permissions` (`id`, `role_id`, `perm_cat_id`, `can_view`, `can_add`, `can_edit`, `can_delete`, `created_at`) VALUES (839, 1, 149, 1, 0, 0, 0, '2019-11-29 01:13:28');
INSERT INTO `roles_permissions` (`id`, `role_id`, `perm_cat_id`, `can_view`, `can_add`, `can_edit`, `can_delete`, `created_at`) VALUES (840, 1, 150, 1, 0, 0, 0, '2019-11-29 01:13:28');
INSERT INTO `roles_permissions` (`id`, `role_id`, `perm_cat_id`, `can_view`, `can_add`, `can_edit`, `can_delete`, `created_at`) VALUES (841, 1, 151, 1, 0, 0, 0, '2019-11-29 01:13:28');
INSERT INTO `roles_permissions` (`id`, `role_id`, `perm_cat_id`, `can_view`, `can_add`, `can_edit`, `can_delete`, `created_at`) VALUES (842, 1, 152, 1, 0, 0, 0, '2019-11-29 01:13:28');
INSERT INTO `roles_permissions` (`id`, `role_id`, `perm_cat_id`, `can_view`, `can_add`, `can_edit`, `can_delete`, `created_at`) VALUES (843, 1, 154, 1, 0, 0, 0, '2019-11-29 01:13:28');
INSERT INTO `roles_permissions` (`id`, `role_id`, `perm_cat_id`, `can_view`, `can_add`, `can_edit`, `can_delete`, `created_at`) VALUES (862, 1, 155, 1, 0, 0, 0, '2019-11-29 02:07:30');
INSERT INTO `roles_permissions` (`id`, `role_id`, `perm_cat_id`, `can_view`, `can_add`, `can_edit`, `can_delete`, `created_at`) VALUES (863, 1, 156, 1, 0, 0, 0, '2019-11-29 02:07:52');
INSERT INTO `roles_permissions` (`id`, `role_id`, `perm_cat_id`, `can_view`, `can_add`, `can_edit`, `can_delete`, `created_at`) VALUES (864, 1, 157, 1, 0, 0, 0, '2019-11-29 02:08:05');
INSERT INTO `roles_permissions` (`id`, `role_id`, `perm_cat_id`, `can_view`, `can_add`, `can_edit`, `can_delete`, `created_at`) VALUES (874, 1, 158, 1, 0, 0, 0, '2019-11-29 02:14:03');
INSERT INTO `roles_permissions` (`id`, `role_id`, `perm_cat_id`, `can_view`, `can_add`, `can_edit`, `can_delete`, `created_at`) VALUES (875, 1, 159, 1, 0, 0, 0, '2019-11-29 02:14:31');
INSERT INTO `roles_permissions` (`id`, `role_id`, `perm_cat_id`, `can_view`, `can_add`, `can_edit`, `can_delete`, `created_at`) VALUES (876, 1, 160, 1, 0, 0, 0, '2019-11-29 02:14:44');
INSERT INTO `roles_permissions` (`id`, `role_id`, `perm_cat_id`, `can_view`, `can_add`, `can_edit`, `can_delete`, `created_at`) VALUES (878, 1, 162, 1, 0, 0, 0, '2019-11-29 02:15:58');
INSERT INTO `roles_permissions` (`id`, `role_id`, `perm_cat_id`, `can_view`, `can_add`, `can_edit`, `can_delete`, `created_at`) VALUES (879, 1, 163, 1, 0, 0, 0, '2019-11-29 02:16:19');
INSERT INTO `roles_permissions` (`id`, `role_id`, `perm_cat_id`, `can_view`, `can_add`, `can_edit`, `can_delete`, `created_at`) VALUES (882, 1, 164, 1, 0, 0, 0, '2019-11-29 02:25:17');
INSERT INTO `roles_permissions` (`id`, `role_id`, `perm_cat_id`, `can_view`, `can_add`, `can_edit`, `can_delete`, `created_at`) VALUES (884, 1, 165, 1, 0, 0, 0, '2019-11-29 02:25:30');
INSERT INTO `roles_permissions` (`id`, `role_id`, `perm_cat_id`, `can_view`, `can_add`, `can_edit`, `can_delete`, `created_at`) VALUES (886, 1, 197, 1, 0, 0, 0, '2019-11-29 02:25:48');
INSERT INTO `roles_permissions` (`id`, `role_id`, `perm_cat_id`, `can_view`, `can_add`, `can_edit`, `can_delete`, `created_at`) VALUES (887, 1, 219, 1, 0, 0, 0, '2019-11-29 02:26:05');
INSERT INTO `roles_permissions` (`id`, `role_id`, `perm_cat_id`, `can_view`, `can_add`, `can_edit`, `can_delete`, `created_at`) VALUES (889, 1, 220, 1, 0, 0, 0, '2019-11-29 02:26:22');
INSERT INTO `roles_permissions` (`id`, `role_id`, `perm_cat_id`, `can_view`, `can_add`, `can_edit`, `can_delete`, `created_at`) VALUES (932, 1, 204, 1, 0, 0, 0, '2019-11-29 03:43:27');
INSERT INTO `roles_permissions` (`id`, `role_id`, `perm_cat_id`, `can_view`, `can_add`, `can_edit`, `can_delete`, `created_at`) VALUES (933, 1, 221, 1, 0, 0, 0, '2019-11-29 03:45:04');
INSERT INTO `roles_permissions` (`id`, `role_id`, `perm_cat_id`, `can_view`, `can_add`, `can_edit`, `can_delete`, `created_at`) VALUES (934, 1, 178, 1, 0, 0, 0, '2019-11-29 03:45:16');
INSERT INTO `roles_permissions` (`id`, `role_id`, `perm_cat_id`, `can_view`, `can_add`, `can_edit`, `can_delete`, `created_at`) VALUES (935, 1, 179, 1, 0, 0, 0, '2019-11-29 03:45:33');
INSERT INTO `roles_permissions` (`id`, `role_id`, `perm_cat_id`, `can_view`, `can_add`, `can_edit`, `can_delete`, `created_at`) VALUES (936, 1, 161, 1, 0, 0, 0, '2019-11-29 03:45:48');
INSERT INTO `roles_permissions` (`id`, `role_id`, `perm_cat_id`, `can_view`, `can_add`, `can_edit`, `can_delete`, `created_at`) VALUES (937, 1, 180, 1, 0, 0, 0, '2019-11-29 03:45:48');
INSERT INTO `roles_permissions` (`id`, `role_id`, `perm_cat_id`, `can_view`, `can_add`, `can_edit`, `can_delete`, `created_at`) VALUES (938, 1, 181, 1, 0, 0, 0, '2019-11-29 03:49:33');
INSERT INTO `roles_permissions` (`id`, `role_id`, `perm_cat_id`, `can_view`, `can_add`, `can_edit`, `can_delete`, `created_at`) VALUES (939, 1, 182, 1, 0, 0, 0, '2019-11-29 03:49:45');
INSERT INTO `roles_permissions` (`id`, `role_id`, `perm_cat_id`, `can_view`, `can_add`, `can_edit`, `can_delete`, `created_at`) VALUES (940, 1, 183, 1, 0, 0, 0, '2019-11-29 03:49:56');
INSERT INTO `roles_permissions` (`id`, `role_id`, `perm_cat_id`, `can_view`, `can_add`, `can_edit`, `can_delete`, `created_at`) VALUES (941, 1, 174, 1, 0, 0, 0, '2019-11-29 03:50:53');
INSERT INTO `roles_permissions` (`id`, `role_id`, `perm_cat_id`, `can_view`, `can_add`, `can_edit`, `can_delete`, `created_at`) VALUES (943, 1, 176, 1, 0, 0, 0, '2019-11-29 03:52:10');
INSERT INTO `roles_permissions` (`id`, `role_id`, `perm_cat_id`, `can_view`, `can_add`, `can_edit`, `can_delete`, `created_at`) VALUES (944, 1, 177, 1, 0, 0, 0, '2019-11-29 03:52:22');
INSERT INTO `roles_permissions` (`id`, `role_id`, `perm_cat_id`, `can_view`, `can_add`, `can_edit`, `can_delete`, `created_at`) VALUES (945, 1, 53, 0, 1, 0, 1, '2021-01-23 07:09:32');
INSERT INTO `roles_permissions` (`id`, `role_id`, `perm_cat_id`, `can_view`, `can_add`, `can_edit`, `can_delete`, `created_at`) VALUES (946, 1, 215, 1, 0, 0, 0, '2019-11-29 04:01:37');
INSERT INTO `roles_permissions` (`id`, `role_id`, `perm_cat_id`, `can_view`, `can_add`, `can_edit`, `can_delete`, `created_at`) VALUES (947, 1, 213, 1, 0, 0, 0, '2019-11-29 04:07:45');
INSERT INTO `roles_permissions` (`id`, `role_id`, `perm_cat_id`, `can_view`, `can_add`, `can_edit`, `can_delete`, `created_at`) VALUES (974, 1, 224, 1, 0, 0, 0, '2019-11-29 04:32:52');
INSERT INTO `roles_permissions` (`id`, `role_id`, `perm_cat_id`, `can_view`, `can_add`, `can_edit`, `can_delete`, `created_at`) VALUES (1026, 1, 135, 1, 0, 1, 0, '2019-11-29 06:02:12');
INSERT INTO `roles_permissions` (`id`, `role_id`, `perm_cat_id`, `can_view`, `can_add`, `can_edit`, `can_delete`, `created_at`) VALUES (1031, 1, 228, 1, 0, 0, 0, '2019-11-29 06:21:16');
INSERT INTO `roles_permissions` (`id`, `role_id`, `perm_cat_id`, `can_view`, `can_add`, `can_edit`, `can_delete`, `created_at`) VALUES (1083, 1, 175, 1, 0, 0, 0, '2019-11-30 00:37:24');
INSERT INTO `roles_permissions` (`id`, `role_id`, `perm_cat_id`, `can_view`, `can_add`, `can_edit`, `can_delete`, `created_at`) VALUES (1086, 1, 43, 1, 1, 1, 1, '2019-11-30 00:49:39');
INSERT INTO `roles_permissions` (`id`, `role_id`, `perm_cat_id`, `can_view`, `can_add`, `can_edit`, `can_delete`, `created_at`) VALUES (1087, 1, 44, 1, 0, 0, 0, '2019-11-30 00:49:39');
INSERT INTO `roles_permissions` (`id`, `role_id`, `perm_cat_id`, `can_view`, `can_add`, `can_edit`, `can_delete`, `created_at`) VALUES (1088, 1, 46, 1, 0, 0, 0, '2019-11-30 00:49:39');
INSERT INTO `roles_permissions` (`id`, `role_id`, `perm_cat_id`, `can_view`, `can_add`, `can_edit`, `can_delete`, `created_at`) VALUES (1089, 1, 217, 1, 0, 0, 0, '2019-11-30 00:49:39');
INSERT INTO `roles_permissions` (`id`, `role_id`, `perm_cat_id`, `can_view`, `can_add`, `can_edit`, `can_delete`, `created_at`) VALUES (1090, 1, 98, 1, 1, 1, 1, '2019-11-30 01:32:51');
INSERT INTO `roles_permissions` (`id`, `role_id`, `perm_cat_id`, `can_view`, `can_add`, `can_edit`, `can_delete`, `created_at`) VALUES (1091, 1, 99, 1, 0, 0, 0, '2019-11-30 01:30:18');
INSERT INTO `roles_permissions` (`id`, `role_id`, `perm_cat_id`, `can_view`, `can_add`, `can_edit`, `can_delete`, `created_at`) VALUES (1092, 1, 223, 1, 0, 0, 0, '2019-11-30 01:32:51');
INSERT INTO `roles_permissions` (`id`, `role_id`, `perm_cat_id`, `can_view`, `can_add`, `can_edit`, `can_delete`, `created_at`) VALUES (1103, 2, 205, 1, 1, 1, 1, '2019-11-30 01:56:04');
INSERT INTO `roles_permissions` (`id`, `role_id`, `perm_cat_id`, `can_view`, `can_add`, `can_edit`, `can_delete`, `created_at`) VALUES (1105, 2, 23, 1, 0, 0, 0, '2019-11-30 01:56:04');
INSERT INTO `roles_permissions` (`id`, `role_id`, `perm_cat_id`, `can_view`, `can_add`, `can_edit`, `can_delete`, `created_at`) VALUES (1106, 2, 24, 1, 0, 0, 0, '2019-11-30 01:56:04');
INSERT INTO `roles_permissions` (`id`, `role_id`, `perm_cat_id`, `can_view`, `can_add`, `can_edit`, `can_delete`, `created_at`) VALUES (1107, 2, 25, 1, 0, 0, 0, '2019-11-30 01:56:04');
INSERT INTO `roles_permissions` (`id`, `role_id`, `perm_cat_id`, `can_view`, `can_add`, `can_edit`, `can_delete`, `created_at`) VALUES (1108, 2, 77, 1, 0, 0, 0, '2019-11-30 01:56:04');
INSERT INTO `roles_permissions` (`id`, `role_id`, `perm_cat_id`, `can_view`, `can_add`, `can_edit`, `can_delete`, `created_at`) VALUES (1119, 2, 117, 1, 0, 0, 0, '2019-11-30 01:56:04');
INSERT INTO `roles_permissions` (`id`, `role_id`, `perm_cat_id`, `can_view`, `can_add`, `can_edit`, `can_delete`, `created_at`) VALUES (1123, 3, 8, 1, 1, 1, 1, '2019-11-30 06:46:18');
INSERT INTO `roles_permissions` (`id`, `role_id`, `perm_cat_id`, `can_view`, `can_add`, `can_edit`, `can_delete`, `created_at`) VALUES (1125, 3, 69, 1, 1, 1, 1, '2019-11-30 07:00:49');
INSERT INTO `roles_permissions` (`id`, `role_id`, `perm_cat_id`, `can_view`, `can_add`, `can_edit`, `can_delete`, `created_at`) VALUES (1126, 3, 70, 1, 1, 1, 1, '2019-11-30 07:04:46');
INSERT INTO `roles_permissions` (`id`, `role_id`, `perm_cat_id`, `can_view`, `can_add`, `can_edit`, `can_delete`, `created_at`) VALUES (1130, 3, 9, 1, 1, 1, 1, '2019-11-30 07:14:54');
INSERT INTO `roles_permissions` (`id`, `role_id`, `perm_cat_id`, `can_view`, `can_add`, `can_edit`, `can_delete`, `created_at`) VALUES (1131, 3, 10, 1, 1, 1, 1, '2019-11-30 07:16:02');
INSERT INTO `roles_permissions` (`id`, `role_id`, `perm_cat_id`, `can_view`, `can_add`, `can_edit`, `can_delete`, `created_at`) VALUES (1134, 3, 35, 1, 1, 1, 1, '2019-11-30 07:25:04');
INSERT INTO `roles_permissions` (`id`, `role_id`, `perm_cat_id`, `can_view`, `can_add`, `can_edit`, `can_delete`, `created_at`) VALUES (1135, 3, 104, 1, 1, 1, 1, '2019-11-30 07:25:53');
INSERT INTO `roles_permissions` (`id`, `role_id`, `perm_cat_id`, `can_view`, `can_add`, `can_edit`, `can_delete`, `created_at`) VALUES (1140, 3, 41, 1, 1, 1, 1, '2019-11-30 07:37:13');
INSERT INTO `roles_permissions` (`id`, `role_id`, `perm_cat_id`, `can_view`, `can_add`, `can_edit`, `can_delete`, `created_at`) VALUES (1141, 3, 42, 1, 1, 1, 1, '2019-11-30 07:37:46');
INSERT INTO `roles_permissions` (`id`, `role_id`, `perm_cat_id`, `can_view`, `can_add`, `can_edit`, `can_delete`, `created_at`) VALUES (1142, 3, 43, 1, 1, 1, 1, '2023-07-21 09:55:56');
INSERT INTO `roles_permissions` (`id`, `role_id`, `perm_cat_id`, `can_view`, `can_add`, `can_edit`, `can_delete`, `created_at`) VALUES (1151, 3, 87, 1, 0, 0, 0, '2019-11-30 02:23:13');
INSERT INTO `roles_permissions` (`id`, `role_id`, `perm_cat_id`, `can_view`, `can_add`, `can_edit`, `can_delete`, `created_at`) VALUES (1152, 3, 88, 1, 1, 1, 0, '2019-11-30 02:23:13');
INSERT INTO `roles_permissions` (`id`, `role_id`, `perm_cat_id`, `can_view`, `can_add`, `can_edit`, `can_delete`, `created_at`) VALUES (1153, 3, 90, 1, 1, 0, 1, '2019-11-30 02:23:13');
INSERT INTO `roles_permissions` (`id`, `role_id`, `perm_cat_id`, `can_view`, `can_add`, `can_edit`, `can_delete`, `created_at`) VALUES (1154, 3, 108, 1, 0, 1, 0, '2019-11-30 02:23:13');
INSERT INTO `roles_permissions` (`id`, `role_id`, `perm_cat_id`, `can_view`, `can_add`, `can_edit`, `can_delete`, `created_at`) VALUES (1155, 3, 109, 1, 1, 0, 0, '2019-11-30 02:23:13');
INSERT INTO `roles_permissions` (`id`, `role_id`, `perm_cat_id`, `can_view`, `can_add`, `can_edit`, `can_delete`, `created_at`) VALUES (1156, 3, 110, 1, 1, 1, 1, '2019-11-30 02:23:13');
INSERT INTO `roles_permissions` (`id`, `role_id`, `perm_cat_id`, `can_view`, `can_add`, `can_edit`, `can_delete`, `created_at`) VALUES (1157, 3, 111, 1, 1, 1, 1, '2019-11-30 02:23:13');
INSERT INTO `roles_permissions` (`id`, `role_id`, `perm_cat_id`, `can_view`, `can_add`, `can_edit`, `can_delete`, `created_at`) VALUES (1158, 3, 112, 1, 1, 1, 1, '2019-11-30 02:23:13');
INSERT INTO `roles_permissions` (`id`, `role_id`, `perm_cat_id`, `can_view`, `can_add`, `can_edit`, `can_delete`, `created_at`) VALUES (1159, 3, 127, 1, 0, 0, 0, '2019-11-30 02:23:13');
INSERT INTO `roles_permissions` (`id`, `role_id`, `perm_cat_id`, `can_view`, `can_add`, `can_edit`, `can_delete`, `created_at`) VALUES (1160, 3, 129, 0, 1, 0, 1, '2019-11-30 02:23:13');
INSERT INTO `roles_permissions` (`id`, `role_id`, `perm_cat_id`, `can_view`, `can_add`, `can_edit`, `can_delete`, `created_at`) VALUES (1161, 3, 102, 1, 1, 1, 1, '2019-11-30 02:23:13');
INSERT INTO `roles_permissions` (`id`, `role_id`, `perm_cat_id`, `can_view`, `can_add`, `can_edit`, `can_delete`, `created_at`) VALUES (1162, 3, 106, 1, 0, 0, 0, '2019-11-30 02:23:13');
INSERT INTO `roles_permissions` (`id`, `role_id`, `perm_cat_id`, `can_view`, `can_add`, `can_edit`, `can_delete`, `created_at`) VALUES (1163, 3, 113, 1, 0, 0, 0, '2019-11-30 02:23:13');
INSERT INTO `roles_permissions` (`id`, `role_id`, `perm_cat_id`, `can_view`, `can_add`, `can_edit`, `can_delete`, `created_at`) VALUES (1164, 3, 114, 1, 0, 0, 0, '2019-11-30 02:23:13');
INSERT INTO `roles_permissions` (`id`, `role_id`, `perm_cat_id`, `can_view`, `can_add`, `can_edit`, `can_delete`, `created_at`) VALUES (1165, 3, 115, 1, 0, 0, 0, '2019-11-30 02:23:13');
INSERT INTO `roles_permissions` (`id`, `role_id`, `perm_cat_id`, `can_view`, `can_add`, `can_edit`, `can_delete`, `created_at`) VALUES (1166, 3, 116, 1, 0, 0, 0, '2019-11-30 02:23:13');
INSERT INTO `roles_permissions` (`id`, `role_id`, `perm_cat_id`, `can_view`, `can_add`, `can_edit`, `can_delete`, `created_at`) VALUES (1167, 3, 117, 1, 0, 0, 0, '2019-11-30 02:23:13');
INSERT INTO `roles_permissions` (`id`, `role_id`, `perm_cat_id`, `can_view`, `can_add`, `can_edit`, `can_delete`, `created_at`) VALUES (1168, 3, 118, 1, 0, 0, 0, '2019-11-30 02:23:13');
INSERT INTO `roles_permissions` (`id`, `role_id`, `perm_cat_id`, `can_view`, `can_add`, `can_edit`, `can_delete`, `created_at`) VALUES (1171, 2, 142, 1, 0, 0, 0, '2019-11-30 02:36:17');
INSERT INTO `roles_permissions` (`id`, `role_id`, `perm_cat_id`, `can_view`, `can_add`, `can_edit`, `can_delete`, `created_at`) VALUES (1172, 2, 144, 1, 0, 0, 0, '2019-11-30 02:36:17');
INSERT INTO `roles_permissions` (`id`, `role_id`, `perm_cat_id`, `can_view`, `can_add`, `can_edit`, `can_delete`, `created_at`) VALUES (1179, 2, 212, 1, 0, 1, 0, '2019-11-30 02:36:17');
INSERT INTO `roles_permissions` (`id`, `role_id`, `perm_cat_id`, `can_view`, `can_add`, `can_edit`, `can_delete`, `created_at`) VALUES (1183, 2, 148, 1, 0, 0, 0, '2019-11-30 02:36:17');
INSERT INTO `roles_permissions` (`id`, `role_id`, `perm_cat_id`, `can_view`, `can_add`, `can_edit`, `can_delete`, `created_at`) VALUES (1184, 2, 149, 1, 0, 0, 0, '2019-11-30 02:36:17');
INSERT INTO `roles_permissions` (`id`, `role_id`, `perm_cat_id`, `can_view`, `can_add`, `can_edit`, `can_delete`, `created_at`) VALUES (1185, 2, 150, 1, 0, 0, 0, '2019-11-30 02:36:17');
INSERT INTO `roles_permissions` (`id`, `role_id`, `perm_cat_id`, `can_view`, `can_add`, `can_edit`, `can_delete`, `created_at`) VALUES (1186, 2, 151, 1, 0, 0, 0, '2019-11-30 02:36:17');
INSERT INTO `roles_permissions` (`id`, `role_id`, `perm_cat_id`, `can_view`, `can_add`, `can_edit`, `can_delete`, `created_at`) VALUES (1187, 2, 152, 1, 0, 0, 0, '2019-11-30 02:36:17');
INSERT INTO `roles_permissions` (`id`, `role_id`, `perm_cat_id`, `can_view`, `can_add`, `can_edit`, `can_delete`, `created_at`) VALUES (1188, 2, 153, 1, 0, 0, 0, '2019-11-30 02:36:17');
INSERT INTO `roles_permissions` (`id`, `role_id`, `perm_cat_id`, `can_view`, `can_add`, `can_edit`, `can_delete`, `created_at`) VALUES (1189, 2, 154, 1, 0, 0, 0, '2019-11-30 02:36:17');
INSERT INTO `roles_permissions` (`id`, `role_id`, `perm_cat_id`, `can_view`, `can_add`, `can_edit`, `can_delete`, `created_at`) VALUES (1190, 2, 197, 1, 0, 0, 0, '2019-11-30 02:36:17');
INSERT INTO `roles_permissions` (`id`, `role_id`, `perm_cat_id`, `can_view`, `can_add`, `can_edit`, `can_delete`, `created_at`) VALUES (1191, 2, 198, 1, 0, 0, 0, '2019-11-30 02:36:17');
INSERT INTO `roles_permissions` (`id`, `role_id`, `perm_cat_id`, `can_view`, `can_add`, `can_edit`, `can_delete`, `created_at`) VALUES (1193, 2, 200, 1, 0, 0, 0, '2019-11-30 02:36:17');
INSERT INTO `roles_permissions` (`id`, `role_id`, `perm_cat_id`, `can_view`, `can_add`, `can_edit`, `can_delete`, `created_at`) VALUES (1194, 2, 201, 1, 0, 0, 0, '2019-11-30 02:36:17');
INSERT INTO `roles_permissions` (`id`, `role_id`, `perm_cat_id`, `can_view`, `can_add`, `can_edit`, `can_delete`, `created_at`) VALUES (1195, 2, 202, 1, 0, 0, 0, '2019-11-30 02:36:17');
INSERT INTO `roles_permissions` (`id`, `role_id`, `perm_cat_id`, `can_view`, `can_add`, `can_edit`, `can_delete`, `created_at`) VALUES (1196, 2, 203, 1, 0, 0, 0, '2019-11-30 02:36:17');
INSERT INTO `roles_permissions` (`id`, `role_id`, `perm_cat_id`, `can_view`, `can_add`, `can_edit`, `can_delete`, `created_at`) VALUES (1197, 2, 219, 1, 0, 0, 0, '2019-11-30 02:36:17');
INSERT INTO `roles_permissions` (`id`, `role_id`, `perm_cat_id`, `can_view`, `can_add`, `can_edit`, `can_delete`, `created_at`) VALUES (1198, 2, 223, 1, 0, 0, 0, '2019-11-30 02:36:17');
INSERT INTO `roles_permissions` (`id`, `role_id`, `perm_cat_id`, `can_view`, `can_add`, `can_edit`, `can_delete`, `created_at`) VALUES (1199, 2, 213, 1, 0, 0, 0, '2019-11-30 02:36:17');
INSERT INTO `roles_permissions` (`id`, `role_id`, `perm_cat_id`, `can_view`, `can_add`, `can_edit`, `can_delete`, `created_at`) VALUES (1201, 2, 230, 1, 0, 0, 0, '2019-11-30 02:36:17');
INSERT INTO `roles_permissions` (`id`, `role_id`, `perm_cat_id`, `can_view`, `can_add`, `can_edit`, `can_delete`, `created_at`) VALUES (1204, 2, 214, 1, 0, 1, 0, '2019-11-30 02:36:17');
INSERT INTO `roles_permissions` (`id`, `role_id`, `perm_cat_id`, `can_view`, `can_add`, `can_edit`, `can_delete`, `created_at`) VALUES (1206, 2, 224, 1, 0, 0, 0, '2019-11-30 02:36:17');
INSERT INTO `roles_permissions` (`id`, `role_id`, `perm_cat_id`, `can_view`, `can_add`, `can_edit`, `can_delete`, `created_at`) VALUES (1208, 2, 2, 1, 0, 0, 0, '2019-11-30 02:55:45');
INSERT INTO `roles_permissions` (`id`, `role_id`, `perm_cat_id`, `can_view`, `can_add`, `can_edit`, `can_delete`, `created_at`) VALUES (1210, 2, 143, 1, 1, 1, 1, '2019-11-30 02:57:28');
INSERT INTO `roles_permissions` (`id`, `role_id`, `perm_cat_id`, `can_view`, `can_add`, `can_edit`, `can_delete`, `created_at`) VALUES (1211, 2, 145, 1, 0, 0, 0, '2019-11-30 02:57:28');
INSERT INTO `roles_permissions` (`id`, `role_id`, `perm_cat_id`, `can_view`, `can_add`, `can_edit`, `can_delete`, `created_at`) VALUES (1214, 2, 3, 1, 1, 1, 1, '2019-11-30 03:03:18');
INSERT INTO `roles_permissions` (`id`, `role_id`, `perm_cat_id`, `can_view`, `can_add`, `can_edit`, `can_delete`, `created_at`) VALUES (1216, 2, 4, 1, 1, 1, 1, '2019-11-30 03:32:56');
INSERT INTO `roles_permissions` (`id`, `role_id`, `perm_cat_id`, `can_view`, `can_add`, `can_edit`, `can_delete`, `created_at`) VALUES (1218, 2, 128, 1, 1, 1, 1, '2023-01-28 07:10:08');
INSERT INTO `roles_permissions` (`id`, `role_id`, `perm_cat_id`, `can_view`, `can_add`, `can_edit`, `can_delete`, `created_at`) VALUES (1220, 3, 135, 1, 0, 1, 0, '2019-11-30 07:08:56');
INSERT INTO `roles_permissions` (`id`, `role_id`, `perm_cat_id`, `can_view`, `can_add`, `can_edit`, `can_delete`, `created_at`) VALUES (1231, 3, 190, 1, 0, 0, 0, '2019-11-30 03:44:02');
INSERT INTO `roles_permissions` (`id`, `role_id`, `perm_cat_id`, `can_view`, `can_add`, `can_edit`, `can_delete`, `created_at`) VALUES (1232, 3, 192, 1, 0, 0, 0, '2019-11-30 03:44:02');
INSERT INTO `roles_permissions` (`id`, `role_id`, `perm_cat_id`, `can_view`, `can_add`, `can_edit`, `can_delete`, `created_at`) VALUES (1233, 3, 226, 1, 0, 0, 0, '2019-11-30 03:44:02');
INSERT INTO `roles_permissions` (`id`, `role_id`, `perm_cat_id`, `can_view`, `can_add`, `can_edit`, `can_delete`, `created_at`) VALUES (1234, 3, 227, 1, 0, 0, 0, '2019-11-30 03:44:02');
INSERT INTO `roles_permissions` (`id`, `role_id`, `perm_cat_id`, `can_view`, `can_add`, `can_edit`, `can_delete`, `created_at`) VALUES (1235, 3, 224, 1, 0, 0, 0, '2019-11-30 03:44:02');
INSERT INTO `roles_permissions` (`id`, `role_id`, `perm_cat_id`, `can_view`, `can_add`, `can_edit`, `can_delete`, `created_at`) VALUES (1236, 2, 15, 1, 1, 1, 0, '2019-11-30 03:54:25');
INSERT INTO `roles_permissions` (`id`, `role_id`, `perm_cat_id`, `can_view`, `can_add`, `can_edit`, `can_delete`, `created_at`) VALUES (1239, 2, 122, 1, 0, 0, 0, '2019-11-30 03:57:48');
INSERT INTO `roles_permissions` (`id`, `role_id`, `perm_cat_id`, `can_view`, `can_add`, `can_edit`, `can_delete`, `created_at`) VALUES (1240, 2, 136, 1, 1, 1, 1, '2023-03-02 13:26:30');
INSERT INTO `roles_permissions` (`id`, `role_id`, `perm_cat_id`, `can_view`, `can_add`, `can_edit`, `can_delete`, `created_at`) VALUES (1242, 6, 217, 1, 0, 0, 0, '2019-11-30 04:00:13');
INSERT INTO `roles_permissions` (`id`, `role_id`, `perm_cat_id`, `can_view`, `can_add`, `can_edit`, `can_delete`, `created_at`) VALUES (1243, 6, 224, 1, 0, 0, 0, '2019-11-30 04:00:13');
INSERT INTO `roles_permissions` (`id`, `role_id`, `perm_cat_id`, `can_view`, `can_add`, `can_edit`, `can_delete`, `created_at`) VALUES (1245, 2, 20, 1, 1, 1, 1, '2019-11-30 04:01:28');
INSERT INTO `roles_permissions` (`id`, `role_id`, `perm_cat_id`, `can_view`, `can_add`, `can_edit`, `can_delete`, `created_at`) VALUES (1246, 2, 137, 1, 1, 1, 1, '2019-11-30 04:02:40');
INSERT INTO `roles_permissions` (`id`, `role_id`, `perm_cat_id`, `can_view`, `can_add`, `can_edit`, `can_delete`, `created_at`) VALUES (1248, 2, 141, 1, 1, 1, 1, '2019-11-30 04:04:04');
INSERT INTO `roles_permissions` (`id`, `role_id`, `perm_cat_id`, `can_view`, `can_add`, `can_edit`, `can_delete`, `created_at`) VALUES (1250, 2, 187, 1, 0, 0, 0, '2019-11-30 04:11:19');
INSERT INTO `roles_permissions` (`id`, `role_id`, `perm_cat_id`, `can_view`, `can_add`, `can_edit`, `can_delete`, `created_at`) VALUES (1252, 2, 207, 1, 0, 0, 0, '2019-11-30 04:21:21');
INSERT INTO `roles_permissions` (`id`, `role_id`, `perm_cat_id`, `can_view`, `can_add`, `can_edit`, `can_delete`, `created_at`) VALUES (1253, 2, 208, 1, 0, 1, 0, '2019-11-30 04:22:00');
INSERT INTO `roles_permissions` (`id`, `role_id`, `perm_cat_id`, `can_view`, `can_add`, `can_edit`, `can_delete`, `created_at`) VALUES (1255, 2, 210, 1, 0, 1, 0, '2019-11-30 04:22:58');
INSERT INTO `roles_permissions` (`id`, `role_id`, `perm_cat_id`, `can_view`, `can_add`, `can_edit`, `can_delete`, `created_at`) VALUES (1256, 2, 211, 1, 0, 1, 0, '2019-11-30 04:24:03');
INSERT INTO `roles_permissions` (`id`, `role_id`, `perm_cat_id`, `can_view`, `can_add`, `can_edit`, `can_delete`, `created_at`) VALUES (1257, 2, 21, 1, 1, 1, 0, '2021-08-05 09:52:13');
INSERT INTO `roles_permissions` (`id`, `role_id`, `perm_cat_id`, `can_view`, `can_add`, `can_edit`, `can_delete`, `created_at`) VALUES (1259, 2, 188, 1, 0, 0, 0, '2019-11-30 04:34:35');
INSERT INTO `roles_permissions` (`id`, `role_id`, `perm_cat_id`, `can_view`, `can_add`, `can_edit`, `can_delete`, `created_at`) VALUES (1260, 2, 27, 1, 1, 0, 0, '2023-01-18 10:57:23');
INSERT INTO `roles_permissions` (`id`, `role_id`, `perm_cat_id`, `can_view`, `can_add`, `can_edit`, `can_delete`, `created_at`) VALUES (1262, 2, 43, 1, 1, 1, 1, '2019-11-30 04:39:42');
INSERT INTO `roles_permissions` (`id`, `role_id`, `perm_cat_id`, `can_view`, `can_add`, `can_edit`, `can_delete`, `created_at`) VALUES (1263, 2, 44, 1, 0, 0, 0, '2019-11-30 04:41:43');
INSERT INTO `roles_permissions` (`id`, `role_id`, `perm_cat_id`, `can_view`, `can_add`, `can_edit`, `can_delete`, `created_at`) VALUES (1264, 2, 46, 1, 0, 0, 0, '2019-11-30 04:41:43');
INSERT INTO `roles_permissions` (`id`, `role_id`, `perm_cat_id`, `can_view`, `can_add`, `can_edit`, `can_delete`, `created_at`) VALUES (1265, 2, 217, 1, 0, 0, 0, '2019-11-30 04:41:43');
INSERT INTO `roles_permissions` (`id`, `role_id`, `perm_cat_id`, `can_view`, `can_add`, `can_edit`, `can_delete`, `created_at`) VALUES (1266, 2, 146, 1, 0, 0, 0, '2019-11-30 04:46:35');
INSERT INTO `roles_permissions` (`id`, `role_id`, `perm_cat_id`, `can_view`, `can_add`, `can_edit`, `can_delete`, `created_at`) VALUES (1267, 2, 147, 1, 0, 0, 0, '2019-11-30 04:47:37');
INSERT INTO `roles_permissions` (`id`, `role_id`, `perm_cat_id`, `can_view`, `can_add`, `can_edit`, `can_delete`, `created_at`) VALUES (1269, 2, 164, 1, 0, 0, 0, '2019-11-30 04:51:04');
INSERT INTO `roles_permissions` (`id`, `role_id`, `perm_cat_id`, `can_view`, `can_add`, `can_edit`, `can_delete`, `created_at`) VALUES (1271, 2, 109, 1, 1, 0, 0, '2019-11-30 05:03:37');
INSERT INTO `roles_permissions` (`id`, `role_id`, `perm_cat_id`, `can_view`, `can_add`, `can_edit`, `can_delete`, `created_at`) VALUES (1272, 2, 93, 1, 1, 1, 1, '2019-11-30 05:07:25');
INSERT INTO `roles_permissions` (`id`, `role_id`, `perm_cat_id`, `can_view`, `can_add`, `can_edit`, `can_delete`, `created_at`) VALUES (1273, 2, 94, 1, 1, 0, 0, '2019-11-30 05:07:42');
INSERT INTO `roles_permissions` (`id`, `role_id`, `perm_cat_id`, `can_view`, `can_add`, `can_edit`, `can_delete`, `created_at`) VALUES (1275, 2, 102, 1, 1, 1, 1, '2023-02-07 06:41:02');
INSERT INTO `roles_permissions` (`id`, `role_id`, `perm_cat_id`, `can_view`, `can_add`, `can_edit`, `can_delete`, `created_at`) VALUES (1277, 2, 196, 1, 0, 0, 0, '2019-11-30 05:15:01');
INSERT INTO `roles_permissions` (`id`, `role_id`, `perm_cat_id`, `can_view`, `can_add`, `can_edit`, `can_delete`, `created_at`) VALUES (1278, 2, 195, 1, 0, 0, 0, '2019-11-30 05:19:08');
INSERT INTO `roles_permissions` (`id`, `role_id`, `perm_cat_id`, `can_view`, `can_add`, `can_edit`, `can_delete`, `created_at`) VALUES (1279, 2, 185, 1, 1, 1, 1, '2019-11-30 05:21:44');
INSERT INTO `roles_permissions` (`id`, `role_id`, `perm_cat_id`, `can_view`, `can_add`, `can_edit`, `can_delete`, `created_at`) VALUES (1280, 2, 186, 1, 1, 1, 1, '2019-11-30 05:22:43');
INSERT INTO `roles_permissions` (`id`, `role_id`, `perm_cat_id`, `can_view`, `can_add`, `can_edit`, `can_delete`, `created_at`) VALUES (1281, 2, 222, 1, 0, 1, 0, '2019-11-30 05:24:30');
INSERT INTO `roles_permissions` (`id`, `role_id`, `perm_cat_id`, `can_view`, `can_add`, `can_edit`, `can_delete`, `created_at`) VALUES (1283, 3, 5, 1, 1, 0, 1, '2019-11-30 06:43:04');
INSERT INTO `roles_permissions` (`id`, `role_id`, `perm_cat_id`, `can_view`, `can_add`, `can_edit`, `can_delete`, `created_at`) VALUES (1284, 3, 6, 1, 0, 0, 0, '2019-11-30 06:43:29');
INSERT INTO `roles_permissions` (`id`, `role_id`, `perm_cat_id`, `can_view`, `can_add`, `can_edit`, `can_delete`, `created_at`) VALUES (1285, 3, 7, 1, 1, 1, 1, '2019-11-30 06:44:39');
INSERT INTO `roles_permissions` (`id`, `role_id`, `perm_cat_id`, `can_view`, `can_add`, `can_edit`, `can_delete`, `created_at`) VALUES (1286, 3, 68, 1, 0, 0, 0, '2019-11-30 06:46:58');
INSERT INTO `roles_permissions` (`id`, `role_id`, `perm_cat_id`, `can_view`, `can_add`, `can_edit`, `can_delete`, `created_at`) VALUES (1287, 3, 71, 1, 0, 0, 0, '2019-11-30 07:05:41');
INSERT INTO `roles_permissions` (`id`, `role_id`, `perm_cat_id`, `can_view`, `can_add`, `can_edit`, `can_delete`, `created_at`) VALUES (1288, 3, 73, 1, 0, 0, 0, '2019-11-30 07:05:59');
INSERT INTO `roles_permissions` (`id`, `role_id`, `perm_cat_id`, `can_view`, `can_add`, `can_edit`, `can_delete`, `created_at`) VALUES (1289, 3, 74, 1, 0, 0, 0, '2019-11-30 07:06:08');
INSERT INTO `roles_permissions` (`id`, `role_id`, `perm_cat_id`, `can_view`, `can_add`, `can_edit`, `can_delete`, `created_at`) VALUES (1290, 3, 11, 1, 0, 0, 0, '2019-11-30 07:16:37');
INSERT INTO `roles_permissions` (`id`, `role_id`, `perm_cat_id`, `can_view`, `can_add`, `can_edit`, `can_delete`, `created_at`) VALUES (1291, 3, 12, 1, 1, 1, 1, '2019-11-30 07:19:29');
INSERT INTO `roles_permissions` (`id`, `role_id`, `perm_cat_id`, `can_view`, `can_add`, `can_edit`, `can_delete`, `created_at`) VALUES (1292, 3, 13, 1, 1, 1, 1, '2019-11-30 07:22:27');
INSERT INTO `roles_permissions` (`id`, `role_id`, `perm_cat_id`, `can_view`, `can_add`, `can_edit`, `can_delete`, `created_at`) VALUES (1294, 3, 14, 1, 0, 0, 0, '2019-11-30 07:22:55');
INSERT INTO `roles_permissions` (`id`, `role_id`, `perm_cat_id`, `can_view`, `can_add`, `can_edit`, `can_delete`, `created_at`) VALUES (1295, 3, 31, 1, 1, 1, 1, '2019-12-02 06:30:37');
INSERT INTO `roles_permissions` (`id`, `role_id`, `perm_cat_id`, `can_view`, `can_add`, `can_edit`, `can_delete`, `created_at`) VALUES (1297, 3, 37, 1, 1, 1, 1, '2019-11-30 07:28:09');
INSERT INTO `roles_permissions` (`id`, `role_id`, `perm_cat_id`, `can_view`, `can_add`, `can_edit`, `can_delete`, `created_at`) VALUES (1298, 3, 38, 1, 1, 1, 1, '2019-11-30 07:29:02');
INSERT INTO `roles_permissions` (`id`, `role_id`, `perm_cat_id`, `can_view`, `can_add`, `can_edit`, `can_delete`, `created_at`) VALUES (1299, 3, 39, 1, 1, 1, 1, '2019-11-30 07:30:07');
INSERT INTO `roles_permissions` (`id`, `role_id`, `perm_cat_id`, `can_view`, `can_add`, `can_edit`, `can_delete`, `created_at`) VALUES (1300, 3, 40, 1, 1, 1, 1, '2019-11-30 07:32:43');
INSERT INTO `roles_permissions` (`id`, `role_id`, `perm_cat_id`, `can_view`, `can_add`, `can_edit`, `can_delete`, `created_at`) VALUES (1301, 3, 44, 1, 0, 0, 0, '2019-11-30 07:44:09');
INSERT INTO `roles_permissions` (`id`, `role_id`, `perm_cat_id`, `can_view`, `can_add`, `can_edit`, `can_delete`, `created_at`) VALUES (1302, 3, 46, 1, 0, 0, 0, '2019-11-30 07:44:09');
INSERT INTO `roles_permissions` (`id`, `role_id`, `perm_cat_id`, `can_view`, `can_add`, `can_edit`, `can_delete`, `created_at`) VALUES (1303, 3, 217, 1, 0, 0, 0, '2019-11-30 07:44:09');
INSERT INTO `roles_permissions` (`id`, `role_id`, `perm_cat_id`, `can_view`, `can_add`, `can_edit`, `can_delete`, `created_at`) VALUES (1304, 3, 155, 1, 0, 0, 0, '2019-11-30 07:44:32');
INSERT INTO `roles_permissions` (`id`, `role_id`, `perm_cat_id`, `can_view`, `can_add`, `can_edit`, `can_delete`, `created_at`) VALUES (1305, 3, 156, 1, 0, 0, 0, '2019-11-30 07:45:18');
INSERT INTO `roles_permissions` (`id`, `role_id`, `perm_cat_id`, `can_view`, `can_add`, `can_edit`, `can_delete`, `created_at`) VALUES (1306, 3, 157, 1, 0, 0, 0, '2019-11-30 07:45:42');
INSERT INTO `roles_permissions` (`id`, `role_id`, `perm_cat_id`, `can_view`, `can_add`, `can_edit`, `can_delete`, `created_at`) VALUES (1307, 3, 158, 1, 0, 0, 0, '2019-11-30 07:46:07');
INSERT INTO `roles_permissions` (`id`, `role_id`, `perm_cat_id`, `can_view`, `can_add`, `can_edit`, `can_delete`, `created_at`) VALUES (1308, 3, 159, 1, 0, 0, 0, '2019-11-30 07:46:21');
INSERT INTO `roles_permissions` (`id`, `role_id`, `perm_cat_id`, `can_view`, `can_add`, `can_edit`, `can_delete`, `created_at`) VALUES (1309, 3, 160, 1, 0, 0, 0, '2019-11-30 07:46:33');
INSERT INTO `roles_permissions` (`id`, `role_id`, `perm_cat_id`, `can_view`, `can_add`, `can_edit`, `can_delete`, `created_at`) VALUES (1313, 3, 161, 1, 0, 0, 0, '2019-11-30 07:48:26');
INSERT INTO `roles_permissions` (`id`, `role_id`, `perm_cat_id`, `can_view`, `can_add`, `can_edit`, `can_delete`, `created_at`) VALUES (1314, 3, 162, 1, 0, 0, 0, '2019-11-30 07:48:48');
INSERT INTO `roles_permissions` (`id`, `role_id`, `perm_cat_id`, `can_view`, `can_add`, `can_edit`, `can_delete`, `created_at`) VALUES (1315, 3, 163, 1, 0, 0, 0, '2019-11-30 07:48:48');
INSERT INTO `roles_permissions` (`id`, `role_id`, `perm_cat_id`, `can_view`, `can_add`, `can_edit`, `can_delete`, `created_at`) VALUES (1316, 3, 164, 1, 0, 0, 0, '2019-11-30 07:49:47');
INSERT INTO `roles_permissions` (`id`, `role_id`, `perm_cat_id`, `can_view`, `can_add`, `can_edit`, `can_delete`, `created_at`) VALUES (1317, 3, 165, 1, 0, 0, 0, '2019-11-30 07:49:47');
INSERT INTO `roles_permissions` (`id`, `role_id`, `perm_cat_id`, `can_view`, `can_add`, `can_edit`, `can_delete`, `created_at`) VALUES (1318, 3, 174, 1, 0, 0, 0, '2019-11-30 07:49:47');
INSERT INTO `roles_permissions` (`id`, `role_id`, `perm_cat_id`, `can_view`, `can_add`, `can_edit`, `can_delete`, `created_at`) VALUES (1319, 3, 175, 1, 0, 0, 0, '2019-11-30 07:49:59');
INSERT INTO `roles_permissions` (`id`, `role_id`, `perm_cat_id`, `can_view`, `can_add`, `can_edit`, `can_delete`, `created_at`) VALUES (1320, 3, 181, 1, 0, 0, 0, '2019-11-30 07:50:08');
INSERT INTO `roles_permissions` (`id`, `role_id`, `perm_cat_id`, `can_view`, `can_add`, `can_edit`, `can_delete`, `created_at`) VALUES (1321, 3, 86, 1, 1, 1, 1, '2019-11-30 07:54:08');
INSERT INTO `roles_permissions` (`id`, `role_id`, `perm_cat_id`, `can_view`, `can_add`, `can_edit`, `can_delete`, `created_at`) VALUES (1322, 4, 28, 1, 1, 1, 1, '2019-12-01 00:52:39');
INSERT INTO `roles_permissions` (`id`, `role_id`, `perm_cat_id`, `can_view`, `can_add`, `can_edit`, `can_delete`, `created_at`) VALUES (1324, 4, 29, 1, 0, 0, 0, '2019-12-01 00:53:46');
INSERT INTO `roles_permissions` (`id`, `role_id`, `perm_cat_id`, `can_view`, `can_add`, `can_edit`, `can_delete`, `created_at`) VALUES (1325, 4, 30, 1, 0, 0, 0, '2019-12-01 00:53:59');
INSERT INTO `roles_permissions` (`id`, `role_id`, `perm_cat_id`, `can_view`, `can_add`, `can_edit`, `can_delete`, `created_at`) VALUES (1326, 4, 123, 1, 0, 0, 0, '2019-12-01 00:54:26');
INSERT INTO `roles_permissions` (`id`, `role_id`, `perm_cat_id`, `can_view`, `can_add`, `can_edit`, `can_delete`, `created_at`) VALUES (1327, 4, 228, 1, 0, 0, 0, '2019-12-01 00:54:39');
INSERT INTO `roles_permissions` (`id`, `role_id`, `perm_cat_id`, `can_view`, `can_add`, `can_edit`, `can_delete`, `created_at`) VALUES (1328, 4, 43, 1, 1, 1, 1, '2019-12-01 00:58:05');
INSERT INTO `roles_permissions` (`id`, `role_id`, `perm_cat_id`, `can_view`, `can_add`, `can_edit`, `can_delete`, `created_at`) VALUES (1332, 4, 44, 1, 0, 0, 0, '2019-12-01 00:59:16');
INSERT INTO `roles_permissions` (`id`, `role_id`, `perm_cat_id`, `can_view`, `can_add`, `can_edit`, `can_delete`, `created_at`) VALUES (1333, 4, 46, 1, 0, 0, 0, '2019-12-01 00:59:16');
INSERT INTO `roles_permissions` (`id`, `role_id`, `perm_cat_id`, `can_view`, `can_add`, `can_edit`, `can_delete`, `created_at`) VALUES (1334, 4, 217, 1, 0, 0, 0, '2019-12-01 00:59:16');
INSERT INTO `roles_permissions` (`id`, `role_id`, `perm_cat_id`, `can_view`, `can_add`, `can_edit`, `can_delete`, `created_at`) VALUES (1335, 4, 178, 1, 0, 0, 0, '2019-12-01 00:59:59');
INSERT INTO `roles_permissions` (`id`, `role_id`, `perm_cat_id`, `can_view`, `can_add`, `can_edit`, `can_delete`, `created_at`) VALUES (1336, 4, 179, 1, 0, 0, 0, '2019-12-01 01:00:11');
INSERT INTO `roles_permissions` (`id`, `role_id`, `perm_cat_id`, `can_view`, `can_add`, `can_edit`, `can_delete`, `created_at`) VALUES (1337, 4, 180, 1, 0, 0, 0, '2019-12-01 01:00:29');
INSERT INTO `roles_permissions` (`id`, `role_id`, `perm_cat_id`, `can_view`, `can_add`, `can_edit`, `can_delete`, `created_at`) VALUES (1338, 4, 221, 1, 0, 0, 0, '2019-12-01 01:00:46');
INSERT INTO `roles_permissions` (`id`, `role_id`, `perm_cat_id`, `can_view`, `can_add`, `can_edit`, `can_delete`, `created_at`) VALUES (1339, 4, 86, 1, 0, 0, 0, '2019-12-01 01:01:02');
INSERT INTO `roles_permissions` (`id`, `role_id`, `perm_cat_id`, `can_view`, `can_add`, `can_edit`, `can_delete`, `created_at`) VALUES (1341, 4, 106, 1, 0, 0, 0, '2019-12-01 01:05:21');
INSERT INTO `roles_permissions` (`id`, `role_id`, `perm_cat_id`, `can_view`, `can_add`, `can_edit`, `can_delete`, `created_at`) VALUES (1342, 1, 107, 1, 0, 0, 0, '2019-12-01 01:06:44');
INSERT INTO `roles_permissions` (`id`, `role_id`, `perm_cat_id`, `can_view`, `can_add`, `can_edit`, `can_delete`, `created_at`) VALUES (1343, 4, 117, 1, 0, 0, 0, '2019-12-01 01:10:20');
INSERT INTO `roles_permissions` (`id`, `role_id`, `perm_cat_id`, `can_view`, `can_add`, `can_edit`, `can_delete`, `created_at`) VALUES (1344, 4, 194, 1, 0, 0, 0, '2019-12-01 01:11:35');
INSERT INTO `roles_permissions` (`id`, `role_id`, `perm_cat_id`, `can_view`, `can_add`, `can_edit`, `can_delete`, `created_at`) VALUES (1348, 4, 230, 1, 0, 0, 0, '2019-12-01 01:19:15');
INSERT INTO `roles_permissions` (`id`, `role_id`, `perm_cat_id`, `can_view`, `can_add`, `can_edit`, `can_delete`, `created_at`) VALUES (1350, 6, 1, 1, 0, 0, 0, '2019-12-01 01:35:32');
INSERT INTO `roles_permissions` (`id`, `role_id`, `perm_cat_id`, `can_view`, `can_add`, `can_edit`, `can_delete`, `created_at`) VALUES (1351, 6, 21, 1, 0, 0, 0, '2019-12-01 01:36:29');
INSERT INTO `roles_permissions` (`id`, `role_id`, `perm_cat_id`, `can_view`, `can_add`, `can_edit`, `can_delete`, `created_at`) VALUES (1352, 6, 23, 1, 0, 0, 0, '2019-12-01 01:36:45');
INSERT INTO `roles_permissions` (`id`, `role_id`, `perm_cat_id`, `can_view`, `can_add`, `can_edit`, `can_delete`, `created_at`) VALUES (1353, 6, 24, 1, 0, 0, 0, '2019-12-01 01:37:05');
INSERT INTO `roles_permissions` (`id`, `role_id`, `perm_cat_id`, `can_view`, `can_add`, `can_edit`, `can_delete`, `created_at`) VALUES (1354, 6, 25, 1, 0, 0, 0, '2019-12-01 01:37:34');
INSERT INTO `roles_permissions` (`id`, `role_id`, `perm_cat_id`, `can_view`, `can_add`, `can_edit`, `can_delete`, `created_at`) VALUES (1355, 6, 77, 1, 0, 0, 0, '2019-12-01 01:38:08');
INSERT INTO `roles_permissions` (`id`, `role_id`, `perm_cat_id`, `can_view`, `can_add`, `can_edit`, `can_delete`, `created_at`) VALUES (1356, 6, 188, 1, 0, 0, 0, '2019-12-01 01:38:45');
INSERT INTO `roles_permissions` (`id`, `role_id`, `perm_cat_id`, `can_view`, `can_add`, `can_edit`, `can_delete`, `created_at`) VALUES (1357, 6, 43, 1, 1, 1, 1, '2019-12-01 01:40:44');
INSERT INTO `roles_permissions` (`id`, `role_id`, `perm_cat_id`, `can_view`, `can_add`, `can_edit`, `can_delete`, `created_at`) VALUES (1358, 6, 78, 1, 1, 1, 1, '2019-12-01 01:43:04');
INSERT INTO `roles_permissions` (`id`, `role_id`, `perm_cat_id`, `can_view`, `can_add`, `can_edit`, `can_delete`, `created_at`) VALUES (1360, 6, 79, 1, 1, 0, 1, '2019-12-01 01:44:39');
INSERT INTO `roles_permissions` (`id`, `role_id`, `perm_cat_id`, `can_view`, `can_add`, `can_edit`, `can_delete`, `created_at`) VALUES (1361, 6, 80, 1, 1, 1, 1, '2019-12-01 01:45:08');
INSERT INTO `roles_permissions` (`id`, `role_id`, `perm_cat_id`, `can_view`, `can_add`, `can_edit`, `can_delete`, `created_at`) VALUES (1362, 6, 81, 1, 1, 1, 1, '2019-12-01 01:47:50');
INSERT INTO `roles_permissions` (`id`, `role_id`, `perm_cat_id`, `can_view`, `can_add`, `can_edit`, `can_delete`, `created_at`) VALUES (1363, 6, 85, 1, 1, 1, 1, '2019-12-01 01:50:43');
INSERT INTO `roles_permissions` (`id`, `role_id`, `perm_cat_id`, `can_view`, `can_add`, `can_edit`, `can_delete`, `created_at`) VALUES (1364, 6, 86, 1, 0, 0, 0, '2019-12-01 01:51:10');
INSERT INTO `roles_permissions` (`id`, `role_id`, `perm_cat_id`, `can_view`, `can_add`, `can_edit`, `can_delete`, `created_at`) VALUES (1365, 6, 106, 1, 0, 0, 0, '2019-12-01 01:52:55');
INSERT INTO `roles_permissions` (`id`, `role_id`, `perm_cat_id`, `can_view`, `can_add`, `can_edit`, `can_delete`, `created_at`) VALUES (1366, 6, 117, 1, 0, 0, 0, '2019-12-01 01:53:08');
INSERT INTO `roles_permissions` (`id`, `role_id`, `perm_cat_id`, `can_view`, `can_add`, `can_edit`, `can_delete`, `created_at`) VALUES (1394, 1, 106, 1, 0, 0, 0, '2019-12-02 05:20:33');
INSERT INTO `roles_permissions` (`id`, `role_id`, `perm_cat_id`, `can_view`, `can_add`, `can_edit`, `can_delete`, `created_at`) VALUES (1395, 1, 113, 1, 0, 0, 0, '2019-12-02 05:20:59');
INSERT INTO `roles_permissions` (`id`, `role_id`, `perm_cat_id`, `can_view`, `can_add`, `can_edit`, `can_delete`, `created_at`) VALUES (1396, 1, 114, 1, 0, 0, 0, '2019-12-02 05:21:34');
INSERT INTO `roles_permissions` (`id`, `role_id`, `perm_cat_id`, `can_view`, `can_add`, `can_edit`, `can_delete`, `created_at`) VALUES (1397, 1, 115, 1, 0, 0, 0, '2019-12-02 05:21:34');
INSERT INTO `roles_permissions` (`id`, `role_id`, `perm_cat_id`, `can_view`, `can_add`, `can_edit`, `can_delete`, `created_at`) VALUES (1398, 1, 116, 1, 0, 0, 0, '2019-12-02 05:21:54');
INSERT INTO `roles_permissions` (`id`, `role_id`, `perm_cat_id`, `can_view`, `can_add`, `can_edit`, `can_delete`, `created_at`) VALUES (1399, 1, 117, 1, 0, 0, 0, '2019-12-02 05:22:04');
INSERT INTO `roles_permissions` (`id`, `role_id`, `perm_cat_id`, `can_view`, `can_add`, `can_edit`, `can_delete`, `created_at`) VALUES (1400, 1, 118, 1, 0, 0, 0, '2019-12-02 05:22:20');
INSERT INTO `roles_permissions` (`id`, `role_id`, `perm_cat_id`, `can_view`, `can_add`, `can_edit`, `can_delete`, `created_at`) VALUES (1402, 1, 191, 1, 0, 0, 0, '2019-12-02 05:23:34');
INSERT INTO `roles_permissions` (`id`, `role_id`, `perm_cat_id`, `can_view`, `can_add`, `can_edit`, `can_delete`, `created_at`) VALUES (1403, 1, 192, 1, 0, 0, 0, '2019-12-02 05:23:47');
INSERT INTO `roles_permissions` (`id`, `role_id`, `perm_cat_id`, `can_view`, `can_add`, `can_edit`, `can_delete`, `created_at`) VALUES (1404, 1, 193, 1, 0, 0, 0, '2019-12-02 05:23:58');
INSERT INTO `roles_permissions` (`id`, `role_id`, `perm_cat_id`, `can_view`, `can_add`, `can_edit`, `can_delete`, `created_at`) VALUES (1405, 1, 194, 1, 0, 0, 0, '2019-12-02 05:24:11');
INSERT INTO `roles_permissions` (`id`, `role_id`, `perm_cat_id`, `can_view`, `can_add`, `can_edit`, `can_delete`, `created_at`) VALUES (1406, 1, 195, 1, 0, 0, 0, '2019-12-02 05:24:20');
INSERT INTO `roles_permissions` (`id`, `role_id`, `perm_cat_id`, `can_view`, `can_add`, `can_edit`, `can_delete`, `created_at`) VALUES (1408, 1, 227, 1, 0, 0, 0, '2019-12-02 05:25:47');
INSERT INTO `roles_permissions` (`id`, `role_id`, `perm_cat_id`, `can_view`, `can_add`, `can_edit`, `can_delete`, `created_at`) VALUES (1410, 1, 226, 1, 0, 0, 0, '2019-12-02 05:31:41');
INSERT INTO `roles_permissions` (`id`, `role_id`, `perm_cat_id`, `can_view`, `can_add`, `can_edit`, `can_delete`, `created_at`) VALUES (1411, 1, 229, 1, 0, 0, 0, '2019-12-02 05:32:57');
INSERT INTO `roles_permissions` (`id`, `role_id`, `perm_cat_id`, `can_view`, `can_add`, `can_edit`, `can_delete`, `created_at`) VALUES (1412, 1, 230, 1, 0, 0, 0, '2019-12-02 05:32:57');
INSERT INTO `roles_permissions` (`id`, `role_id`, `perm_cat_id`, `can_view`, `can_add`, `can_edit`, `can_delete`, `created_at`) VALUES (1413, 1, 190, 1, 0, 0, 0, '2019-12-02 05:43:41');
INSERT INTO `roles_permissions` (`id`, `role_id`, `perm_cat_id`, `can_view`, `can_add`, `can_edit`, `can_delete`, `created_at`) VALUES (1414, 2, 174, 1, 0, 0, 0, '2019-12-02 05:54:37');
INSERT INTO `roles_permissions` (`id`, `role_id`, `perm_cat_id`, `can_view`, `can_add`, `can_edit`, `can_delete`, `created_at`) VALUES (1415, 2, 175, 1, 0, 0, 0, '2019-12-02 05:54:37');
INSERT INTO `roles_permissions` (`id`, `role_id`, `perm_cat_id`, `can_view`, `can_add`, `can_edit`, `can_delete`, `created_at`) VALUES (1419, 2, 231, 1, 0, 0, 0, '2019-12-02 06:12:28');
INSERT INTO `roles_permissions` (`id`, `role_id`, `perm_cat_id`, `can_view`, `can_add`, `can_edit`, `can_delete`, `created_at`) VALUES (1420, 1, 231, 1, 1, 1, 1, '2021-01-23 07:09:32');
INSERT INTO `roles_permissions` (`id`, `role_id`, `perm_cat_id`, `can_view`, `can_add`, `can_edit`, `can_delete`, `created_at`) VALUES (1421, 1, 232, 1, 0, 1, 1, '2019-12-02 06:19:32');
INSERT INTO `roles_permissions` (`id`, `role_id`, `perm_cat_id`, `can_view`, `can_add`, `can_edit`, `can_delete`, `created_at`) VALUES (1422, 3, 32, 1, 1, 1, 1, '2019-12-02 06:30:37');
INSERT INTO `roles_permissions` (`id`, `role_id`, `perm_cat_id`, `can_view`, `can_add`, `can_edit`, `can_delete`, `created_at`) VALUES (1423, 3, 33, 1, 1, 1, 1, '2019-12-02 06:30:37');
INSERT INTO `roles_permissions` (`id`, `role_id`, `perm_cat_id`, `can_view`, `can_add`, `can_edit`, `can_delete`, `created_at`) VALUES (1424, 3, 34, 1, 1, 1, 1, '2019-12-02 06:30:37');
INSERT INTO `roles_permissions` (`id`, `role_id`, `perm_cat_id`, `can_view`, `can_add`, `can_edit`, `can_delete`, `created_at`) VALUES (1425, 3, 182, 1, 0, 0, 0, '2019-12-02 06:30:37');
INSERT INTO `roles_permissions` (`id`, `role_id`, `perm_cat_id`, `can_view`, `can_add`, `can_edit`, `can_delete`, `created_at`) VALUES (1426, 3, 183, 1, 0, 0, 0, '2019-12-02 06:30:37');
INSERT INTO `roles_permissions` (`id`, `role_id`, `perm_cat_id`, `can_view`, `can_add`, `can_edit`, `can_delete`, `created_at`) VALUES (1427, 3, 189, 1, 0, 1, 1, '2019-12-02 06:30:37');
INSERT INTO `roles_permissions` (`id`, `role_id`, `perm_cat_id`, `can_view`, `can_add`, `can_edit`, `can_delete`, `created_at`) VALUES (1428, 3, 229, 1, 0, 0, 0, '2019-12-02 06:30:37');
INSERT INTO `roles_permissions` (`id`, `role_id`, `perm_cat_id`, `can_view`, `can_add`, `can_edit`, `can_delete`, `created_at`) VALUES (1429, 3, 230, 1, 0, 0, 0, '2019-12-02 06:30:37');
INSERT INTO `roles_permissions` (`id`, `role_id`, `perm_cat_id`, `can_view`, `can_add`, `can_edit`, `can_delete`, `created_at`) VALUES (1430, 4, 213, 1, 0, 0, 0, '2019-12-02 06:32:14');
INSERT INTO `roles_permissions` (`id`, `role_id`, `perm_cat_id`, `can_view`, `can_add`, `can_edit`, `can_delete`, `created_at`) VALUES (1432, 4, 224, 1, 0, 0, 0, '2019-12-02 06:32:14');
INSERT INTO `roles_permissions` (`id`, `role_id`, `perm_cat_id`, `can_view`, `can_add`, `can_edit`, `can_delete`, `created_at`) VALUES (1433, 4, 195, 1, 0, 0, 0, '2019-12-03 04:57:53');
INSERT INTO `roles_permissions` (`id`, `role_id`, `perm_cat_id`, `can_view`, `can_add`, `can_edit`, `can_delete`, `created_at`) VALUES (1434, 4, 229, 1, 0, 0, 0, '2019-12-03 04:58:19');
INSERT INTO `roles_permissions` (`id`, `role_id`, `perm_cat_id`, `can_view`, `can_add`, `can_edit`, `can_delete`, `created_at`) VALUES (1436, 6, 213, 1, 0, 0, 0, '2019-12-03 05:10:11');
INSERT INTO `roles_permissions` (`id`, `role_id`, `perm_cat_id`, `can_view`, `can_add`, `can_edit`, `can_delete`, `created_at`) VALUES (1437, 6, 191, 1, 0, 0, 0, '2019-12-03 05:10:11');
INSERT INTO `roles_permissions` (`id`, `role_id`, `perm_cat_id`, `can_view`, `can_add`, `can_edit`, `can_delete`, `created_at`) VALUES (1438, 6, 193, 1, 0, 0, 0, '2019-12-03 05:10:11');
INSERT INTO `roles_permissions` (`id`, `role_id`, `perm_cat_id`, `can_view`, `can_add`, `can_edit`, `can_delete`, `created_at`) VALUES (1439, 6, 230, 1, 0, 0, 0, '2019-12-03 05:10:11');
INSERT INTO `roles_permissions` (`id`, `role_id`, `perm_cat_id`, `can_view`, `can_add`, `can_edit`, `can_delete`, `created_at`) VALUES (1440, 2, 106, 1, 0, 0, 0, '2020-01-25 04:21:36');
INSERT INTO `roles_permissions` (`id`, `role_id`, `perm_cat_id`, `can_view`, `can_add`, `can_edit`, `can_delete`, `created_at`) VALUES (1441, 2, 107, 1, 0, 0, 0, '2020-02-12 02:10:13');
INSERT INTO `roles_permissions` (`id`, `role_id`, `perm_cat_id`, `can_view`, `can_add`, `can_edit`, `can_delete`, `created_at`) VALUES (1442, 2, 134, 1, 1, 1, 1, '2020-02-12 02:12:36');
INSERT INTO `roles_permissions` (`id`, `role_id`, `perm_cat_id`, `can_view`, `can_add`, `can_edit`, `can_delete`, `created_at`) VALUES (1443, 1, 233, 1, 0, 0, 0, '2020-02-12 02:21:57');
INSERT INTO `roles_permissions` (`id`, `role_id`, `perm_cat_id`, `can_view`, `can_add`, `can_edit`, `can_delete`, `created_at`) VALUES (1444, 2, 86, 1, 0, 0, 0, '2020-02-12 02:22:33');
INSERT INTO `roles_permissions` (`id`, `role_id`, `perm_cat_id`, `can_view`, `can_add`, `can_edit`, `can_delete`, `created_at`) VALUES (1445, 3, 233, 1, 0, 0, 0, '2020-02-12 03:51:17');
INSERT INTO `roles_permissions` (`id`, `role_id`, `perm_cat_id`, `can_view`, `can_add`, `can_edit`, `can_delete`, `created_at`) VALUES (1446, 1, 234, 1, 1, 1, 1, '2020-06-01 21:51:09');
INSERT INTO `roles_permissions` (`id`, `role_id`, `perm_cat_id`, `can_view`, `can_add`, `can_edit`, `can_delete`, `created_at`) VALUES (1447, 1, 235, 1, 1, 1, 1, '2020-05-29 23:17:01');
INSERT INTO `roles_permissions` (`id`, `role_id`, `perm_cat_id`, `can_view`, `can_add`, `can_edit`, `can_delete`, `created_at`) VALUES (1448, 1, 236, 1, 1, 1, 0, '2020-05-29 23:17:52');
INSERT INTO `roles_permissions` (`id`, `role_id`, `perm_cat_id`, `can_view`, `can_add`, `can_edit`, `can_delete`, `created_at`) VALUES (1449, 1, 237, 1, 0, 1, 0, '2020-05-29 23:18:18');
INSERT INTO `roles_permissions` (`id`, `role_id`, `perm_cat_id`, `can_view`, `can_add`, `can_edit`, `can_delete`, `created_at`) VALUES (1450, 1, 238, 1, 1, 1, 1, '2020-05-29 23:19:52');
INSERT INTO `roles_permissions` (`id`, `role_id`, `perm_cat_id`, `can_view`, `can_add`, `can_edit`, `can_delete`, `created_at`) VALUES (1451, 1, 239, 1, 1, 1, 1, '2020-05-29 23:22:10');
INSERT INTO `roles_permissions` (`id`, `role_id`, `perm_cat_id`, `can_view`, `can_add`, `can_edit`, `can_delete`, `created_at`) VALUES (1452, 2, 236, 1, 1, 1, 0, '2020-05-29 23:40:33');
INSERT INTO `roles_permissions` (`id`, `role_id`, `perm_cat_id`, `can_view`, `can_add`, `can_edit`, `can_delete`, `created_at`) VALUES (1454, 2, 238, 1, 1, 1, 1, '2020-05-29 23:40:33');
INSERT INTO `roles_permissions` (`id`, `role_id`, `perm_cat_id`, `can_view`, `can_add`, `can_edit`, `can_delete`, `created_at`) VALUES (1455, 2, 239, 1, 1, 1, 1, '2020-05-29 23:40:33');
INSERT INTO `roles_permissions` (`id`, `role_id`, `perm_cat_id`, `can_view`, `can_add`, `can_edit`, `can_delete`, `created_at`) VALUES (1456, 2, 240, 1, 0, 0, 0, '2020-05-28 20:51:18');
INSERT INTO `roles_permissions` (`id`, `role_id`, `perm_cat_id`, `can_view`, `can_add`, `can_edit`, `can_delete`, `created_at`) VALUES (1457, 2, 241, 1, 0, 0, 0, '2020-05-28 20:51:18');
INSERT INTO `roles_permissions` (`id`, `role_id`, `perm_cat_id`, `can_view`, `can_add`, `can_edit`, `can_delete`, `created_at`) VALUES (1458, 1, 240, 1, 0, 0, 0, '2020-06-07 18:30:42');
INSERT INTO `roles_permissions` (`id`, `role_id`, `perm_cat_id`, `can_view`, `can_add`, `can_edit`, `can_delete`, `created_at`) VALUES (1459, 1, 241, 1, 0, 0, 0, '2020-06-07 18:30:42');
INSERT INTO `roles_permissions` (`id`, `role_id`, `perm_cat_id`, `can_view`, `can_add`, `can_edit`, `can_delete`, `created_at`) VALUES (1460, 1, 242, 1, 0, 0, 0, '2020-06-07 18:30:42');
INSERT INTO `roles_permissions` (`id`, `role_id`, `perm_cat_id`, `can_view`, `can_add`, `can_edit`, `can_delete`, `created_at`) VALUES (1461, 2, 242, 1, 0, 0, 0, '2020-06-11 22:45:24');
INSERT INTO `roles_permissions` (`id`, `role_id`, `perm_cat_id`, `can_view`, `can_add`, `can_edit`, `can_delete`, `created_at`) VALUES (1462, 3, 242, 1, 0, 0, 0, '2020-06-14 22:46:54');
INSERT INTO `roles_permissions` (`id`, `role_id`, `perm_cat_id`, `can_view`, `can_add`, `can_edit`, `can_delete`, `created_at`) VALUES (1463, 6, 242, 1, 0, 0, 0, '2020-06-14 22:48:14');
INSERT INTO `roles_permissions` (`id`, `role_id`, `perm_cat_id`, `can_view`, `can_add`, `can_edit`, `can_delete`, `created_at`) VALUES (1464, 1, 243, 1, 0, 0, 0, '2020-09-12 06:05:45');
INSERT INTO `roles_permissions` (`id`, `role_id`, `perm_cat_id`, `can_view`, `can_add`, `can_edit`, `can_delete`, `created_at`) VALUES (1465, 1, 109, 1, 1, 0, 0, '2020-09-21 06:33:50');
INSERT INTO `roles_permissions` (`id`, `role_id`, `perm_cat_id`, `can_view`, `can_add`, `can_edit`, `can_delete`, `created_at`) VALUES (1466, 1, 108, 1, 0, 1, 1, '2023-02-13 11:14:29');
INSERT INTO `roles_permissions` (`id`, `role_id`, `perm_cat_id`, `can_view`, `can_add`, `can_edit`, `can_delete`, `created_at`) VALUES (1467, 1, 244, 1, 0, 0, 0, '2020-09-21 06:59:54');
INSERT INTO `roles_permissions` (`id`, `role_id`, `perm_cat_id`, `can_view`, `can_add`, `can_edit`, `can_delete`, `created_at`) VALUES (1468, 1, 245, 1, 0, 0, 0, '2020-09-21 06:59:54');
INSERT INTO `roles_permissions` (`id`, `role_id`, `perm_cat_id`, `can_view`, `can_add`, `can_edit`, `can_delete`, `created_at`) VALUES (1469, 1, 246, 1, 0, 0, 0, '2020-09-21 06:59:54');
INSERT INTO `roles_permissions` (`id`, `role_id`, `perm_cat_id`, `can_view`, `can_add`, `can_edit`, `can_delete`, `created_at`) VALUES (1470, 1, 247, 1, 0, 0, 0, '2021-01-07 06:12:14');
INSERT INTO `roles_permissions` (`id`, `role_id`, `perm_cat_id`, `can_view`, `can_add`, `can_edit`, `can_delete`, `created_at`) VALUES (1472, 2, 247, 1, 0, 0, 0, '2021-01-21 12:46:40');
INSERT INTO `roles_permissions` (`id`, `role_id`, `perm_cat_id`, `can_view`, `can_add`, `can_edit`, `can_delete`, `created_at`) VALUES (1473, 1, 5005, 1, 0, 0, 0, '2020-06-14 12:42:11');
INSERT INTO `roles_permissions` (`id`, `role_id`, `perm_cat_id`, `can_view`, `can_add`, `can_edit`, `can_delete`, `created_at`) VALUES (1474, 2, 5005, 1, 0, 0, 0, '2020-06-14 12:59:50');
INSERT INTO `roles_permissions` (`id`, `role_id`, `perm_cat_id`, `can_view`, `can_add`, `can_edit`, `can_delete`, `created_at`) VALUES (1475, 3, 5004, 1, 0, 0, 0, '2020-06-14 13:03:50');
INSERT INTO `roles_permissions` (`id`, `role_id`, `perm_cat_id`, `can_view`, `can_add`, `can_edit`, `can_delete`, `created_at`) VALUES (1476, 2, 5004, 1, 0, 0, 0, '2020-06-14 13:03:50');
INSERT INTO `roles_permissions` (`id`, `role_id`, `perm_cat_id`, `can_view`, `can_add`, `can_edit`, `can_delete`, `created_at`) VALUES (1477, 1, 5004, 1, 0, 0, 0, '2020-06-14 12:42:11');
INSERT INTO `roles_permissions` (`id`, `role_id`, `perm_cat_id`, `can_view`, `can_add`, `can_edit`, `can_delete`, `created_at`) VALUES (1478, 6, 5003, 1, 0, 0, 0, '2020-06-14 13:05:52');
INSERT INTO `roles_permissions` (`id`, `role_id`, `perm_cat_id`, `can_view`, `can_add`, `can_edit`, `can_delete`, `created_at`) VALUES (1479, 4, 5003, 1, 0, 0, 0, '2020-06-14 13:05:28');
INSERT INTO `roles_permissions` (`id`, `role_id`, `perm_cat_id`, `can_view`, `can_add`, `can_edit`, `can_delete`, `created_at`) VALUES (1480, 3, 5003, 1, 1, 0, 1, '2020-06-14 13:03:50');
INSERT INTO `roles_permissions` (`id`, `role_id`, `perm_cat_id`, `can_view`, `can_add`, `can_edit`, `can_delete`, `created_at`) VALUES (1481, 2, 5003, 1, 1, 0, 1, '2020-06-14 12:59:50');
INSERT INTO `roles_permissions` (`id`, `role_id`, `perm_cat_id`, `can_view`, `can_add`, `can_edit`, `can_delete`, `created_at`) VALUES (1482, 1, 5003, 1, 1, 0, 1, '2020-06-14 12:42:11');
INSERT INTO `roles_permissions` (`id`, `role_id`, `perm_cat_id`, `can_view`, `can_add`, `can_edit`, `can_delete`, `created_at`) VALUES (1483, 2, 5002, 1, 1, 0, 1, '2020-06-14 12:59:50');
INSERT INTO `roles_permissions` (`id`, `role_id`, `perm_cat_id`, `can_view`, `can_add`, `can_edit`, `can_delete`, `created_at`) VALUES (1484, 1, 5002, 1, 1, 0, 1, '2020-06-14 12:42:11');
INSERT INTO `roles_permissions` (`id`, `role_id`, `perm_cat_id`, `can_view`, `can_add`, `can_edit`, `can_delete`, `created_at`) VALUES (1485, 1, 5001, 1, 0, 1, 0, '2020-06-14 12:42:11');
INSERT INTO `roles_permissions` (`id`, `role_id`, `perm_cat_id`, `can_view`, `can_add`, `can_edit`, `can_delete`, `created_at`) VALUES (1486, 2, 5001, 1, 0, 1, 0, '2020-06-14 12:42:11');
INSERT INTO `roles_permissions` (`id`, `role_id`, `perm_cat_id`, `can_view`, `can_add`, `can_edit`, `can_delete`, `created_at`) VALUES (1487, 2, 6001, 1, 1, 0, 1, '2021-01-29 09:31:16');
INSERT INTO `roles_permissions` (`id`, `role_id`, `perm_cat_id`, `can_view`, `can_add`, `can_edit`, `can_delete`, `created_at`) VALUES (1488, 1, 6001, 1, 1, 0, 1, '2020-09-23 12:59:22');
INSERT INTO `roles_permissions` (`id`, `role_id`, `perm_cat_id`, `can_view`, `can_add`, `can_edit`, `can_delete`, `created_at`) VALUES (1489, 1, 6002, 1, 1, 0, 1, '2020-09-23 13:01:52');
INSERT INTO `roles_permissions` (`id`, `role_id`, `perm_cat_id`, `can_view`, `can_add`, `can_edit`, `can_delete`, `created_at`) VALUES (1490, 1, 6003, 1, 0, 0, 0, '2020-09-23 13:02:06');
INSERT INTO `roles_permissions` (`id`, `role_id`, `perm_cat_id`, `can_view`, `can_add`, `can_edit`, `can_delete`, `created_at`) VALUES (1491, 1, 6004, 1, 0, 0, 0, '2020-09-23 13:02:33');
INSERT INTO `roles_permissions` (`id`, `role_id`, `perm_cat_id`, `can_view`, `can_add`, `can_edit`, `can_delete`, `created_at`) VALUES (1492, 1, 6005, 1, 0, 1, 0, '2021-01-29 07:45:05');
INSERT INTO `roles_permissions` (`id`, `role_id`, `perm_cat_id`, `can_view`, `can_add`, `can_edit`, `can_delete`, `created_at`) VALUES (1493, 2, 6005, 1, 0, 1, 0, '2021-01-29 11:08:20');
INSERT INTO `roles_permissions` (`id`, `role_id`, `perm_cat_id`, `can_view`, `can_add`, `can_edit`, `can_delete`, `created_at`) VALUES (1494, 2, 6002, 1, 1, 0, 1, '2021-01-29 07:58:48');
INSERT INTO `roles_permissions` (`id`, `role_id`, `perm_cat_id`, `can_view`, `can_add`, `can_edit`, `can_delete`, `created_at`) VALUES (1495, 3, 6002, 1, 1, 0, 1, '2021-01-29 07:26:08');
INSERT INTO `roles_permissions` (`id`, `role_id`, `perm_cat_id`, `can_view`, `can_add`, `can_edit`, `can_delete`, `created_at`) VALUES (1496, 3, 6003, 1, 0, 0, 0, '2021-01-29 07:26:08');
INSERT INTO `roles_permissions` (`id`, `role_id`, `perm_cat_id`, `can_view`, `can_add`, `can_edit`, `can_delete`, `created_at`) VALUES (1497, 3, 6005, 1, 0, 1, 0, '2021-01-29 07:26:08');
INSERT INTO `roles_permissions` (`id`, `role_id`, `perm_cat_id`, `can_view`, `can_add`, `can_edit`, `can_delete`, `created_at`) VALUES (1498, 4, 6001, 1, 1, 0, 1, '2021-01-29 07:26:53');
INSERT INTO `roles_permissions` (`id`, `role_id`, `perm_cat_id`, `can_view`, `can_add`, `can_edit`, `can_delete`, `created_at`) VALUES (1499, 4, 6002, 1, 1, 0, 1, '2021-01-29 07:26:53');
INSERT INTO `roles_permissions` (`id`, `role_id`, `perm_cat_id`, `can_view`, `can_add`, `can_edit`, `can_delete`, `created_at`) VALUES (1500, 6, 6001, 1, 1, 0, 1, '2021-01-29 07:27:32');
INSERT INTO `roles_permissions` (`id`, `role_id`, `perm_cat_id`, `can_view`, `can_add`, `can_edit`, `can_delete`, `created_at`) VALUES (1501, 6, 6002, 1, 1, 0, 1, '2021-01-29 07:27:32');
INSERT INTO `roles_permissions` (`id`, `role_id`, `perm_cat_id`, `can_view`, `can_add`, `can_edit`, `can_delete`, `created_at`) VALUES (1502, 6, 6005, 1, 0, 1, 0, '2021-01-29 07:27:32');
INSERT INTO `roles_permissions` (`id`, `role_id`, `perm_cat_id`, `can_view`, `can_add`, `can_edit`, `can_delete`, `created_at`) VALUES (1503, 2, 6003, 1, 0, 0, 0, '2021-01-29 09:31:16');
INSERT INTO `roles_permissions` (`id`, `role_id`, `perm_cat_id`, `can_view`, `can_add`, `can_edit`, `can_delete`, `created_at`) VALUES (1504, 2, 6004, 1, 0, 0, 0, '2021-01-29 09:31:16');
INSERT INTO `roles_permissions` (`id`, `role_id`, `perm_cat_id`, `can_view`, `can_add`, `can_edit`, `can_delete`, `created_at`) VALUES (1505, 1, 248, 1, 1, 1, 1, '2021-05-19 12:52:49');
INSERT INTO `roles_permissions` (`id`, `role_id`, `perm_cat_id`, `can_view`, `can_add`, `can_edit`, `can_delete`, `created_at`) VALUES (1506, 1, 249, 1, 0, 0, 0, '2021-05-19 12:52:49');
INSERT INTO `roles_permissions` (`id`, `role_id`, `perm_cat_id`, `can_view`, `can_add`, `can_edit`, `can_delete`, `created_at`) VALUES (1507, 2, 248, 1, 1, 1, 1, '2021-05-28 13:11:52');
INSERT INTO `roles_permissions` (`id`, `role_id`, `perm_cat_id`, `can_view`, `can_add`, `can_edit`, `can_delete`, `created_at`) VALUES (1508, 3, 248, 1, 1, 1, 1, '2021-05-28 09:36:16');
INSERT INTO `roles_permissions` (`id`, `role_id`, `perm_cat_id`, `can_view`, `can_add`, `can_edit`, `can_delete`, `created_at`) VALUES (1509, 3, 249, 1, 0, 0, 0, '2021-05-28 09:36:16');
INSERT INTO `roles_permissions` (`id`, `role_id`, `perm_cat_id`, `can_view`, `can_add`, `can_edit`, `can_delete`, `created_at`) VALUES (1510, 6, 248, 1, 0, 0, 0, '2021-05-28 09:56:14');
INSERT INTO `roles_permissions` (`id`, `role_id`, `perm_cat_id`, `can_view`, `can_add`, `can_edit`, `can_delete`, `created_at`) VALUES (1511, 6, 249, 1, 0, 0, 0, '2021-05-28 09:56:14');
INSERT INTO `roles_permissions` (`id`, `role_id`, `perm_cat_id`, `can_view`, `can_add`, `can_edit`, `can_delete`, `created_at`) VALUES (1512, 2, 249, 1, 0, 0, 0, '2021-05-28 13:11:52');
INSERT INTO `roles_permissions` (`id`, `role_id`, `perm_cat_id`, `can_view`, `can_add`, `can_edit`, `can_delete`, `created_at`) VALUES (1513, 1, 7001, 1, 1, 1, 1, '2023-03-01 11:07:11');
INSERT INTO `roles_permissions` (`id`, `role_id`, `perm_cat_id`, `can_view`, `can_add`, `can_edit`, `can_delete`, `created_at`) VALUES (1515, 1, 7003, 1, 1, 1, 1, '2021-05-11 08:29:37');
INSERT INTO `roles_permissions` (`id`, `role_id`, `perm_cat_id`, `can_view`, `can_add`, `can_edit`, `can_delete`, `created_at`) VALUES (1516, 1, 7005, 1, 1, 1, 1, '2021-05-17 05:28:47');
INSERT INTO `roles_permissions` (`id`, `role_id`, `perm_cat_id`, `can_view`, `can_add`, `can_edit`, `can_delete`, `created_at`) VALUES (1517, 1, 7004, 1, 1, 1, 1, '2021-05-11 10:00:50');
INSERT INTO `roles_permissions` (`id`, `role_id`, `perm_cat_id`, `can_view`, `can_add`, `can_edit`, `can_delete`, `created_at`) VALUES (1518, 1, 7006, 1, 1, 0, 0, '2021-05-17 05:28:47');
INSERT INTO `roles_permissions` (`id`, `role_id`, `perm_cat_id`, `can_view`, `can_add`, `can_edit`, `can_delete`, `created_at`) VALUES (1519, 1, 7007, 1, 0, 0, 0, '2021-05-11 10:00:50');
INSERT INTO `roles_permissions` (`id`, `role_id`, `perm_cat_id`, `can_view`, `can_add`, `can_edit`, `can_delete`, `created_at`) VALUES (1520, 1, 7008, 1, 0, 0, 0, '2021-05-11 10:00:50');
INSERT INTO `roles_permissions` (`id`, `role_id`, `perm_cat_id`, `can_view`, `can_add`, `can_edit`, `can_delete`, `created_at`) VALUES (1521, 1, 7009, 1, 0, 0, 0, '2021-05-11 10:00:50');
INSERT INTO `roles_permissions` (`id`, `role_id`, `perm_cat_id`, `can_view`, `can_add`, `can_edit`, `can_delete`, `created_at`) VALUES (1522, 1, 7010, 1, 0, 0, 0, '2021-05-11 10:00:50');
INSERT INTO `roles_permissions` (`id`, `role_id`, `perm_cat_id`, `can_view`, `can_add`, `can_edit`, `can_delete`, `created_at`) VALUES (1523, 2, 7001, 1, 1, 1, 1, '2021-05-15 11:07:28');
INSERT INTO `roles_permissions` (`id`, `role_id`, `perm_cat_id`, `can_view`, `can_add`, `can_edit`, `can_delete`, `created_at`) VALUES (1524, 2, 7002, 1, 0, 0, 0, '2021-05-17 10:51:44');
INSERT INTO `roles_permissions` (`id`, `role_id`, `perm_cat_id`, `can_view`, `can_add`, `can_edit`, `can_delete`, `created_at`) VALUES (1525, 2, 7003, 1, 1, 1, 1, '2021-05-15 10:28:38');
INSERT INTO `roles_permissions` (`id`, `role_id`, `perm_cat_id`, `can_view`, `can_add`, `can_edit`, `can_delete`, `created_at`) VALUES (1526, 2, 7004, 1, 1, 1, 1, '2021-05-15 10:28:38');
INSERT INTO `roles_permissions` (`id`, `role_id`, `perm_cat_id`, `can_view`, `can_add`, `can_edit`, `can_delete`, `created_at`) VALUES (1527, 3, 7006, 1, 1, 0, 0, '2021-05-17 10:52:19');
INSERT INTO `roles_permissions` (`id`, `role_id`, `perm_cat_id`, `can_view`, `can_add`, `can_edit`, `can_delete`, `created_at`) VALUES (1528, 3, 7007, 1, 0, 0, 0, '2021-05-17 04:32:06');
INSERT INTO `roles_permissions` (`id`, `role_id`, `perm_cat_id`, `can_view`, `can_add`, `can_edit`, `can_delete`, `created_at`) VALUES (1529, 1, 7011, 1, 0, 0, 0, '2021-05-17 05:28:47');
INSERT INTO `roles_permissions` (`id`, `role_id`, `perm_cat_id`, `can_view`, `can_add`, `can_edit`, `can_delete`, `created_at`) VALUES (1530, 2, 7005, 1, 1, 1, 1, '2021-05-17 10:51:44');
INSERT INTO `roles_permissions` (`id`, `role_id`, `perm_cat_id`, `can_view`, `can_add`, `can_edit`, `can_delete`, `created_at`) VALUES (1531, 2, 7010, 1, 0, 0, 0, '2021-05-17 10:51:44');
INSERT INTO `roles_permissions` (`id`, `role_id`, `perm_cat_id`, `can_view`, `can_add`, `can_edit`, `can_delete`, `created_at`) VALUES (1532, 3, 213, 1, 0, 0, 0, '2019-12-03 05:10:11');
INSERT INTO `roles_permissions` (`id`, `role_id`, `perm_cat_id`, `can_view`, `can_add`, `can_edit`, `can_delete`, `created_at`) VALUES (1533, 3, 5005, 1, 0, 0, 0, '2022-07-13 09:54:15');
INSERT INTO `roles_permissions` (`id`, `role_id`, `perm_cat_id`, `can_view`, `can_add`, `can_edit`, `can_delete`, `created_at`) VALUES (1534, 6, 5005, 1, 0, 0, 0, '2022-07-13 10:29:49');
INSERT INTO `roles_permissions` (`id`, `role_id`, `perm_cat_id`, `can_view`, `can_add`, `can_edit`, `can_delete`, `created_at`) VALUES (1535, 4, 5005, 1, 0, 0, 0, '2022-07-13 11:23:43');
INSERT INTO `roles_permissions` (`id`, `role_id`, `perm_cat_id`, `can_view`, `can_add`, `can_edit`, `can_delete`, `created_at`) VALUES (1536, 6, 5003, 1, 0, 0, 1, '2022-07-13 10:33:55');
INSERT INTO `roles_permissions` (`id`, `role_id`, `perm_cat_id`, `can_view`, `can_add`, `can_edit`, `can_delete`, `created_at`) VALUES (1537, 4, 5003, 1, 1, 0, 0, '2022-07-13 11:38:07');
INSERT INTO `roles_permissions` (`id`, `role_id`, `perm_cat_id`, `can_view`, `can_add`, `can_edit`, `can_delete`, `created_at`) VALUES (1538, 6, 5002, 1, 1, 0, 1, '2022-07-13 10:52:36');
INSERT INTO `roles_permissions` (`id`, `role_id`, `perm_cat_id`, `can_view`, `can_add`, `can_edit`, `can_delete`, `created_at`) VALUES (1539, 4, 5002, 1, 1, 0, 0, '2022-07-13 11:38:07');
INSERT INTO `roles_permissions` (`id`, `role_id`, `perm_cat_id`, `can_view`, `can_add`, `can_edit`, `can_delete`, `created_at`) VALUES (1540, 6, 5001, 1, 0, 1, 0, '2022-07-13 10:52:36');
INSERT INTO `roles_permissions` (`id`, `role_id`, `perm_cat_id`, `can_view`, `can_add`, `can_edit`, `can_delete`, `created_at`) VALUES (1541, 4, 5001, 1, 0, 0, 0, '2022-07-13 11:49:49');
INSERT INTO `roles_permissions` (`id`, `role_id`, `perm_cat_id`, `can_view`, `can_add`, `can_edit`, `can_delete`, `created_at`) VALUES (1542, 4, 6005, 1, 0, 1, 0, '2022-07-13 04:28:08');
INSERT INTO `roles_permissions` (`id`, `role_id`, `perm_cat_id`, `can_view`, `can_add`, `can_edit`, `can_delete`, `created_at`) VALUES (1546, 6, 7014, 1, 1, 1, 1, '2022-06-18 09:09:15');
INSERT INTO `roles_permissions` (`id`, `role_id`, `perm_cat_id`, `can_view`, `can_add`, `can_edit`, `can_delete`, `created_at`) VALUES (1547, 6, 7013, 1, 0, 0, 0, '2022-06-18 09:13:07');
INSERT INTO `roles_permissions` (`id`, `role_id`, `perm_cat_id`, `can_view`, `can_add`, `can_edit`, `can_delete`, `created_at`) VALUES (1548, 4, 7012, 1, 0, 0, 0, '2022-07-15 04:22:20');
INSERT INTO `roles_permissions` (`id`, `role_id`, `perm_cat_id`, `can_view`, `can_add`, `can_edit`, `can_delete`, `created_at`) VALUES (1549, 4, 7013, 1, 0, 1, 1, '2022-07-15 04:26:29');
INSERT INTO `roles_permissions` (`id`, `role_id`, `perm_cat_id`, `can_view`, `can_add`, `can_edit`, `can_delete`, `created_at`) VALUES (1550, 4, 7014, 1, 1, 1, 1, '2022-07-15 04:24:48');
INSERT INTO `roles_permissions` (`id`, `role_id`, `perm_cat_id`, `can_view`, `can_add`, `can_edit`, `can_delete`, `created_at`) VALUES (1551, 2, 7012, 1, 0, 0, 1, '2022-07-15 05:01:12');
INSERT INTO `roles_permissions` (`id`, `role_id`, `perm_cat_id`, `can_view`, `can_add`, `can_edit`, `can_delete`, `created_at`) VALUES (1552, 2, 7013, 1, 0, 0, 1, '2022-07-15 05:01:12');
INSERT INTO `roles_permissions` (`id`, `role_id`, `perm_cat_id`, `can_view`, `can_add`, `can_edit`, `can_delete`, `created_at`) VALUES (1553, 2, 7014, 1, 0, 0, 1, '2022-07-15 05:01:12');
INSERT INTO `roles_permissions` (`id`, `role_id`, `perm_cat_id`, `can_view`, `can_add`, `can_edit`, `can_delete`, `created_at`) VALUES (1554, 3, 7012, 1, 0, 0, 0, '2022-07-15 05:31:18');
INSERT INTO `roles_permissions` (`id`, `role_id`, `perm_cat_id`, `can_view`, `can_add`, `can_edit`, `can_delete`, `created_at`) VALUES (1555, 3, 7013, 1, 0, 0, 0, '2022-07-15 05:31:18');
INSERT INTO `roles_permissions` (`id`, `role_id`, `perm_cat_id`, `can_view`, `can_add`, `can_edit`, `can_delete`, `created_at`) VALUES (1556, 3, 7014, 1, 0, 0, 0, '2022-07-15 05:31:18');
INSERT INTO `roles_permissions` (`id`, `role_id`, `perm_cat_id`, `can_view`, `can_add`, `can_edit`, `can_delete`, `created_at`) VALUES (1557, 2, 269, 1, 0, 0, 0, '2023-01-18 10:57:23');
INSERT INTO `roles_permissions` (`id`, `role_id`, `perm_cat_id`, `can_view`, `can_add`, `can_edit`, `can_delete`, `created_at`) VALUES (1558, 2, 270, 1, 1, 1, 1, '2023-01-18 10:57:23');
INSERT INTO `roles_permissions` (`id`, `role_id`, `perm_cat_id`, `can_view`, `can_add`, `can_edit`, `can_delete`, `created_at`) VALUES (1566, 1, 8004, 1, 0, 0, 0, '2022-05-05 07:05:12');
INSERT INTO `roles_permissions` (`id`, `role_id`, `perm_cat_id`, `can_view`, `can_add`, `can_edit`, `can_delete`, `created_at`) VALUES (1567, 1, 8005, 1, 0, 0, 0, '2022-05-05 07:08:53');
INSERT INTO `roles_permissions` (`id`, `role_id`, `perm_cat_id`, `can_view`, `can_add`, `can_edit`, `can_delete`, `created_at`) VALUES (1568, 1, 8006, 1, 0, 0, 0, '2022-05-05 07:10:42');
INSERT INTO `roles_permissions` (`id`, `role_id`, `perm_cat_id`, `can_view`, `can_add`, `can_edit`, `can_delete`, `created_at`) VALUES (1570, 1, 8007, 1, 0, 0, 0, '2022-05-05 07:12:37');
INSERT INTO `roles_permissions` (`id`, `role_id`, `perm_cat_id`, `can_view`, `can_add`, `can_edit`, `can_delete`, `created_at`) VALUES (1571, 1, 8008, 1, 0, 0, 0, '2022-05-05 07:15:07');
INSERT INTO `roles_permissions` (`id`, `role_id`, `perm_cat_id`, `can_view`, `can_add`, `can_edit`, `can_delete`, `created_at`) VALUES (1572, 1, 8009, 1, 0, 1, 0, '2022-05-05 08:19:18');
INSERT INTO `roles_permissions` (`id`, `role_id`, `perm_cat_id`, `can_view`, `can_add`, `can_edit`, `can_delete`, `created_at`) VALUES (1574, 2, 8002, 1, 1, 1, 1, '2023-03-01 13:02:00');
INSERT INTO `roles_permissions` (`id`, `role_id`, `perm_cat_id`, `can_view`, `can_add`, `can_edit`, `can_delete`, `created_at`) VALUES (1575, 2, 8009, 1, 0, 1, 0, '2023-03-01 13:02:00');
INSERT INTO `roles_permissions` (`id`, `role_id`, `perm_cat_id`, `can_view`, `can_add`, `can_edit`, `can_delete`, `created_at`) VALUES (1576, 2, 8001, 1, 1, 0, 1, '2023-03-01 13:02:00');
INSERT INTO `roles_permissions` (`id`, `role_id`, `perm_cat_id`, `can_view`, `can_add`, `can_edit`, `can_delete`, `created_at`) VALUES (1577, 4, 8001, 1, 1, 0, 1, '2022-05-05 08:37:50');
INSERT INTO `roles_permissions` (`id`, `role_id`, `perm_cat_id`, `can_view`, `can_add`, `can_edit`, `can_delete`, `created_at`) VALUES (1578, 4, 8002, 1, 1, 1, 1, '2022-05-05 08:37:50');
INSERT INTO `roles_permissions` (`id`, `role_id`, `perm_cat_id`, `can_view`, `can_add`, `can_edit`, `can_delete`, `created_at`) VALUES (1579, 4, 8003, 1, 0, 0, 0, '2022-05-05 08:32:25');
INSERT INTO `roles_permissions` (`id`, `role_id`, `perm_cat_id`, `can_view`, `can_add`, `can_edit`, `can_delete`, `created_at`) VALUES (1580, 4, 8004, 1, 0, 0, 0, '2022-05-05 08:32:25');
INSERT INTO `roles_permissions` (`id`, `role_id`, `perm_cat_id`, `can_view`, `can_add`, `can_edit`, `can_delete`, `created_at`) VALUES (1581, 4, 8005, 1, 0, 0, 0, '2022-05-05 08:32:25');
INSERT INTO `roles_permissions` (`id`, `role_id`, `perm_cat_id`, `can_view`, `can_add`, `can_edit`, `can_delete`, `created_at`) VALUES (1582, 4, 8006, 1, 0, 0, 0, '2022-05-05 08:32:25');
INSERT INTO `roles_permissions` (`id`, `role_id`, `perm_cat_id`, `can_view`, `can_add`, `can_edit`, `can_delete`, `created_at`) VALUES (1583, 4, 8007, 1, 0, 0, 0, '2022-05-05 08:32:25');
INSERT INTO `roles_permissions` (`id`, `role_id`, `perm_cat_id`, `can_view`, `can_add`, `can_edit`, `can_delete`, `created_at`) VALUES (1584, 4, 8008, 1, 0, 0, 0, '2022-05-05 08:32:25');
INSERT INTO `roles_permissions` (`id`, `role_id`, `perm_cat_id`, `can_view`, `can_add`, `can_edit`, `can_delete`, `created_at`) VALUES (1585, 4, 8009, 1, 0, 0, 0, '2022-05-05 08:32:25');
INSERT INTO `roles_permissions` (`id`, `role_id`, `perm_cat_id`, `can_view`, `can_add`, `can_edit`, `can_delete`, `created_at`) VALUES (1586, 3, 8001, 1, 1, 0, 1, '2022-05-05 08:36:56');
INSERT INTO `roles_permissions` (`id`, `role_id`, `perm_cat_id`, `can_view`, `can_add`, `can_edit`, `can_delete`, `created_at`) VALUES (1587, 3, 8002, 1, 1, 1, 1, '2022-05-05 08:42:21');
INSERT INTO `roles_permissions` (`id`, `role_id`, `perm_cat_id`, `can_view`, `can_add`, `can_edit`, `can_delete`, `created_at`) VALUES (1588, 3, 8003, 1, 0, 0, 0, '2022-05-05 08:44:16');
INSERT INTO `roles_permissions` (`id`, `role_id`, `perm_cat_id`, `can_view`, `can_add`, `can_edit`, `can_delete`, `created_at`) VALUES (1589, 3, 8004, 1, 0, 0, 0, '2022-05-05 08:49:05');
INSERT INTO `roles_permissions` (`id`, `role_id`, `perm_cat_id`, `can_view`, `can_add`, `can_edit`, `can_delete`, `created_at`) VALUES (1590, 3, 8005, 1, 0, 0, 0, '2022-05-05 08:54:09');
INSERT INTO `roles_permissions` (`id`, `role_id`, `perm_cat_id`, `can_view`, `can_add`, `can_edit`, `can_delete`, `created_at`) VALUES (1594, 3, 8009, 0, 0, 1, 0, '2023-07-17 04:59:51');
INSERT INTO `roles_permissions` (`id`, `role_id`, `perm_cat_id`, `can_view`, `can_add`, `can_edit`, `can_delete`, `created_at`) VALUES (1595, 2, 250, 1, 0, 0, 0, '2023-01-19 05:07:07');
INSERT INTO `roles_permissions` (`id`, `role_id`, `perm_cat_id`, `can_view`, `can_add`, `can_edit`, `can_delete`, `created_at`) VALUES (1598, 2, 237, 1, 0, 1, 0, '2023-02-08 11:22:35');
INSERT INTO `roles_permissions` (`id`, `role_id`, `perm_cat_id`, `can_view`, `can_add`, `can_edit`, `can_delete`, `created_at`) VALUES (1601, 2, 8013, 1, 0, 0, 0, '2023-02-13 11:25:55');
INSERT INTO `roles_permissions` (`id`, `role_id`, `perm_cat_id`, `can_view`, `can_add`, `can_edit`, `can_delete`, `created_at`) VALUES (1602, 2, 8012, 1, 0, 0, 0, '2023-02-13 11:26:15');
INSERT INTO `roles_permissions` (`id`, `role_id`, `perm_cat_id`, `can_view`, `can_add`, `can_edit`, `can_delete`, `created_at`) VALUES (1603, 3, 8012, 1, 0, 0, 0, '2023-02-13 11:27:59');
INSERT INTO `roles_permissions` (`id`, `role_id`, `perm_cat_id`, `can_view`, `can_add`, `can_edit`, `can_delete`, `created_at`) VALUES (1604, 1, 7002, 1, 0, 0, 0, '2023-03-01 11:07:11');
INSERT INTO `roles_permissions` (`id`, `role_id`, `perm_cat_id`, `can_view`, `can_add`, `can_edit`, `can_delete`, `created_at`) VALUES (1605, 2, 8003, 1, 0, 0, 0, '2023-03-01 13:02:00');
INSERT INTO `roles_permissions` (`id`, `role_id`, `perm_cat_id`, `can_view`, `can_add`, `can_edit`, `can_delete`, `created_at`) VALUES (1606, 2, 8004, 1, 0, 0, 0, '2023-03-01 13:02:00');
INSERT INTO `roles_permissions` (`id`, `role_id`, `perm_cat_id`, `can_view`, `can_add`, `can_edit`, `can_delete`, `created_at`) VALUES (1607, 2, 8005, 1, 0, 0, 0, '2023-03-01 13:02:00');
INSERT INTO `roles_permissions` (`id`, `role_id`, `perm_cat_id`, `can_view`, `can_add`, `can_edit`, `can_delete`, `created_at`) VALUES (1608, 2, 8006, 1, 0, 0, 0, '2023-03-01 13:02:00');
INSERT INTO `roles_permissions` (`id`, `role_id`, `perm_cat_id`, `can_view`, `can_add`, `can_edit`, `can_delete`, `created_at`) VALUES (1609, 2, 8007, 1, 0, 0, 0, '2023-03-01 13:02:00');
INSERT INTO `roles_permissions` (`id`, `role_id`, `perm_cat_id`, `can_view`, `can_add`, `can_edit`, `can_delete`, `created_at`) VALUES (1610, 2, 8008, 1, 0, 0, 0, '2023-03-01 13:02:00');
INSERT INTO `roles_permissions` (`id`, `role_id`, `perm_cat_id`, `can_view`, `can_add`, `can_edit`, `can_delete`, `created_at`) VALUES (1611, 1, 10001, 1, 0, 0, 0, '2022-05-05 07:00:06');
INSERT INTO `roles_permissions` (`id`, `role_id`, `perm_cat_id`, `can_view`, `can_add`, `can_edit`, `can_delete`, `created_at`) VALUES (1612, 1, 10002, 1, 0, 0, 0, '2022-05-05 06:50:12');
INSERT INTO `roles_permissions` (`id`, `role_id`, `perm_cat_id`, `can_view`, `can_add`, `can_edit`, `can_delete`, `created_at`) VALUES (1613, 1, 10003, 1, 0, 0, 0, '2022-05-05 06:50:12');
INSERT INTO `roles_permissions` (`id`, `role_id`, `perm_cat_id`, `can_view`, `can_add`, `can_edit`, `can_delete`, `created_at`) VALUES (1614, 1, 10004, 1, 0, 0, 0, '2022-05-05 06:50:12');
INSERT INTO `roles_permissions` (`id`, `role_id`, `perm_cat_id`, `can_view`, `can_add`, `can_edit`, `can_delete`, `created_at`) VALUES (1615, 1, 10005, 1, 0, 0, 0, '2022-05-05 06:50:12');
INSERT INTO `roles_permissions` (`id`, `role_id`, `perm_cat_id`, `can_view`, `can_add`, `can_edit`, `can_delete`, `created_at`) VALUES (1616, 1, 10006, 1, 0, 0, 0, '2022-05-05 06:50:12');
INSERT INTO `roles_permissions` (`id`, `role_id`, `perm_cat_id`, `can_view`, `can_add`, `can_edit`, `can_delete`, `created_at`) VALUES (1617, 1, 10007, 1, 0, 0, 0, '2022-05-05 06:50:12');
INSERT INTO `roles_permissions` (`id`, `role_id`, `perm_cat_id`, `can_view`, `can_add`, `can_edit`, `can_delete`, `created_at`) VALUES (1618, 3, 8013, 1, 0, 0, 0, '2023-03-14 08:29:01');
INSERT INTO `roles_permissions` (`id`, `role_id`, `perm_cat_id`, `can_view`, `can_add`, `can_edit`, `can_delete`, `created_at`) VALUES (1620, 2, 9019, 1, 0, 0, 0, '2023-07-12 11:32:04');
INSERT INTO `roles_permissions` (`id`, `role_id`, `perm_cat_id`, `can_view`, `can_add`, `can_edit`, `can_delete`, `created_at`) VALUES (1621, 2, 9018, 1, 0, 0, 0, '2023-07-12 11:33:03');
INSERT INTO `roles_permissions` (`id`, `role_id`, `perm_cat_id`, `can_view`, `can_add`, `can_edit`, `can_delete`, `created_at`) VALUES (1622, 2, 9017, 1, 0, 0, 0, '2023-07-12 11:33:45');
INSERT INTO `roles_permissions` (`id`, `role_id`, `perm_cat_id`, `can_view`, `can_add`, `can_edit`, `can_delete`, `created_at`) VALUES (1623, 2, 9015, 1, 1, 1, 1, '2023-07-12 11:36:53');
INSERT INTO `roles_permissions` (`id`, `role_id`, `perm_cat_id`, `can_view`, `can_add`, `can_edit`, `can_delete`, `created_at`) VALUES (1624, 2, 9016, 1, 0, 0, 0, '2023-07-12 11:37:14');
INSERT INTO `roles_permissions` (`id`, `role_id`, `perm_cat_id`, `can_view`, `can_add`, `can_edit`, `can_delete`, `created_at`) VALUES (1626, 2, 9001, 1, 1, 1, 1, '2023-07-13 05:30:53');
INSERT INTO `roles_permissions` (`id`, `role_id`, `perm_cat_id`, `can_view`, `can_add`, `can_edit`, `can_delete`, `created_at`) VALUES (1627, 2, 9020, 1, 0, 0, 0, '2023-07-12 11:39:42');
INSERT INTO `roles_permissions` (`id`, `role_id`, `perm_cat_id`, `can_view`, `can_add`, `can_edit`, `can_delete`, `created_at`) VALUES (1628, 2, 9002, 1, 0, 0, 0, '2023-07-12 11:49:40');
INSERT INTO `roles_permissions` (`id`, `role_id`, `perm_cat_id`, `can_view`, `can_add`, `can_edit`, `can_delete`, `created_at`) VALUES (1629, 2, 9003, 1, 0, 1, 0, '2023-07-12 11:50:27');
INSERT INTO `roles_permissions` (`id`, `role_id`, `perm_cat_id`, `can_view`, `can_add`, `can_edit`, `can_delete`, `created_at`) VALUES (1630, 2, 9004, 1, 0, 1, 0, '2023-07-12 11:51:32');
INSERT INTO `roles_permissions` (`id`, `role_id`, `perm_cat_id`, `can_view`, `can_add`, `can_edit`, `can_delete`, `created_at`) VALUES (1631, 2, 9005, 1, 0, 1, 0, '2023-07-12 11:52:12');
INSERT INTO `roles_permissions` (`id`, `role_id`, `perm_cat_id`, `can_view`, `can_add`, `can_edit`, `can_delete`, `created_at`) VALUES (1632, 2, 9006, 1, 0, 1, 0, '2023-07-12 11:53:09');
INSERT INTO `roles_permissions` (`id`, `role_id`, `perm_cat_id`, `can_view`, `can_add`, `can_edit`, `can_delete`, `created_at`) VALUES (1633, 2, 9007, 1, 0, 1, 0, '2023-07-12 11:53:49');
INSERT INTO `roles_permissions` (`id`, `role_id`, `perm_cat_id`, `can_view`, `can_add`, `can_edit`, `can_delete`, `created_at`) VALUES (1634, 2, 9008, 1, 0, 0, 0, '2023-07-12 11:55:23');
INSERT INTO `roles_permissions` (`id`, `role_id`, `perm_cat_id`, `can_view`, `can_add`, `can_edit`, `can_delete`, `created_at`) VALUES (1635, 2, 9009, 1, 1, 1, 1, '2023-07-12 11:58:13');
INSERT INTO `roles_permissions` (`id`, `role_id`, `perm_cat_id`, `can_view`, `can_add`, `can_edit`, `can_delete`, `created_at`) VALUES (1636, 2, 9010, 1, 1, 1, 1, '2023-07-12 11:59:44');
INSERT INTO `roles_permissions` (`id`, `role_id`, `perm_cat_id`, `can_view`, `can_add`, `can_edit`, `can_delete`, `created_at`) VALUES (1637, 2, 9011, 1, 1, 1, 1, '2023-07-12 12:04:50');
INSERT INTO `roles_permissions` (`id`, `role_id`, `perm_cat_id`, `can_view`, `can_add`, `can_edit`, `can_delete`, `created_at`) VALUES (1638, 2, 9012, 1, 1, 1, 1, '2023-07-12 12:06:08');
INSERT INTO `roles_permissions` (`id`, `role_id`, `perm_cat_id`, `can_view`, `can_add`, `can_edit`, `can_delete`, `created_at`) VALUES (1639, 2, 9013, 1, 1, 1, 1, '2023-07-12 12:12:22');
INSERT INTO `roles_permissions` (`id`, `role_id`, `perm_cat_id`, `can_view`, `can_add`, `can_edit`, `can_delete`, `created_at`) VALUES (1640, 2, 9014, 1, 1, 1, 1, '2023-07-12 12:13:50');
INSERT INTO `roles_permissions` (`id`, `role_id`, `perm_cat_id`, `can_view`, `can_add`, `can_edit`, `can_delete`, `created_at`) VALUES (1644, 6, 9012, 1, 0, 0, 0, '2023-07-13 05:36:16');
INSERT INTO `roles_permissions` (`id`, `role_id`, `perm_cat_id`, `can_view`, `can_add`, `can_edit`, `can_delete`, `created_at`) VALUES (1646, 4, 9001, 1, 0, 0, 0, '2023-07-13 05:38:01');
INSERT INTO `roles_permissions` (`id`, `role_id`, `perm_cat_id`, `can_view`, `can_add`, `can_edit`, `can_delete`, `created_at`) VALUES (1647, 4, 9013, 1, 0, 0, 0, '2023-07-13 05:44:56');
INSERT INTO `roles_permissions` (`id`, `role_id`, `perm_cat_id`, `can_view`, `can_add`, `can_edit`, `can_delete`, `created_at`) VALUES (1648, 4, 9014, 1, 0, 0, 0, '2023-07-13 05:44:56');
INSERT INTO `roles_permissions` (`id`, `role_id`, `perm_cat_id`, `can_view`, `can_add`, `can_edit`, `can_delete`, `created_at`) VALUES (1649, 4, 9015, 1, 0, 0, 0, '2023-07-13 06:14:14');
INSERT INTO `roles_permissions` (`id`, `role_id`, `perm_cat_id`, `can_view`, `can_add`, `can_edit`, `can_delete`, `created_at`) VALUES (1650, 3, 9001, 1, 1, 0, 0, '2023-07-17 04:59:51');
INSERT INTO `roles_permissions` (`id`, `role_id`, `perm_cat_id`, `can_view`, `can_add`, `can_edit`, `can_delete`, `created_at`) VALUES (1651, 3, 9002, 1, 0, 0, 0, '2023-07-17 04:59:51');
INSERT INTO `roles_permissions` (`id`, `role_id`, `perm_cat_id`, `can_view`, `can_add`, `can_edit`, `can_delete`, `created_at`) VALUES (1652, 1, 9001, 1, 1, 1, 1, '2023-07-18 04:31:17');
INSERT INTO `roles_permissions` (`id`, `role_id`, `perm_cat_id`, `can_view`, `can_add`, `can_edit`, `can_delete`, `created_at`) VALUES (1660, 1, 9009, 0, 1, 1, 1, '2023-07-18 04:15:42');
INSERT INTO `roles_permissions` (`id`, `role_id`, `perm_cat_id`, `can_view`, `can_add`, `can_edit`, `can_delete`, `created_at`) VALUES (1661, 1, 9002, 1, 0, 0, 0, '2023-07-18 04:16:05');
INSERT INTO `roles_permissions` (`id`, `role_id`, `perm_cat_id`, `can_view`, `can_add`, `can_edit`, `can_delete`, `created_at`) VALUES (1662, 1, 9019, 1, 0, 0, 0, '2023-07-18 04:17:59');
INSERT INTO `roles_permissions` (`id`, `role_id`, `perm_cat_id`, `can_view`, `can_add`, `can_edit`, `can_delete`, `created_at`) VALUES (1663, 1, 9018, 1, 0, 0, 0, '2023-07-18 04:19:13');
INSERT INTO `roles_permissions` (`id`, `role_id`, `perm_cat_id`, `can_view`, `can_add`, `can_edit`, `can_delete`, `created_at`) VALUES (1664, 1, 9020, 1, 0, 0, 0, '2023-07-18 04:20:11');
INSERT INTO `roles_permissions` (`id`, `role_id`, `perm_cat_id`, `can_view`, `can_add`, `can_edit`, `can_delete`, `created_at`) VALUES (1665, 1, 9015, 1, 0, 0, 0, '2023-07-18 04:20:28');
INSERT INTO `roles_permissions` (`id`, `role_id`, `perm_cat_id`, `can_view`, `can_add`, `can_edit`, `can_delete`, `created_at`) VALUES (1666, 1, 9017, 1, 0, 0, 0, '2023-07-18 04:21:35');
INSERT INTO `roles_permissions` (`id`, `role_id`, `perm_cat_id`, `can_view`, `can_add`, `can_edit`, `can_delete`, `created_at`) VALUES (1667, 1, 9016, 1, 0, 0, 0, '2023-07-18 04:23:54');
INSERT INTO `roles_permissions` (`id`, `role_id`, `perm_cat_id`, `can_view`, `can_add`, `can_edit`, `can_delete`, `created_at`) VALUES (1668, 1, 9008, 1, 0, 0, 0, '2023-07-18 04:25:47');
INSERT INTO `roles_permissions` (`id`, `role_id`, `perm_cat_id`, `can_view`, `can_add`, `can_edit`, `can_delete`, `created_at`) VALUES (1669, 1, 9004, 1, 0, 0, 0, '2023-07-18 04:31:17');
INSERT INTO `roles_permissions` (`id`, `role_id`, `perm_cat_id`, `can_view`, `can_add`, `can_edit`, `can_delete`, `created_at`) VALUES (1670, 1, 9005, 1, 0, 0, 0, '2023-07-18 04:31:17');
INSERT INTO `roles_permissions` (`id`, `role_id`, `perm_cat_id`, `can_view`, `can_add`, `can_edit`, `can_delete`, `created_at`) VALUES (1671, 1, 9010, 1, 1, 1, 1, '2023-07-18 05:09:28');


#
# TABLE STRUCTURE FOR: room_types
#

