
CREATE TABLE `exam_group_students` (
  `id` int NOT NULL AUTO_INCREMENT,
  `exam_group_id` int DEFAULT NULL,
  `student_id` int DEFAULT NULL,
  `student_session_id` int DEFAULT NULL,
  `is_active` int DEFAULT '0',
  `created_at` timestamp NOT NULL DEFAULT CURRENT_TIMESTAMP ON UPDATE CURRENT_TIMESTAMP,
  `updated_at` date DEFAULT NULL,
  PRIMARY KEY (`id`),
  KEY `exam_group_id` (`exam_group_id`),
  KEY `student_id` (`student_id`),
  KEY `student_session_id` (`student_session_id`),
  CONSTRAINT `exam_group_students_ibfk_1` FOREIGN KEY (`exam_group_id`) REFERENCES `exam_groups` (`id`) ON DELETE CASCADE,
  CONSTRAINT `exam_group_students_ibfk_2` FOREIGN KEY (`student_id`) REFERENCES `students` (`id`) ON DELETE CASCADE,
  CONSTRAINT `exam_group_students_ibfk_3` FOREIGN KEY (`student_session_id`) REFERENCES `student_session` (`id`) ON DELETE CASCADE
) ENGINE=InnoDB DEFAULT CHARSET=utf8mb3;

#
# TABLE STRUCTURE FOR: exam_groups
#


CREATE TABLE `exam_groups` (
  `id` int NOT NULL AUTO_INCREMENT,
  `name` varchar(250) DEFAULT NULL,
  `exam_type` varchar(250) DEFAULT NULL,
  `description` text,
  `is_active` int DEFAULT '1',
  `created_at` timestamp NOT NULL DEFAULT CURRENT_TIMESTAMP ON UPDATE CURRENT_TIMESTAMP,
  `updated_at` date DEFAULT NULL,
  PRIMARY KEY (`id`)
) ENGINE=InnoDB AUTO_INCREMENT=6 DEFAULT CHARSET=utf8mb3;

INSERT INTO `exam_groups` (`id`, `name`, `exam_type`, `description`, `is_active`, `created_at`, `updated_at`) VALUES (1, 'Class 4 (Pass / Fail)', 'basic_system', '', 0, '2024-04-05 07:43:56', NULL);
INSERT INTO `exam_groups` (`id`, `name`, `exam_type`, `description`, `is_active`, `created_at`, `updated_at`) VALUES (2, 'Class 4 (School Based Grading System)', 'school_grade_system', 'SBGS stands for the  SCHOOL BASED GRADING SYATEM. It is a standard method of calculating a student’s average score obtained over a stipulated period i.e a semester or a term. ', 0, '2024-04-05 07:44:05', NULL);
INSERT INTO `exam_groups` (`id`, `name`, `exam_type`, `description`, `is_active`, `created_at`, `updated_at`) VALUES (3, 'Class 4 (College Based Grading System)', 'coll_grade_system', '', 0, '2024-04-05 07:44:12', NULL);
INSERT INTO `exam_groups` (`id`, `name`, `exam_type`, `description`, `is_active`, `created_at`, `updated_at`) VALUES (4, 'Class 4 (GPA Grading System)', 'gpa', 'Grade Point Average (GPA) is the average of all the grades obtained by a student in his/ her academic studies.', 0, '2024-04-05 07:44:25', NULL);
INSERT INTO `exam_groups` (`id`, `name`, `exam_type`, `description`, `is_active`, `created_at`, `updated_at`) VALUES (5, 'Average Passing Exam', 'average_passing', '', 0, '2023-02-14 05:38:30', NULL);


#
# TABLE STRUCTURE FOR: exam_schedules
#


CREATE TABLE `exam_schedules` (
  `id` int NOT NULL AUTO_INCREMENT,
  `session_id` int NOT NULL,
  `exam_id` int DEFAULT NULL,
  `teacher_subject_id` int DEFAULT NULL,
  `date_of_exam` date DEFAULT NULL,
  `start_to` varchar(50) DEFAULT NULL,
  `end_from` varchar(50) DEFAULT NULL,
  `room_no` varchar(50) DEFAULT NULL,
  `full_marks` int DEFAULT NULL,
  `passing_marks` int DEFAULT NULL,
  `note` text,
  `is_active` varchar(255) DEFAULT 'no',
  `created_at` timestamp NOT NULL DEFAULT CURRENT_TIMESTAMP ON UPDATE CURRENT_TIMESTAMP,
  `updated_at` date DEFAULT NULL,
  PRIMARY KEY (`id`),
  KEY `teacher_subject_id` (`teacher_subject_id`),
  KEY `session_id` (`session_id`),
  KEY `exam_id` (`exam_id`),
  CONSTRAINT `exam_schedules_ibfk_1` FOREIGN KEY (`session_id`) REFERENCES `sessions` (`id`) ON DELETE CASCADE,
  CONSTRAINT `exam_schedules_ibfk_2` FOREIGN KEY (`exam_id`) REFERENCES `exams` (`id`) ON DELETE CASCADE
) ENGINE=InnoDB DEFAULT CHARSET=utf8mb3;

#
# TABLE STRUCTURE FOR: exams
#


CREATE TABLE `exams` (
  `id` int NOT NULL AUTO_INCREMENT,
  `name` varchar(200) DEFAULT NULL,
  `sesion_id` int NOT NULL,
  `note` text,
  `is_active` varchar(255) DEFAULT 'no',
  `created_at` timestamp NOT NULL DEFAULT CURRENT_TIMESTAMP ON UPDATE CURRENT_TIMESTAMP,
  `updated_at` date DEFAULT NULL,
  PRIMARY KEY (`id`),
  KEY `sesion_id` (`sesion_id`),
  CONSTRAINT `exams_ibfk_1` FOREIGN KEY (`sesion_id`) REFERENCES `sessions` (`id`) ON DELETE CASCADE
) ENGINE=InnoDB DEFAULT CHARSET=utf8mb3;

#
# TABLE STRUCTURE FOR: expense_head
#


CREATE TABLE `expense_head` (
  `id` int NOT NULL AUTO_INCREMENT,
  `exp_category` varchar(50) DEFAULT NULL,
  `description` text,
  `is_active` varchar(255) DEFAULT 'yes',
  `is_deleted` varchar(255) DEFAULT 'no',
  `created_at` timestamp NOT NULL DEFAULT CURRENT_TIMESTAMP ON UPDATE CURRENT_TIMESTAMP,
  `updated_at` date DEFAULT NULL,
  PRIMARY KEY (`id`)
) ENGINE=InnoDB AUTO_INCREMENT=6 DEFAULT CHARSET=utf8mb3;

INSERT INTO `expense_head` (`id`, `exp_category`, `description`, `is_active`, `is_deleted`, `created_at`, `updated_at`) VALUES (1, 'Stationery Purchase', '', 'yes', 'no', '2021-03-22 13:32:34', NULL);
INSERT INTO `expense_head` (`id`, `exp_category`, `description`, `is_active`, `is_deleted`, `created_at`, `updated_at`) VALUES (2, 'Electricity Bill', '', 'yes', 'no', '2021-03-22 13:32:40', NULL);
INSERT INTO `expense_head` (`id`, `exp_category`, `description`, `is_active`, `is_deleted`, `created_at`, `updated_at`) VALUES (3, 'Telephone Bill', '', 'yes', 'no', '2021-03-22 13:32:46', NULL);
INSERT INTO `expense_head` (`id`, `exp_category`, `description`, `is_active`, `is_deleted`, `created_at`, `updated_at`) VALUES (4, 'Miscellaneous', '', 'yes', 'no', '2021-03-22 13:32:51', NULL);
INSERT INTO `expense_head` (`id`, `exp_category`, `description`, `is_active`, `is_deleted`, `created_at`, `updated_at`) VALUES (5, 'Flower', '', 'yes', 'no', '2021-03-22 13:32:58', NULL);


#
# TABLE STRUCTURE FOR: expenses
#


CREATE TABLE `expenses` (
  `id` int NOT NULL AUTO_INCREMENT,
  `exp_head_id` int DEFAULT NULL,
  `name` varchar(50) DEFAULT NULL,
  `invoice_no` varchar(200) DEFAULT NULL,
  `date` date DEFAULT NULL,
  `amount` float(10,2) DEFAULT NULL,
  `documents` varchar(255) DEFAULT NULL,
  `note` text,
  `is_active` varchar(255) DEFAULT 'yes',
  `is_deleted` varchar(255) DEFAULT 'no',
  `created_at` timestamp NOT NULL DEFAULT CURRENT_TIMESTAMP ON UPDATE CURRENT_TIMESTAMP,
  `updated_at` date DEFAULT NULL,
  PRIMARY KEY (`id`),
  KEY `exp_head_id` (`exp_head_id`),
  CONSTRAINT `expenses_ibfk_1` FOREIGN KEY (`exp_head_id`) REFERENCES `expense_head` (`id`) ON DELETE CASCADE
) ENGINE=InnoDB AUTO_INCREMENT=248 DEFAULT CHARSET=utf8mb3;

INSERT INTO `expenses` (`id`, `exp_head_id`, `name`, `invoice_no`, `date`, `amount`, `documents`, `note`, `is_active`, `is_deleted`, `created_at`, `updated_at`) VALUES (148, 5, 'Stock Flower', '6453', '2023-02-06', '100.00', NULL, 'Stock is an odd name for a flower. It seems to be a reference to the “stocky”.', 'yes', 'no', '2023-02-02 07:29:27', NULL);
INSERT INTO `expenses` (`id`, `exp_head_id`, `name`, `invoice_no`, `date`, `amount`, `documents`, `note`, `is_active`, `is_deleted`, `created_at`, `updated_at`) VALUES (149, 3, 'BSNL Broad Band Center', '21230', '2023-02-10', '100.00', NULL, 'Broadband is high speed internet connection enabled through different mediums.', 'yes', 'no', '2023-02-02 07:30:06', NULL);
INSERT INTO `expenses` (`id`, `exp_head_id`, `name`, `invoice_no`, `date`, `amount`, `documents`, `note`, `is_active`, `is_deleted`, `created_at`, `updated_at`) VALUES (150, 4, 'Staff Training', '23211', '2023-02-15', '100.00', NULL, 'Staff Training', 'yes', 'no', '2023-02-02 07:30:29', NULL);
INSERT INTO `expenses` (`id`, `exp_head_id`, `name`, `invoice_no`, `date`, `amount`, `documents`, `note`, `is_active`, `is_deleted`, `created_at`, `updated_at`) VALUES (151, 1, 'New Books', '5633', '2023-02-20', '100.00', NULL, '', 'yes', 'no', '2023-02-02 07:30:55', NULL);
INSERT INTO `expenses` (`id`, `exp_head_id`, `name`, `invoice_no`, `date`, `amount`, `documents`, `note`, `is_active`, `is_deleted`, `created_at`, `updated_at`) VALUES (152, 5, 'Stock Flower', '5453', '2023-03-06', '100.00', NULL, 'Stock is an odd name for a flower. It seems to be a reference to the “stocky”.\r\n', 'yes', 'no', '2023-03-14 07:12:59', NULL);
INSERT INTO `expenses` (`id`, `exp_head_id`, `name`, `invoice_no`, `date`, `amount`, `documents`, `note`, `is_active`, `is_deleted`, `created_at`, `updated_at`) VALUES (153, 3, 'BSNL Broad Band Center', '5453', '2023-03-10', '150.00', NULL, 'Broadband is high speed internet connection enabled through different mediums.', 'yes', 'no', '2023-03-14 07:13:27', NULL);
INSERT INTO `expenses` (`id`, `exp_head_id`, `name`, `invoice_no`, `date`, `amount`, `documents`, `note`, `is_active`, `is_deleted`, `created_at`, `updated_at`) VALUES (154, 2, 'Power Centre Bill House', '896', '2023-03-15', '150.00', NULL, 'The new billing solution is faster and more accurate than its existing systems', 'yes', 'no', '2023-03-14 07:13:53', NULL);
INSERT INTO `expenses` (`id`, `exp_head_id`, `name`, `invoice_no`, `date`, `amount`, `documents`, `note`, `is_active`, `is_deleted`, `created_at`, `updated_at`) VALUES (155, 4, 'School Function', '211', '2023-03-18', '100.00', NULL, '', 'yes', 'no', '2023-03-14 07:14:19', NULL);
INSERT INTO `expenses` (`id`, `exp_head_id`, `name`, `invoice_no`, `date`, `amount`, `documents`, `note`, `is_active`, `is_deleted`, `created_at`, `updated_at`) VALUES (156, 1, 'NEW BOOKS', '3422', '2023-03-22', '150.00', NULL, '', 'yes', 'no', '2023-03-14 07:14:38', NULL);
INSERT INTO `expenses` (`id`, `exp_head_id`, `name`, `invoice_no`, `date`, `amount`, `documents`, `note`, `is_active`, `is_deleted`, `created_at`, `updated_at`) VALUES (157, 4, 'Staff Training', '211', '2023-04-01', '150.00', NULL, '', 'yes', 'no', '2023-03-29 11:39:33', NULL);
INSERT INTO `expenses` (`id`, `exp_head_id`, `name`, `invoice_no`, `date`, `amount`, `documents`, `note`, `is_active`, `is_deleted`, `created_at`, `updated_at`) VALUES (158, 3, 'BSNL', '433', '2023-04-05', '150.00', NULL, 'Broadband is high speed internet connection enabled through different mediums.', 'yes', 'no', '2023-03-29 11:40:50', NULL);
INSERT INTO `expenses` (`id`, `exp_head_id`, `name`, `invoice_no`, `date`, `amount`, `documents`, `note`, `is_active`, `is_deleted`, `created_at`, `updated_at`) VALUES (159, 3, 'Power Center Bill Office', '231', '2023-04-10', '200.00', NULL, '', 'yes', 'no', '2023-03-29 11:43:11', NULL);
INSERT INTO `expenses` (`id`, `exp_head_id`, `name`, `invoice_no`, `date`, `amount`, `documents`, `note`, `is_active`, `is_deleted`, `created_at`, `updated_at`) VALUES (160, 5, 'Stock Flower', '785', '2023-04-15', '150.00', NULL, 'Stock is an odd name for a flower. It seems to be a reference to the “stocky”.', 'yes', 'no', '2023-03-29 11:43:52', NULL);
INSERT INTO `expenses` (`id`, `exp_head_id`, `name`, `invoice_no`, `date`, `amount`, `documents`, `note`, `is_active`, `is_deleted`, `created_at`, `updated_at`) VALUES (161, 2, 'MPPKVVCL', '765', '2023-04-20', '150.00', NULL, 'The new billing solution is faster and more accurate than its existing systems .', 'yes', 'no', '2023-03-29 11:44:32', NULL);
INSERT INTO `expenses` (`id`, `exp_head_id`, `name`, `invoice_no`, `date`, `amount`, `documents`, `note`, `is_active`, `is_deleted`, `created_at`, `updated_at`) VALUES (162, 4, 'Annual Function', '445', '2023-04-25', '150.00', NULL, 'Seminars are for small groups of students studying the same course. ', 'yes', 'no', '2023-03-29 11:45:15', NULL);
INSERT INTO `expenses` (`id`, `exp_head_id`, `name`, `invoice_no`, `date`, `amount`, `documents`, `note`, `is_active`, `is_deleted`, `created_at`, `updated_at`) VALUES (163, 1, 'New CBSE Books', '45', '2023-04-30', '100.00', NULL, '', 'yes', 'no', '2023-03-29 11:45:59', NULL);
INSERT INTO `expenses` (`id`, `exp_head_id`, `name`, `invoice_no`, `date`, `amount`, `documents`, `note`, `is_active`, `is_deleted`, `created_at`, `updated_at`) VALUES (164, 4, 'Staff Teaching Training', '3025', '2023-05-01', '150.00', NULL, 'Staff training is a programme implemented by a manager or person of authority to provide specific staff members with the necessary skills.	', 'yes', 'no', '2023-05-01 06:27:17', NULL);
INSERT INTO `expenses` (`id`, `exp_head_id`, `name`, `invoice_no`, `date`, `amount`, `documents`, `note`, `is_active`, `is_deleted`, `created_at`, `updated_at`) VALUES (165, 5, 'Stock Flower', '2015', '2023-05-05', '100.00', NULL, 'Stock is an odd name for a flower. It seems to be a reference to the “stocky”.', 'yes', 'no', '2023-05-01 06:27:44', NULL);
INSERT INTO `expenses` (`id`, `exp_head_id`, `name`, `invoice_no`, `date`, `amount`, `documents`, `note`, `is_active`, `is_deleted`, `created_at`, `updated_at`) VALUES (166, 3, 'BSNL Broad Band', '2112', '2023-05-10', '150.00', NULL, 'Broadband is high speed internet connection enabled through different mediums.', 'yes', 'no', '2023-05-01 06:28:08', NULL);
INSERT INTO `expenses` (`id`, `exp_head_id`, `name`, `invoice_no`, `date`, `amount`, `documents`, `note`, `is_active`, `is_deleted`, `created_at`, `updated_at`) VALUES (167, 4, 'New Academic Session', '3602', '2023-05-15', '150.00', NULL, 'The time during which a school holds classes; \"they had to shorten the school term\" academic term, school term.', 'yes', 'no', '2023-05-01 06:28:50', NULL);
INSERT INTO `expenses` (`id`, `exp_head_id`, `name`, `invoice_no`, `date`, `amount`, `documents`, `note`, `is_active`, `is_deleted`, `created_at`, `updated_at`) VALUES (168, 2, 'Power Center Bill', '23231', '2023-05-20', '150.00', NULL, '', 'yes', 'no', '2023-05-01 06:30:25', NULL);
INSERT INTO `expenses` (`id`, `exp_head_id`, `name`, `invoice_no`, `date`, `amount`, `documents`, `note`, `is_active`, `is_deleted`, `created_at`, `updated_at`) VALUES (169, 1, 'New Books', '5453', '2023-05-25', '100.00', NULL, '', 'yes', 'no', '2023-05-01 06:31:47', NULL);
INSERT INTO `expenses` (`id`, `exp_head_id`, `name`, `invoice_no`, `date`, `amount`, `documents`, `note`, `is_active`, `is_deleted`, `created_at`, `updated_at`) VALUES (170, 4, 'School Events', '2311', '2023-05-31', '150.00', NULL, 'the worker should wear disposable rubber boots, gloves (heavy duty), and a triple layer mask.', 'yes', 'no', '2023-05-01 06:32:43', NULL);
INSERT INTO `expenses` (`id`, `exp_head_id`, `name`, `invoice_no`, `date`, `amount`, `documents`, `note`, `is_active`, `is_deleted`, `created_at`, `updated_at`) VALUES (171, 4, 'Staff Teaching Training', '6744', '2023-06-01', '150.00', NULL, 'Staff training is a programme implemented by a manager or person of authority to provide specific staff members with the necessary skills.', 'yes', 'no', '2023-06-01 06:54:54', NULL);
INSERT INTO `expenses` (`id`, `exp_head_id`, `name`, `invoice_no`, `date`, `amount`, `documents`, `note`, `is_active`, `is_deleted`, `created_at`, `updated_at`) VALUES (172, 5, 'Stock Flower', '563', '2023-06-05', '150.00', NULL, 'Stock is an odd name for a flower. It seems to be a reference to the “stocky”.	', 'yes', 'no', '2023-06-01 06:56:12', NULL);
INSERT INTO `expenses` (`id`, `exp_head_id`, `name`, `invoice_no`, `date`, `amount`, `documents`, `note`, `is_active`, `is_deleted`, `created_at`, `updated_at`) VALUES (173, 3, 'BSNL Broad Band', '332', '2023-06-10', '150.00', NULL, 'Broadband is high speed internet connection enabled through different mediums.', 'yes', 'no', '2023-06-01 06:57:30', NULL);
INSERT INTO `expenses` (`id`, `exp_head_id`, `name`, `invoice_no`, `date`, `amount`, `documents`, `note`, `is_active`, `is_deleted`, `created_at`, `updated_at`) VALUES (174, 2, 'Power Centre Bill House', '786', '2023-06-15', '100.00', NULL, 'The new billing solution is faster and more accurate than its existing systems', 'yes', 'no', '2023-06-01 06:58:44', NULL);
INSERT INTO `expenses` (`id`, `exp_head_id`, `name`, `invoice_no`, `date`, `amount`, `documents`, `note`, `is_active`, `is_deleted`, `created_at`, `updated_at`) VALUES (175, 4, 'School Seminar', '564', '2023-06-20', '150.00', NULL, 'Seminars are for small groups of students studying the same course. They are normally led by a tutor in a seminar room.', 'yes', 'no', '2023-06-01 06:59:41', NULL);
INSERT INTO `expenses` (`id`, `exp_head_id`, `name`, `invoice_no`, `date`, `amount`, `documents`, `note`, `is_active`, `is_deleted`, `created_at`, `updated_at`) VALUES (176, 1, 'New Books NCRT', '2311', '2023-06-25', '150.00', NULL, '', 'yes', 'no', '2023-06-01 07:00:13', NULL);
INSERT INTO `expenses` (`id`, `exp_head_id`, `name`, `invoice_no`, `date`, `amount`, `documents`, `note`, `is_active`, `is_deleted`, `created_at`, `updated_at`) VALUES (177, 4, 'School Camp', '665', '2023-06-30', '100.00', NULL, '', 'yes', 'no', '2023-06-01 07:00:57', NULL);
INSERT INTO `expenses` (`id`, `exp_head_id`, `name`, `invoice_no`, `date`, `amount`, `documents`, `note`, `is_active`, `is_deleted`, `created_at`, `updated_at`) VALUES (178, 4, 'Online Classes', '4545', '2023-07-01', '200.00', NULL, 'Miscellaneous fees are charges that are separate from tuition that can be selected.', 'yes', 'no', '2023-07-07 07:43:16', NULL);
INSERT INTO `expenses` (`id`, `exp_head_id`, `name`, `invoice_no`, `date`, `amount`, `documents`, `note`, `is_active`, `is_deleted`, `created_at`, `updated_at`) VALUES (179, 5, 'Stock Flower', '4522', '2023-07-05', '150.00', NULL, 'Stock is an odd name for a flower. It seems to be a reference to the “stocky”.', 'yes', 'no', '2023-07-07 07:43:44', NULL);
INSERT INTO `expenses` (`id`, `exp_head_id`, `name`, `invoice_no`, `date`, `amount`, `documents`, `note`, `is_active`, `is_deleted`, `created_at`, `updated_at`) VALUES (180, 3, 'Airtel Broad Band Bill', '3422', '2023-07-10', '250.00', NULL, 'Broadband is high speed internet connection enabled through different mediums.', 'yes', 'no', '2023-07-07 07:44:12', NULL);
INSERT INTO `expenses` (`id`, `exp_head_id`, `name`, `invoice_no`, `date`, `amount`, `documents`, `note`, `is_active`, `is_deleted`, `created_at`, `updated_at`) VALUES (181, 2, 'Power Centre Bill House', '5674', '2023-07-15', '200.00', NULL, 'The new billing solution is faster and more accurate than its existing systems.', 'yes', 'no', '2023-07-07 07:44:44', NULL);
INSERT INTO `expenses` (`id`, `exp_head_id`, `name`, `invoice_no`, `date`, `amount`, `documents`, `note`, `is_active`, `is_deleted`, `created_at`, `updated_at`) VALUES (182, 1, 'New Books NCRT', '4533', '2023-07-20', '200.00', NULL, 'New Books NCRT', 'yes', 'no', '2023-07-07 07:45:36', NULL);
INSERT INTO `expenses` (`id`, `exp_head_id`, `name`, `invoice_no`, `date`, `amount`, `documents`, `note`, `is_active`, `is_deleted`, `created_at`, `updated_at`) VALUES (183, 4, 'Staff Training', '3421', '2023-07-25', '200.00', NULL, 'Staff Training', 'yes', 'no', '2023-07-07 07:46:10', NULL);
INSERT INTO `expenses` (`id`, `exp_head_id`, `name`, `invoice_no`, `date`, `amount`, `documents`, `note`, `is_active`, `is_deleted`, `created_at`, `updated_at`) VALUES (184, 3, 'Staff Office', '4533', '2023-07-31', '150.00', NULL, '', 'yes', 'no', '2023-07-07 07:46:50', NULL);
INSERT INTO `expenses` (`id`, `exp_head_id`, `name`, `invoice_no`, `date`, `amount`, `documents`, `note`, `is_active`, `is_deleted`, `created_at`, `updated_at`) VALUES (185, 2, 'Power Centre Bill House', '4352', '2023-08-01', '150.00', NULL, 'The new billing solution is faster and more accurate than its existing systems.', 'yes', 'no', '2023-08-04 12:45:24', NULL);
INSERT INTO `expenses` (`id`, `exp_head_id`, `name`, `invoice_no`, `date`, `amount`, `documents`, `note`, `is_active`, `is_deleted`, `created_at`, `updated_at`) VALUES (186, 1, 'Deepak Books Publication', '2555', '2023-08-05', '200.00', NULL, 'Sales book is a book of original entry or a subsidiary book that is used to record the credit sales of the goods.', 'yes', 'no', '2023-08-05 05:38:01', NULL);
INSERT INTO `expenses` (`id`, `exp_head_id`, `name`, `invoice_no`, `date`, `amount`, `documents`, `note`, `is_active`, `is_deleted`, `created_at`, `updated_at`) VALUES (187, 2, 'MPPKVVCL', '2152', '2023-08-10', '150.00', NULL, 'The new billing solution is faster and more accurate than its existing systems .', 'yes', 'no', '2023-08-05 05:47:40', NULL);
INSERT INTO `expenses` (`id`, `exp_head_id`, `name`, `invoice_no`, `date`, `amount`, `documents`, `note`, `is_active`, `is_deleted`, `created_at`, `updated_at`) VALUES (188, 3, 'BSNL Broad Band Center', '5612', '2023-08-15', '250.00', NULL, 'Broadband is high speed internet connection enabled through different mediums.	', 'yes', 'no', '2023-08-05 05:50:15', NULL);
INSERT INTO `expenses` (`id`, `exp_head_id`, `name`, `invoice_no`, `date`, `amount`, `documents`, `note`, `is_active`, `is_deleted`, `created_at`, `updated_at`) VALUES (189, 4, 'School Event', '5488', '2023-08-21', '200.00', NULL, 'the worker should wear disposable rubber boots, gloves (heavy duty), and a triple layer mask. respiratory etiquettes or mask, the areas around his/her seat should be vacated and cleaned with 1% sodium hypochlorite.', 'yes', 'no', '2023-08-05 05:52:50', NULL);
INSERT INTO `expenses` (`id`, `exp_head_id`, `name`, `invoice_no`, `date`, `amount`, `documents`, `note`, `is_active`, `is_deleted`, `created_at`, `updated_at`) VALUES (190, 5, 'Stock Flower', '565', '2023-08-25', '150.00', NULL, 'Stock is an odd name for a flower. It seems to be a reference to the “stocky”.', 'yes', 'no', '2023-08-05 05:55:31', NULL);
INSERT INTO `expenses` (`id`, `exp_head_id`, `name`, `invoice_no`, `date`, `amount`, `documents`, `note`, `is_active`, `is_deleted`, `created_at`, `updated_at`) VALUES (191, 1, 'Books', '5484', '2023-08-31', '200.00', NULL, 'The Holy Bible is the most read book in the world. In the past 50 years, the Bible has sold over 3.9 billion copies. It is the most recognizable and famous book that has ever been published. The Bible is a collective book with many different preachings based on God and the Lord Jesus Christ.', 'yes', 'no', '2023-08-05 05:56:24', NULL);
INSERT INTO `expenses` (`id`, `exp_head_id`, `name`, `invoice_no`, `date`, `amount`, `documents`, `note`, `is_active`, `is_deleted`, `created_at`, `updated_at`) VALUES (192, 2, 'Monthly Electricity Bill', '4535', '2023-09-01', '150.00', NULL, 'The new billing solution is faster and more accurate than its existing systems .', 'yes', 'no', '2023-09-05 06:35:18', NULL);
INSERT INTO `expenses` (`id`, `exp_head_id`, `name`, `invoice_no`, `date`, `amount`, `documents`, `note`, `is_active`, `is_deleted`, `created_at`, `updated_at`) VALUES (193, 4, 'Teacher\'s Day celebration', '4353', '2023-09-05', '150.00', NULL, 'Teacher\'s Day celebration', 'yes', 'no', '2023-09-05 06:36:01', NULL);
INSERT INTO `expenses` (`id`, `exp_head_id`, `name`, `invoice_no`, `date`, `amount`, `documents`, `note`, `is_active`, `is_deleted`, `created_at`, `updated_at`) VALUES (194, 3, 'Airtel Broadband Bill', '54656', '2023-09-10', '200.00', NULL, 'Broadband is high speed internet connection enabled through different mediums.', 'yes', 'no', '2023-09-05 06:36:36', NULL);
INSERT INTO `expenses` (`id`, `exp_head_id`, `name`, `invoice_no`, `date`, `amount`, `documents`, `note`, `is_active`, `is_deleted`, `created_at`, `updated_at`) VALUES (195, 1, 'New CBSE Books', '535', '2023-09-15', '150.00', NULL, 'New CBSE Books', 'yes', 'no', '2023-09-05 06:37:49', NULL);
INSERT INTO `expenses` (`id`, `exp_head_id`, `name`, `invoice_no`, `date`, `amount`, `documents`, `note`, `is_active`, `is_deleted`, `created_at`, `updated_at`) VALUES (196, 5, 'Stock Flower', '6654', '2023-09-20', '100.00', NULL, 'Stock is an odd name for a flower. It seems to be a reference to the “stocky”.', 'yes', 'no', '2023-09-05 06:38:24', NULL);
INSERT INTO `expenses` (`id`, `exp_head_id`, `name`, `invoice_no`, `date`, `amount`, `documents`, `note`, `is_active`, `is_deleted`, `created_at`, `updated_at`) VALUES (197, 4, 'Staff Teaching Training', '454', '2023-09-25', '150.00', NULL, 'Staff training is a programme implemented by a manager or person of authority to provide specific staff members with the necessary skills.', 'yes', 'no', '2023-09-05 06:39:18', NULL);
INSERT INTO `expenses` (`id`, `exp_head_id`, `name`, `invoice_no`, `date`, `amount`, `documents`, `note`, `is_active`, `is_deleted`, `created_at`, `updated_at`) VALUES (198, 5, 'Stock Flower', '323432', '2023-09-30', '100.00', NULL, 'Stock is an odd name for a flower. It seems to be a reference to the “stocky”.', 'yes', 'no', '2023-09-05 06:47:12', NULL);
INSERT INTO `expenses` (`id`, `exp_head_id`, `name`, `invoice_no`, `date`, `amount`, `documents`, `note`, `is_active`, `is_deleted`, `created_at`, `updated_at`) VALUES (199, 3, 'Airtel Broadband Bill', '23423', '2023-10-01', '150.00', NULL, 'Broadband is high speed internet connection enabled through different mediums.', 'yes', 'no', '2023-10-03 05:32:29', NULL);
INSERT INTO `expenses` (`id`, `exp_head_id`, `name`, `invoice_no`, `date`, `amount`, `documents`, `note`, `is_active`, `is_deleted`, `created_at`, `updated_at`) VALUES (200, 2, 'Monthly Electricity Bill MPPKVVCL', '567', '2023-10-05', '150.00', NULL, 'Monthly Electricity Bill MPPKVVCL', 'yes', 'no', '2023-10-03 05:33:09', NULL);
INSERT INTO `expenses` (`id`, `exp_head_id`, `name`, `invoice_no`, `date`, `amount`, `documents`, `note`, `is_active`, `is_deleted`, `created_at`, `updated_at`) VALUES (201, 1, 'Deepak Books Publication', '435', '2023-10-10', '150.00', NULL, 'Sales book is a book of original entry or a subsidiary book that is used to record the credit sales of the goods.', 'yes', 'no', '2023-10-03 05:34:39', NULL);
INSERT INTO `expenses` (`id`, `exp_head_id`, `name`, `invoice_no`, `date`, `amount`, `documents`, `note`, `is_active`, `is_deleted`, `created_at`, `updated_at`) VALUES (202, 5, 'Stock Flower', '234', '2023-10-15', '150.00', NULL, 'Stock is an odd name for a flower. It seems to be a reference to the “stocky” stems of perennial growth', 'yes', 'no', '2023-10-03 05:45:04', NULL);
INSERT INTO `expenses` (`id`, `exp_head_id`, `name`, `invoice_no`, `date`, `amount`, `documents`, `note`, `is_active`, `is_deleted`, `created_at`, `updated_at`) VALUES (203, 4, 'Staff Teaching Training', '456', '2023-10-20', '100.00', NULL, 'Staff training is a programme implemented by a manager or person of authority to provide specific staff members with the necessary skills.', 'yes', 'no', '2023-10-03 05:44:53', NULL);
INSERT INTO `expenses` (`id`, `exp_head_id`, `name`, `invoice_no`, `date`, `amount`, `documents`, `note`, `is_active`, `is_deleted`, `created_at`, `updated_at`) VALUES (204, 2, 'Monthly Electricity Bill', '5675', '2023-10-25', '100.00', NULL, 'Monthly Electricity Bill', 'yes', 'no', '2023-10-03 05:45:53', NULL);
INSERT INTO `expenses` (`id`, `exp_head_id`, `name`, `invoice_no`, `date`, `amount`, `documents`, `note`, `is_active`, `is_deleted`, `created_at`, `updated_at`) VALUES (205, 1, 'k.V. Books Publication', '435', '2023-10-31', '100.00', NULL, '', 'yes', 'no', '2023-10-03 05:47:10', NULL);
INSERT INTO `expenses` (`id`, `exp_head_id`, `name`, `invoice_no`, `date`, `amount`, `documents`, `note`, `is_active`, `is_deleted`, `created_at`, `updated_at`) VALUES (206, 4, 'School Bus Rent', '2321', '2023-11-01', '100.00', NULL, 'School Bus Ren', 'yes', 'no', '2023-11-01 10:11:17', NULL);
INSERT INTO `expenses` (`id`, `exp_head_id`, `name`, `invoice_no`, `date`, `amount`, `documents`, `note`, `is_active`, `is_deleted`, `created_at`, `updated_at`) VALUES (207, 1, 'Deepak Books Publication', '2312', '2023-11-05', '200.00', NULL, 'Sales book is a book of original entry or a subsidiary book that is used to record the credit sales of the goods.', 'yes', 'no', '2023-11-01 10:11:42', NULL);
INSERT INTO `expenses` (`id`, `exp_head_id`, `name`, `invoice_no`, `date`, `amount`, `documents`, `note`, `is_active`, `is_deleted`, `created_at`, `updated_at`) VALUES (208, 5, 'Stock Flower', '341', '2023-11-10', '250.00', NULL, 'Stock is an odd name for a flower. It seems to be a reference to the “stocky” stems of perennial growth', 'yes', 'no', '2023-11-01 10:12:05', NULL);
INSERT INTO `expenses` (`id`, `exp_head_id`, `name`, `invoice_no`, `date`, `amount`, `documents`, `note`, `is_active`, `is_deleted`, `created_at`, `updated_at`) VALUES (209, 3, 'BSNL-Bill', '4532', '2023-11-15', '150.00', NULL, 'Another way to know your account number is by logging into BSNL portal with the username and password you\'ve received from them,', 'yes', 'no', '2023-11-01 10:13:02', NULL);
INSERT INTO `expenses` (`id`, `exp_head_id`, `name`, `invoice_no`, `date`, `amount`, `documents`, `note`, `is_active`, `is_deleted`, `created_at`, `updated_at`) VALUES (210, 2, 'MPPKVVCL', '542', '2023-11-20', '100.00', NULL, 'MPPKVVCL', 'yes', 'no', '2023-11-01 10:15:05', NULL);
INSERT INTO `expenses` (`id`, `exp_head_id`, `name`, `invoice_no`, `date`, `amount`, `documents`, `note`, `is_active`, `is_deleted`, `created_at`, `updated_at`) VALUES (211, 4, 'Printing Papers, Ink', '34211', '2023-11-25', '150.00', NULL, 'Printing Papers, Ink', 'yes', 'no', '2023-11-01 10:15:54', NULL);
INSERT INTO `expenses` (`id`, `exp_head_id`, `name`, `invoice_no`, `date`, `amount`, `documents`, `note`, `is_active`, `is_deleted`, `created_at`, `updated_at`) VALUES (212, 3, 'Airtel Broadband Bill', '2311', '2023-11-30', '150.00', NULL, 'Airtel Broadband Bill', 'yes', 'no', '2023-11-01 10:16:49', NULL);
INSERT INTO `expenses` (`id`, `exp_head_id`, `name`, `invoice_no`, `date`, `amount`, `documents`, `note`, `is_active`, `is_deleted`, `created_at`, `updated_at`) VALUES (213, 1, 'Vinay Books Publication', '5521', '2023-12-01', '130.00', NULL, 'Sales book is a book of original entry or a subsidiary book that is used to record the credit sales of the goods.', 'yes', 'no', '2023-12-01 12:59:00', NULL);
INSERT INTO `expenses` (`id`, `exp_head_id`, `name`, `invoice_no`, `date`, `amount`, `documents`, `note`, `is_active`, `is_deleted`, `created_at`, `updated_at`) VALUES (214, 2, 'MP Power Center', '5415', '2023-12-05', '140.00', NULL, 'Electricity Bill means the invoice sent every month to customers or consumers stating in detail all components, charges or rates that are part of the total amount that every customer or consumer must pay for using electricity.', 'yes', 'no', '2023-12-01 12:59:41', NULL);
INSERT INTO `expenses` (`id`, `exp_head_id`, `name`, `invoice_no`, `date`, `amount`, `documents`, `note`, `is_active`, `is_deleted`, `created_at`, `updated_at`) VALUES (215, 3, 'Airtel Board band', '2150', '2023-12-11', '150.00', NULL, 'Broadband is high speed internet connection enabled through different mediums.', 'yes', 'no', '2023-12-01 13:00:31', NULL);
INSERT INTO `expenses` (`id`, `exp_head_id`, `name`, `invoice_no`, `date`, `amount`, `documents`, `note`, `is_active`, `is_deleted`, `created_at`, `updated_at`) VALUES (216, 4, 'School Seminar', '2150', '2023-12-15', '150.00', NULL, 'Seminars are for small groups of students studying the same course. They are normally led by a tutor in a seminar room.', 'yes', 'no', '2023-12-01 13:02:42', NULL);
INSERT INTO `expenses` (`id`, `exp_head_id`, `name`, `invoice_no`, `date`, `amount`, `documents`, `note`, `is_active`, `is_deleted`, `created_at`, `updated_at`) VALUES (217, 5, 'Stock Flower', '5421', '2023-12-20', '140.00', NULL, 'Stock is an odd name for a flower. It seems to be a reference to the “stocky” stems of perennial growth', 'yes', 'no', '2023-12-01 13:05:53', NULL);
INSERT INTO `expenses` (`id`, `exp_head_id`, `name`, `invoice_no`, `date`, `amount`, `documents`, `note`, `is_active`, `is_deleted`, `created_at`, `updated_at`) VALUES (218, 1, 'Book', '565', '2023-12-25', '150.00', NULL, '	The Holy Bible is the most read book in the world. In the past 50 years, the Bible has sold over 3.9 billion copies. It is the most recognizable and famous book that has ever been published. The Bible is a collective book with many different preachings based on God and the Lord Jesus Christ.', 'yes', 'no', '2023-12-01 13:07:02', NULL);
INSERT INTO `expenses` (`id`, `exp_head_id`, `name`, `invoice_no`, `date`, `amount`, `documents`, `note`, `is_active`, `is_deleted`, `created_at`, `updated_at`) VALUES (219, 2, 'Monthly Electricity Bill MPPKVVCL', '5462', '2023-12-30', '140.00', NULL, 'Monthly Electricity Bill MPPKVVCL	', 'yes', 'no', '2023-12-01 13:07:39', NULL);
INSERT INTO `expenses` (`id`, `exp_head_id`, `name`, `invoice_no`, `date`, `amount`, `documents`, `note`, `is_active`, `is_deleted`, `created_at`, `updated_at`) VALUES (220, 2, 'MPPKVVCL', '2152', '2024-01-04', '130.00', NULL, 'The new billing solution is faster and more accurate than its existing systems and has significantly helped the utility in increasing productivity.', 'yes', 'no', '2024-01-04 06:46:26', NULL);
INSERT INTO `expenses` (`id`, `exp_head_id`, `name`, `invoice_no`, `date`, `amount`, `documents`, `note`, `is_active`, `is_deleted`, `created_at`, `updated_at`) VALUES (221, 3, 'BSNL Telephone Bill', '6265', '2024-01-05', '120.00', NULL, 'The lack of regulation to encourage the competition is the main reason you see high mobile service costs particularly for internet access.', 'yes', 'no', '2024-01-04 06:57:23', NULL);
INSERT INTO `expenses` (`id`, `exp_head_id`, `name`, `invoice_no`, `date`, `amount`, `documents`, `note`, `is_active`, `is_deleted`, `created_at`, `updated_at`) VALUES (222, 4, 'School Event', '2152', '2024-01-10', '150.00', NULL, 'the worker should wear disposable rubber boots, gloves (heavy duty), and a triple layer mask. respiratory etiquettes or mask, the areas around his/her seat should be vacated and cleaned with 1% sodium hypochlorite.', 'yes', 'no', '2024-01-04 06:58:40', NULL);
INSERT INTO `expenses` (`id`, `exp_head_id`, `name`, `invoice_no`, `date`, `amount`, `documents`, `note`, `is_active`, `is_deleted`, `created_at`, `updated_at`) VALUES (223, 5, 'Student Events', '3230', '2024-01-15', '140.00', NULL, 'Student Events', 'yes', 'no', '2024-01-04 07:00:07', NULL);
INSERT INTO `expenses` (`id`, `exp_head_id`, `name`, `invoice_no`, `date`, `amount`, `documents`, `note`, `is_active`, `is_deleted`, `created_at`, `updated_at`) VALUES (224, 1, 'Deepak Books Publication', '2152', '2024-01-20', '140.00', NULL, 'Sales book is a book of original entry or a subsidiary book that is used to record the credit sales of the goods.', 'yes', 'no', '2024-01-04 07:06:19', NULL);
INSERT INTO `expenses` (`id`, `exp_head_id`, `name`, `invoice_no`, `date`, `amount`, `documents`, `note`, `is_active`, `is_deleted`, `created_at`, `updated_at`) VALUES (225, 2, 'MP Power Center', '1652', '2024-01-25', '130.00', NULL, 'Electricity Bill means the invoice sent every month to customers or consumers stating in detail all components, charges or rates that are part of the total amount that every customer or consumer must pay for using electricity.', 'yes', 'no', '2024-01-04 07:22:45', NULL);
INSERT INTO `expenses` (`id`, `exp_head_id`, `name`, `invoice_no`, `date`, `amount`, `documents`, `note`, `is_active`, `is_deleted`, `created_at`, `updated_at`) VALUES (226, 3, 'Airtel Board band', '51652', '2024-01-31', '140.00', NULL, 'Broadband is high speed internet connection enabled through different mediums.', 'yes', 'no', '2024-01-04 07:23:41', NULL);
INSERT INTO `expenses` (`id`, `exp_head_id`, `name`, `invoice_no`, `date`, `amount`, `documents`, `note`, `is_active`, `is_deleted`, `created_at`, `updated_at`) VALUES (227, 3, 'BSNL Telephone Bill', '67456', '2024-02-01', '150.00', NULL, 'Broadband is high speed internet connection enabled through different mediums.', 'yes', 'no', '2024-02-02 09:47:04', NULL);
INSERT INTO `expenses` (`id`, `exp_head_id`, `name`, `invoice_no`, `date`, `amount`, `documents`, `note`, `is_active`, `is_deleted`, `created_at`, `updated_at`) VALUES (228, 4, 'School Program', '522', '2024-02-05', '100.00', NULL, 'Seminars are for small groups of students studying the same course.', 'yes', 'no', '2024-02-02 09:51:19', NULL);
INSERT INTO `expenses` (`id`, `exp_head_id`, `name`, `invoice_no`, `date`, `amount`, `documents`, `note`, `is_active`, `is_deleted`, `created_at`, `updated_at`) VALUES (229, 2, 'HP Power Centre Bill House', '343', '2024-02-10', '200.00', NULL, 'Electricity Bill means the invoice sent every month to customers or consumers stating in detail all components,', 'yes', 'no', '2024-02-02 10:20:38', NULL);
INSERT INTO `expenses` (`id`, `exp_head_id`, `name`, `invoice_no`, `date`, `amount`, `documents`, `note`, `is_active`, `is_deleted`, `created_at`, `updated_at`) VALUES (230, 5, 'Stock Flower', '5332', '2024-02-15', '150.00', NULL, 'Stock is an odd name for a flower. It seems to be a reference to the “stocky”.', 'yes', 'no', '2024-02-02 10:32:34', NULL);
INSERT INTO `expenses` (`id`, `exp_head_id`, `name`, `invoice_no`, `date`, `amount`, `documents`, `note`, `is_active`, `is_deleted`, `created_at`, `updated_at`) VALUES (231, 1, 'D.K.Book Publisher', '45345', '2024-02-20', '100.00', NULL, 'Sales book is a book of original entry or a subsidiary book that is used to record the credit sales of the goods.', 'yes', 'no', '2024-02-02 10:33:48', NULL);
INSERT INTO `expenses` (`id`, `exp_head_id`, `name`, `invoice_no`, `date`, `amount`, `documents`, `note`, `is_active`, `is_deleted`, `created_at`, `updated_at`) VALUES (232, 4, 'School Seminar', '23412', '2024-02-25', '150.00', NULL, 'Seminars are for small groups of students studying the same course', 'yes', 'no', '2024-02-02 10:41:35', NULL);
INSERT INTO `expenses` (`id`, `exp_head_id`, `name`, `invoice_no`, `date`, `amount`, `documents`, `note`, `is_active`, `is_deleted`, `created_at`, `updated_at`) VALUES (233, 3, 'BSNL Broad Band', '453', '2024-02-28', '100.00', NULL, 'Broadband is high speed internet connection enabled through different mediums.', 'yes', 'no', '2024-02-02 10:42:16', NULL);
INSERT INTO `expenses` (`id`, `exp_head_id`, `name`, `invoice_no`, `date`, `amount`, `documents`, `note`, `is_active`, `is_deleted`, `created_at`, `updated_at`) VALUES (234, 3, 'BSNL Telephone Bill', '53445', '2024-03-01', '150.00', NULL, 'The lack of regulation to encourage the competition is the main reason you see high mobile service costs particularly for internet access.', 'yes', 'no', '2024-03-02 11:48:01', NULL);
INSERT INTO `expenses` (`id`, `exp_head_id`, `name`, `invoice_no`, `date`, `amount`, `documents`, `note`, `is_active`, `is_deleted`, `created_at`, `updated_at`) VALUES (235, 2, 'HP Power Centre Bill House', '4342', '2024-03-05', '150.00', NULL, 'Electricity Bill means the invoice sent every month to customers or consumers stating in detail all components.', 'yes', 'no', '2024-03-02 11:48:29', NULL);
INSERT INTO `expenses` (`id`, `exp_head_id`, `name`, `invoice_no`, `date`, `amount`, `documents`, `note`, `is_active`, `is_deleted`, `created_at`, `updated_at`) VALUES (236, 1, 'Deepak Books Publication', '4532', '2024-03-10', '150.00', NULL, 'Sales book is a book of original entry or a subsidiary book that is used to record the credit sales of the goods.', 'yes', 'no', '2024-03-02 11:55:48', NULL);
INSERT INTO `expenses` (`id`, `exp_head_id`, `name`, `invoice_no`, `date`, `amount`, `documents`, `note`, `is_active`, `is_deleted`, `created_at`, `updated_at`) VALUES (237, 4, 'School Seminar', '5322', '2024-03-15', '100.00', NULL, 'Seminars are for small groups of students studying the same course. They are normally led by a tutor in a seminar room.', 'yes', 'no', '2024-03-02 12:00:53', NULL);
INSERT INTO `expenses` (`id`, `exp_head_id`, `name`, `invoice_no`, `date`, `amount`, `documents`, `note`, `is_active`, `is_deleted`, `created_at`, `updated_at`) VALUES (238, 5, 'Stock Flower', '4523', '2024-03-20', '150.00', NULL, 'Stock Flower', 'yes', 'no', '2024-03-02 12:02:48', NULL);
INSERT INTO `expenses` (`id`, `exp_head_id`, `name`, `invoice_no`, `date`, `amount`, `documents`, `note`, `is_active`, `is_deleted`, `created_at`, `updated_at`) VALUES (239, 4, 'Student  Food Delivery', '45223', '2024-03-25', '150.00', NULL, '', 'yes', 'no', '2024-03-02 12:03:22', NULL);
INSERT INTO `expenses` (`id`, `exp_head_id`, `name`, `invoice_no`, `date`, `amount`, `documents`, `note`, `is_active`, `is_deleted`, `created_at`, `updated_at`) VALUES (240, 4, 'Online Exam Preparation', '341', '2024-03-30', '150.00', NULL, '', 'yes', 'no', '2024-03-02 12:03:48', NULL);
INSERT INTO `expenses` (`id`, `exp_head_id`, `name`, `invoice_no`, `date`, `amount`, `documents`, `note`, `is_active`, `is_deleted`, `created_at`, `updated_at`) VALUES (241, 5, 'Stock Flower', '15101', '2024-04-01', '200.00', NULL, 'Stock is an odd name for a flower. It seems to be a reference to the “stocky”.', 'yes', 'no', '2024-04-03 07:03:15', NULL);
INSERT INTO `expenses` (`id`, `exp_head_id`, `name`, `invoice_no`, `date`, `amount`, `documents`, `note`, `is_active`, `is_deleted`, `created_at`, `updated_at`) VALUES (242, 1, 'New Books NCRT', '5151', '2024-04-05', '150.00', NULL, 'Sales book is a book of original entry or a subsidiary book that is used to record the credit sales of the goods.', 'yes', 'no', '2024-04-03 07:08:34', NULL);
INSERT INTO `expenses` (`id`, `exp_head_id`, `name`, `invoice_no`, `date`, `amount`, `documents`, `note`, `is_active`, `is_deleted`, `created_at`, `updated_at`) VALUES (243, 2, 'Power Centre Bill House', '8451', '2024-04-10', '180.00', NULL, 'The new billing solution is faster and more accurate than its existing systems', 'yes', 'no', '2024-04-03 07:18:12', NULL);
INSERT INTO `expenses` (`id`, `exp_head_id`, `name`, `invoice_no`, `date`, `amount`, `documents`, `note`, `is_active`, `is_deleted`, `created_at`, `updated_at`) VALUES (244, 3, 'BSNL Broad Band Center', '6481', '2024-04-15', '200.00', NULL, 'Broadband is high speed internet connection enabled through different mediums.', 'yes', 'no', '2024-04-03 07:19:38', NULL);
INSERT INTO `expenses` (`id`, `exp_head_id`, `name`, `invoice_no`, `date`, `amount`, `documents`, `note`, `is_active`, `is_deleted`, `created_at`, `updated_at`) VALUES (245, 4, 'School Seminar', '9684', '2024-04-20', '150.00', NULL, 'Seminars are for small groups of students studying the same course.', 'yes', 'no', '2024-04-03 07:20:45', NULL);
INSERT INTO `expenses` (`id`, `exp_head_id`, `name`, `invoice_no`, `date`, `amount`, `documents`, `note`, `is_active`, `is_deleted`, `created_at`, `updated_at`) VALUES (246, 5, 'Stock Flower', '1425', '2024-04-25', '180.00', NULL, '	Stock is an odd name for a flower. It seems to be a reference to the “stocky”.', 'yes', 'no', '2024-04-03 07:23:28', NULL);
INSERT INTO `expenses` (`id`, `exp_head_id`, `name`, `invoice_no`, `date`, `amount`, `documents`, `note`, `is_active`, `is_deleted`, `created_at`, `updated_at`) VALUES (247, 1, 'Book', '7415', '2024-04-30', '200.00', NULL, 'The Holy Bible is the most read book in the world. In the past 50 years, the Bible has sold over 3.9 billion copies. It is the most recognizable and famous book that has ever been published. The Bible is a collective book with many different preachings based on God and the Lord Jesus Christ.', 'yes', 'no', '2024-04-03 07:24:16', NULL);


#
# TABLE STRUCTURE FOR: fee_groups
#


CREATE TABLE `fee_groups` (
  `id` int NOT NULL AUTO_INCREMENT,
  `name` varchar(200) DEFAULT NULL,
  `is_system` int NOT NULL DEFAULT '0',
  `description` text,
  `is_active` varchar(10) NOT NULL DEFAULT 'no',
  `created_at` timestamp NOT NULL DEFAULT CURRENT_TIMESTAMP ON UPDATE CURRENT_TIMESTAMP,
  PRIMARY KEY (`id`)
) ENGINE=InnoDB AUTO_INCREMENT=19 DEFAULT CHARSET=utf8mb3;

INSERT INTO `fee_groups` (`id`, `name`, `is_system`, `description`, `is_active`, `created_at`) VALUES (1, 'Class 1 General', 0, '', 'no', '2021-03-22 13:14:18');
INSERT INTO `fee_groups` (`id`, `name`, `is_system`, `description`, `is_active`, `created_at`) VALUES (2, 'Class 1 Lump Sum', 0, '', 'no', '2021-03-22 13:14:24');
INSERT INTO `fee_groups` (`id`, `name`, `is_system`, `description`, `is_active`, `created_at`) VALUES (3, 'Class 1- I Installment', 0, '', 'no', '2021-03-31 13:10:55');
INSERT INTO `fee_groups` (`id`, `name`, `is_system`, `description`, `is_active`, `created_at`) VALUES (4, 'Class 1-II Installment', 0, '', 'no', '2021-03-31 13:11:11');
INSERT INTO `fee_groups` (`id`, `name`, `is_system`, `description`, `is_active`, `created_at`) VALUES (5, 'Class 2 General', 0, '', 'no', '2021-03-22 13:28:44');
INSERT INTO `fee_groups` (`id`, `name`, `is_system`, `description`, `is_active`, `created_at`) VALUES (6, 'Class 2 Lump Sum', 0, '', 'no', '2021-03-31 13:10:37');
INSERT INTO `fee_groups` (`id`, `name`, `is_system`, `description`, `is_active`, `created_at`) VALUES (7, 'Class 2- I Installment', 0, '', 'no', '2021-03-31 13:11:49');
INSERT INTO `fee_groups` (`id`, `name`, `is_system`, `description`, `is_active`, `created_at`) VALUES (8, 'Class 2 - II Installment', 0, '', 'no', '2021-03-31 13:11:59');
INSERT INTO `fee_groups` (`id`, `name`, `is_system`, `description`, `is_active`, `created_at`) VALUES (9, 'Balance Master', 1, NULL, 'no', '2021-12-01 06:45:32');
INSERT INTO `fee_groups` (`id`, `name`, `is_system`, `description`, `is_active`, `created_at`) VALUES (10, 'Class 3 Lump Sum', 0, '', 'no', '2022-03-29 07:51:44');
INSERT INTO `fee_groups` (`id`, `name`, `is_system`, `description`, `is_active`, `created_at`) VALUES (11, 'Class 3- I Installment', 0, '', 'no', '2022-03-29 08:44:40');
INSERT INTO `fee_groups` (`id`, `name`, `is_system`, `description`, `is_active`, `created_at`) VALUES (12, 'Class 3- II Installment', 0, '', 'no', '2022-03-29 08:45:21');
INSERT INTO `fee_groups` (`id`, `name`, `is_system`, `description`, `is_active`, `created_at`) VALUES (13, 'Class 4 General', 0, '', 'no', '2022-03-29 08:45:46');
INSERT INTO `fee_groups` (`id`, `name`, `is_system`, `description`, `is_active`, `created_at`) VALUES (14, 'Discount', 0, '', 'no', '2023-03-16 12:06:10');
INSERT INTO `fee_groups` (`id`, `name`, `is_system`, `description`, `is_active`, `created_at`) VALUES (15, 'March Fees', 0, '', 'no', '2023-03-20 05:47:58');
INSERT INTO `fee_groups` (`id`, `name`, `is_system`, `description`, `is_active`, `created_at`) VALUES (16, 'Exam', 0, '', 'no', '2023-03-23 12:30:23');
INSERT INTO `fee_groups` (`id`, `name`, `is_system`, `description`, `is_active`, `created_at`) VALUES (17, 'Fees', 0, '', 'no', '2023-03-23 12:31:08');
INSERT INTO `fee_groups` (`id`, `name`, `is_system`, `description`, `is_active`, `created_at`) VALUES (18, 'Class 4- I Installment', 0, '', 'no', '2024-04-02 09:47:38');


#
# TABLE STRUCTURE FOR: fee_groups_feetype
#


CREATE TABLE `fee_groups_feetype` (
  `id` int NOT NULL AUTO_INCREMENT,
  `fee_session_group_id` int DEFAULT NULL,
  `fee_groups_id` int DEFAULT NULL,
  `feetype_id` int DEFAULT NULL,
  `session_id` int DEFAULT NULL,
  `amount` decimal(10,2) DEFAULT NULL,
  `fine_type` varchar(50) NOT NULL DEFAULT 'none',
  `due_date` date DEFAULT NULL,
  `fine_percentage` float(10,2) NOT NULL DEFAULT '0.00',
  `fine_amount` float(10,2) NOT NULL DEFAULT '0.00',
  `is_active` varchar(10) NOT NULL DEFAULT 'no',
  `created_at` timestamp NOT NULL DEFAULT CURRENT_TIMESTAMP ON UPDATE CURRENT_TIMESTAMP,
  PRIMARY KEY (`id`),
  KEY `fee_session_group_id` (`fee_session_group_id`),
  KEY `fee_groups_id` (`fee_groups_id`),
  KEY `feetype_id` (`feetype_id`),
  KEY `session_id` (`session_id`),
  CONSTRAINT `fee_groups_feetype_ibfk_1` FOREIGN KEY (`fee_session_group_id`) REFERENCES `fee_session_groups` (`id`) ON DELETE CASCADE,
  CONSTRAINT `fee_groups_feetype_ibfk_2` FOREIGN KEY (`fee_groups_id`) REFERENCES `fee_groups` (`id`) ON DELETE CASCADE,
  CONSTRAINT `fee_groups_feetype_ibfk_3` FOREIGN KEY (`feetype_id`) REFERENCES `feetype` (`id`) ON DELETE CASCADE,
  CONSTRAINT `fee_groups_feetype_ibfk_4` FOREIGN KEY (`session_id`) REFERENCES `sessions` (`id`) ON DELETE CASCADE
) ENGINE=InnoDB AUTO_INCREMENT=284 DEFAULT CHARSET=utf8mb3;

INSERT INTO `fee_groups_feetype` (`id`, `fee_session_group_id`, `fee_groups_id`, `feetype_id`, `session_id`, `amount`, `fine_type`, `due_date`, `fine_percentage`, `fine_amount`, `is_active`, `created_at`) VALUES (1, 1, 1, 1, 16, '1000.00', 'percentage', '2021-04-01', '15.00', '150.00', 'no', '2021-04-02 10:37:54');
INSERT INTO `fee_groups_feetype` (`id`, `fee_session_group_id`, `fee_groups_id`, `feetype_id`, `session_id`, `amount`, `fine_type`, `due_date`, `fine_percentage`, `fine_amount`, `is_active`, `created_at`) VALUES (2, 1, 1, 8, 16, '300.00', 'percentage', '2021-04-05', '50.00', '150.00', 'no', '2021-04-02 10:41:02');
INSERT INTO `fee_groups_feetype` (`id`, `fee_session_group_id`, `fee_groups_id`, `feetype_id`, `session_id`, `amount`, `fine_type`, `due_date`, `fine_percentage`, `fine_amount`, `is_active`, `created_at`) VALUES (3, 1, 1, 20, 16, '300.00', 'percentage', '2021-05-01', '60.00', '180.00', 'no', '2021-05-03 06:58:06');
INSERT INTO `fee_groups_feetype` (`id`, `fee_session_group_id`, `fee_groups_id`, `feetype_id`, `session_id`, `amount`, `fine_type`, `due_date`, `fine_percentage`, `fine_amount`, `is_active`, `created_at`) VALUES (4, 1, 1, 18, 16, '300.00', 'percentage', '2021-06-02', '20.00', '60.00', 'no', '2021-05-03 06:58:28');
INSERT INTO `fee_groups_feetype` (`id`, `fee_session_group_id`, `fee_groups_id`, `feetype_id`, `session_id`, `amount`, `fine_type`, `due_date`, `fine_percentage`, `fine_amount`, `is_active`, `created_at`) VALUES (5, 1, 1, 17, 16, '300.00', 'percentage', '2021-07-03', '50.00', '150.00', 'no', '2021-04-02 10:33:15');
INSERT INTO `fee_groups_feetype` (`id`, `fee_session_group_id`, `fee_groups_id`, `feetype_id`, `session_id`, `amount`, `fine_type`, `due_date`, `fine_percentage`, `fine_amount`, `is_active`, `created_at`) VALUES (14, 2, 5, 1, 16, '1000.00', 'none', '2021-04-05', '0.00', '0.00', 'no', '2021-04-01 05:32:38');
INSERT INTO `fee_groups_feetype` (`id`, `fee_session_group_id`, `fee_groups_id`, `feetype_id`, `session_id`, `amount`, `fine_type`, `due_date`, `fine_percentage`, `fine_amount`, `is_active`, `created_at`) VALUES (15, 2, 5, 8, 16, '300.00', 'fix', '2021-04-10', '0.00', '100.00', 'no', '2021-05-03 07:03:26');
INSERT INTO `fee_groups_feetype` (`id`, `fee_session_group_id`, `fee_groups_id`, `feetype_id`, `session_id`, `amount`, `fine_type`, `due_date`, `fine_percentage`, `fine_amount`, `is_active`, `created_at`) VALUES (16, 2, 5, 20, 16, '300.00', 'percentage', '2021-05-03', '10.00', '30.00', 'no', '2021-05-03 07:05:45');
INSERT INTO `fee_groups_feetype` (`id`, `fee_session_group_id`, `fee_groups_id`, `feetype_id`, `session_id`, `amount`, `fine_type`, `due_date`, `fine_percentage`, `fine_amount`, `is_active`, `created_at`) VALUES (17, 2, 5, 18, 16, '300.00', 'percentage', '2021-06-02', '30.00', '90.00', 'no', '2021-05-03 07:06:03');
INSERT INTO `fee_groups_feetype` (`id`, `fee_session_group_id`, `fee_groups_id`, `feetype_id`, `session_id`, `amount`, `fine_type`, `due_date`, `fine_percentage`, `fine_amount`, `is_active`, `created_at`) VALUES (18, 2, 5, 17, 16, '300.00', 'percentage', '2021-07-05', '20.00', '60.00', 'no', '2021-05-03 07:08:02');
INSERT INTO `fee_groups_feetype` (`id`, `fee_session_group_id`, `fee_groups_id`, `feetype_id`, `session_id`, `amount`, `fine_type`, `due_date`, `fine_percentage`, `fine_amount`, `is_active`, `created_at`) VALUES (19, 2, 5, 9, 16, '300.00', 'percentage', '2021-08-05', '50.00', '150.00', 'no', '2021-05-03 07:08:20');
INSERT INTO `fee_groups_feetype` (`id`, `fee_session_group_id`, `fee_groups_id`, `feetype_id`, `session_id`, `amount`, `fine_type`, `due_date`, `fine_percentage`, `fine_amount`, `is_active`, `created_at`) VALUES (20, 2, 5, 21, 16, '300.00', 'fix', '2021-09-02', '0.00', '100.00', 'no', '2021-05-03 07:08:53');
INSERT INTO `fee_groups_feetype` (`id`, `fee_session_group_id`, `fee_groups_id`, `feetype_id`, `session_id`, `amount`, `fine_type`, `due_date`, `fine_percentage`, `fine_amount`, `is_active`, `created_at`) VALUES (21, 2, 5, 22, 16, '300.00', 'percentage', '2021-10-05', '30.00', '90.00', 'no', '2021-05-03 07:09:21');
INSERT INTO `fee_groups_feetype` (`id`, `fee_session_group_id`, `fee_groups_id`, `feetype_id`, `session_id`, `amount`, `fine_type`, `due_date`, `fine_percentage`, `fine_amount`, `is_active`, `created_at`) VALUES (22, 2, 5, 23, 16, '300.00', 'fix', '2021-11-05', '0.00', '120.00', 'no', '2021-05-03 07:09:37');
INSERT INTO `fee_groups_feetype` (`id`, `fee_session_group_id`, `fee_groups_id`, `feetype_id`, `session_id`, `amount`, `fine_type`, `due_date`, `fine_percentage`, `fine_amount`, `is_active`, `created_at`) VALUES (23, 2, 5, 13, 16, '300.00', 'fix', '2021-12-03', '0.00', '78.00', 'no', '2021-05-03 07:09:52');
INSERT INTO `fee_groups_feetype` (`id`, `fee_session_group_id`, `fee_groups_id`, `feetype_id`, `session_id`, `amount`, `fine_type`, `due_date`, `fine_percentage`, `fine_amount`, `is_active`, `created_at`) VALUES (24, 2, 5, 16, 16, '300.00', 'percentage', '2022-01-02', '50.00', '150.00', 'no', '2021-05-03 07:06:54');
INSERT INTO `fee_groups_feetype` (`id`, `fee_session_group_id`, `fee_groups_id`, `feetype_id`, `session_id`, `amount`, `fine_type`, `due_date`, `fine_percentage`, `fine_amount`, `is_active`, `created_at`) VALUES (25, 2, 5, 15, 16, '300.00', 'percentage', '2022-02-04', '30.00', '90.00', 'no', '2021-05-03 07:06:34');
INSERT INTO `fee_groups_feetype` (`id`, `fee_session_group_id`, `fee_groups_id`, `feetype_id`, `session_id`, `amount`, `fine_type`, `due_date`, `fine_percentage`, `fine_amount`, `is_active`, `created_at`) VALUES (26, 2, 5, 14, 16, '300.00', 'percentage', '2020-12-02', '10.00', '30.00', 'no', '2021-04-01 05:31:22');
INSERT INTO `fee_groups_feetype` (`id`, `fee_session_group_id`, `fee_groups_id`, `feetype_id`, `session_id`, `amount`, `fine_type`, `due_date`, `fine_percentage`, `fine_amount`, `is_active`, `created_at`) VALUES (27, 3, 2, 24, 16, '3000.00', 'percentage', '2021-04-10', '10.00', '300.00', 'no', '2021-04-01 05:51:38');
INSERT INTO `fee_groups_feetype` (`id`, `fee_session_group_id`, `fee_groups_id`, `feetype_id`, `session_id`, `amount`, `fine_type`, `due_date`, `fine_percentage`, `fine_amount`, `is_active`, `created_at`) VALUES (28, 3, 2, 11, 16, '1000.00', 'percentage', '2021-04-05', '10.00', '100.00', 'no', '2021-04-01 05:51:48');
INSERT INTO `fee_groups_feetype` (`id`, `fee_session_group_id`, `fee_groups_id`, `feetype_id`, `session_id`, `amount`, `fine_type`, `due_date`, `fine_percentage`, `fine_amount`, `is_active`, `created_at`) VALUES (29, 3, 2, 14, 16, '250.00', 'fix', '2022-01-05', '0.00', '70.00', 'no', '2021-05-03 07:10:43');
INSERT INTO `fee_groups_feetype` (`id`, `fee_session_group_id`, `fee_groups_id`, `feetype_id`, `session_id`, `amount`, `fine_type`, `due_date`, `fine_percentage`, `fine_amount`, `is_active`, `created_at`) VALUES (30, 4, 3, 1, 16, '1000.00', 'percentage', '2021-04-01', '10.00', '100.00', 'no', '2021-04-02 13:30:14');
INSERT INTO `fee_groups_feetype` (`id`, `fee_session_group_id`, `fee_groups_id`, `feetype_id`, `session_id`, `amount`, `fine_type`, `due_date`, `fine_percentage`, `fine_amount`, `is_active`, `created_at`) VALUES (31, 4, 3, 2, 16, '2300.00', 'percentage', '2021-05-06', '10.00', '230.00', 'no', '2021-03-31 13:39:25');
INSERT INTO `fee_groups_feetype` (`id`, `fee_session_group_id`, `fee_groups_id`, `feetype_id`, `session_id`, `amount`, `fine_type`, `due_date`, `fine_percentage`, `fine_amount`, `is_active`, `created_at`) VALUES (34, 4, 3, 14, 16, '250.00', 'percentage', '2022-01-06', '10.00', '25.00', 'no', '2021-04-02 13:29:37');
INSERT INTO `fee_groups_feetype` (`id`, `fee_session_group_id`, `fee_groups_id`, `feetype_id`, `session_id`, `amount`, `fine_type`, `due_date`, `fine_percentage`, `fine_amount`, `is_active`, `created_at`) VALUES (35, 4, 3, 11, 16, '1000.00', 'percentage', '2021-04-02', '10.00', '100.00', 'no', '2021-04-02 13:29:47');
INSERT INTO `fee_groups_feetype` (`id`, `fee_session_group_id`, `fee_groups_id`, `feetype_id`, `session_id`, `amount`, `fine_type`, `due_date`, `fine_percentage`, `fine_amount`, `is_active`, `created_at`) VALUES (38, 6, 4, 1, 16, '1000.00', 'percentage', '2021-04-05', '10.00', '100.00', 'no', '2021-03-31 13:40:21');
INSERT INTO `fee_groups_feetype` (`id`, `fee_session_group_id`, `fee_groups_id`, `feetype_id`, `session_id`, `amount`, `fine_type`, `due_date`, `fine_percentage`, `fine_amount`, `is_active`, `created_at`) VALUES (39, 6, 4, 2, 16, '1200.00', 'percentage', '2021-06-10', '20.00', '240.00', 'no', '2021-03-31 13:43:49');
INSERT INTO `fee_groups_feetype` (`id`, `fee_session_group_id`, `fee_groups_id`, `feetype_id`, `session_id`, `amount`, `fine_type`, `due_date`, `fine_percentage`, `fine_amount`, `is_active`, `created_at`) VALUES (40, 6, 4, 3, 16, '1200.00', 'fix', '2021-12-06', '0.00', '230.00', 'no', '2021-03-31 13:41:53');
INSERT INTO `fee_groups_feetype` (`id`, `fee_session_group_id`, `fee_groups_id`, `feetype_id`, `session_id`, `amount`, `fine_type`, `due_date`, `fine_percentage`, `fine_amount`, `is_active`, `created_at`) VALUES (41, 6, 4, 14, 16, '250.00', 'percentage', '2022-01-05', '30.00', '75.00', 'no', '2021-03-31 13:42:26');
INSERT INTO `fee_groups_feetype` (`id`, `fee_session_group_id`, `fee_groups_id`, `feetype_id`, `session_id`, `amount`, `fine_type`, `due_date`, `fine_percentage`, `fine_amount`, `is_active`, `created_at`) VALUES (42, 6, 4, 11, 16, '1000.00', 'percentage', '2021-04-10', '15.00', '150.00', 'no', '2021-03-31 13:43:05');
INSERT INTO `fee_groups_feetype` (`id`, `fee_session_group_id`, `fee_groups_id`, `feetype_id`, `session_id`, `amount`, `fine_type`, `due_date`, `fine_percentage`, `fine_amount`, `is_active`, `created_at`) VALUES (43, 7, 6, 24, 16, '4000.00', 'percentage', '2021-04-10', '5.00', '200.00', 'no', '2021-04-01 05:53:12');
INSERT INTO `fee_groups_feetype` (`id`, `fee_session_group_id`, `fee_groups_id`, `feetype_id`, `session_id`, `amount`, `fine_type`, `due_date`, `fine_percentage`, `fine_amount`, `is_active`, `created_at`) VALUES (44, 7, 6, 11, 16, '1000.00', 'percentage', '2021-04-10', '10.00', '100.00', 'no', '2021-04-01 05:23:21');
INSERT INTO `fee_groups_feetype` (`id`, `fee_session_group_id`, `fee_groups_id`, `feetype_id`, `session_id`, `amount`, `fine_type`, `due_date`, `fine_percentage`, `fine_amount`, `is_active`, `created_at`) VALUES (45, 7, 6, 14, 16, '300.00', 'percentage', '2022-01-05', '50.00', '150.00', 'no', '2021-04-01 05:24:18');
INSERT INTO `fee_groups_feetype` (`id`, `fee_session_group_id`, `fee_groups_id`, `feetype_id`, `session_id`, `amount`, `fine_type`, `due_date`, `fine_percentage`, `fine_amount`, `is_active`, `created_at`) VALUES (46, 8, 7, 1, 16, '1000.00', 'percentage', '2021-04-10', '10.00', '100.00', 'no', '2021-04-01 05:53:41');
INSERT INTO `fee_groups_feetype` (`id`, `fee_session_group_id`, `fee_groups_id`, `feetype_id`, `session_id`, `amount`, `fine_type`, `due_date`, `fine_percentage`, `fine_amount`, `is_active`, `created_at`) VALUES (47, 8, 7, 2, 16, '3800.00', 'percentage', '2021-06-04', '5.00', '190.00', 'no', '2021-04-01 05:26:51');
INSERT INTO `fee_groups_feetype` (`id`, `fee_session_group_id`, `fee_groups_id`, `feetype_id`, `session_id`, `amount`, `fine_type`, `due_date`, `fine_percentage`, `fine_amount`, `is_active`, `created_at`) VALUES (48, 8, 7, 14, 16, '300.00', 'percentage', '2022-01-06', '20.00', '60.00', 'no', '2021-04-01 05:31:09');
INSERT INTO `fee_groups_feetype` (`id`, `fee_session_group_id`, `fee_groups_id`, `feetype_id`, `session_id`, `amount`, `fine_type`, `due_date`, `fine_percentage`, `fine_amount`, `is_active`, `created_at`) VALUES (49, 8, 7, 11, 16, '1000.00', 'percentage', '2021-04-10', '10.00', '100.00', 'no', '2021-04-01 05:55:19');
INSERT INTO `fee_groups_feetype` (`id`, `fee_session_group_id`, `fee_groups_id`, `feetype_id`, `session_id`, `amount`, `fine_type`, `due_date`, `fine_percentage`, `fine_amount`, `is_active`, `created_at`) VALUES (50, 9, 8, 1, 16, '1000.00', 'percentage', '2021-04-07', '10.00', '100.00', 'no', '2021-04-01 05:54:02');
INSERT INTO `fee_groups_feetype` (`id`, `fee_session_group_id`, `fee_groups_id`, `feetype_id`, `session_id`, `amount`, `fine_type`, `due_date`, `fine_percentage`, `fine_amount`, `is_active`, `created_at`) VALUES (51, 9, 8, 11, 16, '1000.00', 'percentage', '2021-04-07', '15.00', '150.00', 'no', '2021-04-01 05:54:09');
INSERT INTO `fee_groups_feetype` (`id`, `fee_session_group_id`, `fee_groups_id`, `feetype_id`, `session_id`, `amount`, `fine_type`, `due_date`, `fine_percentage`, `fine_amount`, `is_active`, `created_at`) VALUES (52, 9, 8, 14, 16, '300.00', 'fix', '2022-01-05', '0.00', '100.00', 'no', '2021-04-01 05:34:55');
INSERT INTO `fee_groups_feetype` (`id`, `fee_session_group_id`, `fee_groups_id`, `feetype_id`, `session_id`, `amount`, `fine_type`, `due_date`, `fine_percentage`, `fine_amount`, `is_active`, `created_at`) VALUES (53, 9, 8, 2, 16, '1800.00', 'percentage', '2021-06-10', '10.00', '180.00', 'no', '2021-04-01 05:39:01');
INSERT INTO `fee_groups_feetype` (`id`, `fee_session_group_id`, `fee_groups_id`, `feetype_id`, `session_id`, `amount`, `fine_type`, `due_date`, `fine_percentage`, `fine_amount`, `is_active`, `created_at`) VALUES (54, 9, 8, 3, 16, '1800.00', 'percentage', '2021-12-06', '10.00', '180.00', 'no', '2021-04-01 05:54:32');
INSERT INTO `fee_groups_feetype` (`id`, `fee_session_group_id`, `fee_groups_id`, `feetype_id`, `session_id`, `amount`, `fine_type`, `due_date`, `fine_percentage`, `fine_amount`, `is_active`, `created_at`) VALUES (55, 2, 5, 11, 16, '1000.00', 'percentage', '2021-04-05', '10.00', '100.00', 'no', '2021-04-01 05:38:03');
INSERT INTO `fee_groups_feetype` (`id`, `fee_session_group_id`, `fee_groups_id`, `feetype_id`, `session_id`, `amount`, `fine_type`, `due_date`, `fine_percentage`, `fine_amount`, `is_active`, `created_at`) VALUES (58, 1, 1, 9, 16, '300.00', 'percentage', '2021-08-05', '10.00', '30.00', 'no', '2021-04-01 05:44:23');
INSERT INTO `fee_groups_feetype` (`id`, `fee_session_group_id`, `fee_groups_id`, `feetype_id`, `session_id`, `amount`, `fine_type`, `due_date`, `fine_percentage`, `fine_amount`, `is_active`, `created_at`) VALUES (59, 1, 1, 21, 16, '300.00', 'percentage', '2021-09-06', '10.00', '30.00', 'no', '2021-04-01 05:44:46');
INSERT INTO `fee_groups_feetype` (`id`, `fee_session_group_id`, `fee_groups_id`, `feetype_id`, `session_id`, `amount`, `fine_type`, `due_date`, `fine_percentage`, `fine_amount`, `is_active`, `created_at`) VALUES (60, 1, 1, 22, 16, '300.00', 'percentage', '2021-10-04', '10.00', '30.00', 'no', '2021-04-01 05:45:05');
INSERT INTO `fee_groups_feetype` (`id`, `fee_session_group_id`, `fee_groups_id`, `feetype_id`, `session_id`, `amount`, `fine_type`, `due_date`, `fine_percentage`, `fine_amount`, `is_active`, `created_at`) VALUES (61, 1, 1, 23, 16, '300.00', 'percentage', '2021-11-05', '10.00', '30.00', 'no', '2021-04-01 05:45:23');
INSERT INTO `fee_groups_feetype` (`id`, `fee_session_group_id`, `fee_groups_id`, `feetype_id`, `session_id`, `amount`, `fine_type`, `due_date`, `fine_percentage`, `fine_amount`, `is_active`, `created_at`) VALUES (62, 1, 1, 13, 16, '300.00', 'percentage', '2021-12-06', '10.00', '30.00', 'no', '2021-04-01 05:45:55');
INSERT INTO `fee_groups_feetype` (`id`, `fee_session_group_id`, `fee_groups_id`, `feetype_id`, `session_id`, `amount`, `fine_type`, `due_date`, `fine_percentage`, `fine_amount`, `is_active`, `created_at`) VALUES (63, 1, 1, 16, 16, '300.00', 'percentage', '2022-01-05', '10.00', '30.00', 'no', '2021-04-01 05:46:34');
INSERT INTO `fee_groups_feetype` (`id`, `fee_session_group_id`, `fee_groups_id`, `feetype_id`, `session_id`, `amount`, `fine_type`, `due_date`, `fine_percentage`, `fine_amount`, `is_active`, `created_at`) VALUES (64, 1, 1, 15, 16, '300.00', 'percentage', '2022-02-07', '10.00', '30.00', 'no', '2021-04-01 05:47:03');
INSERT INTO `fee_groups_feetype` (`id`, `fee_session_group_id`, `fee_groups_id`, `feetype_id`, `session_id`, `amount`, `fine_type`, `due_date`, `fine_percentage`, `fine_amount`, `is_active`, `created_at`) VALUES (65, 1, 1, 11, 16, '1000.00', 'percentage', '2021-04-01', '10.00', '100.00', 'no', '2021-04-02 10:40:27');
INSERT INTO `fee_groups_feetype` (`id`, `fee_session_group_id`, `fee_groups_id`, `feetype_id`, `session_id`, `amount`, `fine_type`, `due_date`, `fine_percentage`, `fine_amount`, `is_active`, `created_at`) VALUES (66, 1, 1, 14, 16, '250.00', 'percentage', '2021-11-05', '40.00', '100.00', 'no', '2021-04-01 05:48:02');
INSERT INTO `fee_groups_feetype` (`id`, `fee_session_group_id`, `fee_groups_id`, `feetype_id`, `session_id`, `amount`, `fine_type`, `due_date`, `fine_percentage`, `fine_amount`, `is_active`, `created_at`) VALUES (67, 10, 9, 25, 16, NULL, 'none', '2022-02-01', '0.00', '0.00', 'no', '2021-12-03 11:16:56');
INSERT INTO `fee_groups_feetype` (`id`, `fee_session_group_id`, `fee_groups_id`, `feetype_id`, `session_id`, `amount`, `fine_type`, `due_date`, `fine_percentage`, `fine_amount`, `is_active`, `created_at`) VALUES (68, 1, 1, 19, 16, '500.00', 'none', '2022-03-04', '0.00', '0.00', 'no', '2022-03-02 11:28:12');
INSERT INTO `fee_groups_feetype` (`id`, `fee_session_group_id`, `fee_groups_id`, `feetype_id`, `session_id`, `amount`, `fine_type`, `due_date`, `fine_percentage`, `fine_amount`, `is_active`, `created_at`) VALUES (69, 11, 1, 1, 18, '1000.00', 'percentage', '2022-04-01', '15.00', '150.00', 'no', '2022-04-02 08:22:06');
INSERT INTO `fee_groups_feetype` (`id`, `fee_session_group_id`, `fee_groups_id`, `feetype_id`, `session_id`, `amount`, `fine_type`, `due_date`, `fine_percentage`, `fine_amount`, `is_active`, `created_at`) VALUES (70, 11, 1, 8, 18, '300.00', 'percentage', '2022-04-10', '50.00', '150.00', 'no', '2022-03-29 06:48:03');
INSERT INTO `fee_groups_feetype` (`id`, `fee_session_group_id`, `fee_groups_id`, `feetype_id`, `session_id`, `amount`, `fine_type`, `due_date`, `fine_percentage`, `fine_amount`, `is_active`, `created_at`) VALUES (71, 11, 1, 20, 18, '300.00', 'percentage', '2022-05-10', '30.00', '90.00', 'no', '2022-03-29 06:48:38');
INSERT INTO `fee_groups_feetype` (`id`, `fee_session_group_id`, `fee_groups_id`, `feetype_id`, `session_id`, `amount`, `fine_type`, `due_date`, `fine_percentage`, `fine_amount`, `is_active`, `created_at`) VALUES (72, 11, 1, 18, 18, '300.00', 'percentage', '2022-06-10', '20.00', '60.00', 'no', '2022-03-29 06:48:55');
INSERT INTO `fee_groups_feetype` (`id`, `fee_session_group_id`, `fee_groups_id`, `feetype_id`, `session_id`, `amount`, `fine_type`, `due_date`, `fine_percentage`, `fine_amount`, `is_active`, `created_at`) VALUES (73, 11, 1, 17, 18, '300.00', 'percentage', '2022-07-10', '30.00', '90.00', 'no', '2022-03-29 06:51:45');
INSERT INTO `fee_groups_feetype` (`id`, `fee_session_group_id`, `fee_groups_id`, `feetype_id`, `session_id`, `amount`, `fine_type`, `due_date`, `fine_percentage`, `fine_amount`, `is_active`, `created_at`) VALUES (74, 11, 1, 9, 18, '300.00', 'percentage', '2022-08-10', '20.00', '60.00', 'no', '2022-03-29 06:51:35');
INSERT INTO `fee_groups_feetype` (`id`, `fee_session_group_id`, `fee_groups_id`, `feetype_id`, `session_id`, `amount`, `fine_type`, `due_date`, `fine_percentage`, `fine_amount`, `is_active`, `created_at`) VALUES (75, 11, 1, 21, 18, '300.00', 'percentage', '2022-09-10', '30.00', '90.00', 'no', '2022-03-29 06:51:26');
INSERT INTO `fee_groups_feetype` (`id`, `fee_session_group_id`, `fee_groups_id`, `feetype_id`, `session_id`, `amount`, `fine_type`, `due_date`, `fine_percentage`, `fine_amount`, `is_active`, `created_at`) VALUES (76, 11, 1, 22, 18, '300.00', 'percentage', '2022-10-10', '30.00', '90.00', 'no', '2022-03-29 06:51:13');
INSERT INTO `fee_groups_feetype` (`id`, `fee_session_group_id`, `fee_groups_id`, `feetype_id`, `session_id`, `amount`, `fine_type`, `due_date`, `fine_percentage`, `fine_amount`, `is_active`, `created_at`) VALUES (77, 11, 1, 23, 18, '300.00', 'percentage', '2022-11-10', '20.00', '60.00', 'no', '2022-03-29 06:52:11');
INSERT INTO `fee_groups_feetype` (`id`, `fee_session_group_id`, `fee_groups_id`, `feetype_id`, `session_id`, `amount`, `fine_type`, `due_date`, `fine_percentage`, `fine_amount`, `is_active`, `created_at`) VALUES (78, 11, 1, 13, 18, '300.00', 'percentage', '2022-12-09', '30.00', '90.00', 'no', '2022-03-29 06:52:36');
INSERT INTO `fee_groups_feetype` (`id`, `fee_session_group_id`, `fee_groups_id`, `feetype_id`, `session_id`, `amount`, `fine_type`, `due_date`, `fine_percentage`, `fine_amount`, `is_active`, `created_at`) VALUES (79, 11, 1, 16, 18, '300.00', 'percentage', '2023-01-10', '30.00', '90.00', 'no', '2022-03-29 06:53:13');
INSERT INTO `fee_groups_feetype` (`id`, `fee_session_group_id`, `fee_groups_id`, `feetype_id`, `session_id`, `amount`, `fine_type`, `due_date`, `fine_percentage`, `fine_amount`, `is_active`, `created_at`) VALUES (80, 11, 1, 15, 18, '300.00', 'percentage', '2023-02-10', '30.00', '90.00', 'no', '2022-03-29 06:53:30');
INSERT INTO `fee_groups_feetype` (`id`, `fee_session_group_id`, `fee_groups_id`, `feetype_id`, `session_id`, `amount`, `fine_type`, `due_date`, `fine_percentage`, `fine_amount`, `is_active`, `created_at`) VALUES (81, 11, 1, 11, 18, '300.00', 'percentage', '2022-04-30', '30.00', '90.00', 'no', '2022-03-29 06:54:07');
INSERT INTO `fee_groups_feetype` (`id`, `fee_session_group_id`, `fee_groups_id`, `feetype_id`, `session_id`, `amount`, `fine_type`, `due_date`, `fine_percentage`, `fine_amount`, `is_active`, `created_at`) VALUES (82, 11, 1, 14, 18, '250.00', 'percentage', '2022-11-17', '20.00', '50.00', 'no', '2022-03-29 06:54:45');
INSERT INTO `fee_groups_feetype` (`id`, `fee_session_group_id`, `fee_groups_id`, `feetype_id`, `session_id`, `amount`, `fine_type`, `due_date`, `fine_percentage`, `fine_amount`, `is_active`, `created_at`) VALUES (83, 11, 1, 19, 18, '300.00', 'percentage', '2023-03-10', '10.00', '30.00', 'no', '2022-03-29 06:55:35');
INSERT INTO `fee_groups_feetype` (`id`, `fee_session_group_id`, `fee_groups_id`, `feetype_id`, `session_id`, `amount`, `fine_type`, `due_date`, `fine_percentage`, `fine_amount`, `is_active`, `created_at`) VALUES (84, 12, 2, 24, 18, '3000.00', 'percentage', '2022-04-10', '20.00', '600.00', 'no', '2022-03-29 06:56:35');
INSERT INTO `fee_groups_feetype` (`id`, `fee_session_group_id`, `fee_groups_id`, `feetype_id`, `session_id`, `amount`, `fine_type`, `due_date`, `fine_percentage`, `fine_amount`, `is_active`, `created_at`) VALUES (85, 12, 2, 11, 18, '1000.00', 'percentage', '2022-04-10', '30.00', '300.00', 'no', '2022-03-29 06:57:02');
INSERT INTO `fee_groups_feetype` (`id`, `fee_session_group_id`, `fee_groups_id`, `feetype_id`, `session_id`, `amount`, `fine_type`, `due_date`, `fine_percentage`, `fine_amount`, `is_active`, `created_at`) VALUES (86, 12, 2, 14, 18, '250.00', 'percentage', '2023-01-10', '20.00', '50.00', 'no', '2022-03-29 06:57:43');
INSERT INTO `fee_groups_feetype` (`id`, `fee_session_group_id`, `fee_groups_id`, `feetype_id`, `session_id`, `amount`, `fine_type`, `due_date`, `fine_percentage`, `fine_amount`, `is_active`, `created_at`) VALUES (87, 13, 3, 1, 18, '1000.00', 'percentage', '2022-04-11', '10.00', '100.00', 'no', '2022-04-01 07:45:06');
INSERT INTO `fee_groups_feetype` (`id`, `fee_session_group_id`, `fee_groups_id`, `feetype_id`, `session_id`, `amount`, `fine_type`, `due_date`, `fine_percentage`, `fine_amount`, `is_active`, `created_at`) VALUES (88, 13, 3, 2, 18, '2300.00', 'percentage', '2022-05-10', '10.00', '230.00', 'no', '2022-03-29 07:01:15');
INSERT INTO `fee_groups_feetype` (`id`, `fee_session_group_id`, `fee_groups_id`, `feetype_id`, `session_id`, `amount`, `fine_type`, `due_date`, `fine_percentage`, `fine_amount`, `is_active`, `created_at`) VALUES (89, 13, 3, 14, 18, '250.00', 'percentage', '2023-01-10', '30.00', '75.00', 'no', '2022-03-29 07:02:48');
INSERT INTO `fee_groups_feetype` (`id`, `fee_session_group_id`, `fee_groups_id`, `feetype_id`, `session_id`, `amount`, `fine_type`, `due_date`, `fine_percentage`, `fine_amount`, `is_active`, `created_at`) VALUES (90, 13, 3, 11, 18, '1000.00', 'percentage', '2022-04-10', '10.00', '100.00', 'no', '2022-03-29 07:04:21');
INSERT INTO `fee_groups_feetype` (`id`, `fee_session_group_id`, `fee_groups_id`, `feetype_id`, `session_id`, `amount`, `fine_type`, `due_date`, `fine_percentage`, `fine_amount`, `is_active`, `created_at`) VALUES (91, 14, 4, 1, 18, '1000.00', 'percentage', '2022-04-10', '10.00', '100.00', 'no', '2022-03-29 07:06:27');
INSERT INTO `fee_groups_feetype` (`id`, `fee_session_group_id`, `fee_groups_id`, `feetype_id`, `session_id`, `amount`, `fine_type`, `due_date`, `fine_percentage`, `fine_amount`, `is_active`, `created_at`) VALUES (92, 14, 4, 2, 18, '1200.00', 'percentage', '2022-06-10', '10.00', '120.00', 'no', '2022-03-29 07:07:19');
INSERT INTO `fee_groups_feetype` (`id`, `fee_session_group_id`, `fee_groups_id`, `feetype_id`, `session_id`, `amount`, `fine_type`, `due_date`, `fine_percentage`, `fine_amount`, `is_active`, `created_at`) VALUES (93, 14, 4, 3, 18, '1200.00', 'fix', '2022-12-10', '0.00', '250.00', 'no', '2022-03-29 07:07:52');
INSERT INTO `fee_groups_feetype` (`id`, `fee_session_group_id`, `fee_groups_id`, `feetype_id`, `session_id`, `amount`, `fine_type`, `due_date`, `fine_percentage`, `fine_amount`, `is_active`, `created_at`) VALUES (94, 14, 4, 14, 18, '250.00', 'fix', '2023-01-10', '0.00', '200.00', 'no', '2022-03-29 07:08:43');
INSERT INTO `fee_groups_feetype` (`id`, `fee_session_group_id`, `fee_groups_id`, `feetype_id`, `session_id`, `amount`, `fine_type`, `due_date`, `fine_percentage`, `fine_amount`, `is_active`, `created_at`) VALUES (95, 14, 4, 11, 18, '1000.00', 'fix', '2022-04-10', '0.00', '250.00', 'no', '2022-03-29 07:09:25');
INSERT INTO `fee_groups_feetype` (`id`, `fee_session_group_id`, `fee_groups_id`, `feetype_id`, `session_id`, `amount`, `fine_type`, `due_date`, `fine_percentage`, `fine_amount`, `is_active`, `created_at`) VALUES (96, 15, 5, 1, 18, '1000.00', 'fix', '2022-04-01', '0.00', '100.00', 'no', '2022-04-02 08:22:28');
INSERT INTO `fee_groups_feetype` (`id`, `fee_session_group_id`, `fee_groups_id`, `feetype_id`, `session_id`, `amount`, `fine_type`, `due_date`, `fine_percentage`, `fine_amount`, `is_active`, `created_at`) VALUES (97, 15, 5, 8, 18, '300.00', 'percentage', '2022-04-10', '20.00', '60.00', 'no', '2022-03-29 07:14:52');
INSERT INTO `fee_groups_feetype` (`id`, `fee_session_group_id`, `fee_groups_id`, `feetype_id`, `session_id`, `amount`, `fine_type`, `due_date`, `fine_percentage`, `fine_amount`, `is_active`, `created_at`) VALUES (98, 15, 5, 20, 18, '300.00', 'fix', '2022-05-10', '0.00', '30.00', 'no', '2022-03-29 07:15:32');
INSERT INTO `fee_groups_feetype` (`id`, `fee_session_group_id`, `fee_groups_id`, `feetype_id`, `session_id`, `amount`, `fine_type`, `due_date`, `fine_percentage`, `fine_amount`, `is_active`, `created_at`) VALUES (99, 15, 5, 18, 18, '300.00', 'fix', '2022-06-10', '0.00', '40.00', 'no', '2022-03-29 07:15:57');
INSERT INTO `fee_groups_feetype` (`id`, `fee_session_group_id`, `fee_groups_id`, `feetype_id`, `session_id`, `amount`, `fine_type`, `due_date`, `fine_percentage`, `fine_amount`, `is_active`, `created_at`) VALUES (100, 15, 5, 17, 18, '300.00', 'fix', '2022-07-10', '0.00', '50.00', 'no', '2022-03-29 07:16:20');
INSERT INTO `fee_groups_feetype` (`id`, `fee_session_group_id`, `fee_groups_id`, `feetype_id`, `session_id`, `amount`, `fine_type`, `due_date`, `fine_percentage`, `fine_amount`, `is_active`, `created_at`) VALUES (101, 15, 5, 9, 18, '300.00', 'fix', '2022-08-10', '0.00', '300.00', 'no', '2022-03-29 07:16:52');
INSERT INTO `fee_groups_feetype` (`id`, `fee_session_group_id`, `fee_groups_id`, `feetype_id`, `session_id`, `amount`, `fine_type`, `due_date`, `fine_percentage`, `fine_amount`, `is_active`, `created_at`) VALUES (102, 15, 5, 21, 18, '300.00', 'fix', '2022-09-10', '0.00', '200.00', 'no', '2022-03-29 07:17:10');
INSERT INTO `fee_groups_feetype` (`id`, `fee_session_group_id`, `fee_groups_id`, `feetype_id`, `session_id`, `amount`, `fine_type`, `due_date`, `fine_percentage`, `fine_amount`, `is_active`, `created_at`) VALUES (103, 15, 5, 22, 18, '300.00', 'fix', '2022-10-10', '0.00', '120.00', 'no', '2022-03-29 07:17:32');
INSERT INTO `fee_groups_feetype` (`id`, `fee_session_group_id`, `fee_groups_id`, `feetype_id`, `session_id`, `amount`, `fine_type`, `due_date`, `fine_percentage`, `fine_amount`, `is_active`, `created_at`) VALUES (104, 15, 5, 23, 18, '300.00', 'fix', '2022-11-10', '0.00', '500.00', 'no', '2022-03-29 07:17:55');
INSERT INTO `fee_groups_feetype` (`id`, `fee_session_group_id`, `fee_groups_id`, `feetype_id`, `session_id`, `amount`, `fine_type`, `due_date`, `fine_percentage`, `fine_amount`, `is_active`, `created_at`) VALUES (105, 15, 5, 13, 18, '300.00', 'fix', '2022-12-10', '0.00', '300.00', 'no', '2022-03-29 07:18:38');
INSERT INTO `fee_groups_feetype` (`id`, `fee_session_group_id`, `fee_groups_id`, `feetype_id`, `session_id`, `amount`, `fine_type`, `due_date`, `fine_percentage`, `fine_amount`, `is_active`, `created_at`) VALUES (106, 15, 5, 16, 18, '300.00', 'fix', '2023-01-10', '0.00', '120.00', 'no', '2022-03-29 07:19:05');
INSERT INTO `fee_groups_feetype` (`id`, `fee_session_group_id`, `fee_groups_id`, `feetype_id`, `session_id`, `amount`, `fine_type`, `due_date`, `fine_percentage`, `fine_amount`, `is_active`, `created_at`) VALUES (107, 15, 5, 15, 18, '300.00', 'fix', '2023-02-10', '0.00', '200.00', 'no', '2022-03-29 07:19:26');
INSERT INTO `fee_groups_feetype` (`id`, `fee_session_group_id`, `fee_groups_id`, `feetype_id`, `session_id`, `amount`, `fine_type`, `due_date`, `fine_percentage`, `fine_amount`, `is_active`, `created_at`) VALUES (109, 15, 5, 14, 18, '300.00', 'fix', '2022-12-10', '0.00', '200.00', 'no', '2022-03-29 07:21:09');
INSERT INTO `fee_groups_feetype` (`id`, `fee_session_group_id`, `fee_groups_id`, `feetype_id`, `session_id`, `amount`, `fine_type`, `due_date`, `fine_percentage`, `fine_amount`, `is_active`, `created_at`) VALUES (110, 15, 5, 11, 18, '1000.00', 'percentage', '2022-04-10', '10.00', '100.00', 'no', '2022-03-29 07:21:49');
INSERT INTO `fee_groups_feetype` (`id`, `fee_session_group_id`, `fee_groups_id`, `feetype_id`, `session_id`, `amount`, `fine_type`, `due_date`, `fine_percentage`, `fine_amount`, `is_active`, `created_at`) VALUES (111, 16, 6, 24, 18, '4000.00', 'percentage', '2022-04-10', '10.00', '400.00', 'no', '2022-03-29 07:23:15');
INSERT INTO `fee_groups_feetype` (`id`, `fee_session_group_id`, `fee_groups_id`, `feetype_id`, `session_id`, `amount`, `fine_type`, `due_date`, `fine_percentage`, `fine_amount`, `is_active`, `created_at`) VALUES (112, 16, 6, 11, 18, '1000.00', 'fix', '2022-04-10', '0.00', '230.00', 'no', '2022-03-29 07:24:12');
INSERT INTO `fee_groups_feetype` (`id`, `fee_session_group_id`, `fee_groups_id`, `feetype_id`, `session_id`, `amount`, `fine_type`, `due_date`, `fine_percentage`, `fine_amount`, `is_active`, `created_at`) VALUES (113, 16, 6, 14, 18, '300.00', 'fix', '2023-01-10', '0.00', '230.00', 'no', '2022-03-29 07:29:52');
INSERT INTO `fee_groups_feetype` (`id`, `fee_session_group_id`, `fee_groups_id`, `feetype_id`, `session_id`, `amount`, `fine_type`, `due_date`, `fine_percentage`, `fine_amount`, `is_active`, `created_at`) VALUES (117, 18, 7, 1, 18, '1000.00', 'fix', '2022-04-10', '0.00', '120.00', 'no', '2022-03-29 07:37:17');
INSERT INTO `fee_groups_feetype` (`id`, `fee_session_group_id`, `fee_groups_id`, `feetype_id`, `session_id`, `amount`, `fine_type`, `due_date`, `fine_percentage`, `fine_amount`, `is_active`, `created_at`) VALUES (118, 18, 7, 2, 18, '3800.00', 'fix', '2022-06-10', '0.00', '200.00', 'no', '2022-03-29 07:38:45');
INSERT INTO `fee_groups_feetype` (`id`, `fee_session_group_id`, `fee_groups_id`, `feetype_id`, `session_id`, `amount`, `fine_type`, `due_date`, `fine_percentage`, `fine_amount`, `is_active`, `created_at`) VALUES (119, 18, 7, 14, 18, '300.00', 'fix', '2023-01-10', '0.00', '250.00', 'no', '2022-03-29 07:39:25');
INSERT INTO `fee_groups_feetype` (`id`, `fee_session_group_id`, `fee_groups_id`, `feetype_id`, `session_id`, `amount`, `fine_type`, `due_date`, `fine_percentage`, `fine_amount`, `is_active`, `created_at`) VALUES (120, 18, 7, 11, 18, '1000.00', 'fix', '2022-04-10', '0.00', '230.00', 'no', '2022-03-29 07:39:49');
INSERT INTO `fee_groups_feetype` (`id`, `fee_session_group_id`, `fee_groups_id`, `feetype_id`, `session_id`, `amount`, `fine_type`, `due_date`, `fine_percentage`, `fine_amount`, `is_active`, `created_at`) VALUES (121, 19, 8, 1, 18, '1000.00', 'fix', '2022-04-10', '0.00', '200.00', 'no', '2022-03-29 07:40:45');
INSERT INTO `fee_groups_feetype` (`id`, `fee_session_group_id`, `fee_groups_id`, `feetype_id`, `session_id`, `amount`, `fine_type`, `due_date`, `fine_percentage`, `fine_amount`, `is_active`, `created_at`) VALUES (122, 19, 8, 11, 18, '1000.00', 'fix', '2022-04-10', '0.00', '120.00', 'no', '2022-03-29 07:43:24');
INSERT INTO `fee_groups_feetype` (`id`, `fee_session_group_id`, `fee_groups_id`, `feetype_id`, `session_id`, `amount`, `fine_type`, `due_date`, `fine_percentage`, `fine_amount`, `is_active`, `created_at`) VALUES (123, 19, 8, 14, 18, '300.00', 'percentage', '2023-01-10', '10.00', '30.00', 'no', '2022-03-29 07:43:49');
INSERT INTO `fee_groups_feetype` (`id`, `fee_session_group_id`, `fee_groups_id`, `feetype_id`, `session_id`, `amount`, `fine_type`, `due_date`, `fine_percentage`, `fine_amount`, `is_active`, `created_at`) VALUES (124, 19, 8, 2, 18, '1800.00', 'fix', '2022-06-10', '0.00', '100.00', 'no', '2022-03-29 07:44:46');
INSERT INTO `fee_groups_feetype` (`id`, `fee_session_group_id`, `fee_groups_id`, `feetype_id`, `session_id`, `amount`, `fine_type`, `due_date`, `fine_percentage`, `fine_amount`, `is_active`, `created_at`) VALUES (125, 19, 8, 3, 18, '1800.00', 'fix', '2022-12-10', '0.00', '320.00', 'no', '2022-03-29 07:45:15');
INSERT INTO `fee_groups_feetype` (`id`, `fee_session_group_id`, `fee_groups_id`, `feetype_id`, `session_id`, `amount`, `fine_type`, `due_date`, `fine_percentage`, `fine_amount`, `is_active`, `created_at`) VALUES (126, 20, 10, 24, 18, '3000.00', 'fix', '2022-06-10', '0.00', '200.00', 'no', '2022-03-29 08:46:42');
INSERT INTO `fee_groups_feetype` (`id`, `fee_session_group_id`, `fee_groups_id`, `feetype_id`, `session_id`, `amount`, `fine_type`, `due_date`, `fine_percentage`, `fine_amount`, `is_active`, `created_at`) VALUES (127, 20, 10, 11, 18, '1000.00', 'fix', '2022-04-10', '0.00', '20.00', 'no', '2022-03-29 08:47:08');
INSERT INTO `fee_groups_feetype` (`id`, `fee_session_group_id`, `fee_groups_id`, `feetype_id`, `session_id`, `amount`, `fine_type`, `due_date`, `fine_percentage`, `fine_amount`, `is_active`, `created_at`) VALUES (128, 20, 10, 14, 18, '300.00', 'fix', '2023-01-10', '0.00', '120.00', 'no', '2022-03-29 08:47:42');
INSERT INTO `fee_groups_feetype` (`id`, `fee_session_group_id`, `fee_groups_id`, `feetype_id`, `session_id`, `amount`, `fine_type`, `due_date`, `fine_percentage`, `fine_amount`, `is_active`, `created_at`) VALUES (129, 21, 13, 1, 18, '1000.00', 'fix', '2022-04-30', '0.00', '300.00', 'no', '2022-03-29 08:48:32');
INSERT INTO `fee_groups_feetype` (`id`, `fee_session_group_id`, `fee_groups_id`, `feetype_id`, `session_id`, `amount`, `fine_type`, `due_date`, `fine_percentage`, `fine_amount`, `is_active`, `created_at`) VALUES (130, 21, 13, 8, 18, '300.00', 'percentage', '2022-04-10', '10.00', '30.00', 'no', '2022-03-29 08:49:18');
INSERT INTO `fee_groups_feetype` (`id`, `fee_session_group_id`, `fee_groups_id`, `feetype_id`, `session_id`, `amount`, `fine_type`, `due_date`, `fine_percentage`, `fine_amount`, `is_active`, `created_at`) VALUES (131, 21, 13, 20, 18, '300.00', 'fix', '2022-05-10', '0.00', '20.00', 'no', '2022-03-29 08:49:44');
INSERT INTO `fee_groups_feetype` (`id`, `fee_session_group_id`, `fee_groups_id`, `feetype_id`, `session_id`, `amount`, `fine_type`, `due_date`, `fine_percentage`, `fine_amount`, `is_active`, `created_at`) VALUES (132, 21, 13, 18, 18, '300.00', 'fix', '2022-06-10', '0.00', '130.00', 'no', '2022-03-29 08:50:05');
INSERT INTO `fee_groups_feetype` (`id`, `fee_session_group_id`, `fee_groups_id`, `feetype_id`, `session_id`, `amount`, `fine_type`, `due_date`, `fine_percentage`, `fine_amount`, `is_active`, `created_at`) VALUES (133, 21, 13, 17, 18, '300.00', 'fix', '2022-07-10', '0.00', '100.00', 'no', '2022-03-29 08:50:25');
INSERT INTO `fee_groups_feetype` (`id`, `fee_session_group_id`, `fee_groups_id`, `feetype_id`, `session_id`, `amount`, `fine_type`, `due_date`, `fine_percentage`, `fine_amount`, `is_active`, `created_at`) VALUES (134, 21, 13, 9, 18, '300.00', 'fix', '2022-08-10', '0.00', '110.00', 'no', '2022-03-29 08:50:56');
INSERT INTO `fee_groups_feetype` (`id`, `fee_session_group_id`, `fee_groups_id`, `feetype_id`, `session_id`, `amount`, `fine_type`, `due_date`, `fine_percentage`, `fine_amount`, `is_active`, `created_at`) VALUES (135, 21, 13, 21, 18, '300.00', 'fix', '2022-09-10', '0.00', '120.00', 'no', '2022-03-29 08:51:24');
INSERT INTO `fee_groups_feetype` (`id`, `fee_session_group_id`, `fee_groups_id`, `feetype_id`, `session_id`, `amount`, `fine_type`, `due_date`, `fine_percentage`, `fine_amount`, `is_active`, `created_at`) VALUES (136, 21, 13, 22, 18, '300.00', 'fix', '2022-10-10', '0.00', '120.00', 'no', '2022-03-29 08:51:48');
INSERT INTO `fee_groups_feetype` (`id`, `fee_session_group_id`, `fee_groups_id`, `feetype_id`, `session_id`, `amount`, `fine_type`, `due_date`, `fine_percentage`, `fine_amount`, `is_active`, `created_at`) VALUES (137, 21, 13, 23, 18, '300.00', 'fix', '2022-11-10', '0.00', '130.00', 'no', '2022-03-29 08:52:08');
INSERT INTO `fee_groups_feetype` (`id`, `fee_session_group_id`, `fee_groups_id`, `feetype_id`, `session_id`, `amount`, `fine_type`, `due_date`, `fine_percentage`, `fine_amount`, `is_active`, `created_at`) VALUES (138, 21, 13, 13, 18, '300.00', 'fix', '2022-12-10', '0.00', '120.00', 'no', '2022-03-29 08:52:27');
INSERT INTO `fee_groups_feetype` (`id`, `fee_session_group_id`, `fee_groups_id`, `feetype_id`, `session_id`, `amount`, `fine_type`, `due_date`, `fine_percentage`, `fine_amount`, `is_active`, `created_at`) VALUES (139, 21, 13, 16, 18, '300.00', 'fix', '2023-01-10', '0.00', '30.00', 'no', '2022-03-29 08:52:46');
INSERT INTO `fee_groups_feetype` (`id`, `fee_session_group_id`, `fee_groups_id`, `feetype_id`, `session_id`, `amount`, `fine_type`, `due_date`, `fine_percentage`, `fine_amount`, `is_active`, `created_at`) VALUES (140, 21, 13, 15, 18, '120.00', 'fix', '2023-02-10', '0.00', '20.00', 'no', '2022-03-29 08:53:02');
INSERT INTO `fee_groups_feetype` (`id`, `fee_session_group_id`, `fee_groups_id`, `feetype_id`, `session_id`, `amount`, `fine_type`, `due_date`, `fine_percentage`, `fine_amount`, `is_active`, `created_at`) VALUES (141, 21, 13, 14, 18, '120.00', 'fix', '2023-01-10', '0.00', '120.00', 'no', '2022-03-29 08:55:03');
INSERT INTO `fee_groups_feetype` (`id`, `fee_session_group_id`, `fee_groups_id`, `feetype_id`, `session_id`, `amount`, `fine_type`, `due_date`, `fine_percentage`, `fine_amount`, `is_active`, `created_at`) VALUES (142, 21, 13, 19, 18, '300.00', 'fix', '2023-03-10', '0.00', '30.00', 'no', '2022-03-29 08:55:31');
INSERT INTO `fee_groups_feetype` (`id`, `fee_session_group_id`, `fee_groups_id`, `feetype_id`, `session_id`, `amount`, `fine_type`, `due_date`, `fine_percentage`, `fine_amount`, `is_active`, `created_at`) VALUES (143, 11, 1, 2, 18, '100.00', 'none', '2023-01-13', '0.00', '0.00', 'no', '2023-01-30 08:19:32');
INSERT INTO `fee_groups_feetype` (`id`, `fee_session_group_id`, `fee_groups_id`, `feetype_id`, `session_id`, `amount`, `fine_type`, `due_date`, `fine_percentage`, `fine_amount`, `is_active`, `created_at`) VALUES (145, 22, 14, 27, 18, '100.00', 'none', '2023-03-20', '0.00', '0.00', 'no', '2023-03-16 12:06:30');
INSERT INTO `fee_groups_feetype` (`id`, `fee_session_group_id`, `fee_groups_id`, `feetype_id`, `session_id`, `amount`, `fine_type`, `due_date`, `fine_percentage`, `fine_amount`, `is_active`, `created_at`) VALUES (146, 23, 15, 28, 18, '200.00', 'none', '2023-03-15', '0.00', '0.00', 'no', '2023-03-20 05:48:24');
INSERT INTO `fee_groups_feetype` (`id`, `fee_session_group_id`, `fee_groups_id`, `feetype_id`, `session_id`, `amount`, `fine_type`, `due_date`, `fine_percentage`, `fine_amount`, `is_active`, `created_at`) VALUES (147, 23, 15, 10, 18, '200.00', 'fix', '2023-03-20', '0.00', '20.00', 'no', '2023-03-23 12:14:44');
INSERT INTO `fee_groups_feetype` (`id`, `fee_session_group_id`, `fee_groups_id`, `feetype_id`, `session_id`, `amount`, `fine_type`, `due_date`, `fine_percentage`, `fine_amount`, `is_active`, `created_at`) VALUES (149, 24, 16, 29, 18, '200.00', 'none', '2023-03-15', '0.00', '0.00', 'no', '2023-03-23 12:30:37');
INSERT INTO `fee_groups_feetype` (`id`, `fee_session_group_id`, `fee_groups_id`, `feetype_id`, `session_id`, `amount`, `fine_type`, `due_date`, `fine_percentage`, `fine_amount`, `is_active`, `created_at`) VALUES (150, 25, 17, 29, 18, '300.00', 'fix', '2023-03-15', '0.00', '20.00', 'no', '2023-03-23 12:31:24');
INSERT INTO `fee_groups_feetype` (`id`, `fee_session_group_id`, `fee_groups_id`, `feetype_id`, `session_id`, `amount`, `fine_type`, `due_date`, `fine_percentage`, `fine_amount`, `is_active`, `created_at`) VALUES (151, 26, 1, 1, 19, '2000.00', 'fix', '2023-04-15', '0.00', '200.00', 'no', '2023-03-29 08:53:57');
INSERT INTO `fee_groups_feetype` (`id`, `fee_session_group_id`, `fee_groups_id`, `feetype_id`, `session_id`, `amount`, `fine_type`, `due_date`, `fine_percentage`, `fine_amount`, `is_active`, `created_at`) VALUES (152, 26, 1, 8, 19, '350.00', 'fix', '2023-04-10', '0.00', '50.00', 'no', '2023-03-29 08:55:03');
INSERT INTO `fee_groups_feetype` (`id`, `fee_session_group_id`, `fee_groups_id`, `feetype_id`, `session_id`, `amount`, `fine_type`, `due_date`, `fine_percentage`, `fine_amount`, `is_active`, `created_at`) VALUES (153, 26, 1, 20, 19, '350.00', 'none', '2023-05-10', '0.00', '0.00', 'no', '2023-03-29 09:53:38');
INSERT INTO `fee_groups_feetype` (`id`, `fee_session_group_id`, `fee_groups_id`, `feetype_id`, `session_id`, `amount`, `fine_type`, `due_date`, `fine_percentage`, `fine_amount`, `is_active`, `created_at`) VALUES (154, 26, 1, 18, 19, '350.00', 'fix', '2023-06-10', '0.00', '50.00', 'no', '2023-03-29 09:53:28');
INSERT INTO `fee_groups_feetype` (`id`, `fee_session_group_id`, `fee_groups_id`, `feetype_id`, `session_id`, `amount`, `fine_type`, `due_date`, `fine_percentage`, `fine_amount`, `is_active`, `created_at`) VALUES (155, 26, 1, 17, 19, '350.00', 'fix', '2023-07-15', '0.00', '50.00', 'no', '2023-03-29 09:53:18');
INSERT INTO `fee_groups_feetype` (`id`, `fee_session_group_id`, `fee_groups_id`, `feetype_id`, `session_id`, `amount`, `fine_type`, `due_date`, `fine_percentage`, `fine_amount`, `is_active`, `created_at`) VALUES (156, 26, 1, 9, 19, '350.00', 'percentage', '2023-08-15', '10.00', '35.00', 'no', '2023-03-29 09:53:06');
INSERT INTO `fee_groups_feetype` (`id`, `fee_session_group_id`, `fee_groups_id`, `feetype_id`, `session_id`, `amount`, `fine_type`, `due_date`, `fine_percentage`, `fine_amount`, `is_active`, `created_at`) VALUES (157, 26, 1, 21, 19, '350.00', 'none', '2023-09-15', '0.00', '0.00', 'no', '2023-03-29 09:52:56');
INSERT INTO `fee_groups_feetype` (`id`, `fee_session_group_id`, `fee_groups_id`, `feetype_id`, `session_id`, `amount`, `fine_type`, `due_date`, `fine_percentage`, `fine_amount`, `is_active`, `created_at`) VALUES (158, 26, 1, 22, 19, '350.00', 'fix', '2023-10-10', '0.00', '50.00', 'no', '2023-03-29 09:52:23');
INSERT INTO `fee_groups_feetype` (`id`, `fee_session_group_id`, `fee_groups_id`, `feetype_id`, `session_id`, `amount`, `fine_type`, `due_date`, `fine_percentage`, `fine_amount`, `is_active`, `created_at`) VALUES (159, 26, 1, 23, 19, '350.00', 'none', '2023-11-10', '0.00', '0.00', 'no', '2023-03-29 09:51:50');
INSERT INTO `fee_groups_feetype` (`id`, `fee_session_group_id`, `fee_groups_id`, `feetype_id`, `session_id`, `amount`, `fine_type`, `due_date`, `fine_percentage`, `fine_amount`, `is_active`, `created_at`) VALUES (160, 26, 1, 13, 19, '350.00', 'none', '2023-12-15', '0.00', '0.00', 'no', '2023-03-29 09:47:55');
INSERT INTO `fee_groups_feetype` (`id`, `fee_session_group_id`, `fee_groups_id`, `feetype_id`, `session_id`, `amount`, `fine_type`, `due_date`, `fine_percentage`, `fine_amount`, `is_active`, `created_at`) VALUES (164, 27, 2, 11, 19, '3000.00', 'fix', '2023-09-20', '0.00', '200.00', 'no', '2023-03-29 09:55:09');
INSERT INTO `fee_groups_feetype` (`id`, `fee_session_group_id`, `fee_groups_id`, `feetype_id`, `session_id`, `amount`, `fine_type`, `due_date`, `fine_percentage`, `fine_amount`, `is_active`, `created_at`) VALUES (165, 27, 2, 14, 19, '250.00', 'none', '2023-08-21', '0.00', '0.00', 'no', '2023-03-29 09:55:28');
INSERT INTO `fee_groups_feetype` (`id`, `fee_session_group_id`, `fee_groups_id`, `feetype_id`, `session_id`, `amount`, `fine_type`, `due_date`, `fine_percentage`, `fine_amount`, `is_active`, `created_at`) VALUES (166, 27, 2, 24, 19, '1000.00', 'none', '2023-04-10', '0.00', '0.00', 'no', '2023-03-29 09:34:29');
INSERT INTO `fee_groups_feetype` (`id`, `fee_session_group_id`, `fee_groups_id`, `feetype_id`, `session_id`, `amount`, `fine_type`, `due_date`, `fine_percentage`, `fine_amount`, `is_active`, `created_at`) VALUES (167, 28, 3, 1, 19, '1000.00', 'none', '2023-04-15', '0.00', '0.00', 'no', '2023-03-29 09:10:00');
INSERT INTO `fee_groups_feetype` (`id`, `fee_session_group_id`, `fee_groups_id`, `feetype_id`, `session_id`, `amount`, `fine_type`, `due_date`, `fine_percentage`, `fine_amount`, `is_active`, `created_at`) VALUES (168, 28, 3, 2, 19, '2500.00', 'fix', '2023-04-15', '0.00', '200.00', 'no', '2023-03-29 09:10:08');
INSERT INTO `fee_groups_feetype` (`id`, `fee_session_group_id`, `fee_groups_id`, `feetype_id`, `session_id`, `amount`, `fine_type`, `due_date`, `fine_percentage`, `fine_amount`, `is_active`, `created_at`) VALUES (169, 28, 3, 10, 19, '500.00', 'none', '2023-04-15', '0.00', '0.00', 'no', '2023-03-29 09:08:36');
INSERT INTO `fee_groups_feetype` (`id`, `fee_session_group_id`, `fee_groups_id`, `feetype_id`, `session_id`, `amount`, `fine_type`, `due_date`, `fine_percentage`, `fine_amount`, `is_active`, `created_at`) VALUES (170, 29, 5, 1, 19, '4000.00', 'fix', '2023-04-15', '0.00', '250.00', 'no', '2023-03-29 09:25:18');
INSERT INTO `fee_groups_feetype` (`id`, `fee_session_group_id`, `fee_groups_id`, `feetype_id`, `session_id`, `amount`, `fine_type`, `due_date`, `fine_percentage`, `fine_amount`, `is_active`, `created_at`) VALUES (171, 30, 6, 24, 19, '3000.00', 'fix', '2023-06-05', '0.00', '200.00', 'no', '2023-03-29 09:56:11');
INSERT INTO `fee_groups_feetype` (`id`, `fee_session_group_id`, `fee_groups_id`, `feetype_id`, `session_id`, `amount`, `fine_type`, `due_date`, `fine_percentage`, `fine_amount`, `is_active`, `created_at`) VALUES (172, 29, 5, 8, 19, '350.00', 'none', '2023-04-10', '0.00', '0.00', 'no', '2023-03-29 09:38:51');
INSERT INTO `fee_groups_feetype` (`id`, `fee_session_group_id`, `fee_groups_id`, `feetype_id`, `session_id`, `amount`, `fine_type`, `due_date`, `fine_percentage`, `fine_amount`, `is_active`, `created_at`) VALUES (173, 29, 5, 20, 19, '350.00', 'none', '2023-05-10', '0.00', '0.00', 'no', '2023-03-29 09:45:32');
INSERT INTO `fee_groups_feetype` (`id`, `fee_session_group_id`, `fee_groups_id`, `feetype_id`, `session_id`, `amount`, `fine_type`, `due_date`, `fine_percentage`, `fine_amount`, `is_active`, `created_at`) VALUES (174, 29, 5, 18, 19, '350.00', 'none', '2023-06-15', '0.00', '0.00', 'no', '2023-03-29 09:45:40');
INSERT INTO `fee_groups_feetype` (`id`, `fee_session_group_id`, `fee_groups_id`, `feetype_id`, `session_id`, `amount`, `fine_type`, `due_date`, `fine_percentage`, `fine_amount`, `is_active`, `created_at`) VALUES (175, 29, 5, 17, 19, '350.00', 'none', '2023-07-10', '0.00', '0.00', 'no', '2023-03-29 09:46:39');
INSERT INTO `fee_groups_feetype` (`id`, `fee_session_group_id`, `fee_groups_id`, `feetype_id`, `session_id`, `amount`, `fine_type`, `due_date`, `fine_percentage`, `fine_amount`, `is_active`, `created_at`) VALUES (176, 29, 5, 9, 19, '350.00', 'none', '2023-08-15', '0.00', '0.00', 'no', '2023-03-29 09:47:30');
INSERT INTO `fee_groups_feetype` (`id`, `fee_session_group_id`, `fee_groups_id`, `feetype_id`, `session_id`, `amount`, `fine_type`, `due_date`, `fine_percentage`, `fine_amount`, `is_active`, `created_at`) VALUES (177, 29, 5, 21, 19, '350.00', 'none', '2023-09-15', '0.00', '0.00', 'no', '2023-03-29 09:59:18');
INSERT INTO `fee_groups_feetype` (`id`, `fee_session_group_id`, `fee_groups_id`, `feetype_id`, `session_id`, `amount`, `fine_type`, `due_date`, `fine_percentage`, `fine_amount`, `is_active`, `created_at`) VALUES (178, 29, 5, 22, 19, '350.00', 'none', '2023-10-10', '0.00', '0.00', 'no', '2023-03-29 09:58:56');
INSERT INTO `fee_groups_feetype` (`id`, `fee_session_group_id`, `fee_groups_id`, `feetype_id`, `session_id`, `amount`, `fine_type`, `due_date`, `fine_percentage`, `fine_amount`, `is_active`, `created_at`) VALUES (179, 29, 5, 23, 19, '350.00', 'none', '2023-11-10', '0.00', '0.00', 'no', '2023-03-29 09:58:44');
INSERT INTO `fee_groups_feetype` (`id`, `fee_session_group_id`, `fee_groups_id`, `feetype_id`, `session_id`, `amount`, `fine_type`, `due_date`, `fine_percentage`, `fine_amount`, `is_active`, `created_at`) VALUES (180, 29, 5, 13, 19, '350.00', 'none', '2023-12-15', '0.00', '0.00', 'no', '2023-03-29 09:58:31');
INSERT INTO `fee_groups_feetype` (`id`, `fee_session_group_id`, `fee_groups_id`, `feetype_id`, `session_id`, `amount`, `fine_type`, `due_date`, `fine_percentage`, `fine_amount`, `is_active`, `created_at`) VALUES (181, 26, 1, 16, 19, '350.00', 'none', '2024-01-10', '0.00', '0.00', 'no', '2023-03-29 09:59:52');
INSERT INTO `fee_groups_feetype` (`id`, `fee_session_group_id`, `fee_groups_id`, `feetype_id`, `session_id`, `amount`, `fine_type`, `due_date`, `fine_percentage`, `fine_amount`, `is_active`, `created_at`) VALUES (182, 26, 1, 15, 19, '350.00', 'none', '2024-02-15', '0.00', '0.00', 'no', '2023-03-29 10:00:40');
INSERT INTO `fee_groups_feetype` (`id`, `fee_session_group_id`, `fee_groups_id`, `feetype_id`, `session_id`, `amount`, `fine_type`, `due_date`, `fine_percentage`, `fine_amount`, `is_active`, `created_at`) VALUES (183, 26, 1, 19, 19, '350.00', 'none', '2024-03-15', '0.00', '0.00', 'no', '2023-03-29 10:00:59');
INSERT INTO `fee_groups_feetype` (`id`, `fee_session_group_id`, `fee_groups_id`, `feetype_id`, `session_id`, `amount`, `fine_type`, `due_date`, `fine_percentage`, `fine_amount`, `is_active`, `created_at`) VALUES (184, 29, 5, 16, 19, '350.00', 'none', '2024-01-10', '0.00', '0.00', 'no', '2023-03-29 10:24:41');
INSERT INTO `fee_groups_feetype` (`id`, `fee_session_group_id`, `fee_groups_id`, `feetype_id`, `session_id`, `amount`, `fine_type`, `due_date`, `fine_percentage`, `fine_amount`, `is_active`, `created_at`) VALUES (185, 29, 5, 15, 19, '350.00', 'none', '2024-02-10', '0.00', '0.00', 'no', '2023-03-29 10:11:36');
INSERT INTO `fee_groups_feetype` (`id`, `fee_session_group_id`, `fee_groups_id`, `feetype_id`, `session_id`, `amount`, `fine_type`, `due_date`, `fine_percentage`, `fine_amount`, `is_active`, `created_at`) VALUES (186, 29, 5, 19, 19, '350.00', 'none', '2024-03-15', '0.00', '0.00', 'no', '2023-03-29 10:13:21');
INSERT INTO `fee_groups_feetype` (`id`, `fee_session_group_id`, `fee_groups_id`, `feetype_id`, `session_id`, `amount`, `fine_type`, `due_date`, `fine_percentage`, `fine_amount`, `is_active`, `created_at`) VALUES (188, 30, 6, 14, 19, '250.00', 'none', '2023-09-20', '0.00', '0.00', 'no', '2023-03-29 10:14:21');
INSERT INTO `fee_groups_feetype` (`id`, `fee_session_group_id`, `fee_groups_id`, `feetype_id`, `session_id`, `amount`, `fine_type`, `due_date`, `fine_percentage`, `fine_amount`, `is_active`, `created_at`) VALUES (189, 31, 7, 3, 19, '3000.00', 'fix', '2023-04-20', '0.00', '300.00', 'no', '2023-03-29 10:15:11');
INSERT INTO `fee_groups_feetype` (`id`, `fee_session_group_id`, `fee_groups_id`, `feetype_id`, `session_id`, `amount`, `fine_type`, `due_date`, `fine_percentage`, `fine_amount`, `is_active`, `created_at`) VALUES (191, 31, 7, 10, 19, '300.00', 'none', '2023-06-20', '0.00', '0.00', 'no', '2023-03-29 10:16:14');
INSERT INTO `fee_groups_feetype` (`id`, `fee_session_group_id`, `fee_groups_id`, `feetype_id`, `session_id`, `amount`, `fine_type`, `due_date`, `fine_percentage`, `fine_amount`, `is_active`, `created_at`) VALUES (192, 33, 10, 1, 19, '3000.00', 'fix', '2023-04-10', '0.00', '200.00', 'no', '2023-03-29 10:26:03');
INSERT INTO `fee_groups_feetype` (`id`, `fee_session_group_id`, `fee_groups_id`, `feetype_id`, `session_id`, `amount`, `fine_type`, `due_date`, `fine_percentage`, `fine_amount`, `is_active`, `created_at`) VALUES (194, 33, 10, 8, 19, '350.00', 'fix', '2023-04-10', '0.00', '50.00', 'no', '2023-03-30 09:24:29');
INSERT INTO `fee_groups_feetype` (`id`, `fee_session_group_id`, `fee_groups_id`, `feetype_id`, `session_id`, `amount`, `fine_type`, `due_date`, `fine_percentage`, `fine_amount`, `is_active`, `created_at`) VALUES (195, 33, 10, 20, 19, '350.00', 'none', '2023-05-12', '0.00', '0.00', 'no', '2023-03-29 10:27:24');
INSERT INTO `fee_groups_feetype` (`id`, `fee_session_group_id`, `fee_groups_id`, `feetype_id`, `session_id`, `amount`, `fine_type`, `due_date`, `fine_percentage`, `fine_amount`, `is_active`, `created_at`) VALUES (196, 33, 10, 18, 19, '350.00', 'none', '2023-06-10', '0.00', '0.00', 'no', '2023-03-29 10:39:00');
INSERT INTO `fee_groups_feetype` (`id`, `fee_session_group_id`, `fee_groups_id`, `feetype_id`, `session_id`, `amount`, `fine_type`, `due_date`, `fine_percentage`, `fine_amount`, `is_active`, `created_at`) VALUES (197, 33, 10, 17, 19, '350.00', 'none', '2023-07-10', '0.00', '0.00', 'no', '2023-03-29 10:37:36');
INSERT INTO `fee_groups_feetype` (`id`, `fee_session_group_id`, `fee_groups_id`, `feetype_id`, `session_id`, `amount`, `fine_type`, `due_date`, `fine_percentage`, `fine_amount`, `is_active`, `created_at`) VALUES (198, 33, 10, 9, 19, '350.00', 'none', '2023-08-12', '0.00', '0.00', 'no', '2023-03-29 10:31:01');
INSERT INTO `fee_groups_feetype` (`id`, `fee_session_group_id`, `fee_groups_id`, `feetype_id`, `session_id`, `amount`, `fine_type`, `due_date`, `fine_percentage`, `fine_amount`, `is_active`, `created_at`) VALUES (199, 33, 10, 21, 19, '350.00', 'none', '2023-09-15', '0.00', '0.00', 'no', '2023-03-29 10:30:46');
INSERT INTO `fee_groups_feetype` (`id`, `fee_session_group_id`, `fee_groups_id`, `feetype_id`, `session_id`, `amount`, `fine_type`, `due_date`, `fine_percentage`, `fine_amount`, `is_active`, `created_at`) VALUES (200, 33, 10, 22, 19, '350.00', 'none', '2023-10-10', '0.00', '0.00', 'no', '2023-03-29 10:46:59');
INSERT INTO `fee_groups_feetype` (`id`, `fee_session_group_id`, `fee_groups_id`, `feetype_id`, `session_id`, `amount`, `fine_type`, `due_date`, `fine_percentage`, `fine_amount`, `is_active`, `created_at`) VALUES (201, 33, 10, 23, 19, '350.00', 'none', '2023-11-10', '0.00', '0.00', 'no', '2023-03-29 10:47:25');
INSERT INTO `fee_groups_feetype` (`id`, `fee_session_group_id`, `fee_groups_id`, `feetype_id`, `session_id`, `amount`, `fine_type`, `due_date`, `fine_percentage`, `fine_amount`, `is_active`, `created_at`) VALUES (202, 33, 10, 13, 19, '350.00', 'none', '2023-12-15', '0.00', '0.00', 'no', '2023-03-29 10:51:48');
INSERT INTO `fee_groups_feetype` (`id`, `fee_session_group_id`, `fee_groups_id`, `feetype_id`, `session_id`, `amount`, `fine_type`, `due_date`, `fine_percentage`, `fine_amount`, `is_active`, `created_at`) VALUES (203, 33, 10, 16, 19, '350.00', 'none', '2024-01-10', '0.00', '0.00', 'no', '2023-03-29 10:52:03');
INSERT INTO `fee_groups_feetype` (`id`, `fee_session_group_id`, `fee_groups_id`, `feetype_id`, `session_id`, `amount`, `fine_type`, `due_date`, `fine_percentage`, `fine_amount`, `is_active`, `created_at`) VALUES (204, 33, 10, 15, 19, '350.00', 'none', '2024-02-10', '0.00', '0.00', 'no', '2023-03-29 10:53:42');
INSERT INTO `fee_groups_feetype` (`id`, `fee_session_group_id`, `fee_groups_id`, `feetype_id`, `session_id`, `amount`, `fine_type`, `due_date`, `fine_percentage`, `fine_amount`, `is_active`, `created_at`) VALUES (205, 33, 10, 19, 19, '350.00', 'none', '2024-03-12', '0.00', '0.00', 'no', '2023-03-29 10:54:00');
INSERT INTO `fee_groups_feetype` (`id`, `fee_session_group_id`, `fee_groups_id`, `feetype_id`, `session_id`, `amount`, `fine_type`, `due_date`, `fine_percentage`, `fine_amount`, `is_active`, `created_at`) VALUES (206, 34, 11, 4, 19, '2000.00', 'fix', '2023-09-20', '0.00', '300.00', 'no', '2023-03-29 10:54:29');
INSERT INTO `fee_groups_feetype` (`id`, `fee_session_group_id`, `fee_groups_id`, `feetype_id`, `session_id`, `amount`, `fine_type`, `due_date`, `fine_percentage`, `fine_amount`, `is_active`, `created_at`) VALUES (207, 34, 11, 11, 19, '2000.00', 'fix', '2023-09-20', '0.00', '200.00', 'no', '2023-03-29 10:56:50');
INSERT INTO `fee_groups_feetype` (`id`, `fee_session_group_id`, `fee_groups_id`, `feetype_id`, `session_id`, `amount`, `fine_type`, `due_date`, `fine_percentage`, `fine_amount`, `is_active`, `created_at`) VALUES (208, 33, 10, 10, 19, '250.00', 'none', '2023-06-20', '0.00', '0.00', 'no', '2023-03-29 10:57:52');
INSERT INTO `fee_groups_feetype` (`id`, `fee_session_group_id`, `fee_groups_id`, `feetype_id`, `session_id`, `amount`, `fine_type`, `due_date`, `fine_percentage`, `fine_amount`, `is_active`, `created_at`) VALUES (209, 35, 13, 1, 19, '2000.00', 'fix', '2023-04-10', '0.00', '200.00', 'no', '2023-03-29 11:00:30');
INSERT INTO `fee_groups_feetype` (`id`, `fee_session_group_id`, `fee_groups_id`, `feetype_id`, `session_id`, `amount`, `fine_type`, `due_date`, `fine_percentage`, `fine_amount`, `is_active`, `created_at`) VALUES (210, 35, 13, 8, 19, '350.00', 'fix', '2023-04-15', '0.00', '50.00', 'no', '2023-03-29 11:01:30');
INSERT INTO `fee_groups_feetype` (`id`, `fee_session_group_id`, `fee_groups_id`, `feetype_id`, `session_id`, `amount`, `fine_type`, `due_date`, `fine_percentage`, `fine_amount`, `is_active`, `created_at`) VALUES (211, 35, 13, 20, 19, '350.00', 'fix', '2023-05-10', '0.00', '50.00', 'no', '2023-03-29 11:13:34');
INSERT INTO `fee_groups_feetype` (`id`, `fee_session_group_id`, `fee_groups_id`, `feetype_id`, `session_id`, `amount`, `fine_type`, `due_date`, `fine_percentage`, `fine_amount`, `is_active`, `created_at`) VALUES (212, 35, 13, 18, 19, '350.00', 'none', '2023-06-15', '0.00', '0.00', 'no', '2023-03-29 11:13:51');
INSERT INTO `fee_groups_feetype` (`id`, `fee_session_group_id`, `fee_groups_id`, `feetype_id`, `session_id`, `amount`, `fine_type`, `due_date`, `fine_percentage`, `fine_amount`, `is_active`, `created_at`) VALUES (213, 35, 13, 17, 19, '350.00', 'none', '2023-07-15', '0.00', '0.00', 'no', '2023-03-29 11:14:08');
INSERT INTO `fee_groups_feetype` (`id`, `fee_session_group_id`, `fee_groups_id`, `feetype_id`, `session_id`, `amount`, `fine_type`, `due_date`, `fine_percentage`, `fine_amount`, `is_active`, `created_at`) VALUES (214, 35, 13, 9, 19, '350.00', 'none', '2023-08-15', '0.00', '0.00', 'no', '2023-03-29 11:14:27');
INSERT INTO `fee_groups_feetype` (`id`, `fee_session_group_id`, `fee_groups_id`, `feetype_id`, `session_id`, `amount`, `fine_type`, `due_date`, `fine_percentage`, `fine_amount`, `is_active`, `created_at`) VALUES (215, 35, 13, 21, 19, '350.00', 'fix', '2023-09-12', '0.00', '50.00', 'no', '2023-03-29 11:14:45');
INSERT INTO `fee_groups_feetype` (`id`, `fee_session_group_id`, `fee_groups_id`, `feetype_id`, `session_id`, `amount`, `fine_type`, `due_date`, `fine_percentage`, `fine_amount`, `is_active`, `created_at`) VALUES (216, 35, 13, 22, 19, '350.00', 'none', '2023-10-12', '0.00', '0.00', 'no', '2023-03-29 11:15:01');
INSERT INTO `fee_groups_feetype` (`id`, `fee_session_group_id`, `fee_groups_id`, `feetype_id`, `session_id`, `amount`, `fine_type`, `due_date`, `fine_percentage`, `fine_amount`, `is_active`, `created_at`) VALUES (217, 35, 13, 23, 19, '350.00', 'none', '2023-11-15', '0.00', '0.00', 'no', '2023-03-29 11:15:18');
INSERT INTO `fee_groups_feetype` (`id`, `fee_session_group_id`, `fee_groups_id`, `feetype_id`, `session_id`, `amount`, `fine_type`, `due_date`, `fine_percentage`, `fine_amount`, `is_active`, `created_at`) VALUES (218, 35, 13, 13, 19, '350.00', 'fix', '2023-12-15', '0.00', '50.00', 'no', '2023-03-29 11:15:39');
INSERT INTO `fee_groups_feetype` (`id`, `fee_session_group_id`, `fee_groups_id`, `feetype_id`, `session_id`, `amount`, `fine_type`, `due_date`, `fine_percentage`, `fine_amount`, `is_active`, `created_at`) VALUES (219, 35, 13, 16, 19, '350.00', 'none', '2024-01-10', '0.00', '0.00', 'no', '2023-03-29 11:16:05');
INSERT INTO `fee_groups_feetype` (`id`, `fee_session_group_id`, `fee_groups_id`, `feetype_id`, `session_id`, `amount`, `fine_type`, `due_date`, `fine_percentage`, `fine_amount`, `is_active`, `created_at`) VALUES (220, 35, 13, 15, 19, '350.00', 'none', '2024-02-10', '0.00', '0.00', 'no', '2023-03-29 11:16:32');
INSERT INTO `fee_groups_feetype` (`id`, `fee_session_group_id`, `fee_groups_id`, `feetype_id`, `session_id`, `amount`, `fine_type`, `due_date`, `fine_percentage`, `fine_amount`, `is_active`, `created_at`) VALUES (221, 35, 13, 29, 19, '250.00', 'none', '2024-03-05', '0.00', '0.00', 'no', '2023-03-29 11:16:50');
INSERT INTO `fee_groups_feetype` (`id`, `fee_session_group_id`, `fee_groups_id`, `feetype_id`, `session_id`, `amount`, `fine_type`, `due_date`, `fine_percentage`, `fine_amount`, `is_active`, `created_at`) VALUES (222, 35, 13, 19, 19, '350.00', 'fix', '2024-03-15', '0.00', '50.00', 'no', '2023-03-29 11:17:06');
INSERT INTO `fee_groups_feetype` (`id`, `fee_session_group_id`, `fee_groups_id`, `feetype_id`, `session_id`, `amount`, `fine_type`, `due_date`, `fine_percentage`, `fine_amount`, `is_active`, `created_at`) VALUES (223, 36, 1, 1, 20, '2000.00', 'fix', '2024-04-10', '0.00', '200.00', 'no', '2024-04-03 11:50:16');
INSERT INTO `fee_groups_feetype` (`id`, `fee_session_group_id`, `fee_groups_id`, `feetype_id`, `session_id`, `amount`, `fine_type`, `due_date`, `fine_percentage`, `fine_amount`, `is_active`, `created_at`) VALUES (224, 36, 1, 8, 20, '300.00', 'fix', '2024-04-10', '0.00', '100.00', 'no', '2024-04-03 11:51:10');
INSERT INTO `fee_groups_feetype` (`id`, `fee_session_group_id`, `fee_groups_id`, `feetype_id`, `session_id`, `amount`, `fine_type`, `due_date`, `fine_percentage`, `fine_amount`, `is_active`, `created_at`) VALUES (225, 36, 1, 20, 20, '300.00', 'percentage', '2024-05-10', '10.00', '30.00', 'no', '2024-04-04 04:53:11');
INSERT INTO `fee_groups_feetype` (`id`, `fee_session_group_id`, `fee_groups_id`, `feetype_id`, `session_id`, `amount`, `fine_type`, `due_date`, `fine_percentage`, `fine_amount`, `is_active`, `created_at`) VALUES (226, 36, 1, 18, 20, '300.00', 'fix', '2024-06-10', '0.00', '100.00', 'no', '2024-04-04 04:53:31');
INSERT INTO `fee_groups_feetype` (`id`, `fee_session_group_id`, `fee_groups_id`, `feetype_id`, `session_id`, `amount`, `fine_type`, `due_date`, `fine_percentage`, `fine_amount`, `is_active`, `created_at`) VALUES (227, 36, 1, 17, 20, '300.00', 'fix', '2024-07-10', '0.00', '100.00', 'no', '2024-04-04 04:53:39');
INSERT INTO `fee_groups_feetype` (`id`, `fee_session_group_id`, `fee_groups_id`, `feetype_id`, `session_id`, `amount`, `fine_type`, `due_date`, `fine_percentage`, `fine_amount`, `is_active`, `created_at`) VALUES (228, 36, 1, 9, 20, '300.00', 'fix', '2024-08-10', '0.00', '100.00', 'no', '2024-04-04 04:53:49');
INSERT INTO `fee_groups_feetype` (`id`, `fee_session_group_id`, `fee_groups_id`, `feetype_id`, `session_id`, `amount`, `fine_type`, `due_date`, `fine_percentage`, `fine_amount`, `is_active`, `created_at`) VALUES (229, 36, 1, 21, 20, '300.00', 'fix', '2024-09-10', '0.00', '100.00', 'no', '2024-04-04 04:53:58');
INSERT INTO `fee_groups_feetype` (`id`, `fee_session_group_id`, `fee_groups_id`, `feetype_id`, `session_id`, `amount`, `fine_type`, `due_date`, `fine_percentage`, `fine_amount`, `is_active`, `created_at`) VALUES (230, 36, 1, 22, 20, '300.00', 'fix', '2024-10-10', '0.00', '100.00', 'no', '2024-04-04 04:54:12');
INSERT INTO `fee_groups_feetype` (`id`, `fee_session_group_id`, `fee_groups_id`, `feetype_id`, `session_id`, `amount`, `fine_type`, `due_date`, `fine_percentage`, `fine_amount`, `is_active`, `created_at`) VALUES (231, 36, 1, 23, 20, '300.00', 'fix', '2024-11-10', '0.00', '100.00', 'no', '2024-04-04 04:54:23');
INSERT INTO `fee_groups_feetype` (`id`, `fee_session_group_id`, `fee_groups_id`, `feetype_id`, `session_id`, `amount`, `fine_type`, `due_date`, `fine_percentage`, `fine_amount`, `is_active`, `created_at`) VALUES (232, 36, 1, 13, 20, '300.00', 'fix', '2024-12-10', '0.00', '100.00', 'no', '2024-04-04 04:54:37');
INSERT INTO `fee_groups_feetype` (`id`, `fee_session_group_id`, `fee_groups_id`, `feetype_id`, `session_id`, `amount`, `fine_type`, `due_date`, `fine_percentage`, `fine_amount`, `is_active`, `created_at`) VALUES (233, 37, 2, 11, 20, '2500.00', 'fix', '2024-04-15', '0.00', '200.00', 'no', '2024-04-03 11:56:13');
INSERT INTO `fee_groups_feetype` (`id`, `fee_session_group_id`, `fee_groups_id`, `feetype_id`, `session_id`, `amount`, `fine_type`, `due_date`, `fine_percentage`, `fine_amount`, `is_active`, `created_at`) VALUES (234, 37, 2, 14, 20, '250.00', 'fix', '2024-09-10', '0.00', '50.00', 'no', '2024-04-04 04:55:30');
INSERT INTO `fee_groups_feetype` (`id`, `fee_session_group_id`, `fee_groups_id`, `feetype_id`, `session_id`, `amount`, `fine_type`, `due_date`, `fine_percentage`, `fine_amount`, `is_active`, `created_at`) VALUES (235, 38, 3, 1, 20, '2000.00', 'fix', '2024-04-15', '0.00', '100.00', 'no', '2024-04-03 11:57:52');
INSERT INTO `fee_groups_feetype` (`id`, `fee_session_group_id`, `fee_groups_id`, `feetype_id`, `session_id`, `amount`, `fine_type`, `due_date`, `fine_percentage`, `fine_amount`, `is_active`, `created_at`) VALUES (236, 39, 4, 10, 20, '350.00', 'fix', '2024-04-10', '0.00', '50.00', 'no', '2024-04-03 11:58:12');
INSERT INTO `fee_groups_feetype` (`id`, `fee_session_group_id`, `fee_groups_id`, `feetype_id`, `session_id`, `amount`, `fine_type`, `due_date`, `fine_percentage`, `fine_amount`, `is_active`, `created_at`) VALUES (237, 40, 5, 1, 20, '2500.00', 'fix', '2024-04-10', '0.00', '200.00', 'no', '2024-04-03 11:59:08');
INSERT INTO `fee_groups_feetype` (`id`, `fee_session_group_id`, `fee_groups_id`, `feetype_id`, `session_id`, `amount`, `fine_type`, `due_date`, `fine_percentage`, `fine_amount`, `is_active`, `created_at`) VALUES (238, 40, 5, 8, 20, '300.00', 'fix', '2024-04-10', '0.00', '100.00', 'no', '2024-04-03 11:59:42');
INSERT INTO `fee_groups_feetype` (`id`, `fee_session_group_id`, `fee_groups_id`, `feetype_id`, `session_id`, `amount`, `fine_type`, `due_date`, `fine_percentage`, `fine_amount`, `is_active`, `created_at`) VALUES (239, 40, 5, 20, 20, '300.00', 'fix', '2024-05-10', '0.00', '100.00', 'no', '2024-04-04 04:55:54');
INSERT INTO `fee_groups_feetype` (`id`, `fee_session_group_id`, `fee_groups_id`, `feetype_id`, `session_id`, `amount`, `fine_type`, `due_date`, `fine_percentage`, `fine_amount`, `is_active`, `created_at`) VALUES (240, 40, 5, 18, 20, '300.00', 'percentage', '2024-06-10', '10.00', '30.00', 'no', '2024-04-04 04:56:09');
INSERT INTO `fee_groups_feetype` (`id`, `fee_session_group_id`, `fee_groups_id`, `feetype_id`, `session_id`, `amount`, `fine_type`, `due_date`, `fine_percentage`, `fine_amount`, `is_active`, `created_at`) VALUES (241, 40, 5, 17, 20, '300.00', 'fix', '2024-07-10', '0.00', '100.00', 'no', '2024-04-04 04:56:20');
INSERT INTO `fee_groups_feetype` (`id`, `fee_session_group_id`, `fee_groups_id`, `feetype_id`, `session_id`, `amount`, `fine_type`, `due_date`, `fine_percentage`, `fine_amount`, `is_active`, `created_at`) VALUES (242, 40, 5, 9, 20, '300.00', 'fix', '2024-08-10', '0.00', '100.00', 'no', '2024-04-04 04:56:31');
INSERT INTO `fee_groups_feetype` (`id`, `fee_session_group_id`, `fee_groups_id`, `feetype_id`, `session_id`, `amount`, `fine_type`, `due_date`, `fine_percentage`, `fine_amount`, `is_active`, `created_at`) VALUES (243, 40, 5, 21, 20, '300.00', 'fix', '2024-09-10', '0.00', '100.00', 'no', '2024-04-04 04:56:49');
INSERT INTO `fee_groups_feetype` (`id`, `fee_session_group_id`, `fee_groups_id`, `feetype_id`, `session_id`, `amount`, `fine_type`, `due_date`, `fine_percentage`, `fine_amount`, `is_active`, `created_at`) VALUES (244, 40, 5, 22, 20, '300.00', 'fix', '2024-10-10', '0.00', '100.00', 'no', '2024-04-04 04:57:00');
INSERT INTO `fee_groups_feetype` (`id`, `fee_session_group_id`, `fee_groups_id`, `feetype_id`, `session_id`, `amount`, `fine_type`, `due_date`, `fine_percentage`, `fine_amount`, `is_active`, `created_at`) VALUES (245, 36, 1, 16, 20, '300.00', 'none', '2025-01-10', '0.00', '0.00', 'no', '2024-04-04 04:54:51');
INSERT INTO `fee_groups_feetype` (`id`, `fee_session_group_id`, `fee_groups_id`, `feetype_id`, `session_id`, `amount`, `fine_type`, `due_date`, `fine_percentage`, `fine_amount`, `is_active`, `created_at`) VALUES (246, 36, 1, 15, 20, '300.00', 'fix', '2025-02-10', '0.00', '100.00', 'no', '2024-04-04 04:55:05');
INSERT INTO `fee_groups_feetype` (`id`, `fee_session_group_id`, `fee_groups_id`, `feetype_id`, `session_id`, `amount`, `fine_type`, `due_date`, `fine_percentage`, `fine_amount`, `is_active`, `created_at`) VALUES (247, 36, 1, 28, 20, '300.00', 'fix', '2025-03-10', '0.00', '100.00', 'no', '2024-04-04 04:55:17');
INSERT INTO `fee_groups_feetype` (`id`, `fee_session_group_id`, `fee_groups_id`, `feetype_id`, `session_id`, `amount`, `fine_type`, `due_date`, `fine_percentage`, `fine_amount`, `is_active`, `created_at`) VALUES (248, 40, 5, 23, 20, '300.00', 'fix', '2024-11-10', '0.00', '100.00', 'no', '2024-04-04 04:57:11');
INSERT INTO `fee_groups_feetype` (`id`, `fee_session_group_id`, `fee_groups_id`, `feetype_id`, `session_id`, `amount`, `fine_type`, `due_date`, `fine_percentage`, `fine_amount`, `is_active`, `created_at`) VALUES (249, 40, 5, 13, 20, '300.00', 'fix', '2024-12-10', '0.00', '100.00', 'no', '2024-04-04 04:57:23');
INSERT INTO `fee_groups_feetype` (`id`, `fee_session_group_id`, `fee_groups_id`, `feetype_id`, `session_id`, `amount`, `fine_type`, `due_date`, `fine_percentage`, `fine_amount`, `is_active`, `created_at`) VALUES (250, 40, 5, 16, 20, '300.00', 'fix', '2025-01-10', '0.00', '100.00', 'no', '2024-04-04 04:57:38');
INSERT INTO `fee_groups_feetype` (`id`, `fee_session_group_id`, `fee_groups_id`, `feetype_id`, `session_id`, `amount`, `fine_type`, `due_date`, `fine_percentage`, `fine_amount`, `is_active`, `created_at`) VALUES (251, 40, 5, 15, 20, '300.00', 'fix', '2025-02-10', '0.00', '100.00', 'no', '2024-04-04 04:57:52');
INSERT INTO `fee_groups_feetype` (`id`, `fee_session_group_id`, `fee_groups_id`, `feetype_id`, `session_id`, `amount`, `fine_type`, `due_date`, `fine_percentage`, `fine_amount`, `is_active`, `created_at`) VALUES (252, 40, 5, 19, 20, '300.00', 'fix', '2025-03-10', '0.00', '100.00', 'no', '2024-04-04 04:58:04');
INSERT INTO `fee_groups_feetype` (`id`, `fee_session_group_id`, `fee_groups_id`, `feetype_id`, `session_id`, `amount`, `fine_type`, `due_date`, `fine_percentage`, `fine_amount`, `is_active`, `created_at`) VALUES (253, 41, 6, 11, 20, '3000.00', 'fix', '2024-04-10', '0.00', '250.00', 'no', '2024-04-03 12:09:55');
INSERT INTO `fee_groups_feetype` (`id`, `fee_session_group_id`, `fee_groups_id`, `feetype_id`, `session_id`, `amount`, `fine_type`, `due_date`, `fine_percentage`, `fine_amount`, `is_active`, `created_at`) VALUES (254, 42, 7, 29, 20, '350.00', 'percentage', '2024-04-15', '10.00', '35.00', 'no', '2024-04-03 12:10:20');
INSERT INTO `fee_groups_feetype` (`id`, `fee_session_group_id`, `fee_groups_id`, `feetype_id`, `session_id`, `amount`, `fine_type`, `due_date`, `fine_percentage`, `fine_amount`, `is_active`, `created_at`) VALUES (255, 43, 10, 1, 20, '3000.00', 'fix', '2024-04-15', '0.00', '100.00', 'no', '2024-04-03 12:10:57');
INSERT INTO `fee_groups_feetype` (`id`, `fee_session_group_id`, `fee_groups_id`, `feetype_id`, `session_id`, `amount`, `fine_type`, `due_date`, `fine_percentage`, `fine_amount`, `is_active`, `created_at`) VALUES (256, 44, 11, 8, 20, '350.00', 'fix', '2024-04-15', '0.00', '100.00', 'no', '2024-04-03 12:12:28');
INSERT INTO `fee_groups_feetype` (`id`, `fee_session_group_id`, `fee_groups_id`, `feetype_id`, `session_id`, `amount`, `fine_type`, `due_date`, `fine_percentage`, `fine_amount`, `is_active`, `created_at`) VALUES (257, 44, 11, 20, 20, '350.00', 'fix', '2024-05-15', '0.00', '100.00', 'no', '2024-04-03 12:21:46');
INSERT INTO `fee_groups_feetype` (`id`, `fee_session_group_id`, `fee_groups_id`, `feetype_id`, `session_id`, `amount`, `fine_type`, `due_date`, `fine_percentage`, `fine_amount`, `is_active`, `created_at`) VALUES (258, 44, 11, 18, 20, '350.00', 'fix', '2024-06-10', '0.00', '100.00', 'no', '2024-04-04 05:00:23');
INSERT INTO `fee_groups_feetype` (`id`, `fee_session_group_id`, `fee_groups_id`, `feetype_id`, `session_id`, `amount`, `fine_type`, `due_date`, `fine_percentage`, `fine_amount`, `is_active`, `created_at`) VALUES (259, 44, 11, 17, 20, '350.00', 'fix', '2024-07-10', '0.00', '100.00', 'no', '2024-04-04 05:00:34');
INSERT INTO `fee_groups_feetype` (`id`, `fee_session_group_id`, `fee_groups_id`, `feetype_id`, `session_id`, `amount`, `fine_type`, `due_date`, `fine_percentage`, `fine_amount`, `is_active`, `created_at`) VALUES (260, 44, 11, 9, 20, '350.00', 'fix', '2024-08-10', '0.00', '100.00', 'no', '2024-04-04 05:00:46');
INSERT INTO `fee_groups_feetype` (`id`, `fee_session_group_id`, `fee_groups_id`, `feetype_id`, `session_id`, `amount`, `fine_type`, `due_date`, `fine_percentage`, `fine_amount`, `is_active`, `created_at`) VALUES (261, 44, 11, 21, 20, '350.00', 'fix', '2024-09-10', '0.00', '100.00', 'no', '2024-04-04 05:00:57');
INSERT INTO `fee_groups_feetype` (`id`, `fee_session_group_id`, `fee_groups_id`, `feetype_id`, `session_id`, `amount`, `fine_type`, `due_date`, `fine_percentage`, `fine_amount`, `is_active`, `created_at`) VALUES (262, 45, 12, 11, 20, '2500.00', 'fix', '2024-06-15', '0.00', '200.00', 'no', '2024-04-03 12:15:36');
INSERT INTO `fee_groups_feetype` (`id`, `fee_session_group_id`, `fee_groups_id`, `feetype_id`, `session_id`, `amount`, `fine_type`, `due_date`, `fine_percentage`, `fine_amount`, `is_active`, `created_at`) VALUES (263, 45, 12, 22, 20, '350.00', 'fix', '2024-10-15', '0.00', '100.00', 'no', '2024-04-03 12:17:06');
INSERT INTO `fee_groups_feetype` (`id`, `fee_session_group_id`, `fee_groups_id`, `feetype_id`, `session_id`, `amount`, `fine_type`, `due_date`, `fine_percentage`, `fine_amount`, `is_active`, `created_at`) VALUES (264, 45, 12, 23, 20, '350.00', 'fix', '2024-11-15', '0.00', '100.00', 'no', '2024-04-03 12:17:36');
INSERT INTO `fee_groups_feetype` (`id`, `fee_session_group_id`, `fee_groups_id`, `feetype_id`, `session_id`, `amount`, `fine_type`, `due_date`, `fine_percentage`, `fine_amount`, `is_active`, `created_at`) VALUES (265, 45, 12, 13, 20, '350.00', 'fix', '2024-12-15', '0.00', '100.00', 'no', '2024-04-03 12:17:59');
INSERT INTO `fee_groups_feetype` (`id`, `fee_session_group_id`, `fee_groups_id`, `feetype_id`, `session_id`, `amount`, `fine_type`, `due_date`, `fine_percentage`, `fine_amount`, `is_active`, `created_at`) VALUES (266, 45, 12, 16, 20, '350.00', 'fix', '2025-01-15', '0.00', '100.00', 'no', '2024-04-03 12:18:20');
INSERT INTO `fee_groups_feetype` (`id`, `fee_session_group_id`, `fee_groups_id`, `feetype_id`, `session_id`, `amount`, `fine_type`, `due_date`, `fine_percentage`, `fine_amount`, `is_active`, `created_at`) VALUES (267, 45, 12, 15, 20, '350.00', 'fix', '2025-02-15', '0.00', '100.00', 'no', '2024-04-03 12:18:42');
INSERT INTO `fee_groups_feetype` (`id`, `fee_session_group_id`, `fee_groups_id`, `feetype_id`, `session_id`, `amount`, `fine_type`, `due_date`, `fine_percentage`, `fine_amount`, `is_active`, `created_at`) VALUES (268, 45, 12, 19, 20, '350.00', 'fix', '2025-03-15', '0.00', '100.00', 'no', '2024-04-03 12:19:21');
INSERT INTO `fee_groups_feetype` (`id`, `fee_session_group_id`, `fee_groups_id`, `feetype_id`, `session_id`, `amount`, `fine_type`, `due_date`, `fine_percentage`, `fine_amount`, `is_active`, `created_at`) VALUES (269, 46, 13, 1, 20, '3500.00', 'fix', '2024-04-15', '0.00', '200.00', 'no', '2024-04-03 12:22:14');
INSERT INTO `fee_groups_feetype` (`id`, `fee_session_group_id`, `fee_groups_id`, `feetype_id`, `session_id`, `amount`, `fine_type`, `due_date`, `fine_percentage`, `fine_amount`, `is_active`, `created_at`) VALUES (270, 46, 13, 8, 20, '350.00', 'fix', '2024-04-10', '0.00', '100.00', 'no', '2024-04-03 12:23:04');
INSERT INTO `fee_groups_feetype` (`id`, `fee_session_group_id`, `fee_groups_id`, `feetype_id`, `session_id`, `amount`, `fine_type`, `due_date`, `fine_percentage`, `fine_amount`, `is_active`, `created_at`) VALUES (271, 46, 13, 20, 20, '350.00', 'fix', '2024-05-15', '0.00', '100.00', 'no', '2024-04-03 12:26:32');
INSERT INTO `fee_groups_feetype` (`id`, `fee_session_group_id`, `fee_groups_id`, `feetype_id`, `session_id`, `amount`, `fine_type`, `due_date`, `fine_percentage`, `fine_amount`, `is_active`, `created_at`) VALUES (272, 46, 13, 18, 20, '350.00', 'fix', '2024-06-15', '0.00', '100.00', 'no', '2024-04-03 12:26:52');
INSERT INTO `fee_groups_feetype` (`id`, `fee_session_group_id`, `fee_groups_id`, `feetype_id`, `session_id`, `amount`, `fine_type`, `due_date`, `fine_percentage`, `fine_amount`, `is_active`, `created_at`) VALUES (273, 46, 13, 17, 20, '350.00', 'fix', '2024-07-15', '0.00', '100.00', 'no', '2024-04-03 12:27:08');
INSERT INTO `fee_groups_feetype` (`id`, `fee_session_group_id`, `fee_groups_id`, `feetype_id`, `session_id`, `amount`, `fine_type`, `due_date`, `fine_percentage`, `fine_amount`, `is_active`, `created_at`) VALUES (274, 46, 13, 9, 20, '350.00', 'fix', '2024-08-15', '0.00', '100.00', 'no', '2024-04-03 12:27:27');
INSERT INTO `fee_groups_feetype` (`id`, `fee_session_group_id`, `fee_groups_id`, `feetype_id`, `session_id`, `amount`, `fine_type`, `due_date`, `fine_percentage`, `fine_amount`, `is_active`, `created_at`) VALUES (275, 46, 13, 21, 20, '350.00', 'fix', '2024-09-15', '0.00', '100.00', 'no', '2024-04-03 12:27:48');
INSERT INTO `fee_groups_feetype` (`id`, `fee_session_group_id`, `fee_groups_id`, `feetype_id`, `session_id`, `amount`, `fine_type`, `due_date`, `fine_percentage`, `fine_amount`, `is_active`, `created_at`) VALUES (276, 46, 13, 22, 20, '350.00', 'fix', '2024-10-15', '0.00', '100.00', 'no', '2024-04-03 12:28:06');
INSERT INTO `fee_groups_feetype` (`id`, `fee_session_group_id`, `fee_groups_id`, `feetype_id`, `session_id`, `amount`, `fine_type`, `due_date`, `fine_percentage`, `fine_amount`, `is_active`, `created_at`) VALUES (277, 46, 13, 23, 20, '350.00', 'fix', '2024-11-15', '0.00', '100.00', 'no', '2024-04-03 12:28:37');
INSERT INTO `fee_groups_feetype` (`id`, `fee_session_group_id`, `fee_groups_id`, `feetype_id`, `session_id`, `amount`, `fine_type`, `due_date`, `fine_percentage`, `fine_amount`, `is_active`, `created_at`) VALUES (278, 46, 13, 13, 20, '350.00', 'fix', '2024-12-15', '0.00', '100.00', 'no', '2024-04-03 12:28:57');
INSERT INTO `fee_groups_feetype` (`id`, `fee_session_group_id`, `fee_groups_id`, `feetype_id`, `session_id`, `amount`, `fine_type`, `due_date`, `fine_percentage`, `fine_amount`, `is_active`, `created_at`) VALUES (279, 46, 13, 16, 20, '350.00', 'fix', '2025-01-15', '0.00', '100.00', 'no', '2024-04-03 12:29:22');
INSERT INTO `fee_groups_feetype` (`id`, `fee_session_group_id`, `fee_groups_id`, `feetype_id`, `session_id`, `amount`, `fine_type`, `due_date`, `fine_percentage`, `fine_amount`, `is_active`, `created_at`) VALUES (280, 46, 13, 15, 20, '350.00', 'fix', '2025-02-15', '0.00', '100.00', 'no', '2024-04-03 12:29:42');
INSERT INTO `fee_groups_feetype` (`id`, `fee_session_group_id`, `fee_groups_id`, `feetype_id`, `session_id`, `amount`, `fine_type`, `due_date`, `fine_percentage`, `fine_amount`, `is_active`, `created_at`) VALUES (281, 46, 13, 19, 20, '350.00', 'fix', '2025-03-15', '0.00', '100.00', 'no', '2024-04-03 12:30:08');
INSERT INTO `fee_groups_feetype` (`id`, `fee_session_group_id`, `fee_groups_id`, `feetype_id`, `session_id`, `amount`, `fine_type`, `due_date`, `fine_percentage`, `fine_amount`, `is_active`, `created_at`) VALUES (282, 46, 13, 29, 20, '250.00', 'fix', '2024-09-10', '0.00', '50.00', 'no', '2024-04-03 12:31:00');
INSERT INTO `fee_groups_feetype` (`id`, `fee_session_group_id`, `fee_groups_id`, `feetype_id`, `session_id`, `amount`, `fine_type`, `due_date`, `fine_percentage`, `fine_amount`, `is_active`, `created_at`) VALUES (283, 46, 13, 10, 20, '450.00', 'fix', '2024-04-10', '0.00', '100.00', 'no', '2024-04-03 12:31:44');


#
# TABLE STRUCTURE FOR: fee_receipt_no
#


CREATE TABLE `fee_receipt_no` (
  `id` int NOT NULL AUTO_INCREMENT,
  `payment` int NOT NULL,
  PRIMARY KEY (`id`)
) ENGINE=InnoDB DEFAULT CHARSET=utf8mb3;

#
# TABLE STRUCTURE FOR: fee_session_groups
#


CREATE TABLE `fee_session_groups` (
  `id` int NOT NULL AUTO_INCREMENT,
  `fee_groups_id` int DEFAULT NULL,
  `session_id` int DEFAULT NULL,
  `is_active` varchar(10) NOT NULL DEFAULT 'no',
  `created_at` timestamp NOT NULL DEFAULT CURRENT_TIMESTAMP ON UPDATE CURRENT_TIMESTAMP,
  PRIMARY KEY (`id`),
  KEY `fee_groups_id` (`fee_groups_id`),
  KEY `session_id` (`session_id`),
  CONSTRAINT `fee_session_groups_ibfk_1` FOREIGN KEY (`fee_groups_id`) REFERENCES `fee_groups` (`id`) ON DELETE CASCADE,
  CONSTRAINT `fee_session_groups_ibfk_2` FOREIGN KEY (`session_id`) REFERENCES `sessions` (`id`) ON DELETE CASCADE
) ENGINE=InnoDB AUTO_INCREMENT=47 DEFAULT CHARSET=utf8mb3;

INSERT INTO `fee_session_groups` (`id`, `fee_groups_id`, `session_id`, `is_active`, `created_at`) VALUES (1, 1, 16, 'no', '2021-03-23 05:46:57');
INSERT INTO `fee_session_groups` (`id`, `fee_groups_id`, `session_id`, `is_active`, `created_at`) VALUES (2, 5, 16, 'no', '2021-03-23 06:07:19');
INSERT INTO `fee_session_groups` (`id`, `fee_groups_id`, `session_id`, `is_active`, `created_at`) VALUES (3, 2, 16, 'no', '2021-03-31 13:07:20');
INSERT INTO `fee_session_groups` (`id`, `fee_groups_id`, `session_id`, `is_active`, `created_at`) VALUES (4, 3, 16, 'no', '2021-03-31 13:15:43');
INSERT INTO `fee_session_groups` (`id`, `fee_groups_id`, `session_id`, `is_active`, `created_at`) VALUES (6, 4, 16, 'no', '2021-03-31 13:40:21');
INSERT INTO `fee_session_groups` (`id`, `fee_groups_id`, `session_id`, `is_active`, `created_at`) VALUES (7, 6, 16, 'no', '2021-04-01 05:22:51');
INSERT INTO `fee_session_groups` (`id`, `fee_groups_id`, `session_id`, `is_active`, `created_at`) VALUES (8, 7, 16, 'no', '2021-04-01 05:25:57');
INSERT INTO `fee_session_groups` (`id`, `fee_groups_id`, `session_id`, `is_active`, `created_at`) VALUES (9, 8, 16, 'no', '2021-04-01 05:33:35');
INSERT INTO `fee_session_groups` (`id`, `fee_groups_id`, `session_id`, `is_active`, `created_at`) VALUES (10, 9, 16, 'no', '2021-12-01 06:45:32');
INSERT INTO `fee_session_groups` (`id`, `fee_groups_id`, `session_id`, `is_active`, `created_at`) VALUES (11, 1, 18, 'no', '2022-03-29 06:44:17');
INSERT INTO `fee_session_groups` (`id`, `fee_groups_id`, `session_id`, `is_active`, `created_at`) VALUES (12, 2, 18, 'no', '2022-03-29 06:56:35');
INSERT INTO `fee_session_groups` (`id`, `fee_groups_id`, `session_id`, `is_active`, `created_at`) VALUES (13, 3, 18, 'no', '2022-03-29 06:59:01');
INSERT INTO `fee_session_groups` (`id`, `fee_groups_id`, `session_id`, `is_active`, `created_at`) VALUES (14, 4, 18, 'no', '2022-03-29 07:06:27');
INSERT INTO `fee_session_groups` (`id`, `fee_groups_id`, `session_id`, `is_active`, `created_at`) VALUES (15, 5, 18, 'no', '2022-03-29 07:14:14');
INSERT INTO `fee_session_groups` (`id`, `fee_groups_id`, `session_id`, `is_active`, `created_at`) VALUES (16, 6, 18, 'no', '2022-03-29 07:22:56');
INSERT INTO `fee_session_groups` (`id`, `fee_groups_id`, `session_id`, `is_active`, `created_at`) VALUES (18, 7, 18, 'no', '2022-03-29 07:37:17');
INSERT INTO `fee_session_groups` (`id`, `fee_groups_id`, `session_id`, `is_active`, `created_at`) VALUES (19, 8, 18, 'no', '2022-03-29 07:40:45');
INSERT INTO `fee_session_groups` (`id`, `fee_groups_id`, `session_id`, `is_active`, `created_at`) VALUES (20, 10, 18, 'no', '2022-03-29 08:46:42');
INSERT INTO `fee_session_groups` (`id`, `fee_groups_id`, `session_id`, `is_active`, `created_at`) VALUES (21, 13, 18, 'no', '2022-03-29 08:48:24');
INSERT INTO `fee_session_groups` (`id`, `fee_groups_id`, `session_id`, `is_active`, `created_at`) VALUES (22, 14, 18, 'no', '2023-03-16 12:06:30');
INSERT INTO `fee_session_groups` (`id`, `fee_groups_id`, `session_id`, `is_active`, `created_at`) VALUES (23, 15, 18, 'no', '2023-03-20 05:48:24');
INSERT INTO `fee_session_groups` (`id`, `fee_groups_id`, `session_id`, `is_active`, `created_at`) VALUES (24, 16, 18, 'no', '2023-03-23 12:30:37');
INSERT INTO `fee_session_groups` (`id`, `fee_groups_id`, `session_id`, `is_active`, `created_at`) VALUES (25, 17, 18, 'no', '2023-03-23 12:31:24');
INSERT INTO `fee_session_groups` (`id`, `fee_groups_id`, `session_id`, `is_active`, `created_at`) VALUES (26, 1, 19, 'no', '2023-03-29 08:53:57');
INSERT INTO `fee_session_groups` (`id`, `fee_groups_id`, `session_id`, `is_active`, `created_at`) VALUES (27, 2, 19, 'no', '2023-03-29 09:02:37');
INSERT INTO `fee_session_groups` (`id`, `fee_groups_id`, `session_id`, `is_active`, `created_at`) VALUES (28, 3, 19, 'no', '2023-03-29 09:03:57');
INSERT INTO `fee_session_groups` (`id`, `fee_groups_id`, `session_id`, `is_active`, `created_at`) VALUES (29, 5, 19, 'no', '2023-03-29 09:25:18');
INSERT INTO `fee_session_groups` (`id`, `fee_groups_id`, `session_id`, `is_active`, `created_at`) VALUES (30, 6, 19, 'no', '2023-03-29 09:38:17');
INSERT INTO `fee_session_groups` (`id`, `fee_groups_id`, `session_id`, `is_active`, `created_at`) VALUES (31, 7, 19, 'no', '2023-03-29 10:15:11');
INSERT INTO `fee_session_groups` (`id`, `fee_groups_id`, `session_id`, `is_active`, `created_at`) VALUES (33, 10, 19, 'no', '2023-03-29 10:26:03');
INSERT INTO `fee_session_groups` (`id`, `fee_groups_id`, `session_id`, `is_active`, `created_at`) VALUES (34, 11, 19, 'no', '2023-03-29 10:54:29');
INSERT INTO `fee_session_groups` (`id`, `fee_groups_id`, `session_id`, `is_active`, `created_at`) VALUES (35, 13, 19, 'no', '2023-03-29 11:00:30');
INSERT INTO `fee_session_groups` (`id`, `fee_groups_id`, `session_id`, `is_active`, `created_at`) VALUES (36, 1, 20, 'no', '2024-04-03 11:50:16');
INSERT INTO `fee_session_groups` (`id`, `fee_groups_id`, `session_id`, `is_active`, `created_at`) VALUES (37, 2, 20, 'no', '2024-04-03 11:56:13');
INSERT INTO `fee_session_groups` (`id`, `fee_groups_id`, `session_id`, `is_active`, `created_at`) VALUES (38, 3, 20, 'no', '2024-04-03 11:57:52');
INSERT INTO `fee_session_groups` (`id`, `fee_groups_id`, `session_id`, `is_active`, `created_at`) VALUES (39, 4, 20, 'no', '2024-04-03 11:58:12');
INSERT INTO `fee_session_groups` (`id`, `fee_groups_id`, `session_id`, `is_active`, `created_at`) VALUES (40, 5, 20, 'no', '2024-04-03 11:59:08');
INSERT INTO `fee_session_groups` (`id`, `fee_groups_id`, `session_id`, `is_active`, `created_at`) VALUES (41, 6, 20, 'no', '2024-04-03 12:09:55');
INSERT INTO `fee_session_groups` (`id`, `fee_groups_id`, `session_id`, `is_active`, `created_at`) VALUES (42, 7, 20, 'no', '2024-04-03 12:10:20');
INSERT INTO `fee_session_groups` (`id`, `fee_groups_id`, `session_id`, `is_active`, `created_at`) VALUES (43, 10, 20, 'no', '2024-04-03 12:10:57');
INSERT INTO `fee_session_groups` (`id`, `fee_groups_id`, `session_id`, `is_active`, `created_at`) VALUES (44, 11, 20, 'no', '2024-04-03 12:12:28');
INSERT INTO `fee_session_groups` (`id`, `fee_groups_id`, `session_id`, `is_active`, `created_at`) VALUES (45, 12, 20, 'no', '2024-04-03 12:15:36');
INSERT INTO `fee_session_groups` (`id`, `fee_groups_id`, `session_id`, `is_active`, `created_at`) VALUES (46, 13, 20, 'no', '2024-04-03 12:22:14');


#
# TABLE STRUCTURE FOR: feemasters
#


CREATE TABLE `feemasters` (
  `id` int NOT NULL AUTO_INCREMENT,
  `session_id` int DEFAULT NULL,
  `feetype_id` int NOT NULL,
  `class_id` int DEFAULT NULL,
  `amount` float(10,2) DEFAULT NULL,
  `description` text,
  `is_active` varchar(255) DEFAULT 'no',
  `created_at` timestamp NOT NULL DEFAULT CURRENT_TIMESTAMP ON UPDATE CURRENT_TIMESTAMP,
  `updated_at` date DEFAULT NULL,
  PRIMARY KEY (`id`),
  KEY `session_id` (`session_id`),
  KEY `feetype_id` (`feetype_id`),
  KEY `class_id` (`class_id`),
  CONSTRAINT `feemasters_ibfk_1` FOREIGN KEY (`session_id`) REFERENCES `sessions` (`id`) ON DELETE CASCADE,
  CONSTRAINT `feemasters_ibfk_2` FOREIGN KEY (`feetype_id`) REFERENCES `feetype` (`id`) ON DELETE CASCADE,
  CONSTRAINT `feemasters_ibfk_3` FOREIGN KEY (`class_id`) REFERENCES `classes` (`id`) ON DELETE CASCADE
) ENGINE=InnoDB DEFAULT CHARSET=utf8mb3;

#
# TABLE STRUCTURE FOR: fees_discounts
#


CREATE TABLE `fees_discounts` (
  `id` int NOT NULL AUTO_INCREMENT,
  `session_id` int DEFAULT NULL,
  `name` varchar(100) DEFAULT NULL,
  `code` varchar(100) DEFAULT NULL,
  `type` varchar(20) DEFAULT NULL,
  `percentage` float(10,2) DEFAULT NULL,
  `amount` decimal(10,2) DEFAULT NULL,
  `description` text,
  `is_active` varchar(10) NOT NULL DEFAULT 'no',
  `created_at` timestamp NOT NULL DEFAULT CURRENT_TIMESTAMP ON UPDATE CURRENT_TIMESTAMP,
  PRIMARY KEY (`id`),
  KEY `session_id` (`session_id`),
  CONSTRAINT `fees_discounts_ibfk_1` FOREIGN KEY (`session_id`) REFERENCES `sessions` (`id`) ON DELETE CASCADE
) ENGINE=InnoDB AUTO_INCREMENT=4 DEFAULT CHARSET=utf8mb3;

INSERT INTO `fees_discounts` (`id`, `session_id`, `name`, `code`, `type`, `percentage`, `amount`, `description`, `is_active`, `created_at`) VALUES (1, 16, 'Class Topper Discount', 'cls-top-disc', NULL, NULL, '100.00', '', 'no', '2021-03-22 13:10:47');
INSERT INTO `fees_discounts` (`id`, `session_id`, `name`, `code`, `type`, `percentage`, `amount`, `description`, `is_active`, `created_at`) VALUES (2, 16, 'Handicapped Discount', 'handicap-disc', NULL, NULL, '1000.00', '', 'no', '2021-03-22 13:11:24');
INSERT INTO `fees_discounts` (`id`, `session_id`, `name`, `code`, `type`, `percentage`, `amount`, `description`, `is_active`, `created_at`) VALUES (3, 16, 'Sibling Discount', 'sibling-disc', NULL, NULL, '500.00', '', 'no', '2021-03-22 13:12:20');


#
# TABLE STRUCTURE FOR: fees_reminder
#


CREATE TABLE `fees_reminder` (
  `id` int NOT NULL AUTO_INCREMENT,
  `reminder_type` varchar(10) DEFAULT NULL,
  `day` int DEFAULT NULL,
  `is_active` int DEFAULT '0',
  `created_at` timestamp NOT NULL DEFAULT CURRENT_TIMESTAMP ON UPDATE CURRENT_TIMESTAMP,
  `updated_at` date DEFAULT NULL,
  PRIMARY KEY (`id`)
) ENGINE=InnoDB AUTO_INCREMENT=5 DEFAULT CHARSET=utf8mb3;

INSERT INTO `fees_reminder` (`id`, `reminder_type`, `day`, `is_active`, `created_at`, `updated_at`) VALUES (1, 'before', 2, 0, '2020-02-28 13:38:32', NULL);
INSERT INTO `fees_reminder` (`id`, `reminder_type`, `day`, `is_active`, `created_at`, `updated_at`) VALUES (2, 'before', 5, 0, '2020-02-28 13:38:36', NULL);
INSERT INTO `fees_reminder` (`id`, `reminder_type`, `day`, `is_active`, `created_at`, `updated_at`) VALUES (3, 'after', 2, 0, '2020-02-28 13:38:40', NULL);
INSERT INTO `fees_reminder` (`id`, `reminder_type`, `day`, `is_active`, `created_at`, `updated_at`) VALUES (4, 'after', 5, 0, '2020-02-28 13:38:44', NULL);


#
# TABLE STRUCTURE FOR: feetype
#


CREATE TABLE `feetype` (
  `id` int NOT NULL AUTO_INCREMENT,
  `is_system` int NOT NULL DEFAULT '0',
  `feecategory_id` int DEFAULT NULL,
  `type` varchar(50) DEFAULT NULL,
  `code` varchar(100) NOT NULL,
  `is_active` varchar(255) DEFAULT 'no',
  `description` text,
  `created_at` timestamp NOT NULL DEFAULT CURRENT_TIMESTAMP ON UPDATE CURRENT_TIMESTAMP,
  `updated_at` date DEFAULT NULL,
  PRIMARY KEY (`id`)
) ENGINE=InnoDB AUTO_INCREMENT=30 DEFAULT CHARSET=utf8mb3;

INSERT INTO `feetype` (`id`, `is_system`, `feecategory_id`, `type`, `code`, `is_active`, `description`, `created_at`, `updated_at`) VALUES (1, 0, NULL, 'Admission Fees', 'admission-fees', 'no', '', '2021-03-22 13:19:00', NULL);
INSERT INTO `feetype` (`id`, `is_system`, `feecategory_id`, `type`, `code`, `is_active`, `description`, `created_at`, `updated_at`) VALUES (2, 0, NULL, '1st Installment Fees', '	1-installment-fees', 'no', '', '2021-03-22 13:19:53', NULL);
INSERT INTO `feetype` (`id`, `is_system`, `feecategory_id`, `type`, `code`, `is_active`, `description`, `created_at`, `updated_at`) VALUES (3, 0, NULL, '2nd Installment Fees', '2-installment-fees', 'no', '', '2021-03-22 13:20:13', NULL);
INSERT INTO `feetype` (`id`, `is_system`, `feecategory_id`, `type`, `code`, `is_active`, `description`, `created_at`, `updated_at`) VALUES (4, 0, NULL, '3rd Installment Fees', '3-installment-fees', 'no', '', '2021-03-22 13:20:35', NULL);
INSERT INTO `feetype` (`id`, `is_system`, `feecategory_id`, `type`, `code`, `is_active`, `description`, `created_at`, `updated_at`) VALUES (5, 0, NULL, '4th Installment Fees', '4-installment-fees', 'no', '', '2021-03-22 13:20:46', NULL);
INSERT INTO `feetype` (`id`, `is_system`, `feecategory_id`, `type`, `code`, `is_active`, `description`, `created_at`, `updated_at`) VALUES (6, 0, NULL, '5th Installment Fees', '5-installment-fees', 'no', '', '2021-03-22 13:21:07', NULL);
INSERT INTO `feetype` (`id`, `is_system`, `feecategory_id`, `type`, `code`, `is_active`, `description`, `created_at`, `updated_at`) VALUES (7, 0, NULL, '6th Installment Fees', '6-installment-fees', 'no', '', '2021-03-22 13:21:22', NULL);
INSERT INTO `feetype` (`id`, `is_system`, `feecategory_id`, `type`, `code`, `is_active`, `description`, `created_at`, `updated_at`) VALUES (8, 0, NULL, 'April Month Fees', 'apr-month-fees', 'no', '', '2021-03-22 13:22:48', NULL);
INSERT INTO `feetype` (`id`, `is_system`, `feecategory_id`, `type`, `code`, `is_active`, `description`, `created_at`, `updated_at`) VALUES (9, 0, NULL, 'August Month Fees', 'aug-month-fees', 'no', '', '2021-03-22 13:23:30', NULL);
INSERT INTO `feetype` (`id`, `is_system`, `feecategory_id`, `type`, `code`, `is_active`, `description`, `created_at`, `updated_at`) VALUES (10, 0, NULL, 'Bus-fees', 'Bus-fees', 'no', '', '2021-03-22 13:23:54', NULL);
INSERT INTO `feetype` (`id`, `is_system`, `feecategory_id`, `type`, `code`, `is_active`, `description`, `created_at`, `updated_at`) VALUES (11, 0, NULL, 'Caution Money Fees', 'caution-money-fees', 'no', '', '2021-03-22 13:24:11', NULL);
INSERT INTO `feetype` (`id`, `is_system`, `feecategory_id`, `type`, `code`, `is_active`, `description`, `created_at`, `updated_at`) VALUES (12, 0, NULL, 'Certificate fee', 'Cert-Fee', 'no', '', '2021-03-22 13:24:34', NULL);
INSERT INTO `feetype` (`id`, `is_system`, `feecategory_id`, `type`, `code`, `is_active`, `description`, `created_at`, `updated_at`) VALUES (13, 0, NULL, 'December Month Fees', 'dec-month-fees', 'no', '', '2021-03-22 13:24:55', NULL);
INSERT INTO `feetype` (`id`, `is_system`, `feecategory_id`, `type`, `code`, `is_active`, `description`, `created_at`, `updated_at`) VALUES (14, 0, NULL, 'Exam Fees', 'exam-fees', 'no', '', '2021-03-22 13:25:08', NULL);
INSERT INTO `feetype` (`id`, `is_system`, `feecategory_id`, `type`, `code`, `is_active`, `description`, `created_at`, `updated_at`) VALUES (15, 0, NULL, 'February Month Fees', 'feb-month-fees', 'no', '', '2021-03-22 13:25:20', NULL);
INSERT INTO `feetype` (`id`, `is_system`, `feecategory_id`, `type`, `code`, `is_active`, `description`, `created_at`, `updated_at`) VALUES (16, 0, NULL, 'January Month Fees', 'jan-month-fees', 'no', '', '2021-03-22 13:25:53', NULL);
INSERT INTO `feetype` (`id`, `is_system`, `feecategory_id`, `type`, `code`, `is_active`, `description`, `created_at`, `updated_at`) VALUES (17, 0, NULL, 'July Month Fees', 'jul-month-fees', 'no', '', '2021-03-22 13:26:12', NULL);
INSERT INTO `feetype` (`id`, `is_system`, `feecategory_id`, `type`, `code`, `is_active`, `description`, `created_at`, `updated_at`) VALUES (18, 0, NULL, 'June Month Fees', 'jun-month-fees', 'no', '', '2021-03-22 13:26:24', NULL);
INSERT INTO `feetype` (`id`, `is_system`, `feecategory_id`, `type`, `code`, `is_active`, `description`, `created_at`, `updated_at`) VALUES (19, 0, NULL, 'March Month Fees', 'march-month-fees', 'no', '', '2021-03-22 13:26:37', NULL);
INSERT INTO `feetype` (`id`, `is_system`, `feecategory_id`, `type`, `code`, `is_active`, `description`, `created_at`, `updated_at`) VALUES (20, 0, NULL, 'May Month Fees', 'may-month-fees', 'no', '', '2021-03-22 13:27:00', NULL);
INSERT INTO `feetype` (`id`, `is_system`, `feecategory_id`, `type`, `code`, `is_active`, `description`, `created_at`, `updated_at`) VALUES (21, 0, NULL, 'September Month Fees', 'sep-month-fees', 'no', '', '2021-03-22 13:27:43', NULL);
INSERT INTO `feetype` (`id`, `is_system`, `feecategory_id`, `type`, `code`, `is_active`, `description`, `created_at`, `updated_at`) VALUES (22, 0, NULL, 'October Month Fees', 'oct-month-fees', 'no', '', '2021-03-22 13:27:54', NULL);
INSERT INTO `feetype` (`id`, `is_system`, `feecategory_id`, `type`, `code`, `is_active`, `description`, `created_at`, `updated_at`) VALUES (23, 0, NULL, 'November Month Fees', 'nov-month-fees', 'no', '', '2021-03-22 13:28:10', NULL);
INSERT INTO `feetype` (`id`, `is_system`, `feecategory_id`, `type`, `code`, `is_active`, `description`, `created_at`, `updated_at`) VALUES (24, 0, NULL, 'Lumpsum fees', 'lumpsum-fees', 'no', '', '2021-03-31 13:05:58', NULL);
INSERT INTO `feetype` (`id`, `is_system`, `feecategory_id`, `type`, `code`, `is_active`, `description`, `created_at`, `updated_at`) VALUES (25, 1, NULL, 'Previous Session Balance', 'Previous Session Balance', 'no', '', '2021-12-01 06:45:32', NULL);
INSERT INTO `feetype` (`id`, `is_system`, `feecategory_id`, `type`, `code`, `is_active`, `description`, `created_at`, `updated_at`) VALUES (26, 0, NULL, 'fees', 'fees', 'no', '', '2023-03-11 06:47:27', NULL);
INSERT INTO `feetype` (`id`, `is_system`, `feecategory_id`, `type`, `code`, `is_active`, `description`, `created_at`, `updated_at`) VALUES (27, 0, NULL, 'Topper Discount', 'discount123', 'no', '', '2023-03-16 12:06:00', NULL);
INSERT INTO `feetype` (`id`, `is_system`, `feecategory_id`, `type`, `code`, `is_active`, `description`, `created_at`, `updated_at`) VALUES (28, 0, NULL, 'March Fees', 'F02302', 'no', '', '2023-03-23 13:11:52', NULL);
INSERT INTO `feetype` (`id`, `is_system`, `feecategory_id`, `type`, `code`, `is_active`, `description`, `created_at`, `updated_at`) VALUES (29, 0, NULL, 'Exam Fees', 'Exam', 'no', '', '2023-03-23 12:30:16', NULL);


#
# TABLE STRUCTURE FOR: filetypes
#


CREATE TABLE `filetypes` (
  `id` int NOT NULL AUTO_INCREMENT,
  `file_extension` text,
  `file_mime` text,
  `file_size` int NOT NULL,
  `image_extension` text,
  `image_mime` text,
  `image_size` int NOT NULL,
  `created_at` timestamp NOT NULL DEFAULT CURRENT_TIMESTAMP ON UPDATE CURRENT_TIMESTAMP,
  PRIMARY KEY (`id`)
) ENGINE=InnoDB AUTO_INCREMENT=2 DEFAULT CHARSET=utf8mb3;

INSERT INTO `filetypes` (`id`, `file_extension`, `file_mime`, `file_size`, `image_extension`, `image_mime`, `image_size`, `created_at`) VALUES (1, 'pdf, zip, jpg, jpeg, png, txt, 7z, gif, csv, docx, mp3, mp4, accdb, odt, ods, ppt, pptx, xlsx, wmv, jfif, apk, ppt, bmp, jpe, mdb, rar, xls, svg, php, html', 'application/pdf, image/zip, image/jpg, image/png, image/jpeg, text/plain, application/x-zip-compressed, application/zip, image/gif, text/csv, application/vnd.openxmlformats-officedocument.wordprocessingml.document, audio/mpeg, application/msaccess, application/vnd.oasis.opendocument.text, application/vnd.oasis.opendocument.spreadsheet, application/vnd.ms-powerpoint, application/vnd.openxmlformats-officedocument.presentationml.presentation, application/vnd.openxmlformats-officedocument.spreadsheetml.sheet, video/x-ms-wmv, video/mp4, image/jpeg, application/vnd.android.package-archive, application/x-msdownload, application/vnd.ms-powerpoint, image/bmp, image/jpeg, application/msaccess, application/vnd.ms-excel, image/svg+xml, image/php', 100048576, 'jfif, png, jpe, jpeg, jpg, bmp, gif, svg', 'image/jpeg, image/png, image/jpeg, image/jpeg, image/bmp, image/gif, image/x-ms-bmp, image/svg+xml', 10048576, '2023-08-20 00:18:56');


#
# TABLE STRUCTURE FOR: follow_up
#


CREATE TABLE `follow_up` (
  `id` int NOT NULL AUTO_INCREMENT,
  `enquiry_id` int NOT NULL,
  `date` date NOT NULL,
  `next_date` date NOT NULL,
  `response` text NOT NULL,
  `note` text NOT NULL,
  `followup_by` int DEFAULT NULL,
  `created_at` timestamp NOT NULL DEFAULT CURRENT_TIMESTAMP ON UPDATE CURRENT_TIMESTAMP,
  PRIMARY KEY (`id`),
  KEY `enquiry_id` (`enquiry_id`),
  KEY `followup_by` (`followup_by`),
  CONSTRAINT `follow_up_ibfk_1` FOREIGN KEY (`enquiry_id`) REFERENCES `enquiry` (`id`) ON DELETE CASCADE,
  CONSTRAINT `follow_up_ibfk_2` FOREIGN KEY (`followup_by`) REFERENCES `staff` (`id`) ON DELETE CASCADE
) ENGINE=InnoDB AUTO_INCREMENT=144 DEFAULT CHARSET=utf8mb3;

INSERT INTO `follow_up` (`id`, `enquiry_id`, `date`, `next_date`, `response`, `note`, `followup_by`, `created_at`) VALUES (29, 32, '2022-01-05', '2022-01-08', 'Wait', '', NULL, '2023-01-18 06:07:18');
INSERT INTO `follow_up` (`id`, `enquiry_id`, `date`, `next_date`, `response`, `note`, `followup_by`, `created_at`) VALUES (31, 42, '2022-02-05', '2022-02-16', 'Yes', '', NULL, '2023-01-18 06:07:18');
INSERT INTO `follow_up` (`id`, `enquiry_id`, `date`, `next_date`, `response`, `note`, `followup_by`, `created_at`) VALUES (33, 55, '2022-03-21', '2022-03-25', 'Wait', '', NULL, '2023-01-18 06:07:18');
INSERT INTO `follow_up` (`id`, `enquiry_id`, `date`, `next_date`, `response`, `note`, `followup_by`, `created_at`) VALUES (37, 60, '2022-04-04', '2022-03-02', 'Wait', '', NULL, '2023-01-18 06:07:18');
INSERT INTO `follow_up` (`id`, `enquiry_id`, `date`, `next_date`, `response`, `note`, `followup_by`, `created_at`) VALUES (38, 65, '2022-03-31', '2022-04-06', 'yes', '', NULL, '2023-01-18 06:07:18');
INSERT INTO `follow_up` (`id`, `enquiry_id`, `date`, `next_date`, `response`, `note`, `followup_by`, `created_at`) VALUES (41, 77, '2022-05-25', '2022-05-26', 'ok', '', NULL, '2023-01-18 06:07:18');
INSERT INTO `follow_up` (`id`, `enquiry_id`, `date`, `next_date`, `response`, `note`, `followup_by`, `created_at`) VALUES (45, 91, '2022-06-03', '2022-06-04', 'Lost', '', NULL, '2023-01-18 06:07:18');
INSERT INTO `follow_up` (`id`, `enquiry_id`, `date`, `next_date`, `response`, `note`, `followup_by`, `created_at`) VALUES (47, 97, '2022-07-01', '2022-07-04', 'Wait', 'wait', NULL, '2023-01-18 06:07:18');
INSERT INTO `follow_up` (`id`, `enquiry_id`, `date`, `next_date`, `response`, `note`, `followup_by`, `created_at`) VALUES (48, 99, '2022-07-08', '2022-07-12', 'Won', '', NULL, '2023-01-18 06:07:18');
INSERT INTO `follow_up` (`id`, `enquiry_id`, `date`, `next_date`, `response`, `note`, `followup_by`, `created_at`) VALUES (49, 98, '2022-07-05', '2022-07-08', 'Lost', '', NULL, '2023-01-18 06:07:18');
INSERT INTO `follow_up` (`id`, `enquiry_id`, `date`, `next_date`, `response`, `note`, `followup_by`, `created_at`) VALUES (50, 97, '2022-07-01', '2022-07-04', 'lost', '', NULL, '2023-01-18 06:07:18');
INSERT INTO `follow_up` (`id`, `enquiry_id`, `date`, `next_date`, `response`, `note`, `followup_by`, `created_at`) VALUES (51, 106, '2022-08-01', '2022-08-03', 'Won', '', NULL, '2023-01-18 06:07:18');
INSERT INTO `follow_up` (`id`, `enquiry_id`, `date`, `next_date`, `response`, `note`, `followup_by`, `created_at`) VALUES (52, 114, '2022-08-22', '2022-08-24', 'Lost', '', NULL, '2023-01-18 06:07:18');
INSERT INTO `follow_up` (`id`, `enquiry_id`, `date`, `next_date`, `response`, `note`, `followup_by`, `created_at`) VALUES (53, 115, '2022-09-01', '2022-09-03', 'Won', '', NULL, '2023-01-18 06:07:18');
INSERT INTO `follow_up` (`id`, `enquiry_id`, `date`, `next_date`, `response`, `note`, `followup_by`, `created_at`) VALUES (54, 122, '2022-09-03', '2022-09-06', 'Lost', '', NULL, '2023-01-18 06:07:18');
INSERT INTO `follow_up` (`id`, `enquiry_id`, `date`, `next_date`, `response`, `note`, `followup_by`, `created_at`) VALUES (55, 118, '2022-09-15', '2022-09-15', 'pending', '', NULL, '2023-01-18 06:07:18');
INSERT INTO `follow_up` (`id`, `enquiry_id`, `date`, `next_date`, `response`, `note`, `followup_by`, `created_at`) VALUES (56, 116, '2022-09-05', '2022-09-09', 'Won', '', NULL, '2023-01-18 06:07:18');
INSERT INTO `follow_up` (`id`, `enquiry_id`, `date`, `next_date`, `response`, `note`, `followup_by`, `created_at`) VALUES (57, 117, '2022-09-10', '2022-09-10', 'Won', '', NULL, '2023-01-18 06:07:18');
INSERT INTO `follow_up` (`id`, `enquiry_id`, `date`, `next_date`, `response`, `note`, `followup_by`, `created_at`) VALUES (58, 123, '2022-09-07', '2022-09-09', 'Admission Cancel', '', NULL, '2023-01-18 06:07:18');
INSERT INTO `follow_up` (`id`, `enquiry_id`, `date`, `next_date`, `response`, `note`, `followup_by`, `created_at`) VALUES (60, 127, '2022-10-01', '2022-10-05', 'WAIT', '', NULL, '2023-01-18 06:07:18');
INSERT INTO `follow_up` (`id`, `enquiry_id`, `date`, `next_date`, `response`, `note`, `followup_by`, `created_at`) VALUES (61, 128, '2022-10-01', '2022-10-05', 'WAIT', '', NULL, '2023-01-18 06:07:18');
INSERT INTO `follow_up` (`id`, `enquiry_id`, `date`, `next_date`, `response`, `note`, `followup_by`, `created_at`) VALUES (62, 129, '2022-10-01', '2022-10-07', 'WAIT', '', NULL, '2023-01-18 06:07:18');
INSERT INTO `follow_up` (`id`, `enquiry_id`, `date`, `next_date`, `response`, `note`, `followup_by`, `created_at`) VALUES (63, 130, '2022-10-01', '2022-10-10', 'WAIT', '', NULL, '2023-01-18 06:07:18');
INSERT INTO `follow_up` (`id`, `enquiry_id`, `date`, `next_date`, `response`, `note`, `followup_by`, `created_at`) VALUES (64, 131, '2022-10-15', '2022-10-15', 'WAIT', 'DFGDFG', NULL, '2023-01-18 06:07:18');
INSERT INTO `follow_up` (`id`, `enquiry_id`, `date`, `next_date`, `response`, `note`, `followup_by`, `created_at`) VALUES (65, 132, '2022-10-20', '2022-10-25', 'WAIT', '', NULL, '2023-01-18 06:07:18');
INSERT INTO `follow_up` (`id`, `enquiry_id`, `date`, `next_date`, `response`, `note`, `followup_by`, `created_at`) VALUES (66, 133, '2022-10-07', '2022-10-09', 'WAIT', '', NULL, '2023-01-18 06:07:18');
INSERT INTO `follow_up` (`id`, `enquiry_id`, `date`, `next_date`, `response`, `note`, `followup_by`, `created_at`) VALUES (67, 139, '2022-10-03', '2022-10-05', 'Won', '', NULL, '2023-01-18 06:07:18');
INSERT INTO `follow_up` (`id`, `enquiry_id`, `date`, `next_date`, `response`, `note`, `followup_by`, `created_at`) VALUES (68, 140, '2022-10-03', '2022-10-04', 'Won', '', NULL, '2023-01-18 06:07:18');
INSERT INTO `follow_up` (`id`, `enquiry_id`, `date`, `next_date`, `response`, `note`, `followup_by`, `created_at`) VALUES (70, 147, '2022-11-24', '2022-11-23', 'wait', '', NULL, '2023-01-18 06:07:18');
INSERT INTO `follow_up` (`id`, `enquiry_id`, `date`, `next_date`, `response`, `note`, `followup_by`, `created_at`) VALUES (71, 146, '2022-11-20', '2022-11-20', 'wait', '', NULL, '2023-01-18 06:07:18');
INSERT INTO `follow_up` (`id`, `enquiry_id`, `date`, `next_date`, `response`, `note`, `followup_by`, `created_at`) VALUES (72, 145, '2022-11-16', '2022-11-19', 'wait', '', NULL, '2023-01-18 06:07:18');
INSERT INTO `follow_up` (`id`, `enquiry_id`, `date`, `next_date`, `response`, `note`, `followup_by`, `created_at`) VALUES (73, 144, '2022-11-12', '2022-11-15', 'wait', '', NULL, '2023-01-18 06:07:18');
INSERT INTO `follow_up` (`id`, `enquiry_id`, `date`, `next_date`, `response`, `note`, `followup_by`, `created_at`) VALUES (74, 142, '2022-11-05', '2022-11-08', 'wait', '', NULL, '2023-01-18 06:07:18');
INSERT INTO `follow_up` (`id`, `enquiry_id`, `date`, `next_date`, `response`, `note`, `followup_by`, `created_at`) VALUES (75, 152, '2022-11-02', '2022-11-05', 'Won', '', NULL, '2023-01-18 06:07:18');
INSERT INTO `follow_up` (`id`, `enquiry_id`, `date`, `next_date`, `response`, `note`, `followup_by`, `created_at`) VALUES (76, 153, '2022-11-03', '2022-11-08', 'Won', '', NULL, '2023-01-18 06:07:18');
INSERT INTO `follow_up` (`id`, `enquiry_id`, `date`, `next_date`, `response`, `note`, `followup_by`, `created_at`) VALUES (78, 157, '2022-12-10', '2022-12-13', 'Lost', '', NULL, '2023-01-18 06:07:18');
INSERT INTO `follow_up` (`id`, `enquiry_id`, `date`, `next_date`, `response`, `note`, `followup_by`, `created_at`) VALUES (79, 158, '2022-12-15', '2022-12-17', 'Won', '', NULL, '2023-01-18 06:07:18');
INSERT INTO `follow_up` (`id`, `enquiry_id`, `date`, `next_date`, `response`, `note`, `followup_by`, `created_at`) VALUES (80, 160, '2022-12-24', '2022-12-26', 'Dead', '', NULL, '2023-01-18 06:07:18');
INSERT INTO `follow_up` (`id`, `enquiry_id`, `date`, `next_date`, `response`, `note`, `followup_by`, `created_at`) VALUES (81, 162, '2022-12-30', '2022-12-31', 'Wait', '', NULL, '2023-01-18 06:07:18');
INSERT INTO `follow_up` (`id`, `enquiry_id`, `date`, `next_date`, `response`, `note`, `followup_by`, `created_at`) VALUES (82, 159, '2022-12-20', '2022-12-21', 'Won', '', NULL, '2023-01-18 06:07:18');
INSERT INTO `follow_up` (`id`, `enquiry_id`, `date`, `next_date`, `response`, `note`, `followup_by`, `created_at`) VALUES (83, 163, '2022-12-05', '2022-12-08', 'Won', '', NULL, '2023-01-18 06:07:18');
INSERT INTO `follow_up` (`id`, `enquiry_id`, `date`, `next_date`, `response`, `note`, `followup_by`, `created_at`) VALUES (84, 164, '2022-12-06', '2022-12-10', 'Lost', '', NULL, '2023-01-18 06:07:18');
INSERT INTO `follow_up` (`id`, `enquiry_id`, `date`, `next_date`, `response`, `note`, `followup_by`, `created_at`) VALUES (85, 174, '2023-01-16', '2023-01-03', 'done', 'done', NULL, '2023-01-18 06:07:18');
INSERT INTO `follow_up` (`id`, `enquiry_id`, `date`, `next_date`, `response`, `note`, `followup_by`, `created_at`) VALUES (86, 170, '2023-01-02', '2023-01-05', 'done', 'done', NULL, '2023-01-18 06:07:18');
INSERT INTO `follow_up` (`id`, `enquiry_id`, `date`, `next_date`, `response`, `note`, `followup_by`, `created_at`) VALUES (87, 171, '2023-01-05', '2023-01-06', 'done', 'done', NULL, '2023-01-18 06:07:18');
INSERT INTO `follow_up` (`id`, `enquiry_id`, `date`, `next_date`, `response`, `note`, `followup_by`, `created_at`) VALUES (88, 176, '2023-01-10', '2023-01-12', 'ok', 'ok', NULL, '2023-01-18 06:07:18');
INSERT INTO `follow_up` (`id`, `enquiry_id`, `date`, `next_date`, `response`, `note`, `followup_by`, `created_at`) VALUES (89, 177, '2023-01-23', '2023-01-24', 'done', 'done', NULL, '2023-01-18 06:07:18');
INSERT INTO `follow_up` (`id`, `enquiry_id`, `date`, `next_date`, `response`, `note`, `followup_by`, `created_at`) VALUES (90, 178, '2023-01-27', '2023-01-28', 'done', 'done', NULL, '2023-01-18 06:07:18');
INSERT INTO `follow_up` (`id`, `enquiry_id`, `date`, `next_date`, `response`, `note`, `followup_by`, `created_at`) VALUES (91, 175, '2023-01-19', '2023-01-20', 'done', 'done', NULL, '2023-01-18 06:07:18');
INSERT INTO `follow_up` (`id`, `enquiry_id`, `date`, `next_date`, `response`, `note`, `followup_by`, `created_at`) VALUES (92, 175, '2023-01-19', '2023-01-20', 'done', 'done', NULL, '2023-01-18 06:07:18');
INSERT INTO `follow_up` (`id`, `enquiry_id`, `date`, `next_date`, `response`, `note`, `followup_by`, `created_at`) VALUES (93, 173, '2023-01-12', '2023-01-14', 'won', '', NULL, '2023-01-18 06:07:18');
INSERT INTO `follow_up` (`id`, `enquiry_id`, `date`, `next_date`, `response`, `note`, `followup_by`, `created_at`) VALUES (94, 181, '2023-02-02', '2023-02-07', 'Won', '', 1, '2023-02-02 05:54:57');
INSERT INTO `follow_up` (`id`, `enquiry_id`, `date`, `next_date`, `response`, `note`, `followup_by`, `created_at`) VALUES (95, 182, '2023-02-02', '2023-02-13', 'Please Wait', '', 1, '2023-02-02 05:55:24');
INSERT INTO `follow_up` (`id`, `enquiry_id`, `date`, `next_date`, `response`, `note`, `followup_by`, `created_at`) VALUES (96, 185, '2023-02-02', '2023-02-23', 'Waiting', '', 1, '2023-02-02 05:56:46');
INSERT INTO `follow_up` (`id`, `enquiry_id`, `date`, `next_date`, `response`, `note`, `followup_by`, `created_at`) VALUES (97, 183, '2023-02-02', '2023-02-14', 'Won', '', 1, '2023-02-02 06:00:10');
INSERT INTO `follow_up` (`id`, `enquiry_id`, `date`, `next_date`, `response`, `note`, `followup_by`, `created_at`) VALUES (98, 210, '2023-04-01', '2023-04-04', 'Won', '', 1, '2023-03-31 12:29:02');
INSERT INTO `follow_up` (`id`, `enquiry_id`, `date`, `next_date`, `response`, `note`, `followup_by`, `created_at`) VALUES (99, 211, '2023-04-05', '2023-04-10', 'Wait', '', 1, '2023-03-31 12:32:15');
INSERT INTO `follow_up` (`id`, `enquiry_id`, `date`, `next_date`, `response`, `note`, `followup_by`, `created_at`) VALUES (100, 202, '2023-04-06', '2023-04-10', 'Wait', '', 1, '2023-03-31 12:33:02');
INSERT INTO `follow_up` (`id`, `enquiry_id`, `date`, `next_date`, `response`, `note`, `followup_by`, `created_at`) VALUES (101, 212, '2023-04-01', '2023-04-05', 'Won', '', 1, '2023-04-01 09:52:12');
INSERT INTO `follow_up` (`id`, `enquiry_id`, `date`, `next_date`, `response`, `note`, `followup_by`, `created_at`) VALUES (102, 203, '2023-04-01', '2023-04-05', 'Won', '', 1, '2023-04-01 10:08:29');
INSERT INTO `follow_up` (`id`, `enquiry_id`, `date`, `next_date`, `response`, `note`, `followup_by`, `created_at`) VALUES (103, 216, '2023-05-01', '2023-05-05', 'Won', '', 1, '2023-05-01 09:55:39');
INSERT INTO `follow_up` (`id`, `enquiry_id`, `date`, `next_date`, `response`, `note`, `followup_by`, `created_at`) VALUES (104, 217, '2023-05-05', '2023-05-10', 'Won', '', 1, '2023-05-01 09:57:19');
INSERT INTO `follow_up` (`id`, `enquiry_id`, `date`, `next_date`, `response`, `note`, `followup_by`, `created_at`) VALUES (105, 224, '2023-05-18', '2023-05-23', 'Lost', '', 1, '2023-05-01 09:59:52');
INSERT INTO `follow_up` (`id`, `enquiry_id`, `date`, `next_date`, `response`, `note`, `followup_by`, `created_at`) VALUES (106, 227, '2023-06-01', '2023-06-05', 'won', '', 1, '2023-06-01 07:51:11');
INSERT INTO `follow_up` (`id`, `enquiry_id`, `date`, `next_date`, `response`, `note`, `followup_by`, `created_at`) VALUES (107, 228, '2023-06-01', '2023-06-11', 'Wait', '', 1, '2023-06-01 07:56:00');
INSERT INTO `follow_up` (`id`, `enquiry_id`, `date`, `next_date`, `response`, `note`, `followup_by`, `created_at`) VALUES (108, 231, '2023-06-23', '2023-06-28', 'Lost', '', 1, '2023-06-01 08:06:15');
INSERT INTO `follow_up` (`id`, `enquiry_id`, `date`, `next_date`, `response`, `note`, `followup_by`, `created_at`) VALUES (109, 238, '2023-07-01', '2023-07-07', 'WON', '', 1, '2023-07-07 08:30:50');
INSERT INTO `follow_up` (`id`, `enquiry_id`, `date`, `next_date`, `response`, `note`, `followup_by`, `created_at`) VALUES (110, 240, '2023-07-10', '2023-07-16', 'LOST', '', 1, '2023-07-07 08:31:25');
INSERT INTO `follow_up` (`id`, `enquiry_id`, `date`, `next_date`, `response`, `note`, `followup_by`, `created_at`) VALUES (111, 251, '2023-08-05', '2023-08-08', 'Won', '', 4, '2023-08-05 10:56:37');
INSERT INTO `follow_up` (`id`, `enquiry_id`, `date`, `next_date`, `response`, `note`, `followup_by`, `created_at`) VALUES (112, 249, '2023-08-05', '2023-08-08', 'Lost', '', 4, '2023-08-05 10:56:58');
INSERT INTO `follow_up` (`id`, `enquiry_id`, `date`, `next_date`, `response`, `note`, `followup_by`, `created_at`) VALUES (113, 253, '2023-08-21', '2023-08-23', 'Lost', '', 4, '2023-08-05 10:58:15');
INSERT INTO `follow_up` (`id`, `enquiry_id`, `date`, `next_date`, `response`, `note`, `followup_by`, `created_at`) VALUES (114, 255, '2023-08-05', '2023-08-08', 'Won', '', 4, '2023-08-05 11:08:19');
INSERT INTO `follow_up` (`id`, `enquiry_id`, `date`, `next_date`, `response`, `note`, `followup_by`, `created_at`) VALUES (115, 254, '2023-08-22', '2023-08-25', 'Won', '', 4, '2023-08-05 11:09:52');
INSERT INTO `follow_up` (`id`, `enquiry_id`, `date`, `next_date`, `response`, `note`, `followup_by`, `created_at`) VALUES (116, 261, '2023-09-16', '2023-09-18', 'Won', '', 1, '2023-09-05 06:05:10');
INSERT INTO `follow_up` (`id`, `enquiry_id`, `date`, `next_date`, `response`, `note`, `followup_by`, `created_at`) VALUES (117, 259, '2023-09-01', '2023-09-05', 'Won', '', 1, '2023-09-05 06:05:38');
INSERT INTO `follow_up` (`id`, `enquiry_id`, `date`, `next_date`, `response`, `note`, `followup_by`, `created_at`) VALUES (118, 263, '2023-09-22', '2023-09-28', 'Lost', '', 1, '2023-09-05 06:07:43');
INSERT INTO `follow_up` (`id`, `enquiry_id`, `date`, `next_date`, `response`, `note`, `followup_by`, `created_at`) VALUES (119, 267, '2023-09-25', '2023-09-28', 'Won', '', 1, '2023-09-05 06:20:13');
INSERT INTO `follow_up` (`id`, `enquiry_id`, `date`, `next_date`, `response`, `note`, `followup_by`, `created_at`) VALUES (120, 269, '2023-10-03', '2023-10-07', 'Won', '', 1, '2023-10-03 08:07:22');
INSERT INTO `follow_up` (`id`, `enquiry_id`, `date`, `next_date`, `response`, `note`, `followup_by`, `created_at`) VALUES (121, 270, '2023-10-05', '2023-10-12', 'Waiting', '', 1, '2023-10-03 08:11:00');
INSERT INTO `follow_up` (`id`, `enquiry_id`, `date`, `next_date`, `response`, `note`, `followup_by`, `created_at`) VALUES (122, 275, '2023-10-07', '2023-10-14', 'Lost', '', 1, '2023-10-03 08:12:21');
INSERT INTO `follow_up` (`id`, `enquiry_id`, `date`, `next_date`, `response`, `note`, `followup_by`, `created_at`) VALUES (123, 281, '2023-11-02', '2023-11-05', 'Won', '', 1, '2023-11-02 09:12:12');
INSERT INTO `follow_up` (`id`, `enquiry_id`, `date`, `next_date`, `response`, `note`, `followup_by`, `created_at`) VALUES (124, 282, '2023-11-05', '2023-11-11', 'Won', '', 1, '2023-11-02 09:12:31');
INSERT INTO `follow_up` (`id`, `enquiry_id`, `date`, `next_date`, `response`, `note`, `followup_by`, `created_at`) VALUES (125, 285, '2023-11-20', '2023-11-25', 'Losr', '', 1, '2023-11-02 09:18:13');
INSERT INTO `follow_up` (`id`, `enquiry_id`, `date`, `next_date`, `response`, `note`, `followup_by`, `created_at`) VALUES (127, 291, '2023-12-04', '2023-12-05', 'Won', '', 1, '2023-12-04 12:09:24');
INSERT INTO `follow_up` (`id`, `enquiry_id`, `date`, `next_date`, `response`, `note`, `followup_by`, `created_at`) VALUES (128, 292, '2023-12-04', '2023-12-12', 'Won', '', 1, '2023-12-04 12:09:52');
INSERT INTO `follow_up` (`id`, `enquiry_id`, `date`, `next_date`, `response`, `note`, `followup_by`, `created_at`) VALUES (129, 300, '2024-01-04', '2024-01-06', 'Won', '', 1, '2024-01-04 07:33:37');
INSERT INTO `follow_up` (`id`, `enquiry_id`, `date`, `next_date`, `response`, `note`, `followup_by`, `created_at`) VALUES (130, 302, '2024-01-10', '2024-01-13', 'Lost', '', 1, '2024-01-04 07:34:47');
INSERT INTO `follow_up` (`id`, `enquiry_id`, `date`, `next_date`, `response`, `note`, `followup_by`, `created_at`) VALUES (131, 310, '2024-02-01', '2024-02-06', 'Won', '', 1, '2024-02-02 12:26:49');
INSERT INTO `follow_up` (`id`, `enquiry_id`, `date`, `next_date`, `response`, `note`, `followup_by`, `created_at`) VALUES (132, 312, '2024-02-10', '2024-02-18', 'Lost', '', 1, '2024-02-02 12:29:13');
INSERT INTO `follow_up` (`id`, `enquiry_id`, `date`, `next_date`, `response`, `note`, `followup_by`, `created_at`) VALUES (133, 313, '2024-02-15', '2024-02-22', 'Wait', '', 1, '2024-02-02 12:30:43');
INSERT INTO `follow_up` (`id`, `enquiry_id`, `date`, `next_date`, `response`, `note`, `followup_by`, `created_at`) VALUES (134, 314, '2024-02-20', '2024-02-27', 'Wait', '', 1, '2024-02-02 12:33:03');
INSERT INTO `follow_up` (`id`, `enquiry_id`, `date`, `next_date`, `response`, `note`, `followup_by`, `created_at`) VALUES (135, 320, '2024-03-02', '2024-03-08', 'Lost', '', 1, '2024-03-02 12:33:23');
INSERT INTO `follow_up` (`id`, `enquiry_id`, `date`, `next_date`, `response`, `note`, `followup_by`, `created_at`) VALUES (136, 329, '2024-04-01', '2024-04-04', 'Won', '', 1, '2024-04-03 04:34:35');
INSERT INTO `follow_up` (`id`, `enquiry_id`, `date`, `next_date`, `response`, `note`, `followup_by`, `created_at`) VALUES (137, 330, '2024-04-05', '2024-04-10', 'Lost', '', 1, '2024-04-03 04:35:05');
INSERT INTO `follow_up` (`id`, `enquiry_id`, `date`, `next_date`, `response`, `note`, `followup_by`, `created_at`) VALUES (138, 331, '2024-04-10', '2024-04-15', 'Won', '', 1, '2024-04-03 04:35:27');
INSERT INTO `follow_up` (`id`, `enquiry_id`, `date`, `next_date`, `response`, `note`, `followup_by`, `created_at`) VALUES (139, 332, '2024-04-15', '2024-04-18', 'Lost', '', 1, '2024-04-03 04:42:35');
INSERT INTO `follow_up` (`id`, `enquiry_id`, `date`, `next_date`, `response`, `note`, `followup_by`, `created_at`) VALUES (140, 333, '2024-04-20', '2024-04-24', 'Dead', '', 1, '2024-04-03 04:43:30');
INSERT INTO `follow_up` (`id`, `enquiry_id`, `date`, `next_date`, `response`, `note`, `followup_by`, `created_at`) VALUES (141, 335, '2024-04-16', '2024-04-20', 'Won', '', 1, '2024-04-03 04:44:36');
INSERT INTO `follow_up` (`id`, `enquiry_id`, `date`, `next_date`, `response`, `note`, `followup_by`, `created_at`) VALUES (142, 339, '2024-04-08', '2024-04-12', 'Won', '', 1, '2024-04-03 04:46:44');
INSERT INTO `follow_up` (`id`, `enquiry_id`, `date`, `next_date`, `response`, `note`, `followup_by`, `created_at`) VALUES (143, 342, '2024-04-02', '2024-04-06', 'Wait', '', 1, '2024-04-03 04:49:41');


#
# TABLE STRUCTURE FOR: front_cms_media_gallery
#


CREATE TABLE `front_cms_media_gallery` (
  `id` int NOT NULL AUTO_INCREMENT,
  `image` varchar(300) DEFAULT NULL,
  `thumb_path` varchar(300) DEFAULT NULL,
  `dir_path` varchar(300) DEFAULT NULL,
  `img_name` varchar(300) DEFAULT NULL,
  `thumb_name` varchar(300) DEFAULT NULL,
  `created_at` timestamp NOT NULL DEFAULT CURRENT_TIMESTAMP ON UPDATE CURRENT_TIMESTAMP,
  `file_type` varchar(100) NOT NULL,
  `file_size` varchar(100) NOT NULL,
  `vid_url` mediumtext NOT NULL,
  `vid_title` varchar(250) NOT NULL,
  PRIMARY KEY (`id`)
) ENGINE=InnoDB AUTO_INCREMENT=125 DEFAULT CHARSET=utf8mb3;

INSERT INTO `front_cms_media_gallery` (`id`, `image`, `thumb_path`, `dir_path`, `img_name`, `thumb_name`, `created_at`, `file_type`, `file_size`, `vid_url`, `vid_title`) VALUES (1, NULL, 'uploads/gallery/media/thumb/', 'uploads/gallery/media/', 'top-banner1.jpg', 'top-banner1.jpg', '2019-04-02 17:04:05', 'image/jpeg', '121172', '', '');
INSERT INTO `front_cms_media_gallery` (`id`, `image`, `thumb_path`, `dir_path`, `img_name`, `thumb_name`, `created_at`, `file_type`, `file_size`, `vid_url`, `vid_title`) VALUES (2, NULL, 'uploads/gallery/media/thumb/', 'uploads/gallery/media/', 'top-banner2.jpg', 'top-banner2.jpg', '2019-04-02 17:04:18', 'image/jpeg', '248860', '', '');
INSERT INTO `front_cms_media_gallery` (`id`, `image`, `thumb_path`, `dir_path`, `img_name`, `thumb_name`, `created_at`, `file_type`, `file_size`, `vid_url`, `vid_title`) VALUES (3, NULL, 'uploads/gallery/media/thumb/', 'uploads/gallery/media/', 'top-banner3.jpg', 'top-banner3.jpg', '2019-04-02 17:04:26', 'image/jpeg', '267786', '', '');
INSERT INTO `front_cms_media_gallery` (`id`, `image`, `thumb_path`, `dir_path`, `img_name`, `thumb_name`, `created_at`, `file_type`, `file_size`, `vid_url`, `vid_title`) VALUES (4, NULL, 'uploads/gallery/media/thumb/', 'uploads/gallery/media/', 'about_bg.jpg', 'about_bg.jpg', '2019-04-02 17:23:35', 'image/jpeg', '57274', '', '');
INSERT INTO `front_cms_media_gallery` (`id`, `image`, `thumb_path`, `dir_path`, `img_name`, `thumb_name`, `created_at`, `file_type`, `file_size`, `vid_url`, `vid_title`) VALUES (5, NULL, 'uploads/gallery/media/thumb/', 'uploads/gallery/media/', 'about.jpg', 'about.jpg', '2019-04-02 17:24:06', 'image/jpeg', '93002', '', '');
INSERT INTO `front_cms_media_gallery` (`id`, `image`, `thumb_path`, `dir_path`, `img_name`, `thumb_name`, `created_at`, `file_type`, `file_size`, `vid_url`, `vid_title`) VALUES (6, NULL, 'uploads/gallery/media/thumb/', 'uploads/gallery/media/', 'courseimg1.jpg', 'courseimg1.jpg', '2019-04-02 17:25:56', 'image/jpeg', '57289', '', '');
INSERT INTO `front_cms_media_gallery` (`id`, `image`, `thumb_path`, `dir_path`, `img_name`, `thumb_name`, `created_at`, `file_type`, `file_size`, `vid_url`, `vid_title`) VALUES (7, NULL, 'uploads/gallery/media/thumb/', 'uploads/gallery/media/', 'g8.jpg', 'g8.jpg', '2019-04-03 15:07:11', 'image/jpeg', '234203', '', '');
INSERT INTO `front_cms_media_gallery` (`id`, `image`, `thumb_path`, `dir_path`, `img_name`, `thumb_name`, `created_at`, `file_type`, `file_size`, `vid_url`, `vid_title`) VALUES (8, NULL, 'uploads/gallery/media/thumb/', 'uploads/gallery/media/', 'teacher1.jpg', 'teacher1.jpg', '2019-04-03 15:07:45', 'image/jpeg', '435645', '', '');
INSERT INTO `front_cms_media_gallery` (`id`, `image`, `thumb_path`, `dir_path`, `img_name`, `thumb_name`, `created_at`, `file_type`, `file_size`, `vid_url`, `vid_title`) VALUES (9, NULL, 'uploads/gallery/media/thumb/', 'uploads/gallery/media/', 'teacher2.jpg', 'teacher2.jpg', '2019-04-03 15:07:45', 'image/jpeg', '33956', '', '');
INSERT INTO `front_cms_media_gallery` (`id`, `image`, `thumb_path`, `dir_path`, `img_name`, `thumb_name`, `created_at`, `file_type`, `file_size`, `vid_url`, `vid_title`) VALUES (10, NULL, 'uploads/gallery/media/thumb/', 'uploads/gallery/media/', 'scholarship-icon.png', 'scholarship-icon.png', '2019-04-03 17:08:39', 'image/png', '6386', '', '');
INSERT INTO `front_cms_media_gallery` (`id`, `image`, `thumb_path`, `dir_path`, `img_name`, `thumb_name`, `created_at`, `file_type`, `file_size`, `vid_url`, `vid_title`) VALUES (11, NULL, 'uploads/gallery/media/thumb/', 'uploads/gallery/media/', 'book-icon.png', 'book-icon.png', '2019-04-03 17:30:18', 'image/png', '6070', '', '');
INSERT INTO `front_cms_media_gallery` (`id`, `image`, `thumb_path`, `dir_path`, `img_name`, `thumb_name`, `created_at`, `file_type`, `file_size`, `vid_url`, `vid_title`) VALUES (12, NULL, 'uploads/gallery/media/thumb/', 'uploads/gallery/media/', 'teacher-icon.png', 'teacher-icon.png', '2019-04-03 17:30:24', 'image/png', '5031', '', '');
INSERT INTO `front_cms_media_gallery` (`id`, `image`, `thumb_path`, `dir_path`, `img_name`, `thumb_name`, `created_at`, `file_type`, `file_size`, `vid_url`, `vid_title`) VALUES (22, NULL, 'uploads/gallery/media/thumb/', 'uploads/gallery/media/', 'facebook.png', 'facebook.png', '2019-04-04 16:58:05', 'image/png', '1882', '', '');
INSERT INTO `front_cms_media_gallery` (`id`, `image`, `thumb_path`, `dir_path`, `img_name`, `thumb_name`, `created_at`, `file_type`, `file_size`, `vid_url`, `vid_title`) VALUES (26, NULL, 'uploads/gallery/media/thumb/', 'uploads/gallery/media/', 'bus.jpg', 'bus.jpg', '2019-04-16 16:12:49', 'image/jpeg', '973099', '', '');
INSERT INTO `front_cms_media_gallery` (`id`, `image`, `thumb_path`, `dir_path`, `img_name`, `thumb_name`, `created_at`, `file_type`, `file_size`, `vid_url`, `vid_title`) VALUES (27, NULL, 'uploads/gallery/media/thumb/', 'uploads/gallery/media/', 'classrooms.jpg', 'classrooms.jpg', '2019-04-16 16:44:25', 'image/jpeg', '4732096', '', '');
INSERT INTO `front_cms_media_gallery` (`id`, `image`, `thumb_path`, `dir_path`, `img_name`, `thumb_name`, `created_at`, `file_type`, `file_size`, `vid_url`, `vid_title`) VALUES (28, NULL, 'uploads/gallery/media/thumb/', 'uploads/gallery/media/', 'iconic-f14.png', 'iconic-f14.png', '2019-04-23 15:16:03', 'image/png', '3075', '', '');
INSERT INTO `front_cms_media_gallery` (`id`, `image`, `thumb_path`, `dir_path`, `img_name`, `thumb_name`, `created_at`, `file_type`, `file_size`, `vid_url`, `vid_title`) VALUES (29, NULL, 'uploads/gallery/media/thumb/', 'uploads/gallery/media/', 'iconic-f15.png', 'iconic-f15.png', '2019-04-23 15:16:14', 'image/png', '3362', '', '');
INSERT INTO `front_cms_media_gallery` (`id`, `image`, `thumb_path`, `dir_path`, `img_name`, `thumb_name`, `created_at`, `file_type`, `file_size`, `vid_url`, `vid_title`) VALUES (30, NULL, 'uploads/gallery/media/thumb/', 'uploads/gallery/media/', 'iconic-f16.png', 'iconic-f16.png', '2019-04-23 15:16:20', 'image/png', '2637', '', '');
INSERT INTO `front_cms_media_gallery` (`id`, `image`, `thumb_path`, `dir_path`, `img_name`, `thumb_name`, `created_at`, `file_type`, `file_size`, `vid_url`, `vid_title`) VALUES (31, NULL, 'uploads/gallery/media/thumb/', 'uploads/gallery/media/', 'iconic-f17-1.png', 'iconic-f17-1.png', '2019-04-23 16:47:31', 'image/png', '3045', '', '');
INSERT INTO `front_cms_media_gallery` (`id`, `image`, `thumb_path`, `dir_path`, `img_name`, `thumb_name`, `created_at`, `file_type`, `file_size`, `vid_url`, `vid_title`) VALUES (33, NULL, 'uploads/gallery/media/thumb/', 'uploads/gallery/media/', 'courseimg3.jpg', 'courseimg3.jpg', '2019-04-26 15:14:52', 'image/jpeg', '73914', '', '');
INSERT INTO `front_cms_media_gallery` (`id`, `image`, `thumb_path`, `dir_path`, `img_name`, `thumb_name`, `created_at`, `file_type`, `file_size`, `vid_url`, `vid_title`) VALUES (34, NULL, 'uploads/gallery/media/thumb/', 'uploads/gallery/media/', 'courseimg2.jpg', 'courseimg2.jpg', '2019-04-26 15:15:40', 'image/jpeg', '38250', '', '');
INSERT INTO `front_cms_media_gallery` (`id`, `image`, `thumb_path`, `dir_path`, `img_name`, `thumb_name`, `created_at`, `file_type`, `file_size`, `vid_url`, `vid_title`) VALUES (35, NULL, 'uploads/gallery/media/thumb/', 'uploads/gallery/media/', 'courseimg4.jpg', 'courseimg4.jpg', '2019-04-26 15:18:45', 'image/jpeg', '80475', '', '');
INSERT INTO `front_cms_media_gallery` (`id`, `image`, `thumb_path`, `dir_path`, `img_name`, `thumb_name`, `created_at`, `file_type`, `file_size`, `vid_url`, `vid_title`) VALUES (36, NULL, 'uploads/gallery/media/thumb/', 'uploads/gallery/media/', 'achivement.jpg', 'achivement.jpg', '2019-04-26 15:23:03', 'image/jpeg', '59961', '', '');
INSERT INTO `front_cms_media_gallery` (`id`, `image`, `thumb_path`, `dir_path`, `img_name`, `thumb_name`, `created_at`, `file_type`, `file_size`, `vid_url`, `vid_title`) VALUES (37, NULL, 'uploads/gallery/media/thumb/', 'uploads/gallery/media/', 'testim-img1.jpg', 'testim-img1.jpg', '2019-04-26 15:58:05', 'image/jpeg', '56640', '', '');
INSERT INTO `front_cms_media_gallery` (`id`, `image`, `thumb_path`, `dir_path`, `img_name`, `thumb_name`, `created_at`, `file_type`, `file_size`, `vid_url`, `vid_title`) VALUES (38, NULL, 'uploads/gallery/media/thumb/', 'uploads/gallery/media/', 'testim-img2.jpg', 'testim-img2.jpg', '2019-04-26 15:58:10', 'image/jpeg', '88574', '', '');
INSERT INTO `front_cms_media_gallery` (`id`, `image`, `thumb_path`, `dir_path`, `img_name`, `thumb_name`, `created_at`, `file_type`, `file_size`, `vid_url`, `vid_title`) VALUES (39, NULL, 'uploads/gallery/media/thumb/', 'uploads/gallery/media/', 'testim-img3.jpg', 'testim-img3.jpg', '2019-04-26 16:02:51', 'image/jpeg', '93427', '', '');
INSERT INTO `front_cms_media_gallery` (`id`, `image`, `thumb_path`, `dir_path`, `img_name`, `thumb_name`, `created_at`, `file_type`, `file_size`, `vid_url`, `vid_title`) VALUES (40, NULL, 'uploads/gallery/media/thumb/', 'uploads/gallery/media/', 'testim-img4.jpg', 'testim-img4.jpg', '2019-04-26 16:07:39', 'image/jpeg', '82597', '', '');
INSERT INTO `front_cms_media_gallery` (`id`, `image`, `thumb_path`, `dir_path`, `img_name`, `thumb_name`, `created_at`, `file_type`, `file_size`, `vid_url`, `vid_title`) VALUES (41, NULL, 'uploads/gallery/media/thumb/', 'uploads/gallery/media/', 'teacher1-1556236800.jpg', 'teacher1-1556236800.jpg', '2019-04-26 16:27:56', 'image/jpeg', '55751', '', '');
INSERT INTO `front_cms_media_gallery` (`id`, `image`, `thumb_path`, `dir_path`, `img_name`, `thumb_name`, `created_at`, `file_type`, `file_size`, `vid_url`, `vid_title`) VALUES (42, NULL, 'uploads/gallery/media/thumb/', 'uploads/gallery/media/', 'teacher2-1556236800.jpg', 'teacher2-1556236800.jpg', '2019-04-26 16:37:22', 'image/jpeg', '69626', '', '');
INSERT INTO `front_cms_media_gallery` (`id`, `image`, `thumb_path`, `dir_path`, `img_name`, `thumb_name`, `created_at`, `file_type`, `file_size`, `vid_url`, `vid_title`) VALUES (43, NULL, 'uploads/gallery/media/thumb/', 'uploads/gallery/media/', 'teacher3.jpg', 'teacher3.jpg', '2019-04-26 16:41:50', 'image/jpeg', '115762', '', '');
INSERT INTO `front_cms_media_gallery` (`id`, `image`, `thumb_path`, `dir_path`, `img_name`, `thumb_name`, `created_at`, `file_type`, `file_size`, `vid_url`, `vid_title`) VALUES (44, NULL, 'uploads/gallery/media/thumb/', 'uploads/gallery/media/', 'whatwedo.jpg', 'whatwedo.jpg', '2019-04-26 16:58:49', 'image/jpeg', '51651', '', '');
INSERT INTO `front_cms_media_gallery` (`id`, `image`, `thumb_path`, `dir_path`, `img_name`, `thumb_name`, `created_at`, `file_type`, `file_size`, `vid_url`, `vid_title`) VALUES (45, NULL, 'uploads/gallery/media/thumb/', 'uploads/gallery/media/', 'laboratories.jpg', 'laboratories.jpg', '2019-04-26 17:06:44', 'image/jpeg', '112505', '', '');
INSERT INTO `front_cms_media_gallery` (`id`, `image`, `thumb_path`, `dir_path`, `img_name`, `thumb_name`, `created_at`, `file_type`, `file_size`, `vid_url`, `vid_title`) VALUES (46, NULL, 'uploads/gallery/media/thumb/', 'uploads/gallery/media/', 'library.jpg', 'library.jpg', '2019-04-26 17:14:33', 'image/jpeg', '205105', '', '');
INSERT INTO `front_cms_media_gallery` (`id`, `image`, `thumb_path`, `dir_path`, `img_name`, `thumb_name`, `created_at`, `file_type`, `file_size`, `vid_url`, `vid_title`) VALUES (47, NULL, 'uploads/gallery/media/thumb/', 'uploads/gallery/media/', 'courseimg5.jpg', 'courseimg5.jpg', '2019-04-26 17:31:04', 'image/jpeg', '90066', '', '');
INSERT INTO `front_cms_media_gallery` (`id`, `image`, `thumb_path`, `dir_path`, `img_name`, `thumb_name`, `created_at`, `file_type`, `file_size`, `vid_url`, `vid_title`) VALUES (48, NULL, 'uploads/gallery/media/thumb/', 'uploads/gallery/media/', 'courseimg6.jpg', 'courseimg6.jpg', '2019-04-26 17:31:04', 'image/jpeg', '108078', '', '');
INSERT INTO `front_cms_media_gallery` (`id`, `image`, `thumb_path`, `dir_path`, `img_name`, `thumb_name`, `created_at`, `file_type`, `file_size`, `vid_url`, `vid_title`) VALUES (49, NULL, 'uploads/gallery/media/thumb/', 'uploads/gallery/media/', 'principal.jpg', 'principal.jpg', '2019-04-26 17:38:35', 'image/jpeg', '128311', '', '');
INSERT INTO `front_cms_media_gallery` (`id`, `image`, `thumb_path`, `dir_path`, `img_name`, `thumb_name`, `created_at`, `file_type`, `file_size`, `vid_url`, `vid_title`) VALUES (50, NULL, 'uploads/gallery/media/thumb/', 'uploads/gallery/media/', 'teacher4.jpg', 'teacher4.jpg', '2019-04-27 15:20:03', 'image/jpeg', '64358', '', '');
INSERT INTO `front_cms_media_gallery` (`id`, `image`, `thumb_path`, `dir_path`, `img_name`, `thumb_name`, `created_at`, `file_type`, `file_size`, `vid_url`, `vid_title`) VALUES (51, NULL, 'uploads/gallery/media/thumb/', 'uploads/gallery/media/', 'teacher5.jpg', 'teacher5.jpg', '2019-04-27 15:20:08', 'image/jpeg', '58069', '', '');
INSERT INTO `front_cms_media_gallery` (`id`, `image`, `thumb_path`, `dir_path`, `img_name`, `thumb_name`, `created_at`, `file_type`, `file_size`, `vid_url`, `vid_title`) VALUES (52, NULL, 'uploads/gallery/media/thumb/', 'uploads/gallery/media/', 'teacher6.jpg', 'teacher6.jpg', '2019-04-27 15:25:38', 'image/jpeg', '68465', '', '');
INSERT INTO `front_cms_media_gallery` (`id`, `image`, `thumb_path`, `dir_path`, `img_name`, `thumb_name`, `created_at`, `file_type`, `file_size`, `vid_url`, `vid_title`) VALUES (53, NULL, 'uploads/gallery/media/thumb/', 'uploads/gallery/media/', 'teacher7.jpg', 'teacher7.jpg', '2019-04-27 15:25:38', 'image/jpeg', '59319', '', '');
INSERT INTO `front_cms_media_gallery` (`id`, `image`, `thumb_path`, `dir_path`, `img_name`, `thumb_name`, `created_at`, `file_type`, `file_size`, `vid_url`, `vid_title`) VALUES (54, NULL, 'uploads/gallery/media/thumb/', 'uploads/gallery/media/', 'gal4.jpg', 'gal4.jpg', '2019-04-27 16:06:06', 'image/jpeg', '161949', '', '');
INSERT INTO `front_cms_media_gallery` (`id`, `image`, `thumb_path`, `dir_path`, `img_name`, `thumb_name`, `created_at`, `file_type`, `file_size`, `vid_url`, `vid_title`) VALUES (55, NULL, 'uploads/gallery/media/thumb/', 'uploads/gallery/media/', 'gal7.jpg', 'gal7.jpg', '2019-04-27 16:06:06', 'image/jpeg', '179431', '', '');
INSERT INTO `front_cms_media_gallery` (`id`, `image`, `thumb_path`, `dir_path`, `img_name`, `thumb_name`, `created_at`, `file_type`, `file_size`, `vid_url`, `vid_title`) VALUES (56, NULL, 'uploads/gallery/media/thumb/', 'uploads/gallery/media/', 'gal21.jpg', 'gal21.jpg', '2019-04-27 16:06:06', 'image/jpeg', '176341', '', '');
INSERT INTO `front_cms_media_gallery` (`id`, `image`, `thumb_path`, `dir_path`, `img_name`, `thumb_name`, `created_at`, `file_type`, `file_size`, `vid_url`, `vid_title`) VALUES (57, NULL, 'uploads/gallery/media/thumb/', 'uploads/gallery/media/', 'gal25.jpg', 'gal25.jpg', '2019-04-27 16:06:06', 'image/jpeg', '123757', '', '');
INSERT INTO `front_cms_media_gallery` (`id`, `image`, `thumb_path`, `dir_path`, `img_name`, `thumb_name`, `created_at`, `file_type`, `file_size`, `vid_url`, `vid_title`) VALUES (58, NULL, 'uploads/gallery/media/thumb/', 'uploads/gallery/media/', 'gal26.jpg', 'gal26.jpg', '2019-04-27 16:06:06', 'image/jpeg', '167483', '', '');
INSERT INTO `front_cms_media_gallery` (`id`, `image`, `thumb_path`, `dir_path`, `img_name`, `thumb_name`, `created_at`, `file_type`, `file_size`, `vid_url`, `vid_title`) VALUES (59, NULL, 'uploads/gallery/media/thumb/', 'uploads/gallery/media/', 'gal34.jpg', 'gal34.jpg', '2019-04-27 16:06:06', 'image/jpeg', '202985', '', '');
INSERT INTO `front_cms_media_gallery` (`id`, `image`, `thumb_path`, `dir_path`, `img_name`, `thumb_name`, `created_at`, `file_type`, `file_size`, `vid_url`, `vid_title`) VALUES (60, NULL, 'uploads/gallery/media/thumb/', 'uploads/gallery/media/', 'gal5.jpg', 'gal5.jpg', '2019-04-27 17:22:45', 'image/jpeg', '157400', '', '');
INSERT INTO `front_cms_media_gallery` (`id`, `image`, `thumb_path`, `dir_path`, `img_name`, `thumb_name`, `created_at`, `file_type`, `file_size`, `vid_url`, `vid_title`) VALUES (61, NULL, 'uploads/gallery/media/thumb/', 'uploads/gallery/media/', 'gal3.jpg', 'gal3.jpg', '2019-04-27 17:27:16', 'image/jpeg', '138491', '', '');
INSERT INTO `front_cms_media_gallery` (`id`, `image`, `thumb_path`, `dir_path`, `img_name`, `thumb_name`, `created_at`, `file_type`, `file_size`, `vid_url`, `vid_title`) VALUES (62, NULL, 'uploads/gallery/media/thumb/', 'uploads/gallery/media/', 'gal77.jpg', 'gal77.jpg', '2019-04-27 17:29:28', 'image/jpeg', '103873', '', '');
INSERT INTO `front_cms_media_gallery` (`id`, `image`, `thumb_path`, `dir_path`, `img_name`, `thumb_name`, `created_at`, `file_type`, `file_size`, `vid_url`, `vid_title`) VALUES (63, NULL, 'uploads/gallery/media/thumb/', 'uploads/gallery/media/', 'gal15.jpg', 'gal15.jpg', '2019-04-27 17:30:39', 'image/jpeg', '103352', '', '');
INSERT INTO `front_cms_media_gallery` (`id`, `image`, `thumb_path`, `dir_path`, `img_name`, `thumb_name`, `created_at`, `file_type`, `file_size`, `vid_url`, `vid_title`) VALUES (64, NULL, 'uploads/gallery/media/thumb/', 'uploads/gallery/media/', 'gal6.jpg', 'gal6.jpg', '2019-04-27 17:32:47', 'image/jpeg', '206671', '', '');
INSERT INTO `front_cms_media_gallery` (`id`, `image`, `thumb_path`, `dir_path`, `img_name`, `thumb_name`, `created_at`, `file_type`, `file_size`, `vid_url`, `vid_title`) VALUES (65, NULL, 'uploads/gallery/media/thumb/', 'uploads/gallery/media/', 'gal9.jpg', 'gal9.jpg', '2019-04-27 17:34:29', 'image/jpeg', '128703', '', '');
INSERT INTO `front_cms_media_gallery` (`id`, `image`, `thumb_path`, `dir_path`, `img_name`, `thumb_name`, `created_at`, `file_type`, `file_size`, `vid_url`, `vid_title`) VALUES (66, NULL, 'uploads/gallery/media/thumb/', 'uploads/gallery/media/', 'gal10.jpg', 'gal10.jpg', '2019-04-27 17:36:32', 'image/jpeg', '156498', '', '');
INSERT INTO `front_cms_media_gallery` (`id`, `image`, `thumb_path`, `dir_path`, `img_name`, `thumb_name`, `created_at`, `file_type`, `file_size`, `vid_url`, `vid_title`) VALUES (68, NULL, 'uploads/gallery/media/thumb/', 'uploads/gallery/media/', 'gal12.jpg', 'gal12.jpg', '2019-04-27 17:36:32', 'image/jpeg', '200527', '', '');
INSERT INTO `front_cms_media_gallery` (`id`, `image`, `thumb_path`, `dir_path`, `img_name`, `thumb_name`, `created_at`, `file_type`, `file_size`, `vid_url`, `vid_title`) VALUES (69, NULL, 'uploads/gallery/media/thumb/', 'uploads/gallery/media/', 'gal38.jpg', 'gal38.jpg', '2019-04-30 14:36:07', 'image/jpeg', '129403', '', '');
INSERT INTO `front_cms_media_gallery` (`id`, `image`, `thumb_path`, `dir_path`, `img_name`, `thumb_name`, `created_at`, `file_type`, `file_size`, `vid_url`, `vid_title`) VALUES (70, NULL, 'uploads/gallery/media/thumb/', 'uploads/gallery/media/', 'gal39.jpg', 'gal39.jpg', '2019-04-30 14:36:53', 'image/jpeg', '139338', '', '');
INSERT INTO `front_cms_media_gallery` (`id`, `image`, `thumb_path`, `dir_path`, `img_name`, `thumb_name`, `created_at`, `file_type`, `file_size`, `vid_url`, `vid_title`) VALUES (71, NULL, 'uploads/gallery/media/thumb/', 'uploads/gallery/media/', 'gal40.jpg', 'gal40.jpg', '2019-04-30 14:37:39', 'image/jpeg', '132874', '', '');
INSERT INTO `front_cms_media_gallery` (`id`, `image`, `thumb_path`, `dir_path`, `img_name`, `thumb_name`, `created_at`, `file_type`, `file_size`, `vid_url`, `vid_title`) VALUES (72, NULL, 'uploads/gallery/media/thumb/', 'uploads/gallery/media/', 'gal41.jpg', 'gal41.jpg', '2019-04-30 14:38:27', 'image/jpeg', '143061', '', '');
INSERT INTO `front_cms_media_gallery` (`id`, `image`, `thumb_path`, `dir_path`, `img_name`, `thumb_name`, `created_at`, `file_type`, `file_size`, `vid_url`, `vid_title`) VALUES (73, NULL, 'uploads/gallery/media/thumb/', 'uploads/gallery/media/', 'gal43.jpg', 'gal43.jpg', '2019-04-30 14:39:04', 'image/jpeg', '146945', '', '');
INSERT INTO `front_cms_media_gallery` (`id`, `image`, `thumb_path`, `dir_path`, `img_name`, `thumb_name`, `created_at`, `file_type`, `file_size`, `vid_url`, `vid_title`) VALUES (75, NULL, 'uploads/gallery/youtube_video/thumb/', 'uploads/gallery/youtube_video/', '5d9725281d1c1.jpg', '5d9725281d1c1.jpg', '2019-10-04 10:55:36', 'video', '0', 'https://www.youtube.com/watch?v=5u1AfygxyvI', 'Black / Red / Aqua / Abstract Landscape Painting Demo / For beginners / Daily Art Therapy /Day #0179');
INSERT INTO `front_cms_media_gallery` (`id`, `image`, `thumb_path`, `dir_path`, `img_name`, `thumb_name`, `created_at`, `file_type`, `file_size`, `vid_url`, `vid_title`) VALUES (76, NULL, 'uploads/gallery/media/thumb/', 'uploads/gallery/media/', 'v-4banner1.jpg', 'v-4banner1.jpg', '2019-10-26 10:46:25', 'image/jpeg', '253646', '', '');
INSERT INTO `front_cms_media_gallery` (`id`, `image`, `thumb_path`, `dir_path`, `img_name`, `thumb_name`, `created_at`, `file_type`, `file_size`, `vid_url`, `vid_title`) VALUES (77, NULL, 'uploads/gallery/media/thumb/', 'uploads/gallery/media/', 'v-4banner2.jpg', 'v-4banner2.jpg', '2019-10-26 10:47:05', 'image/jpeg', '384690', '', '');
INSERT INTO `front_cms_media_gallery` (`id`, `image`, `thumb_path`, `dir_path`, `img_name`, `thumb_name`, `created_at`, `file_type`, `file_size`, `vid_url`, `vid_title`) VALUES (78, NULL, 'uploads/gallery/media/thumb/', 'uploads/gallery/media/', 'v-4banner3.jpg', 'v-4banner3.jpg', '2019-10-26 10:47:15', 'image/jpeg', '265142', '', '');
INSERT INTO `front_cms_media_gallery` (`id`, `image`, `thumb_path`, `dir_path`, `img_name`, `thumb_name`, `created_at`, `file_type`, `file_size`, `vid_url`, `vid_title`) VALUES (79, NULL, 'uploads/gallery/media/thumb/', 'uploads/gallery/media/', 'v-4banner4.jpg', 'v-4banner4.jpg', '2019-10-26 10:47:37', 'image/jpeg', '190592', '', '');
INSERT INTO `front_cms_media_gallery` (`id`, `image`, `thumb_path`, `dir_path`, `img_name`, `thumb_name`, `created_at`, `file_type`, `file_size`, `vid_url`, `vid_title`) VALUES (80, NULL, 'uploads/gallery/media/thumb/', 'uploads/gallery/media/', 'top-banner2-2.jpg', 'top-banner2-2.jpg', '2019-10-26 11:13:18', 'image/jpeg', '330384', '', '');
INSERT INTO `front_cms_media_gallery` (`id`, `image`, `thumb_path`, `dir_path`, `img_name`, `thumb_name`, `created_at`, `file_type`, `file_size`, `vid_url`, `vid_title`) VALUES (81, NULL, 'uploads/gallery/media/thumb/', 'uploads/gallery/media/', 'v-4banner3-3.jpg', 'v-4banner3-3.jpg', '2019-10-26 11:17:04', 'image/jpeg', '227581', '', '');
INSERT INTO `front_cms_media_gallery` (`id`, `image`, `thumb_path`, `dir_path`, `img_name`, `thumb_name`, `created_at`, `file_type`, `file_size`, `vid_url`, `vid_title`) VALUES (83, NULL, 'uploads/gallery/media/thumb/', 'uploads/gallery/media/', 'bubbles-1593475200.jpg', 'bubbles-1593475200.jpg', '2020-06-30 09:16:09', 'image/jpeg', '165203', '', '');
INSERT INTO `front_cms_media_gallery` (`id`, `image`, `thumb_path`, `dir_path`, `img_name`, `thumb_name`, `created_at`, `file_type`, `file_size`, `vid_url`, `vid_title`) VALUES (84, NULL, 'uploads/gallery/media/thumb/', 'uploads/gallery/media/', 'kittens.jpg', 'kittens.jpg', '2020-06-30 09:18:07', 'image/jpeg', '6371', '', '');
INSERT INTO `front_cms_media_gallery` (`id`, `image`, `thumb_path`, `dir_path`, `img_name`, `thumb_name`, `created_at`, `file_type`, `file_size`, `vid_url`, `vid_title`) VALUES (85, NULL, 'uploads/gallery/media/thumb/', 'uploads/gallery/media/', 'cloths.jpg', 'cloths.jpg', '2020-06-30 09:55:25', 'image/jpeg', '8495', '', '');
INSERT INTO `front_cms_media_gallery` (`id`, `image`, `thumb_path`, `dir_path`, `img_name`, `thumb_name`, `created_at`, `file_type`, `file_size`, `vid_url`, `vid_title`) VALUES (86, NULL, 'uploads/gallery/media/thumb/', 'uploads/gallery/media/', 'houses.jpg', 'houses.jpg', '2020-06-30 09:59:32', 'image/jpeg', '7445', '', '');
INSERT INTO `front_cms_media_gallery` (`id`, `image`, `thumb_path`, `dir_path`, `img_name`, `thumb_name`, `created_at`, `file_type`, `file_size`, `vid_url`, `vid_title`) VALUES (87, NULL, 'uploads/gallery/media/thumb/', 'uploads/gallery/media/', 'food.jpg', 'food.jpg', '2020-06-30 10:10:05', 'image/jpeg', '10144', '', '');
INSERT INTO `front_cms_media_gallery` (`id`, `image`, `thumb_path`, `dir_path`, `img_name`, `thumb_name`, `created_at`, `file_type`, `file_size`, `vid_url`, `vid_title`) VALUES (88, NULL, 'uploads/gallery/media/thumb/', 'uploads/gallery/media/', 'kahani.jpg', 'kahani.jpg', '2020-06-30 12:38:06', 'image/jpeg', '42838', '', '');
INSERT INTO `front_cms_media_gallery` (`id`, `image`, `thumb_path`, `dir_path`, `img_name`, `thumb_name`, `created_at`, `file_type`, `file_size`, `vid_url`, `vid_title`) VALUES (89, NULL, 'uploads/gallery/media/thumb/', 'uploads/gallery/media/', 'hindi Poem.jpg', 'hindi Poem.jpg', '2020-06-30 12:42:40', 'image/jpeg', '6497', '', '');
INSERT INTO `front_cms_media_gallery` (`id`, `image`, `thumb_path`, `dir_path`, `img_name`, `thumb_name`, `created_at`, `file_type`, `file_size`, `vid_url`, `vid_title`) VALUES (90, NULL, 'uploads/gallery/media/thumb/', 'uploads/gallery/media/', 'fun activity image.jpg', 'fun activity image.jpg', '2020-07-01 05:35:11', 'image/jpeg', '9126', '', '');
INSERT INTO `front_cms_media_gallery` (`id`, `image`, `thumb_path`, `dir_path`, `img_name`, `thumb_name`, `created_at`, `file_type`, `file_size`, `vid_url`, `vid_title`) VALUES (91, NULL, 'uploads/gallery/media/thumb/', 'uploads/gallery/media/', 'fun practice.jpg', 'fun practice.jpg', '2020-07-01 06:00:28', 'image/jpeg', '3415', '', '');
INSERT INTO `front_cms_media_gallery` (`id`, `image`, `thumb_path`, `dir_path`, `img_name`, `thumb_name`, `created_at`, `file_type`, `file_size`, `vid_url`, `vid_title`) VALUES (92, NULL, 'uploads/gallery/media/thumb/', 'uploads/gallery/media/', 'counting-numbers-with-fruits-vector-14371357.jpg', 'counting-numbers-with-fruits-vector-14371357.jpg', '2020-10-07 06:07:13', 'image/jpeg', '268941', '', '');
INSERT INTO `front_cms_media_gallery` (`id`, `image`, `thumb_path`, `dir_path`, `img_name`, `thumb_name`, `created_at`, `file_type`, `file_size`, `vid_url`, `vid_title`) VALUES (93, NULL, 'uploads/gallery/media/thumb/', 'uploads/gallery/media/', 'puzzles.png', 'puzzles.png', '2020-10-07 06:07:48', 'image/png', '9712', '', '');
INSERT INTO `front_cms_media_gallery` (`id`, `image`, `thumb_path`, `dir_path`, `img_name`, `thumb_name`, `created_at`, `file_type`, `file_size`, `vid_url`, `vid_title`) VALUES (94, NULL, 'uploads/gallery/youtube_video/thumb/', 'uploads/gallery/youtube_video/', '5f7d5b5fdd7b2.jpg', '5f7d5b5fdd7b2.jpg', '2020-10-07 06:08:32', 'video', '0', 'https://www.youtube.com/watch?v=ea5-SIe5l7M', 'The Numbers Song - Learn To Count from 1 to 10 - Number Rhymes For Children');
INSERT INTO `front_cms_media_gallery` (`id`, `image`, `thumb_path`, `dir_path`, `img_name`, `thumb_name`, `created_at`, `file_type`, `file_size`, `vid_url`, `vid_title`) VALUES (95, NULL, 'uploads/gallery/media/thumb/', 'uploads/gallery/media/', 'plants and animal.jpg', 'plants and animal.jpg', '2020-10-07 06:43:19', 'image/jpeg', '800672', '', '');
INSERT INTO `front_cms_media_gallery` (`id`, `image`, `thumb_path`, `dir_path`, `img_name`, `thumb_name`, `created_at`, `file_type`, `file_size`, `vid_url`, `vid_title`) VALUES (96, NULL, 'uploads/gallery/media/thumb/', 'uploads/gallery/media/', 'health and heigene.jpg', 'health and heigene.jpg', '2020-10-07 06:49:08', 'image/jpeg', '15079', '', '');
INSERT INTO `front_cms_media_gallery` (`id`, `image`, `thumb_path`, `dir_path`, `img_name`, `thumb_name`, `created_at`, `file_type`, `file_size`, `vid_url`, `vid_title`) VALUES (97, NULL, 'uploads/gallery/media/thumb/', 'uploads/gallery/media/', 'fun games.png', 'fun games.png', '2020-10-07 07:12:10', 'image/png', '125617', '', '');
INSERT INTO `front_cms_media_gallery` (`id`, `image`, `thumb_path`, `dir_path`, `img_name`, `thumb_name`, `created_at`, `file_type`, `file_size`, `vid_url`, `vid_title`) VALUES (98, NULL, 'uploads/gallery/media/thumb/', 'uploads/gallery/media/', 'poem.jpg', 'poem.jpg', '2020-10-07 07:21:18', 'image/jpeg', '9663', '', '');
INSERT INTO `front_cms_media_gallery` (`id`, `image`, `thumb_path`, `dir_path`, `img_name`, `thumb_name`, `created_at`, `file_type`, `file_size`, `vid_url`, `vid_title`) VALUES (99, NULL, 'uploads/gallery/media/thumb/', 'uploads/gallery/media/', 'env.jpg', 'env.jpg', '2020-10-08 07:10:04', 'image/jpeg', '35166', '', '');
INSERT INTO `front_cms_media_gallery` (`id`, `image`, `thumb_path`, `dir_path`, `img_name`, `thumb_name`, `created_at`, `file_type`, `file_size`, `vid_url`, `vid_title`) VALUES (100, 'DCC Sports Day (3).jfif', 'uploads/gallery/media/thumb/', 'uploads/gallery/media/', '1674040621-203862736463c7d52d312c6!DCC Sports Day (3).jfif', '1674040621-203862736463c7d52d312c6!thumb_DCC Sports Day (3).jfif', '2023-01-18 16:47:01', 'image/jpeg', '908547', '', '');
INSERT INTO `front_cms_media_gallery` (`id`, `image`, `thumb_path`, `dir_path`, `img_name`, `thumb_name`, `created_at`, `file_type`, `file_size`, `vid_url`, `vid_title`) VALUES (101, 'Celebrations-Ideas.jpeg', 'uploads/gallery/media/thumb/', 'uploads/gallery/media/', '1691395654-26056364664d0a646cb8eb!Celebrations-Ideas.jpeg', '1691395654-26056364664d0a646cb8eb!thumb_Celebrations-Ideas.jpeg', '2023-08-07 13:37:34', 'image/jpeg', '79466', '', '');
INSERT INTO `front_cms_media_gallery` (`id`, `image`, `thumb_path`, `dir_path`, `img_name`, `thumb_name`, `created_at`, `file_type`, `file_size`, `vid_url`, `vid_title`) VALUES (102, 'Happy.jpg', 'uploads/gallery/media/thumb/', 'uploads/gallery/media/', '1691395844-211368118564d0a70461b06!Happy.jpg', '1691395844-211368118564d0a70461b06!thumb_Happy.jpg', '2023-08-07 13:40:44', 'image/jpeg', '79109', '', '');
INSERT INTO `front_cms_media_gallery` (`id`, `image`, `thumb_path`, `dir_path`, `img_name`, `thumb_name`, `created_at`, `file_type`, `file_size`, `vid_url`, `vid_title`) VALUES (104, 'Happy-Diwali-to-My-Students.jpg', 'uploads/gallery/media/thumb/', 'uploads/gallery/media/', '1698927700-34022896465439454f26df!Happy-Diwali-to-My-Students.jpg', '1698927700-34022896465439454f26df!thumb_Happy-Diwali-to-My-Students.jpg', '2023-11-02 17:51:41', 'image/jpeg', '171827', '', '');
INSERT INTO `front_cms_media_gallery` (`id`, `image`, `thumb_path`, `dir_path`, `img_name`, `thumb_name`, `created_at`, `file_type`, `file_size`, `vid_url`, `vid_title`) VALUES (105, 'Christmas-Day.png', 'uploads/gallery/media/thumb/', 'uploads/gallery/media/', '1701760850-2009928343656ecf52486a9!Christmas-Day.png', '1701760850-2009928343656ecf52486a9!thumb_Christmas-Day.png', '2023-12-05 12:50:50', 'image/png', '210642', '', '');
INSERT INTO `front_cms_media_gallery` (`id`, `image`, `thumb_path`, `dir_path`, `img_name`, `thumb_name`, `created_at`, `file_type`, `file_size`, `vid_url`, `vid_title`) VALUES (106, '6_334.jpg', 'uploads/gallery/media/thumb/', 'uploads/gallery/media/', '1706936356-34498891465bdc82403c7e!6_334.jpg', '1706936356-34498891465bdc82403c7e!thumb_6_334.jpg', '2024-02-03 10:29:16', 'image/jpeg', '145054', '', '');
INSERT INTO `front_cms_media_gallery` (`id`, `image`, `thumb_path`, `dir_path`, `img_name`, `thumb_name`, `created_at`, `file_type`, `file_size`, `vid_url`, `vid_title`) VALUES (107, '2024-CBSE.jpg', 'uploads/gallery/media/thumb/', 'uploads/gallery/media/', '1706937525-160033058065bdccb597510!2024-CBSE.jpg', '1706937525-160033058065bdccb597510!thumb_2024-CBSE.jpg', '2024-02-03 10:48:45', 'image/jpeg', '132035', '', '');
INSERT INTO `front_cms_media_gallery` (`id`, `image`, `thumb_path`, `dir_path`, `img_name`, `thumb_name`, `created_at`, `file_type`, `file_size`, `vid_url`, `vid_title`) VALUES (108, 'annual-day.jpg', 'uploads/gallery/media/thumb/', 'uploads/gallery/media/', '1706963730-19397640265be33120b14c!annual-day.jpg', '1706963730-19397640265be33120b14c!thumb_annual-day.jpg', '2024-02-03 18:05:30', 'image/jpeg', '165470', '', '');
INSERT INTO `front_cms_media_gallery` (`id`, `image`, `thumb_path`, `dir_path`, `img_name`, `thumb_name`, `created_at`, `file_type`, `file_size`, `vid_url`, `vid_title`) VALUES (109, 'y.jpg', 'uploads/gallery/media/thumb/', 'uploads/gallery/media/', '1709623085-26123105465e6c72dec480!y.jpg', '1709623085-26123105465e6c72dec480!thumb_y.jpg', '2024-03-05 12:48:05', 'image/jpeg', '429122', '', '');
INSERT INTO `front_cms_media_gallery` (`id`, `image`, `thumb_path`, `dir_path`, `img_name`, `thumb_name`, `created_at`, `file_type`, `file_size`, `vid_url`, `vid_title`) VALUES (110, 'maxresdefault.jpg', 'uploads/gallery/media/thumb/', 'uploads/gallery/media/', '1709623111-107474880365e6c747b8391!maxresdefault.jpg', '1709623111-107474880365e6c747b8391!thumb_maxresdefault.jpg', '2024-03-05 12:48:31', 'image/jpeg', '133595', '', '');
INSERT INTO `front_cms_media_gallery` (`id`, `image`, `thumb_path`, `dir_path`, `img_name`, `thumb_name`, `created_at`, `file_type`, `file_size`, `vid_url`, `vid_title`) VALUES (111, 'download.png', 'uploads/gallery/media/thumb/', 'uploads/gallery/media/', '1709633088-114220754065e6ee40ccf95!download.png', '1709633088-114220754065e6ee40ccf95!thumb_download.png', '2024-03-05 15:34:48', 'image/png', '7305', '', '');
INSERT INTO `front_cms_media_gallery` (`id`, `image`, `thumb_path`, `dir_path`, `img_name`, `thumb_name`, `created_at`, `file_type`, `file_size`, `vid_url`, `vid_title`) VALUES (112, '1674040621-203862736463c7d52d312c6!DCC Sports Day (3).jfif', 'uploads/gallery/media/thumb/', 'uploads/gallery/media/', '1709636431-64021365065e6fb4ff2320!1674040621-203862736463c7d52d312c6!DCC Sports Day (3).jfif', '1709636431-64021365065e6fb4ff2320!thumb_1674040621-203862736463c7d52d312c6!DCC Sports Day (3).jfif', '2024-03-05 16:30:32', 'image/jpeg', '908547', '', '');
INSERT INTO `front_cms_media_gallery` (`id`, `image`, `thumb_path`, `dir_path`, `img_name`, `thumb_name`, `created_at`, `file_type`, `file_size`, `vid_url`, `vid_title`) VALUES (113, '1695468736-1930404604650eccc039627!user.jpg', 'uploads/gallery/media/thumb/', 'uploads/gallery/media/', '1709636432-33157191665e6fb506cef1!1695468736-1930404604650eccc039627!user.jpg', '1709636432-33157191665e6fb506cef1!thumb_1695468736-1930404604650eccc039627!user.jpg', '2024-03-05 16:30:32', 'image/jpeg', '585645', '', '');
INSERT INTO `front_cms_media_gallery` (`id`, `image`, `thumb_path`, `dir_path`, `img_name`, `thumb_name`, `created_at`, `file_type`, `file_size`, `vid_url`, `vid_title`) VALUES (114, '1695468824-759901127650ecd18c2cf7!ogin_bg3.jpg', 'uploads/gallery/media/thumb/', 'uploads/gallery/media/', '1709636432-190217141365e6fb507857b!1695468824-759901127650ecd18c2cf7!ogin_bg3.jpg', '1709636432-190217141365e6fb507857b!thumb_1695468824-759901127650ecd18c2cf7!ogin_bg3.jpg', '2024-03-05 16:30:32', 'image/jpeg', '362276', '', '');
INSERT INTO `front_cms_media_gallery` (`id`, `image`, `thumb_path`, `dir_path`, `img_name`, `thumb_name`, `created_at`, `file_type`, `file_size`, `vid_url`, `vid_title`) VALUES (115, 'top-banner2-2.jpg', 'uploads/gallery/media/thumb/', 'uploads/gallery/media/', '1709636432-39509749965e6fb507d348!top-banner2-2.jpg', '1709636432-39509749965e6fb507d348!thumb_top-banner2-2.jpg', '2024-03-05 16:30:32', 'image/jpeg', '330384', '', '');
INSERT INTO `front_cms_media_gallery` (`id`, `image`, `thumb_path`, `dir_path`, `img_name`, `thumb_name`, `created_at`, `file_type`, `file_size`, `vid_url`, `vid_title`) VALUES (116, 'v-4banner3-3.jpg', 'uploads/gallery/media/thumb/', 'uploads/gallery/media/', '1709636432-87539020965e6fb5081839!v-4banner3-3.jpg', '1709636432-87539020965e6fb5081839!thumb_v-4banner3-3.jpg', '2024-03-05 16:30:32', 'image/jpeg', '227581', '', '');
INSERT INTO `front_cms_media_gallery` (`id`, `image`, `thumb_path`, `dir_path`, `img_name`, `thumb_name`, `created_at`, `file_type`, `file_size`, `vid_url`, `vid_title`) VALUES (117, 'image.png', 'uploads/gallery/media/thumb/', 'uploads/gallery/media/', '1709637621-62224244865e6fff58972d!image.png', '1709637621-62224244865e6fff58972d!thumb_image.png', '2024-03-05 16:50:21', 'image/png', '858923', '', '');
INSERT INTO `front_cms_media_gallery` (`id`, `image`, `thumb_path`, `dir_path`, `img_name`, `thumb_name`, `created_at`, `file_type`, `file_size`, `vid_url`, `vid_title`) VALUES (118, '1235-3.jpg', 'uploads/gallery/media/thumb/', 'uploads/gallery/media/', '1712300317-849610157660fa11d82297!1235-3.jpg', '1712300317-849610157660fa11d82297!thumb_1235-3.jpg', '2024-04-05 12:28:37', 'image/jpeg', '293365', '', '');
INSERT INTO `front_cms_media_gallery` (`id`, `image`, `thumb_path`, `dir_path`, `img_name`, `thumb_name`, `created_at`, `file_type`, `file_size`, `vid_url`, `vid_title`) VALUES (119, '1237-3.jpg', 'uploads/gallery/media/thumb/', 'uploads/gallery/media/', '1712300362-480036177660fa14a48e3b!1237-3.jpg', '1712300362-480036177660fa14a48e3b!thumb_1237-3.jpg', '2024-04-05 12:29:22', 'image/jpeg', '110806', '', '');
INSERT INTO `front_cms_media_gallery` (`id`, `image`, `thumb_path`, `dir_path`, `img_name`, `thumb_name`, `created_at`, `file_type`, `file_size`, `vid_url`, `vid_title`) VALUES (120, 'k.jpg', 'uploads/gallery/media/thumb/', 'uploads/gallery/media/', '1712300457-1164136117660fa1a9f2271!k.jpg', '1712300457-1164136117660fa1a9f2271!thumb_k.jpg', '2024-04-05 12:30:57', 'image/jpeg', '33467', '', '');
INSERT INTO `front_cms_media_gallery` (`id`, `image`, `thumb_path`, `dir_path`, `img_name`, `thumb_name`, `created_at`, `file_type`, `file_size`, `vid_url`, `vid_title`) VALUES (121, 't.jpg', 'uploads/gallery/media/thumb/', 'uploads/gallery/media/', '1712300465-1247805011660fa1b16dde2!t.jpg', '1712300465-1247805011660fa1b16dde2!thumb_t.jpg', '2024-04-05 12:31:05', 'image/jpeg', '42384', '', '');
INSERT INTO `front_cms_media_gallery` (`id`, `image`, `thumb_path`, `dir_path`, `img_name`, `thumb_name`, `created_at`, `file_type`, `file_size`, `vid_url`, `vid_title`) VALUES (122, 'iuu.jpg', 'uploads/gallery/media/thumb/', 'uploads/gallery/media/', '1712301030-1079577714660fa3e634352!iuu.jpg', '1712301030-1079577714660fa3e634352!thumb_iuu.jpg', '2024-04-05 12:40:30', 'image/jpeg', '30720', '', '');
INSERT INTO `front_cms_media_gallery` (`id`, `image`, `thumb_path`, `dir_path`, `img_name`, `thumb_name`, `created_at`, `file_type`, `file_size`, `vid_url`, `vid_title`) VALUES (123, '16.jpg', 'uploads/gallery/media/thumb/', 'uploads/gallery/media/', '1712301199-1662352668660fa48f65ca2!16.jpg', '1712301199-1662352668660fa48f65ca2!thumb_16.jpg', '2024-04-05 12:43:19', 'image/jpeg', '25705', '', '');
INSERT INTO `front_cms_media_gallery` (`id`, `image`, `thumb_path`, `dir_path`, `img_name`, `thumb_name`, `created_at`, `file_type`, `file_size`, `vid_url`, `vid_title`) VALUES (124, '84A1827.jpg', 'uploads/gallery/media/thumb/', 'uploads/gallery/media/', '1712301388-190621270660fa54c71835!84A1827.jpg', '1712301388-190621270660fa54c71835!thumb_84A1827.jpg', '2024-04-05 12:46:28', 'image/jpeg', '26496', '', '');


#
# TABLE STRUCTURE FOR: front_cms_menu_items
#


CREATE TABLE `front_cms_menu_items` (
  `id` int NOT NULL AUTO_INCREMENT,
  `menu_id` int NOT NULL,
  `menu` varchar(100) DEFAULT NULL,
  `page_id` int NOT NULL,
  `parent_id` int NOT NULL,
  `ext_url` mediumtext,
  `open_new_tab` int DEFAULT '0',
  `ext_url_link` mediumtext,
  `slug` varchar(200) DEFAULT NULL,
  `weight` int DEFAULT NULL,
  `publish` int NOT NULL DEFAULT '0',
  `description` mediumtext,
  `is_active` varchar(10) DEFAULT 'no',
  `created_at` timestamp NOT NULL DEFAULT CURRENT_TIMESTAMP ON UPDATE CURRENT_TIMESTAMP,
  PRIMARY KEY (`id`),
  KEY `menu_id` (`menu_id`),
  CONSTRAINT `front_cms_menu_items_ibfk_1` FOREIGN KEY (`menu_id`) REFERENCES `front_cms_menus` (`id`) ON DELETE CASCADE
) ENGINE=InnoDB AUTO_INCREMENT=44 DEFAULT CHARSET=utf8mb3;

INSERT INTO `front_cms_menu_items` (`id`, `menu_id`, `menu`, `page_id`, `parent_id`, `ext_url`, `open_new_tab`, `ext_url_link`, `slug`, `weight`, `publish`, `description`, `is_active`, `created_at`) VALUES (2, 1, 'Home', 1, 0, NULL, NULL, NULL, 'home', 1, 0, NULL, 'no', '2019-04-25 17:26:35');
INSERT INTO `front_cms_menu_items` (`id`, `menu_id`, `menu`, `page_id`, `parent_id`, `ext_url`, `open_new_tab`, `ext_url_link`, `slug`, `weight`, `publish`, `description`, `is_active`, `created_at`) VALUES (3, 1, 'Contact', 76, 0, NULL, NULL, NULL, 'contact', 25, 0, NULL, 'no', '2024-03-05 11:02:59');
INSERT INTO `front_cms_menu_items` (`id`, `menu_id`, `menu`, `page_id`, `parent_id`, `ext_url`, `open_new_tab`, `ext_url_link`, `slug`, `weight`, `publish`, `description`, `is_active`, `created_at`) VALUES (4, 2, 'Home', 1, 0, NULL, NULL, NULL, 'home-1', 1, 0, NULL, 'no', '2019-04-09 16:12:31');
INSERT INTO `front_cms_menu_items` (`id`, `menu_id`, `menu`, `page_id`, `parent_id`, `ext_url`, `open_new_tab`, `ext_url_link`, `slug`, `weight`, `publish`, `description`, `is_active`, `created_at`) VALUES (5, 2, 'Contact Us', 76, 0, NULL, NULL, NULL, 'contact-us', 7, 0, NULL, 'no', '2019-04-10 16:28:03');
INSERT INTO `front_cms_menu_items` (`id`, `menu_id`, `menu`, `page_id`, `parent_id`, `ext_url`, `open_new_tab`, `ext_url_link`, `slug`, `weight`, `publish`, `description`, `is_active`, `created_at`) VALUES (6, 1, 'About Us', 78, 0, NULL, NULL, NULL, 'about-us', 6, 0, NULL, 'no', '2023-08-11 06:07:46');
INSERT INTO `front_cms_menu_items` (`id`, `menu_id`, `menu`, `page_id`, `parent_id`, `ext_url`, `open_new_tab`, `ext_url_link`, `slug`, `weight`, `publish`, `description`, `is_active`, `created_at`) VALUES (7, 2, 'About Us', 78, 0, NULL, NULL, NULL, 'about-us-1', 2, 0, NULL, 'no', '2019-04-09 16:12:31');
INSERT INTO `front_cms_menu_items` (`id`, `menu_id`, `menu`, `page_id`, `parent_id`, `ext_url`, `open_new_tab`, `ext_url_link`, `slug`, `weight`, `publish`, `description`, `is_active`, `created_at`) VALUES (8, 1, 'Course', 79, 11, NULL, NULL, NULL, 'course', 10, 0, NULL, 'no', '2024-03-05 11:02:59');
INSERT INTO `front_cms_menu_items` (`id`, `menu_id`, `menu`, `page_id`, `parent_id`, `ext_url`, `open_new_tab`, `ext_url_link`, `slug`, `weight`, `publish`, `description`, `is_active`, `created_at`) VALUES (9, 2, 'Course', 79, 0, NULL, NULL, NULL, 'course-1', 3, 0, NULL, 'no', '2019-04-09 16:58:19');
INSERT INTO `front_cms_menu_items` (`id`, `menu_id`, `menu`, `page_id`, `parent_id`, `ext_url`, `open_new_tab`, `ext_url_link`, `slug`, `weight`, `publish`, `description`, `is_active`, `created_at`) VALUES (10, 1, 'School Uniform', 81, 11, NULL, NULL, NULL, 'school-uniform', 11, 0, NULL, 'no', '2024-03-05 11:02:59');
INSERT INTO `front_cms_menu_items` (`id`, `menu_id`, `menu`, `page_id`, `parent_id`, `ext_url`, `open_new_tab`, `ext_url_link`, `slug`, `weight`, `publish`, `description`, `is_active`, `created_at`) VALUES (11, 1, 'Academics', 0, 0, NULL, NULL, NULL, 'academics', 7, 0, NULL, 'no', '2023-08-11 06:07:46');
INSERT INTO `front_cms_menu_items` (`id`, `menu_id`, `menu`, `page_id`, `parent_id`, `ext_url`, `open_new_tab`, `ext_url_link`, `slug`, `weight`, `publish`, `description`, `is_active`, `created_at`) VALUES (12, 1, 'Gallery', 82, 0, NULL, NULL, NULL, 'gallery', 22, 0, NULL, 'no', '2024-03-05 11:02:59');
INSERT INTO `front_cms_menu_items` (`id`, `menu_id`, `menu`, `page_id`, `parent_id`, `ext_url`, `open_new_tab`, `ext_url_link`, `slug`, `weight`, `publish`, `description`, `is_active`, `created_at`) VALUES (13, 1, 'News', 83, 0, NULL, NULL, NULL, 'news', 24, 0, NULL, 'no', '2024-03-05 11:02:59');
INSERT INTO `front_cms_menu_items` (`id`, `menu_id`, `menu`, `page_id`, `parent_id`, `ext_url`, `open_new_tab`, `ext_url_link`, `slug`, `weight`, `publish`, `description`, `is_active`, `created_at`) VALUES (14, 2, 'News', 83, 0, NULL, NULL, NULL, 'news-1', 6, 0, NULL, 'no', '2019-04-10 16:28:03');
INSERT INTO `front_cms_menu_items` (`id`, `menu_id`, `menu`, `page_id`, `parent_id`, `ext_url`, `open_new_tab`, `ext_url_link`, `slug`, `weight`, `publish`, `description`, `is_active`, `created_at`) VALUES (15, 1, 'Events', 84, 0, NULL, NULL, NULL, 'events', 23, 0, NULL, 'no', '2024-03-05 11:02:59');
INSERT INTO `front_cms_menu_items` (`id`, `menu_id`, `menu`, `page_id`, `parent_id`, `ext_url`, `open_new_tab`, `ext_url_link`, `slug`, `weight`, `publish`, `description`, `is_active`, `created_at`) VALUES (16, 2, 'Events', 84, 0, NULL, NULL, NULL, 'events-1', 5, 0, NULL, 'no', '2019-04-10 16:28:03');
INSERT INTO `front_cms_menu_items` (`id`, `menu_id`, `menu`, `page_id`, `parent_id`, `ext_url`, `open_new_tab`, `ext_url_link`, `slug`, `weight`, `publish`, `description`, `is_active`, `created_at`) VALUES (17, 2, 'Gallery', 82, 0, NULL, NULL, NULL, 'gallery-1', 4, 0, NULL, 'no', '2019-04-10 16:28:03');
INSERT INTO `front_cms_menu_items` (`id`, `menu_id`, `menu`, `page_id`, `parent_id`, `ext_url`, `open_new_tab`, `ext_url_link`, `slug`, `weight`, `publish`, `description`, `is_active`, `created_at`) VALUES (18, 1, 'Teacher', 85, 11, NULL, NULL, NULL, 'teacher', 17, 0, NULL, 'no', '2024-03-05 11:02:59');
INSERT INTO `front_cms_menu_items` (`id`, `menu_id`, `menu`, `page_id`, `parent_id`, `ext_url`, `open_new_tab`, `ext_url_link`, `slug`, `weight`, `publish`, `description`, `is_active`, `created_at`) VALUES (19, 1, 'Facilities', 88, 11, NULL, NULL, NULL, 'facilities', 8, 0, NULL, 'no', '2023-08-11 06:07:46');
INSERT INTO `front_cms_menu_items` (`id`, `menu_id`, `menu`, `page_id`, `parent_id`, `ext_url`, `open_new_tab`, `ext_url_link`, `slug`, `weight`, `publish`, `description`, `is_active`, `created_at`) VALUES (20, 1, 'Principal Message', 89, 11, NULL, NULL, NULL, 'principal-message', 12, 0, NULL, 'no', '2024-03-05 11:02:59');
INSERT INTO `front_cms_menu_items` (`id`, `menu_id`, `menu`, `page_id`, `parent_id`, `ext_url`, `open_new_tab`, `ext_url_link`, `slug`, `weight`, `publish`, `description`, `is_active`, `created_at`) VALUES (21, 1, 'School Management', 90, 11, NULL, NULL, NULL, 'school-management', 13, 0, NULL, 'no', '2024-03-05 11:02:59');
INSERT INTO `front_cms_menu_items` (`id`, `menu_id`, `menu`, `page_id`, `parent_id`, `ext_url`, `open_new_tab`, `ext_url_link`, `slug`, `weight`, `publish`, `description`, `is_active`, `created_at`) VALUES (22, 1, 'Know Us', 91, 11, NULL, NULL, NULL, 'know-us', 14, 0, NULL, 'no', '2024-03-05 11:02:59');
INSERT INTO `front_cms_menu_items` (`id`, `menu_id`, `menu`, `page_id`, `parent_id`, `ext_url`, `open_new_tab`, `ext_url_link`, `slug`, `weight`, `publish`, `description`, `is_active`, `created_at`) VALUES (23, 1, 'Approach', 92, 11, NULL, NULL, NULL, 'approach', 15, 0, NULL, 'no', '2024-03-05 11:02:59');
INSERT INTO `front_cms_menu_items` (`id`, `menu_id`, `menu`, `page_id`, `parent_id`, `ext_url`, `open_new_tab`, `ext_url_link`, `slug`, `weight`, `publish`, `description`, `is_active`, `created_at`) VALUES (24, 1, 'Pre Primary', 93, 11, NULL, NULL, NULL, 'pre-primary', 16, 0, NULL, 'no', '2024-03-05 11:02:59');
INSERT INTO `front_cms_menu_items` (`id`, `menu_id`, `menu`, `page_id`, `parent_id`, `ext_url`, `open_new_tab`, `ext_url_link`, `slug`, `weight`, `publish`, `description`, `is_active`, `created_at`) VALUES (26, 1, 'Student Council', 96, 11, NULL, NULL, NULL, 'student-council', 19, 0, NULL, 'no', '2024-03-05 11:02:59');
INSERT INTO `front_cms_menu_items` (`id`, `menu_id`, `menu`, `page_id`, `parent_id`, `ext_url`, `open_new_tab`, `ext_url_link`, `slug`, `weight`, `publish`, `description`, `is_active`, `created_at`) VALUES (27, 1, 'Houses & Mentoring', 97, 11, NULL, NULL, NULL, 'houses-mentoring', 18, 0, NULL, 'no', '2024-03-05 11:02:59');
INSERT INTO `front_cms_menu_items` (`id`, `menu_id`, `menu`, `page_id`, `parent_id`, `ext_url`, `open_new_tab`, `ext_url_link`, `slug`, `weight`, `publish`, `description`, `is_active`, `created_at`) VALUES (28, 1, 'Career Counselling', 98, 11, NULL, NULL, NULL, 'career-counselling', 20, 0, NULL, 'no', '2024-03-05 11:02:59');
INSERT INTO `front_cms_menu_items` (`id`, `menu_id`, `menu`, `page_id`, `parent_id`, `ext_url`, `open_new_tab`, `ext_url_link`, `slug`, `weight`, `publish`, `description`, `is_active`, `created_at`) VALUES (29, 1, 'Online Admission', 0, 0, '1', NULL, 'https://demo.smart-school.in/online_admission', 'online-admission', 3, 0, NULL, 'no', '2023-02-23 11:55:36');
INSERT INTO `front_cms_menu_items` (`id`, `menu_id`, `menu`, `page_id`, `parent_id`, `ext_url`, `open_new_tab`, `ext_url_link`, `slug`, `weight`, `publish`, `description`, `is_active`, `created_at`) VALUES (30, 1, 'Online Course', 0, 0, '1', NULL, 'https://demo.smart-school.in/online_course', 'online-course', 2, 0, NULL, 'no', '2024-04-04 05:12:02');
INSERT INTO `front_cms_menu_items` (`id`, `menu_id`, `menu`, `page_id`, `parent_id`, `ext_url`, `open_new_tab`, `ext_url_link`, `slug`, `weight`, `publish`, `description`, `is_active`, `created_at`) VALUES (37, 1, 'Exam Result', 0, 0, '1', NULL, 'https://demo.smart-school.in/examresult', 'exam-result', 5, 0, NULL, 'no', '2023-08-11 06:07:46');
INSERT INTO `front_cms_menu_items` (`id`, `menu_id`, `menu`, `page_id`, `parent_id`, `ext_url`, `open_new_tab`, `ext_url_link`, `slug`, `weight`, `publish`, `description`, `is_active`, `created_at`) VALUES (38, 1, 'Cbse Exam Result', 0, 0, '1', NULL, 'https://demo.smart-school.in/cbseexam', 'cbse-exam-result', 4, 0, NULL, 'no', '2023-08-11 06:07:46');
INSERT INTO `front_cms_menu_items` (`id`, `menu_id`, `menu`, `page_id`, `parent_id`, `ext_url`, `open_new_tab`, `ext_url_link`, `slug`, `weight`, `publish`, `description`, `is_active`, `created_at`) VALUES (43, 1, 'Annual Sports Day', 104, 11, NULL, NULL, NULL, 'annual-sports-day', 9, 0, NULL, 'no', '2024-03-05 12:01:13');


#
# TABLE STRUCTURE FOR: front_cms_menus
#


CREATE TABLE `front_cms_menus` (
  `id` int NOT NULL AUTO_INCREMENT,
  `menu` varchar(100) DEFAULT NULL,
  `slug` varchar(200) DEFAULT NULL,
  `description` mediumtext,
  `open_new_tab` int NOT NULL DEFAULT '0',
  `ext_url` mediumtext NOT NULL,
  `ext_url_link` mediumtext NOT NULL,
  `publish` int NOT NULL DEFAULT '0',
  `content_type` varchar(10) NOT NULL DEFAULT 'manual',
  `is_active` varchar(10) DEFAULT 'no',
  `created_at` timestamp NOT NULL DEFAULT CURRENT_TIMESTAMP ON UPDATE CURRENT_TIMESTAMP,
  PRIMARY KEY (`id`)
) ENGINE=InnoDB AUTO_INCREMENT=3 DEFAULT CHARSET=utf8mb3;

INSERT INTO `front_cms_menus` (`id`, `menu`, `slug`, `description`, `open_new_tab`, `ext_url`, `ext_url_link`, `publish`, `content_type`, `is_active`, `created_at`) VALUES (1, 'Main Menu', 'main-menu', 'Main menu', 0, '', '', 0, 'default', 'no', '2018-04-20 14:54:49');
INSERT INTO `front_cms_menus` (`id`, `menu`, `slug`, `description`, `open_new_tab`, `ext_url`, `ext_url_link`, `publish`, `content_type`, `is_active`, `created_at`) VALUES (2, 'Bottom Menu', 'bottom-menu', 'Bottom Menu', 0, '', '', 0, 'default', 'no', '2018-04-20 14:54:55');


#
# TABLE STRUCTURE FOR: front_cms_page_contents
#


CREATE TABLE `front_cms_page_contents` (
  `id` int NOT NULL AUTO_INCREMENT,
  `page_id` int DEFAULT NULL,
  `content_type` varchar(50) DEFAULT NULL,
  `created_at` timestamp NOT NULL DEFAULT CURRENT_TIMESTAMP ON UPDATE CURRENT_TIMESTAMP,
  PRIMARY KEY (`id`),
  KEY `page_id` (`page_id`),
  CONSTRAINT `front_cms_page_contents_ibfk_1` FOREIGN KEY (`page_id`) REFERENCES `front_cms_pages` (`id`) ON DELETE CASCADE
) ENGINE=InnoDB AUTO_INCREMENT=5 DEFAULT CHARSET=utf8mb3;

INSERT INTO `front_cms_page_contents` (`id`, `page_id`, `content_type`, `created_at`) VALUES (1, 82, 'gallery', '2019-04-09 17:24:35');
INSERT INTO `front_cms_page_contents` (`id`, `page_id`, `content_type`, `created_at`) VALUES (2, 83, 'notice', '2019-04-10 16:13:51');
INSERT INTO `front_cms_page_contents` (`id`, `page_id`, `content_type`, `created_at`) VALUES (3, 84, 'events', '2019-04-10 16:19:29');


#
# TABLE STRUCTURE FOR: front_cms_pages
#


CREATE TABLE `front_cms_pages` (
  `id` int NOT NULL AUTO_INCREMENT,
  `page_type` varchar(10) NOT NULL DEFAULT 'manual',
  `is_homepage` int DEFAULT '0',
  `title` varchar(250) DEFAULT NULL,
  `url` varchar(250) DEFAULT NULL,
  `type` varchar(50) DEFAULT NULL,
  `slug` varchar(200) DEFAULT NULL,
  `meta_title` mediumtext,
  `meta_description` mediumtext,
  `meta_keyword` mediumtext,
  `feature_image` varchar(200) NOT NULL,
  `description` longtext,
  `publish_date` date DEFAULT NULL,
  `publish` int DEFAULT '0',
  `sidebar` int DEFAULT '0',
  `is_active` varchar(10) DEFAULT 'no',
  `created_at` timestamp NOT NULL DEFAULT CURRENT_TIMESTAMP ON UPDATE CURRENT_TIMESTAMP,
  PRIMARY KEY (`id`)
) ENGINE=InnoDB AUTO_INCREMENT=106 DEFAULT CHARSET=utf8mb3;

INSERT INTO `front_cms_pages` (`id`, `page_type`, `is_homepage`, `title`, `url`, `type`, `slug`, `meta_title`, `meta_description`, `meta_keyword`, `feature_image`, `description`, `publish_date`, `publish`, `sidebar`, `is_active`, `created_at`) VALUES (1, 'default', 1, 'Home', 'page/home', 'page', 'home', '', '', '', '', '<section class=\"services\">\r\n<div class=\"service-inner\">\r\n<div class=\"container\">\r\n<div class=\"row\">\r\n<div class=\"col-md-4 col-sm-4 service-box\">\r\n<div class=\"service-box-content\">\r\n<h3><a href=\"#\">Scholarship Facility</a></h3>\r\n\r\n<p>Eimply dummy text printing ypese tting industry.</p>\r\n\r\n<div class=\"service-box-icon\"><img src=\"https://demo.smart-school.in/uploads/gallery/media/scholarship-icon.png\" /></div>\r\n</div>\r\n</div>\r\n<!--./col-md-4-->\r\n\r\n<div class=\"col-md-4 col-sm-4 service-box\">\r\n<div class=\"service-box-content\">\r\n<h3><a href=\"#\">Books & Liberary</a></h3>\r\n\r\n<p>Eimply dummy text printing ypese tting industry.</p>\r\n\r\n<div class=\"service-box-icon\"><img src=\"https://demo.smart-school.in/uploads/gallery/media/book-icon.png\" /></div>\r\n</div>\r\n</div>\r\n<!--./col-md-4-->\r\n\r\n<div class=\"col-md-4 col-sm-4 service-box\">\r\n<div class=\"service-box-content\">\r\n<h3><a href=\"#\">Certified Teachers</a></h3>\r\n\r\n<p>Eimply dummy text printing ypese tting industry.</p>\r\n\r\n<div class=\"service-box-icon\"><img src=\"https://demo.smart-school.in/uploads/gallery/media/teacher-icon.png\" /></div>\r\n</div>\r\n</div>\r\n<!--./col-md-4--></div>\r\n</div>\r\n</div>\r\n</section>\r\n\r\n<div class=\"container spacet40\">\r\n<div class=\"row\">\r\n<div class=\"col-md-8 col-sm-12 col-md-offset-2 text-center\">\r\n<h2 class=\"head-title\">Mount Carmel Residential School</h2>\r\n\r\n<p class=\"pb40\">Tmply dummy text of the printing and typesetting industry. Lorem Ipsum has been theindustry\'s standard dummy text ever since the 1500s, when an unknown printer took.</p>\r\n<img class=\"img-responsive center-block\" src=\"https://demo.smart-school.in/uploads/gallery/media/about_bg.jpg\" /></div>\r\n</div>\r\n<!--./row--></div>\r\n<!--./container-->\r\n\r\n<section class=\"bg-gray fullwidth spaceb40 spacet40\">\r\n<div class=\"container\">\r\n<div class=\"row\">\r\n<div class=\"col-md-8 col-sm-12 col-md-offset-2 text-center\">\r\n<h2 class=\"head-title\">ABOUT US</h2>\r\n\r\n<p>Fusce sem dolor, interdum in fficitur at, faucibus nec lorem. Sed nec molestie justo.</p>\r\n\r\n<div class=\"divider\">&nbsp;</div>\r\n</div>\r\n\r\n<div class=\"col-md-6 col-sm-6\">\r\n<div class=\"about_img\"><img class=\"img-responsive img-rounded\" src=\"https://demo.smart-school.in/uploads/gallery/media/about.jpg\" /></div>\r\n</div>\r\n<!--./col-md-6-->\r\n\r\n<div class=\"col-md-6 col-sm-6\">\r\n<div class=\"about-right\">\r\n<h3>WELCOME TO Mount Carmel</h3>\r\n\r\n<p class=\"pt10 pb10\">Lorem ipsum dolor sit amet, consectetur adipiscing elit, sed do eiusmod tempor incididunt ut labore et dolore magna aliqua</p>\r\n</div>\r\n\r\n<div class=\"panel-group accrodion2\" id=\"accordion\">\r\n<div class=\"panel panel-default\">\r\n<div class=\"panel-heading\">\r\n<h4 class=\"panel-title\"><a class=\"accordion-toggle\" data-parent=\"#accordion\" data-toggle=\"collapse\" href=\"#collapseOne\">Collapsible Group Item #1 </a></h4>\r\n</div>\r\n\r\n<div class=\"panel-collapse collapse in\" id=\"collapseOne\">\r\n<div class=\"panel-body\">Anim pariatur cliche reprehenderit, enim eiusmod high life accusamus terry richardson ad squid. 3 wolf moon officia aute, non cupidatat skateboard dolor brunch. Food truck quinoa nesciunt laborum eiusmod. Brunch 3 wolf moon tempor, sunt aliqua put a bird on it squid single-origin coffee nulla assumenda shoreditch et. Nihil anim keffiyeh helvetica, craft beer labore wes anderson cred nesciunt sapiente ea proident.</div>\r\n</div>\r\n</div>\r\n\r\n<div class=\"panel panel-default\">\r\n<div class=\"panel-heading\">\r\n<h4 class=\"panel-title\"><a class=\"accordion-toggle\" data-parent=\"#accordion\" data-toggle=\"collapse\" href=\"#collapseTwo\">Collapsible Group Item #2 </a></h4>\r\n</div>\r\n\r\n<div class=\"panel-collapse collapse\" id=\"collapseTwo\">\r\n<div class=\"panel-body\">Anim pariatur cliche reprehenderit, enim eiusmod high life accusamus terry richardson ad squid. 3 wolf moon officia aute, non cupidatat skateboard dolor brunch. Food truck quinoa nesciunt laborum eiusmod. Brunch 3 wolf moon tempor, sunt aliqua put a bird on it squid single-origin coffee nulla assumenda shoreditch et. Nihil anim keffiyeh helvetica, craft beer labore wes anderson cred nesciunt sapiente ea proident.</div>\r\n</div>\r\n</div>\r\n\r\n<div class=\"panel panel-default\">\r\n<div class=\"panel-heading\">\r\n<h4 class=\"panel-title\"><a class=\"accordion-toggle\" data-parent=\"#accordion\" data-toggle=\"collapse\" href=\"#collapseThree\">Collapsible Group Item #3 </a></h4>\r\n</div>\r\n\r\n<div class=\"panel-collapse collapse\" id=\"collapseThree\">\r\n<div class=\"panel-body\">Anim pariatur cliche reprehenderit, enim eiusmod high life accusamus terry richardson ad squid. 3 wolf moon officia aute, non cupidatat skateboard dolor brunch. Food truck quinoa nesciunt laborum eiusmod. Brunch 3 wolf moon tempor, sunt aliqua put a bird on it squid single-origin coffee nulla assumenda shoreditch et. Nihil anim keffiyeh helvetica, craft beer labore wes anderson cred nesciunt sapiente ea proident.</div>\r\n</div>\r\n</div>\r\n</div>\r\n</div>\r\n<!--./col-md-6--></div>\r\n<!--./row--></div>\r\n<!--./container--></section>\r\n\r\n<section class=\"spaceb40 spacet40\">\r\n<div class=\"container\">\r\n<div class=\"row\">\r\n<div class=\"col-md-8 col-sm-12 col-md-offset-2 text-center pb30\">\r\n<h2 class=\"head-title\">OUR MAIN COURSES</h2>\r\n\r\n<p>Fusce sem dolor, interdum in fficitur at</p>\r\n\r\n<div class=\"divider\">&nbsp;</div>\r\n</div>\r\n\r\n<div class=\"row\">\r\n<div class=\"owl-carousel courses-carousel\">\r\n<div class=\"col-md-12 col-sm-12\">\r\n<div class=\"courses-box\">\r\n<div class=\"courses-box-img\"><img src=\"https://demo.smart-school.in/uploads/gallery/media/courseimg1.jpg\" /></div>\r\n<!--./courses-box-img-->\r\n\r\n<div class=\"course-inner\"><a class=\"course-subject\" href=\"#\">Science</a>\r\n\r\n<h4>Electrical Engineering</h4>\r\n\r\n<p>All over the world, human beings create an immense and ever-increasing volume of data, with new kinds of data regularly...</p>\r\n<a class=\"btn-read\" href=\"#\">apply now</a></div>\r\n</div>\r\n<!--./courses-box--></div>\r\n<!--./col-md-12-->\r\n\r\n<div class=\"col-md-12 col-sm-12\">\r\n<div class=\"courses-box\">\r\n<div class=\"courses-box-img\"><img src=\"https://demo.smart-school.in/uploads/gallery/media/courseimg2.jpg\" /></div>\r\n<!--./courses-box-img-->\r\n\r\n<div class=\"course-inner\"><a class=\"course-subject\" href=\"#\">Science</a>\r\n\r\n<h4>Electrical Engineering</h4>\r\n\r\n<p>All over the world, human beings create an immense and ever-increasing volume of data, with new kinds of data regularly...</p>\r\n<a class=\"btn-read\" href=\"#\">apply now</a></div>\r\n</div>\r\n<!--./courses-box--></div>\r\n<!--./col-md-12-->\r\n\r\n<div class=\"col-md-12 col-sm-12\">\r\n<div class=\"courses-box\">\r\n<div class=\"courses-box-img\"><img src=\"https://demo.smart-school.in/uploads/gallery/media/courseimg3.jpg\" /></div>\r\n<!--./courses-box-img-->\r\n\r\n<div class=\"course-inner\"><a class=\"course-subject\" href=\"#\">Science</a>\r\n\r\n<h4>Electrical Engineering</h4>\r\n\r\n<p>All over the world, human beings create an immense and ever-increasing volume of data, with new kinds of data regularly...</p>\r\n<a class=\"btn-read\" href=\"#\">apply now</a></div>\r\n</div>\r\n<!--./courses-box--></div>\r\n<!--./col-md-12-->\r\n\r\n<div class=\"col-md-12 col-sm-12\">\r\n<div class=\"courses-box\">\r\n<div class=\"courses-box-img\"><img src=\"https://demo.smart-school.in/uploads/gallery/media/courseimg4.jpg\" /></div>\r\n<!--./courses-box-img-->\r\n\r\n<div class=\"course-inner\"><a class=\"course-subject\" href=\"#\">Science</a>\r\n\r\n<h4>Electrical Engineering</h4>\r\n\r\n<p>All over the world, human beings create an immense and ever-increasing volume of data, with new kinds of data regularly...</p>\r\n<a class=\"btn-read\" href=\"#\">apply now</a></div>\r\n</div>\r\n<!--./courses-box--></div>\r\n<!--./col-md-12--></div>\r\n</div>\r\n<!--./courses-carousel--></div>\r\n<!--./row--></div>\r\n<!--./container--></section>\r\n\r\n<section class=\"countdown_bg fullwidth counter\">\r\n<div class=\"container\">\r\n<div class=\"row\">\r\n<div class=\"col-md-6 col-lg-6 col-sm-6\">\r\n<div class=\"counter-content\">\r\n<h2 class=\"counter-title mt0\">ACHEIVEMENTS</h2>\r\n\r\n<div class=\"counter-text\">\r\n<p>A wonderful serenity has taken possession of my entire soul, like these sweet mornings of spring which I enjoy with my whole heart like mine.</p>\r\n</div>\r\n\r\n<div class=\"counter-img\">\r\n<div class=\"about_img\"><img class=\"img-responsive img-rounded\" src=\"https://demo.smart-school.in/uploads/gallery/media/achivement.jpg\" /></div>\r\n</div>\r\n</div>\r\n</div>\r\n<!--./col-md-6-->\r\n\r\n<div class=\"col-md-6 col-lg-6 col-sm-6\">\r\n<div class=\"row\">\r\n<div class=\"col-md-6 col-lg-6 col-sm-6\">\r\n<div class=\"counter-main\"><img class=\"svg\" src=\"https://demo.smart-school.in/uploads/gallery/media/cap.svg\" />\r\n<h3 class=\"counter-value\" data-count=\"1000\">1000</h3>\r\n<span>Graduates</span></div>\r\n</div>\r\n\r\n<div class=\"col-md-6 col-lg-6 col-sm-6\">\r\n<div class=\"counter-main\"><img class=\"svg\" src=\"https://demo.smart-school.in/uploads/gallery/media/award.svg\" />\r\n<h3 class=\"counter-value\" data-count=\"500\">500</h3>\r\n<span>Certified Teachers</span></div>\r\n</div>\r\n\r\n<div class=\"col-md-6 col-lg-6 col-sm-6\">\r\n<div class=\"counter-main\"><img class=\"svg\" src=\"https://demo.smart-school.in/uploads/gallery/media/building-o.svg\" />\r\n<h3 class=\"counter-value\" data-count=\"100\">100</h3>\r\n<span>Student Campuses</span></div>\r\n</div>\r\n\r\n<div class=\"col-md-6 col-lg-6 col-sm-6\">\r\n<div class=\"counter-main\"><img class=\"svg\" src=\"https://demo.smart-school.in/uploads/gallery/media/people.svg\" />\r\n<h3 class=\"counter-value\" data-count=\"6285\">6285</h3>\r\n<span>Students</span></div>\r\n</div>\r\n<!--./col-md-6--></div>\r\n<!--./row--></div>\r\n<!--./col-md-6--></div>\r\n<!--./row--></div>\r\n<!--./container--></section>\r\n\r\n<section class=\"spaceb40 spacet40\">\r\n<div class=\"container\">\r\n<div class=\"row\">\r\n<div class=\"col-md-8 col-sm-12 col-md-offset-2 text-center\">\r\n<h2 class=\"head-title\">OUR EXPERIENCED STAFFS</h2>\r\n\r\n<p>Considering desire as primary motivation for the generation of narratives is a useful concept.</p>\r\n\r\n<div class=\"divider\">&nbsp;</div>\r\n</div>\r\n<!--./col-md-8-->\r\n\r\n<div class=\"teamstaff\">\r\n<div class=\"row\">\r\n<div class=\"owl-carousel staff-carousel\">\r\n<div class=\"col-md-12 col-sm-12\">\r\n<div class=\"staffteam\">\r\n<div class=\"staffteamimg\"><img alt=\"\" src=\"https://demo.smart-school.in/uploads/gallery/media/teacher2.jpg\" />\r\n<ul class=\"social-links\">\r\n	<li>Facebook</li>\r\n	<li>Twitter</li>\r\n	<li>Linkedin</li>\r\n	<li>Google Plus</li>\r\n</ul>\r\n</div>\r\n\r\n<div class=\"staff-content\">\r\n<h3>Stella Roffin</h3>\r\n<span class=\"post\">Drawing Teacher</span></div>\r\n</div>\r\n</div>\r\n\r\n<div class=\"col-md-12 col-sm-12\">\r\n<div class=\"staffteam\">\r\n<div class=\"staffteamimg\"><img src=\"https://demo.smart-school.in/uploads/gallery/media/teacher1-1556236800.jpg\" />\r\n<ul class=\"social-links\">\r\n	<li>Facebook</li>\r\n	<li>Twitter</li>\r\n	<li>Linkedin</li>\r\n	<li>Google Plus</li>\r\n</ul>\r\n</div>\r\n\r\n<div class=\"staff-content\">\r\n<h3>Princy Flora</h3>\r\n<span class=\"post\">English Tutor</span></div>\r\n</div>\r\n</div>\r\n\r\n<div class=\"col-md-12 col-sm-12\">\r\n<div class=\"staffteam\">\r\n<div class=\"staffteamimg\"><img src=\"https://demo.smart-school.in/uploads/gallery/media/teacher2-1556236800.jpg\" />\r\n<ul class=\"social-links\">\r\n	<li>Facebook</li>\r\n	<li>Twitter</li>\r\n	<li>Linkedin</li>\r\n	<li>Google Plus</li>\r\n</ul>\r\n</div>\r\n\r\n<div class=\"staff-content\">\r\n<h3 class=\"title\">Jesica Matt</h3>\r\n<span class=\"post\">Art Teacher</span></div>\r\n</div>\r\n</div>\r\n\r\n<div class=\"col-md-12 col-sm-12\">\r\n<div class=\"staffteam\">\r\n<div class=\"staffteamimg\"><img src=\"https://demo.smart-school.in/uploads/gallery/media/teacher3.jpg\" />\r\n<ul class=\"social-links\">\r\n	<li>Facebook</li>\r\n	<li>Twitter</li>\r\n	<li>Linkedin</li>\r\n	<li>Google Plus</li>\r\n</ul>\r\n</div>\r\n\r\n<div class=\"staff-content\">\r\n<h3 class=\"title\">Janaton Doe</h3>\r\n<span class=\"post\">Math Teacher</span></div>\r\n</div>\r\n</div>\r\n</div>\r\n</div>\r\n<!--./staff--></div>\r\n<!--./teamstaff--></div>\r\n<!--./row--></div>\r\n<!--./container--></section>\r\n\r\n<section class=\"spaceb40 spacet40 testimonial_bg fullwidth text-white\">\r\n<div class=\"container\">\r\n<div class=\"row\">\r\n<div class=\"col-md-8 col-sm-12 col-md-offset-2 text-center\">\r\n<h2 class=\"text-white\">WHAT PEOPLE SAYS</h2>\r\n\r\n<p>Fusce sem dolor, interdum in efficitur at, faucibus nec lorem. Sed nec molestie justo.</p>\r\n\r\n<div class=\"divider\">&nbsp;</div>\r\n</div>\r\n<!--./col-md-8-->\r\n\r\n<div class=\"owl-carousel testimonial-carousel\">\r\n<div class=\"col-md-12 col-sm-12\">\r\n<div class=\"testimonial\">\r\n<div class=\"testimonialimg\"><img src=\"https://demo.smart-school.in/uploads/gallery/media/testim-img2.jpg\" /></div>\r\n\r\n<div class=\"testi_description\">\r\n<h4>Sidney W. Yarber</h4>\r\n\r\n<h5>Manager</h5>\r\n\r\n<p>Etiam non elit nec augue tempor gravida et sed velit. Aliquam tempus eget lorem ut malesuada. Phasellus dictum est sed libero posuere dignissim.</p>\r\n</div>\r\n<!--./testi_description--></div>\r\n<!--./testimonial--></div>\r\n<!--./col-md-12-->\r\n\r\n<div class=\"col-md-12 col-sm-12\">\r\n<div class=\"testimonial\">\r\n<div class=\"testimonialimg\"><img src=\"https://demo.smart-school.in/uploads/gallery/media/testim-img1.jpg\" /></div>\r\n\r\n<div class=\"testi_description\">\r\n<h4>Kayla H. Seaman</h4>\r\n\r\n<h5>Co & Founder</h5>\r\n\r\n<p>Etiam non elit nec augue tempor gravida et sed velit. Aliquam tempus eget lorem ut malesuada. Phasellus dictum est sed libero posuere dignissim.</p>\r\n</div>\r\n<!--./testi_description--></div>\r\n<!--./testimonial--></div>\r\n<!--./col-md-12-->\r\n\r\n<div class=\"col-md-12 col-sm-12\">\r\n<div class=\"testimonial\">\r\n<div class=\"testimonialimg\"><img src=\"https://demo.smart-school.in/uploads/gallery/media/testim-img4.jpg\" /></div>\r\n\r\n<div class=\"testi_description\">\r\n<h4>Terence M. Witzel</h4>\r\n\r\n<h5>Businessman</h5>\r\n\r\n<p>Etiam non elit nec augue tempor gravida et sed velit. Aliquam tempus eget lorem ut malesuada. Phasellus dictum est sed libero posuere dignissim.</p>\r\n</div>\r\n<!--./testi_description--></div>\r\n<!--./testimonial--></div>\r\n<!--./col-md-12-->\r\n\r\n<div class=\"col-md-12 col-sm-12\">\r\n<div class=\"testimonial\">\r\n<div class=\"testimonialimg\"><img src=\"https://demo.smart-school.in/uploads/gallery/media/testim-img3.jpg\" /></div>\r\n\r\n<div class=\"testi_description\">\r\n<h4>Williamson</h4>\r\n\r\n<h5>Manager</h5>\r\n\r\n<p>Etiam non elit nec augue tempor gravida et sed velit. Aliquam tempus eget lorem ut malesuada. Phasellus dictum est sed libero posuere dignissim.</p>\r\n</div>\r\n<!--./testi_description--></div>\r\n<!--./testimonial--></div>\r\n<!--./col-md-12--></div>\r\n<!--./testimonial-carousel--></div>\r\n<!--./row--></div>\r\n<!--./container--></section>', '0000-00-00', 1, NULL, 'no', '2019-10-21 14:42:31');
INSERT INTO `front_cms_pages` (`id`, `page_type`, `is_homepage`, `title`, `url`, `type`, `slug`, `meta_title`, `meta_description`, `meta_keyword`, `feature_image`, `description`, `publish_date`, `publish`, `sidebar`, `is_active`, `created_at`) VALUES (2, 'default', 0, 'Complain', 'page/complain', 'page', 'complain', 'Complain form', '                                                                                                                                                                                    complain form                                                                                                                                                                                                                                ', 'complain form', '', '<p>[form-builder:complain]</p>', '0000-00-00', 1, NULL, 'no', '2019-11-13 10:16:36');
INSERT INTO `front_cms_pages` (`id`, `page_type`, `is_homepage`, `title`, `url`, `type`, `slug`, `meta_title`, `meta_description`, `meta_keyword`, `feature_image`, `description`, `publish_date`, `publish`, `sidebar`, `is_active`, `created_at`) VALUES (54, 'default', 0, '404 page', 'page/404-page', 'page', '404-page', '', '                                ', '', '', '<html>\r\n<head>\r\n <title></title>\r\n</head>\r\n<body>\r\n<p>404 page not found</p>\r\n</body>\r\n</html>', '0000-00-00', 0, NULL, 'no', '2018-05-18 14:46:04');
INSERT INTO `front_cms_pages` (`id`, `page_type`, `is_homepage`, `title`, `url`, `type`, `slug`, `meta_title`, `meta_description`, `meta_keyword`, `feature_image`, `description`, `publish_date`, `publish`, `sidebar`, `is_active`, `created_at`) VALUES (76, 'default', 0, 'Contact us', 'page/contact-us', 'page', 'contact-us', '', '', '', '', '<section class=\"contact\">\r\n<div class=\"container\">\r\n<div class=\"row\">\r\n<h2 class=\"col-md-12 col-sm-12\">Send In Your Query</h2>\r\n\r\n<p>&nbsp;</p>\r\n\r\n<div class=\"col-md-12 col-sm-12\">[form-builder:contact_us]<!--./row--></div>\r\n<!--./col-md-12--></div>\r\n<!--./row--></div>\r\n<!--./container--></section>\r\n\r\n<div class=\"col-md-4 col-sm-4\">\r\n<div class=\"contact-item\"><img src=\"https://demo.smart-school.in/uploads/gallery/media/pin.svg\" />\r\n<h3>Our Location</h3>\r\n\r\n<p>350 Fifth Avenue, 34th floor New York NY 10118-3299 USA</p>\r\n</div>\r\n<!--./contact-item--></div>\r\n<!--./col-md-4-->\r\n\r\n<div class=\"col-md-4 col-sm-4\">\r\n<div class=\"contact-item\"><img src=\"https://demo.smart-school.in/uploads/gallery/media/phone.svg\" />\r\n<h3>CALL US</h3>\r\n\r\n<p>E-mail : info@abcschool.com</p>\r\n\r\n<p>Mobile : +91-9009987654</p>\r\n</div>\r\n<!--./contact-item--></div>\r\n<!--./col-md-4-->\r\n\r\n<div class=\"col-md-4 col-sm-4\">\r\n<div class=\"contact-item\"><img src=\"https://demo.smart-school.in/uploads/gallery/media/clock.svg\" />\r\n<h3>Working Hours</h3>\r\n\r\n<p>Mon-Fri : 9 am to 5 pm</p>\r\n\r\n<p>Sat : 9 am to 3 pm</p>\r\n</div>\r\n<!--./contact-item--></div>\r\n<!--./col-md-4-->\r\n\r\n<div class=\"col-md-12 col-sm-12\">\r\n<div class=\"mapWrapper fullwidth\"><iframe frameborder=\"0\" height=\"500\" marginheight=\"0\" marginwidth=\"0\" scrolling=\"no\" src=\"http://maps.google.com/maps?f=q&source=s_q&hl=EN&q=time+square&aq=&sll=40.716558,-73.931122&sspn=0.40438,1.056747&ie=UTF8&rq=1&ev=p&split=1&radius=33.22&hq=time+square&hnear=&ll=37.061753,-95.677185&spn=0.438347,0.769043&z=9&output=embed\" width=\"100%\"></iframe></div>\r\n</div>', '0000-00-00', 0, NULL, 'no', '2019-05-04 15:46:41');
INSERT INTO `front_cms_pages` (`id`, `page_type`, `is_homepage`, `title`, `url`, `type`, `slug`, `meta_title`, `meta_description`, `meta_keyword`, `feature_image`, `description`, `publish_date`, `publish`, `sidebar`, `is_active`, `created_at`) VALUES (77, 'manual', 0, 'Complain', 'page/complain-1', 'page', 'complain-1', '', '', '', '', '<div class=\"col-md-12 col-sm-12\">\r\n<h2 class=\"text-center\">Complain</h2>\r\n\r\n<p class=\"text-center\">Lorem ipsum dolor sit amet, consectetuer adipiscing elit, sed diam nonummy<br />\r\nnibh euismod tincidunt ut laoreet dolore magna.</p>\r\n\r\n<p class=\"text-center\">&nbsp;</p>\r\n\r\n<p class=\"text-center\">[form-builder:complain]</p>\r\n</div>', '0000-00-00', 0, NULL, 'no', '2019-04-03 16:50:42');
INSERT INTO `front_cms_pages` (`id`, `page_type`, `is_homepage`, `title`, `url`, `type`, `slug`, `meta_title`, `meta_description`, `meta_keyword`, `feature_image`, `description`, `publish_date`, `publish`, `sidebar`, `is_active`, `created_at`) VALUES (78, 'manual', 0, 'About Us', 'page/about-us', 'page', 'about-us', '', '', '', '', '<div class=\"container spaceb60 spacet60\">\r\n<div class=\"row\">\r\n<div class=\"col-md-6 col-sm-6\">\r\n<h2>Who We Are</h2>\r\n\r\n<p>Lorem Ipsum is simply dummy text of the printing and typesetting industry. Lorem Ipsum has been the industry\'s standard dummy text ever since the 1500s, when an unknown printer took a galley of type and scrambled it to make a type specimen book.</p>\r\n\r\n<h2>What We Do</h2>\r\n\r\n<p>Lorem Ipsum is simply dummy text of the printing and typesetting industry. Lorem Ipsum has been the industry\'s standard dummy text ever since the 1500s, when an unknown printer took a galley of type and scrambled it to make a type specimen book.</p>\r\n\r\n<p>Lorem Ipsum is simply dummy text of the printing and typesetting industry. Lorem Ipsum has been the industry\'s standard dummy text ever since the 1500s, when an unknown printer took a galley of type and scrambled it to make a type specimen book</p>\r\n</div>\r\n<!--./col-md-6-->\r\n\r\n<div class=\"col-md-6 col-sm-6\"><img class=\"img-rounded img-responsive\" src=\"https://demo.smart-school.in/uploads/gallery/media/whatwedo.jpg\" /></div>\r\n<!--./col-md-6--></div>\r\n<!--./row--></div>\r\n<!--./container-->\r\n\r\n<section class=\"bggray fullwidth\">\r\n<div class=\"container spaceb60 spacet60\">\r\n<div class=\"row\">\r\n<div class=\"col-md-8 col-lg-offset-2 col-sm-12 text-center\">\r\n<h2>Why Choose Our Institution?</h2>\r\n\r\n<p>Tmply dummy text of the printing and typesetting industry. Lorem Ipsum has been theindustry\'s standard dummy text ever since the 1500s, when an unknown printer took.</p>\r\n</div>\r\n<!--./col-md-12-->\r\n\r\n<div class=\"col-lg-4 col-md-4 col-sm-4\">\r\n<div class=\"whychooses\">\r\n<div class=\"whychooses-icon\"><img src=\"https://demo.smart-school.in/uploads/gallery/media/cap.svg\" /></div>\r\n\r\n<h3><a href=\"#\">Scholarship Facility</a></h3>\r\n\r\n<p>Dorem Ipsum has been the industry\'s standard dummy text ever since the en an unknown printer galley dear.</p>\r\n</div>\r\n</div>\r\n<!--./col-md-4-->\r\n\r\n<div class=\"col-lg-4 col-md-4 col-sm-4\">\r\n<div class=\"whychooses\">\r\n<div class=\"whychooses-icon\"><img src=\"https://demo.smart-school.in/uploads/gallery/media/people.svg\" /></div>\r\n\r\n<h3><a href=\"#\">Skilled Lecturers</a></h3>\r\n\r\n<p>Dorem Ipsum has been the industry\'s standard dummy text ever since the en an unknown printer galley dear.</p>\r\n</div>\r\n</div>\r\n<!--./col-md-4-->\r\n\r\n<div class=\"col-lg-4 col-md-4 col-sm-4\">\r\n<div class=\"whychooses\">\r\n<div class=\"whychooses-icon\"><img src=\"https://demo.smart-school.in/uploads/gallery/media/building-o.svg\" /></div>\r\n\r\n<h3><a href=\"#\">Book Library & Store</a></h3>\r\n\r\n<p>Dorem Ipsum has been the industry\'s standard dummy text ever since the en an unknown printer galley dear.</p>\r\n</div>\r\n</div>\r\n<!--./col-md-4--></div>\r\n<!--./row--></div>\r\n<!--./container--></section>\r\n\r\n<div class=\"container spaceb60 spacet60\">\r\n<div class=\"row\">\r\n<div class=\"col-lg-4 col-md-4 col-sm-4\">\r\n<h2 class=\"head-title\">Our History 2018</h2>\r\n\r\n<p>Tmply dummy text of the printing and typesetting indust Lorem Ipsum has been theitry\'s snce simply dummy text of the printing.Phasellus enim libero, blandit vel sapien vita their.Lorem ipsum dolor sit amet, consectetur adipiscing elit, sed do eiusmod tempor incididunt ut labore et dolore magna aliqua. Ut enim ad minim veniam.</p>\r\n</div>\r\n<!--./col-md-4-->\r\n\r\n<div class=\"col-lg-4 col-md-4 col-sm-4\">\r\n<h2 class=\"head-title\">Over 100 Facalties</h2>\r\n\r\n<p>Tmply dummy text of the printing and typesetting indust Lorem Ipsum has been theitry\'s snce simply dummy text of the printing.Phasellus enim libero, blandit vel sapien vita their.Lorem ipsum dolor sit amet, consectetur adipiscing elit, sed do eiusmod tempor incididunt ut labore et dolore magna aliqua. Ut enim ad minim veniam.</p>\r\n</div>\r\n<!--./col-md-4-->\r\n\r\n<div class=\"col-lg-4 col-md-4 col-sm-4\">\r\n<h2 class=\"head-title\">We Have 15,000 Students</h2>\r\n\r\n<p>Tmply dummy text of the printing and typesetting indust Lorem Ipsum has been theitry\'s snce simply dummy text of the printing.Phasellus enim libero, blandit vel sapien vita their.Lorem ipsum dolor sit amet, consectetur adipiscing elit, sed do eiusmod tempor incididunt ut labore et dolore magna aliqua. Ut enim ad minim veniam.</p>\r\n</div>\r\n<!--./col-md-4--></div>\r\n<!--./row--></div>\r\n<!--./container-->', '0000-00-00', 0, NULL, 'no', '2019-05-04 15:41:22');
INSERT INTO `front_cms_pages` (`id`, `page_type`, `is_homepage`, `title`, `url`, `type`, `slug`, `meta_title`, `meta_description`, `meta_keyword`, `feature_image`, `description`, `publish_date`, `publish`, `sidebar`, `is_active`, `created_at`) VALUES (79, 'manual', 0, 'Course', 'page/course', 'page', 'course', '', '', '', '', '<div class=\"container spaceb60 spacet60\">\r\n<div class=\"row\">\r\n<div class=\"col-md-4 col-sm-4\">\r\n<div class=\"courses-box\">\r\n<div class=\"courses-box-img\"><img src=\"https://demo.smart-school.in/uploads/gallery/media/courseimg1.jpg\" /></div>\r\n\r\n<div class=\"course-inner\"><a class=\"course-subject\" href=\"#\">Science</a>\r\n\r\n<h4>Electrical Engineering</h4>\r\n\r\n<p>All over the world, human beings create an immense and ever-increasing volume of data, with new kinds of data regularly...</p>\r\n<a class=\"btn-read\" href=\"#\">apply now</a></div>\r\n</div>\r\n<!--./courses-box--></div>\r\n\r\n<div class=\"col-md-4 col-sm-4\">\r\n<div class=\"courses-box\">\r\n<div class=\"courses-box-img\"><img src=\"https://demo.smart-school.in/uploads/gallery/media/courseimg2.jpg\" /></div>\r\n\r\n<div class=\"course-inner\"><a class=\"course-subject\" href=\"#\">Science</a>\r\n\r\n<h4>Electrical Engineering</h4>\r\n\r\n<p>All over the world, human beings create an immense and ever-increasing volume of data, with new kinds of data regularly...</p>\r\n<a class=\"btn-read\" href=\"#\">apply now</a></div>\r\n</div>\r\n<!--./courses-box--></div>\r\n\r\n<div class=\"col-md-4 col-sm-4\">\r\n<div class=\"courses-box\">\r\n<div class=\"courses-box-img\"><img src=\"https://demo.smart-school.in/uploads/gallery/media/courseimg3.jpg\" /></div>\r\n\r\n<div class=\"course-inner\"><a class=\"course-subject\" href=\"#\">Science</a>\r\n\r\n<h4>Electrical Engineering</h4>\r\n\r\n<p>All over the world, human beings create an immense and ever-increasing volume of data, with new kinds of data regularly...</p>\r\n<a class=\"btn-read\" href=\"#\">apply now</a></div>\r\n</div>\r\n<!--./courses-box--></div>\r\n\r\n<div class=\"col-md-4 col-sm-4\">\r\n<div class=\"courses-box\">\r\n<div class=\"courses-box-img\"><img src=\"https://demo.smart-school.in/uploads/gallery/media/courseimg4.jpg\" /></div>\r\n\r\n<div class=\"course-inner\"><a class=\"course-subject\" href=\"#\">Science</a>\r\n\r\n<h4>Electrical Engineering</h4>\r\n\r\n<p>All over the world, human beings create an immense and ever-increasing volume of data, with new kinds of data regularly...</p>\r\n<a class=\"btn-read\" href=\"#\">apply now</a></div>\r\n</div>\r\n<!--./courses-box--></div>\r\n\r\n<div class=\"col-md-4 col-sm-4\">\r\n<div class=\"courses-box\">\r\n<div class=\"courses-box-img\"><img src=\"https://demo.smart-school.in/uploads/gallery/media/courseimg6.jpg\" /></div>\r\n\r\n<div class=\"course-inner\"><a class=\"course-subject\" href=\"#\">Science</a>\r\n\r\n<h4>Electrical Engineering</h4>\r\n\r\n<p>All over the world, human beings create an immense and ever-increasing volume of data, with new kinds of data regularly...</p>\r\n<a class=\"btn-read\" href=\"#\">apply now</a></div>\r\n</div>\r\n<!--./courses-box--></div>\r\n\r\n<div class=\"col-md-4 col-sm-4\">\r\n<div class=\"courses-box\">\r\n<div class=\"courses-box-img\"><img src=\"https://demo.smart-school.in/uploads/gallery/media/courseimg5.jpg\" /></div>\r\n\r\n<div class=\"course-inner\"><a class=\"course-subject\" href=\"#\">Science</a>\r\n\r\n<h4>Electrical Engineering</h4>\r\n\r\n<p>All over the world, human beings create an immense and ever-increasing volume of data, with new kinds of data regularly...</p>\r\n<a class=\"btn-read\" href=\"#\">apply now</a></div>\r\n</div>\r\n<!--./courses-box--></div>\r\n<!--./row--></div>\r\n<!--./container--></div>', '0000-00-00', 0, NULL, 'no', '2019-05-11 12:45:55');
INSERT INTO `front_cms_pages` (`id`, `page_type`, `is_homepage`, `title`, `url`, `type`, `slug`, `meta_title`, `meta_description`, `meta_keyword`, `feature_image`, `description`, `publish_date`, `publish`, `sidebar`, `is_active`, `created_at`) VALUES (81, 'manual', 0, 'School Uniform', 'page/school-uniform', 'page', 'school-uniform', '', '', '', '', '<h2>School Uniform</h2>\r\n\r\n<p>&nbsp;</p>\r\n\r\n<h4>SCHOOL UNIFORM</h4>\r\n\r\n<p>The school uniform is to be worn as specified here below during the week; and each item must be labelled with the students Name & Class. All students must wear the School uniform daily. A pupil who is not dressed neatly and tidily in the full school uniform may not be permitted to sit in the class. The newly admitted students must start wearing the school uniform within two weeks of their admission.</p>\r\n\r\n<p>&nbsp;</p>\r\n\r\n<h4>GENERAL UNIFORM (MON, TUE, THU & FRI)</h4>\r\n\r\n<p>&nbsp;</p>\r\n\r\n<h4>BOYS – CLASS KG-I, KG-II & I - V</h4>\r\n\r\n<p>Bottle green short pants, white & green striped shirt, white socks with two green stripes and black lace-up Velcro shoes.</p>\r\n\r\n<p>&nbsp;</p>\r\n\r\n<h4>BOYS CLASS VI- XII</h4>\r\n\r\n<p>Bottle green full pants, white and green striped shirt ,tie and school belt, white socks with two green stripes black lace-up shoes.</p>\r\n\r\n<p>&nbsp;</p>\r\n\r\n<h4>GIRLS CLASS KG-I, KG-II & I - VII</h4>\r\n\r\n<p>Bottle green frock attached with short sleeved shirt with green stripes, box pleats till knee , green bloomer, green striped white stockings, green hair band and school Tie & Belt.</p>\r\n\r\n<p>&nbsp;</p>\r\n\r\n<h4>GIRLS CLASS VIII–XII</h4>\r\n\r\n<p>Bottle green salwar, white kurta with green stripes & checkered jacket (pattern given by the school ) white socks and buckled black shoes.</p>\r\n\r\n<p>&nbsp;</p>\r\n\r\n<h4>SPORTS UNIFORM [WEDNESDAY & SATURDAY]</h4>\r\n\r\n<p>&nbsp;</p>\r\n\r\n<h4>BOYS & GIRLS CLASS KG-I & KG-II :</h4>\r\n\r\n<p>Green track suit with school logo, beige T-shirt with green collar and shoulder stripes, black sports shoes and white socks with two green stripes.</p>\r\n\r\n<p>&nbsp;</p>\r\n\r\n<h4>BOYS & GIRLS [CLASS I-XII]</h4>\r\n\r\n<p>Green track suit with school logo, beige T-shirt with house coloured collar and shoulder stripes, black sports shoes and white socks with two green stripes. House colour ribbons for girls.</p>\r\n\r\n<p>&nbsp;</p>\r\n\r\n<h4>WINTER UNIFORM</h4>\r\n\r\n<h4>&nbsp;</h4>\r\n\r\n<h4>BOYS & GIRLS – CLASSES KG-I, KG-II & I - V</h4>\r\n\r\n<p>Long pants, white stockings with two green stripes & Sweaters.</p>\r\n\r\n<p>&nbsp;</p>\r\n\r\n<h4>BOYS & GIRLS - CLASS VI–XII</h4>\r\n\r\n<p>Along with school uniform, bottle green blazer and socks/Stockings with two green stripes to be worn by both boys and girls during winter.</p>', '0000-00-00', 0, 1, 'no', '2019-04-09 17:20:00');
INSERT INTO `front_cms_pages` (`id`, `page_type`, `is_homepage`, `title`, `url`, `type`, `slug`, `meta_title`, `meta_description`, `meta_keyword`, `feature_image`, `description`, `publish_date`, `publish`, `sidebar`, `is_active`, `created_at`) VALUES (82, 'manual', 0, 'Gallery', 'page/gallery', 'page', 'gallery', '', '', '', '', '<h2>Gallery</h2>', '0000-00-00', 0, NULL, 'no', '2019-04-10 15:53:39');
INSERT INTO `front_cms_pages` (`id`, `page_type`, `is_homepage`, `title`, `url`, `type`, `slug`, `meta_title`, `meta_description`, `meta_keyword`, `feature_image`, `description`, `publish_date`, `publish`, `sidebar`, `is_active`, `created_at`) VALUES (83, 'manual', 0, 'News', 'page/news', 'page', 'news', '', '', '', '', '<p></p>', '0000-00-00', 0, NULL, 'no', '2019-05-04 15:38:39');
INSERT INTO `front_cms_pages` (`id`, `page_type`, `is_homepage`, `title`, `url`, `type`, `slug`, `meta_title`, `meta_description`, `meta_keyword`, `feature_image`, `description`, `publish_date`, `publish`, `sidebar`, `is_active`, `created_at`) VALUES (84, 'manual', 0, 'Events', 'page/events', 'page', 'events', '', '', '', '', '<h2>Events</h2>', '0000-00-00', 0, NULL, 'no', '2019-05-01 17:16:35');
INSERT INTO `front_cms_pages` (`id`, `page_type`, `is_homepage`, `title`, `url`, `type`, `slug`, `meta_title`, `meta_description`, `meta_keyword`, `feature_image`, `description`, `publish_date`, `publish`, `sidebar`, `is_active`, `created_at`) VALUES (85, 'manual', 0, 'Teacher', 'page/teacher', 'page', 'teacher', '', '', '', '', '<div class=\"container spaceb60 spacet60\">\r\n<div class=\"row\">\r\n<div class=\"col-md-3 col-sm-3\">\r\n<div class=\"staffteam\">\r\n<div class=\"staffteamimg\"><img src=\"https://demo.smart-school.in/uploads/gallery/media/teacher1-1556236800.jpg\" />\r\n<ul class=\"social-links\">\r\n	<li>Facebook</li>\r\n	<li>Twitter</li>\r\n	<li>Linkedin</li>\r\n	<li>Google Plus</li>\r\n</ul>\r\n</div>\r\n\r\n<div class=\"staff-content\">\r\n<h3>Princy Flora</h3>\r\n<span class=\"post\">English Tutor</span></div>\r\n</div>\r\n</div>\r\n\r\n<div class=\"col-md-3 col-sm-3\">\r\n<div class=\"staffteam\">\r\n<div class=\"staffteamimg\"><img src=\"https://demo.smart-school.in/uploads/gallery/media/teacher2-1556236800.jpg\" />\r\n<ul class=\"social-links\">\r\n	<li>Facebook</li>\r\n	<li>Twitter</li>\r\n	<li>Linkedin</li>\r\n	<li>Google Plus</li>\r\n</ul>\r\n</div>\r\n\r\n<div class=\"staff-content\">\r\n<h3>Jesica Matt</h3>\r\n<span class=\"post\">Art Teacher</span></div>\r\n</div>\r\n</div>\r\n\r\n<div class=\"col-md-3 col-sm-3\">\r\n<div class=\"staffteam\">\r\n<div class=\"staffteamimg\"><img src=\"https://demo.smart-school.in/uploads/gallery/media/teacher3.jpg\" />\r\n<ul class=\"social-links\">\r\n	<li>Facebook</li>\r\n	<li>Twitter</li>\r\n	<li>Linkedin</li>\r\n	<li>Google Plus</li>\r\n</ul>\r\n</div>\r\n\r\n<div class=\"staff-content\">\r\n<h3>Janaton Doe</h3>\r\n<span class=\"post\">Math Teacher</span></div>\r\n</div>\r\n</div>\r\n\r\n<div class=\"col-md-3 col-sm-3\">\r\n<div class=\"staffteam\">\r\n<div class=\"staffteamimg\"><img src=\"https://demo.smart-school.in/uploads/gallery/media/teacher4.jpg\" />\r\n<ul class=\"social-links\">\r\n	<li>Facebook</li>\r\n	<li>Twitter</li>\r\n	<li>Linkedin</li>\r\n	<li>Google Plus</li>\r\n</ul>\r\n</div>\r\n\r\n<div class=\"staff-content\">\r\n<h3>Janaton Doe</h3>\r\n<span class=\"post\">English Teacher</span></div>\r\n</div>\r\n</div>\r\n\r\n<div class=\"col-md-3 col-sm-3\">\r\n<div class=\"staffteam\">\r\n<div class=\"staffteamimg\"><img src=\"https://demo.smart-school.in/uploads/gallery/media/teacher5.jpg\" />\r\n<ul class=\"social-links\">\r\n	<li>Facebook</li>\r\n	<li>Twitter</li>\r\n	<li>Linkedin</li>\r\n	<li>Google Plus</li>\r\n</ul>\r\n</div>\r\n\r\n<div class=\"staff-content\">\r\n<h3>Broklyn Doel</h3>\r\n<span class=\"post\">History</span></div>\r\n</div>\r\n</div>\r\n\r\n<div class=\"col-md-3 col-sm-3\">\r\n<div class=\"staffteam\">\r\n<div class=\"staffteamimg\"><img src=\"https://demo.smart-school.in/uploads/gallery/media/teacher7.jpg\" />\r\n<ul class=\"social-links\">\r\n	<li>Facebook</li>\r\n	<li>Twitter</li>\r\n	<li>Linkedin</li>\r\n	<li>Google Plus</li>\r\n</ul>\r\n</div>\r\n\r\n<div class=\"staff-content\">\r\n<h3>Williamson</h3>\r\n<span class=\"post\">web developer</span></div>\r\n</div>\r\n</div>\r\n\r\n<div class=\"col-md-3 col-sm-3\">\r\n<div class=\"staffteam\">\r\n<div class=\"staffteamimg\"><img src=\"https://demo.smart-school.in/uploads/gallery/media/teacher6.jpg\" />\r\n<ul class=\"social-links\">\r\n	<li>Facebook</li>\r\n	<li>Twitter</li>\r\n	<li>Linkedin</li>\r\n	<li>Google Plus</li>\r\n</ul>\r\n</div>\r\n\r\n<div class=\"staff-content\">\r\n<h3>Steve Alia</h3>\r\n<span class=\"post\">Science Teacher</span></div>\r\n</div>\r\n</div>\r\n\r\n<div class=\"col-md-3 col-sm-3\">\r\n<div class=\"staffteam\">\r\n<div class=\"staffteamimg\"><img alt=\"\" src=\"https://demo.smart-school.in/uploads/gallery/media/teacher2.jpg\" />\r\n<ul class=\"social-links\">\r\n	<li>Facebook</li>\r\n	<li>Twitter</li>\r\n	<li>Linkedin</li>\r\n	<li>Google Plus</li>\r\n</ul>\r\n</div>\r\n\r\n<div class=\"staff-content\">\r\n<h3>Williamson</h3>\r\n<span class=\"post\">web developer</span></div>\r\n</div>\r\n</div>\r\n</div>\r\n</div>', '0000-00-00', 0, NULL, 'no', '2019-05-04 15:48:20');
INSERT INTO `front_cms_pages` (`id`, `page_type`, `is_homepage`, `title`, `url`, `type`, `slug`, `meta_title`, `meta_description`, `meta_keyword`, `feature_image`, `description`, `publish_date`, `publish`, `sidebar`, `is_active`, `created_at`) VALUES (86, 'manual', 0, 'Introduction', 'page/introduction', 'page', 'introduction', '', '', '', '', '<h2>Introduction</h2>', '0000-00-00', 0, NULL, 'no', '2019-04-10 17:28:39');
INSERT INTO `front_cms_pages` (`id`, `page_type`, `is_homepage`, `title`, `url`, `type`, `slug`, `meta_title`, `meta_description`, `meta_keyword`, `feature_image`, `description`, `publish_date`, `publish`, `sidebar`, `is_active`, `created_at`) VALUES (87, 'manual', 0, 'School History', 'page/school-history', 'page', 'school-history', '', '', '', '', '<h2>School History</h2>', '0000-00-00', 0, NULL, 'no', '2019-04-10 17:29:13');
INSERT INTO `front_cms_pages` (`id`, `page_type`, `is_homepage`, `title`, `url`, `type`, `slug`, `meta_title`, `meta_description`, `meta_keyword`, `feature_image`, `description`, `publish_date`, `publish`, `sidebar`, `is_active`, `created_at`) VALUES (88, 'manual', 0, 'Facilities', 'page/facilities', 'page', 'facilities', '', '', '', '', '<div class=\"container spaceb60\">\r\n<div class=\"row\">\r\n<div class=\"col-md-12 col-sm-12\">\r\n<h2 class=\"counter-title text-center pb20\">Outreach,Exposure & International Exchange Program</h2>\r\n\r\n<p><span background-color:=\"\" font-size:=\"\" helvetica=\"\" style=\"color: rgb(51, 51, 51); font-family: \">Lorem Ipsum is simply dummy text of the printing and typesetting industry. Lorem Ipsum has been the industry\'s standard dummy text ever since the 1500s, when an unknown printer took a galley of type and scrambled it to make a type specimen book.</span></p>\r\n\r\n<p><span background-color:=\"\" font-size:=\"\" helvetica=\"\" style=\"color: rgb(51, 51, 51); font-family: \">Lorem Ipsum is simply dummy text of the printing and typesetting industry. Lorem Ipsum has been the industry\'s standard dummy text ever since the 1500s, when an unknown printer took a galley of type and scrambled it to make a type specimen book.</span></p>\r\n</div>\r\n</div>\r\n</div>\r\n\r\n<section class=\"fullwidth facility_bg\">\r\n<div class=\"container\">\r\n<div class=\"row\">\r\n<div class=\"col-md-12 col-sm-12 mb20\">\r\n<h2 class=\"counter-title text-center\">Bus Transportation</h2>\r\n</div>\r\n\r\n<div class=\"col-md-6 col-sm-6\">\r\n<p>Lorem Ipsum is simply dummy text of the printing and typesetting industry. Lorem Ipsum has been the industry\'s standard dummy text ever since the 1500s, when an unknown printer took a galley of type and scrambled it to make a type specimen book</p>\r\n</div>\r\n<!--./col-md-6-->\r\n\r\n<div class=\"col-md-6 col-sm-6\"><img class=\"img-responsive img-rounded\" src=\"https://demo.smart-school.in/uploads/gallery/media/bus.jpg\" /></div>\r\n</div>\r\n</div>\r\n</section>\r\n\r\n<div class=\"container spaceb60 spacet60\">\r\n<div class=\"row\">\r\n<div class=\"col-md-12 col-sm-12 mb20\">\r\n<h2 class=\"counter-title text-center\">AC Smart Classrooms</h2>\r\n</div>\r\n\r\n<div class=\"col-md-6 col-sm-6\"><img class=\"img-responsive img-rounded\" src=\"https://demo.smart-school.in/uploads/gallery/media/classrooms.jpg\" /></div>\r\n\r\n<div class=\"col-md-6 col-sm-6\">\r\n<p>Lorem Ipsum is simply dummy text of the printing and typesetting industry. Lorem Ipsum has been the industry\'s standard dummy text ever since the 1500s, when an unknown printer took a galley of type and scrambled it to make a type specimen book</p>\r\n\r\n<ul class=\"list-group\" style=\"margin-left: 15px; margin-bottom: 15px;\">\r\n	<li>Visual learning, animated multimedia lessons</li>\r\n	<li>Quick and immersive learning</li>\r\n	<li>Progressive improvement in core student learning</li>\r\n	<li>High Overall School performance</li>\r\n	<li>Student assessment and evaluation</li>\r\n	<li>Report cards</li>\r\n</ul>\r\n\r\n<p>Lorem Ipsum is simply dummy text of the printing and typesetting industry. Lorem Ipsum has been the industry\'s standard dummy text ever since the 1500s, when an unknown printer took a galley of type and scrambled it to make a type specimen book</p>\r\n</div>\r\n<!--./col-md-6--></div>\r\n</div>\r\n\r\n<section class=\"fullwidth facility_bg\">\r\n<div class=\"container\">\r\n<div class=\"row\">\r\n<div class=\"col-md-12 col-sm-12 mb20\">\r\n<h2 class=\"counter-title text-center\">Laboratories</h2>\r\n</div>\r\n\r\n<div class=\"col-md-6 col-sm-6\">\r\n<p>Lorem Ipsum is simply dummy text of the printing and typesetting industry. Lorem Ipsum has been the industry\'s standard dummy text ever since the 1500s, when an unknown printer took a galley of type and scrambled it to make a type specimen book</p>\r\n\r\n<p>Lorem Ipsum is simply dummy text of the printing and typesetting industry. Lorem Ipsum has been the industry\'s standard dummy text ever since the 1500s, when an unknown printer took a galley of type and scrambled it to make a type specimen book</p>\r\n\r\n<p>Lorem Ipsum is simply dummy text of the printing and typesetting industry. Lorem Ipsum has been the industry\'s standard dummy text ever since the 1500s, when an unknown printer took a galley of type and scrambled it to make a type specimen book</p>\r\n</div>\r\n<!--./col-md-6-->\r\n\r\n<div class=\"col-md-6 col-sm-6\"><img class=\"img-responsive img-rounded\" src=\"https://demo.smart-school.in/uploads/gallery/media/laboratories.jpg\" /></div>\r\n</div>\r\n</div>\r\n</section>\r\n\r\n<div class=\"container spaceb60 spacet60\">\r\n<div class=\"row\">\r\n<div class=\"col-md-12 col-sm-12 mb20\">\r\n<h2 class=\"counter-title text-center\">Library</h2>\r\n</div>\r\n\r\n<div class=\"col-md-6 col-sm-6\"><img class=\"img-responsive img-rounded\" src=\"https://demo.smart-school.in/uploads/gallery/media/library.jpg\" /></div>\r\n\r\n<div class=\"col-md-6 col-sm-6\">\r\n<p>Lorem Ipsum is simply dummy text of the printing and typesetting industry. Lorem Ipsum has been the industry\'s standard dummy text ever since the 1500s, when an unknown printer took a galley of type and scrambled it to make a type specimen book</p>\r\n\r\n<ul class=\"list-group\" style=\"margin-left: 15px; margin-bottom: 15px;\">\r\n	<li>Visual learning, animated multimedia lessons</li>\r\n	<li>Quick and immersive learning</li>\r\n	<li>Progressive improvement in core student learning</li>\r\n	<li>High Overall School performance</li>\r\n	<li>Student assessment and evaluation</li>\r\n	<li>Report cards</li>\r\n</ul>\r\n\r\n<p>Lorem Ipsum is simply dummy text of the printing and typesetting industry. Lorem Ipsum has been the industry\'s standard dummy text ever since the 1500s, when an unknown printer took a galley of type and scrambled it to make a type specimen book</p>\r\n</div>\r\n<!--./col-md-6--></div>\r\n</div>', '0000-00-00', 0, NULL, 'no', '2019-05-11 12:17:27');
INSERT INTO `front_cms_pages` (`id`, `page_type`, `is_homepage`, `title`, `url`, `type`, `slug`, `meta_title`, `meta_description`, `meta_keyword`, `feature_image`, `description`, `publish_date`, `publish`, `sidebar`, `is_active`, `created_at`) VALUES (89, 'manual', 0, 'Principal Message', 'page/principal-message', 'page', 'principal-message', '', '', '', '', '<div class=\"container spaceb60 spacet60\">\r\n<div class=\"row\">\r\n<div class=\"col-md-6 col-sm-6\"><img class=\"img-responsive img-rounded\" src=\"https://demo.smart-school.in/uploads/gallery/media/principal.jpg\" /></div>\r\n\r\n<div class=\"col-md-6 col-sm-6\">\r\n<h2 class=\"mt0\">Message From Principal</h2>\r\n\r\n<p>Lorem Ipsum is simply dummy text of the printing and typesetting industry. Lorem Ipsum has been the industry\'s standard dummy text ever since the 1500s, when an unknown printer took a galley of type and scrambled it to make a type specimen book. It has survived not only five centuries, but also the leap into electronic typesetting, remaining essentially unchanged. It was popularised in the 1960s with the release of Letraset sheets containing Lorem Ipsum passages, and more recently with desktop publishing software like Aldus PageMaker including versions of Lorem Ipsum.</p>\r\n\r\n<p>There are many variations of passages of Lorem Ipsum available, but the majority have suffered alteration in some form, by injected humour, or randomised words which don\'t look even slightly believable. If you are going to use a passage of Lorem Ipsum, you need to be sure there isn\'t anything embarrassing hidden in the middle of text. All the Lorem Ipsum generators on the Internet tend to repeat predefined chunks as necessary, making this the first true generator on the Internet. It uses a dictionary of over 200 Latin words, combined with a handful of model sentence structures, to generate Lorem Ipsum which looks reasonable.</p>\r\n</div>\r\n</div>\r\n</div>', '0000-00-00', 0, NULL, 'no', '2019-05-04 15:58:13');
INSERT INTO `front_cms_pages` (`id`, `page_type`, `is_homepage`, `title`, `url`, `type`, `slug`, `meta_title`, `meta_description`, `meta_keyword`, `feature_image`, `description`, `publish_date`, `publish`, `sidebar`, `is_active`, `created_at`) VALUES (90, 'manual', 0, 'School Management', 'page/school-management', 'page', 'school-management', '', '', '', '', '<div class=\"container spaceb60 spacet60\">\r\n<div class=\"row\">\r\n<div class=\"col-md-12 col-sm-12\">\r\n<h4>School Management</h4>\r\n\r\n<p>School Management System is a multipurpose school management software which is used for all administration, management and learning related activities. Use School management information system to manage students, teachers, employees, courses and all the system and process related to running your institute efficiently. Online school management system delivers premier online fee payment, registration and data management tools for schools, administrators, finance personnel and students. It\'s simple, web-based technologies help improve efficiency and reduce costs associated with managing school registration, budgeting, fund accounting, fundraising, after-school care, and more. Online school management solution streamlines school registration with automatic back-office administration, campus recreation and intramurals, facilities, student data, school accounting, web site content management and enables educational institutions to focus on teaching and enriching the lives of students.</p>\r\n\r\n<ol type=\"1\">\r\n	<li>User friendly Interface</li>\r\n	<li>School Detail Management</li>\r\n	<li>Registration /Admission Management</li>\r\n	<li>Fee Category Management</li>\r\n	<li>Student Fee Management (Fee Detail, Fee Receipt etc.)</li>\r\n	<li>Student Administration</li>\r\n	<li>Class/div Management</li>\r\n	<li>ID Cards Printing</li>\r\n	<li>Student Information Management</li>\r\n	<li>Leave & Attendance Management</li>\r\n	<li>Advance Search for Student Information</li>\r\n	<li>Lesson Planning</li>\r\n	<li>Time Table</li>\r\n	<li>Examination & Evaluation Process</li>\r\n	<li>Online Exam</li>\r\n	<li>SMS Alerts to Students</li>\r\n	<li>Transfer Certificate Management</li>\r\n	<li>Reports Management (Daily Collection, Fee Outstanding, Scroll Sheet etc.)</li>\r\n	<li>Transport Management</li>\r\n	<li>Transport Fee Collection Management</li>\r\n	<li>Visitor Management</li>\r\n	<li>Compliant Management</li>\r\n	<li>Employee Registration Management</li>\r\n	<li>Employee Attendance Management</li>\r\n	<li>Holiday Management</li>\r\n	<li>Salary Structure Management</li>\r\n	<li>Employee Salary Management</li>\r\n	<li>Employee Attendance and Salary Reports</li>\r\n	<li>Secure and Reliable</li>\r\n	<li>Many more Feature Available</li>\r\n</ol>\r\n</div>\r\n</div>\r\n</div>', '0000-00-00', 0, NULL, 'no', '2019-05-04 15:58:41');
INSERT INTO `front_cms_pages` (`id`, `page_type`, `is_homepage`, `title`, `url`, `type`, `slug`, `meta_title`, `meta_description`, `meta_keyword`, `feature_image`, `description`, `publish_date`, `publish`, `sidebar`, `is_active`, `created_at`) VALUES (91, 'manual', 0, 'Know Us', 'page/know-us', 'page', 'know-us', '', '', '', '', '<div class=\"container spaceb60 spacet60\">\r\n<div class=\"row\">\r\n<div class=\"col-md-6 col-sm-6\">\r\n<h2 class=\"pb20\">Introduction</h2>\r\n\r\n<p>Mount Carmel School , Baghmugalia, Bhopal is a recognized unaided Christian minority institution founded in the year 1999, affiliated to the Council for the Indian School Certificate Examination , New Delhi (School Code Mp023). The School prepares its students for the ICSE and the ISC Examination at X and XII Level respectively.</p>\r\n\r\n<p>The school is managed by the Sisters of the Congregation of the Mother of Carmel . The Congregation is a religious and charitable organization and its members offer their dedicated and selfless service for the intellectual , moral and aesthetic development of the people in the vicinity.</p>\r\n</div>\r\n<!--./col-md-6-->\r\n\r\n<div class=\"col-md-6 col-sm-6\">\r\n<div class=\"visionbg text-center\">\r\n<h2 class=\"pb20\">Our Vision</h2>\r\n\r\n<p>To give to the world \"Icons\" who can win the hearts and minds of others, put service before self, and retain their humility and values even as they soar high.</p>\r\n\r\n<p>Tmply dummy text of the printing and typesetting indust Lorem Ipsum has been theitry\'s snce simply dummy text of the printing.Phasellus enim libero, blandit vel sapien vita their.Lorem ipsum dolor sit amet, consectetur adipiscing elit, sed do eiusmod tempor incididunt ut labore et dolore magna aliqua. Ut enim ad minim veniam.</p>\r\n</div>\r\n</div>\r\n<!--./col-md-6--></div>\r\n<!--./row--></div>\r\n<!--./container-->\r\n\r\n<section class=\"bggray fullwidth\">\r\n<div class=\"container spaceb60 spacet60\">\r\n<div class=\"row\">\r\n<div class=\"col-md-8 col-lg-offset-2 col-sm-12 text-center pb20\">\r\n<h2>Why Choose Our Institution?</h2>\r\n\r\n<p>Tmply dummy text of the printing and typesetting industry. Lorem Ipsum has been theindustry\'s standard dummy text ever since the 1500s, when an unknown printer took.</p>\r\n</div>\r\n<!--./col-md-12-->\r\n\r\n<div class=\"col-lg-4 col-md-4 col-sm-4\">\r\n<div class=\"whychooses misssion\">\r\n<div class=\"whychooses-icon\"><img src=\"https://demo.smart-school.in/uploads/gallery/media/cap.svg\" /></div>\r\n\r\n<h3>Admissions</h3>\r\n\r\n<p>To develop an understanding & appreciation of the global dimension of our world; making our children appreciative of their history, culture & traditions, whilst being open to other cultures and alternative views of the world.</p>\r\n</div>\r\n</div>\r\n<!--./col-md-4-->\r\n\r\n<div class=\"col-lg-4 col-md-4 col-sm-4\">\r\n<div class=\"whychooses misssion\">\r\n<div class=\"whychooses-icon\"><img src=\"https://demo.smart-school.in/uploads/gallery/media/people.svg\" /></div>\r\n\r\n<h3>Skilled Lecturers</h3>\r\n\r\n<p>Dorem Ipsum has been the industry\'s standard dummy text ever since the en an unknown printer galley dear.</p>\r\n</div>\r\n</div>\r\n<!--./col-md-4-->\r\n\r\n<div class=\"col-lg-4 col-md-4 col-sm-4\">\r\n<div class=\"whychooses misssion\">\r\n<div class=\"whychooses-icon\"><img src=\"https://demo.smart-school.in/uploads/gallery/media/building-o.svg\" /></div>\r\n\r\n<h3>Book Library & Store</h3>\r\n\r\n<p>Dorem Ipsum has been the industry\'s standard dummy text ever since the en an unknown printer galley dear.</p>\r\n</div>\r\n</div>\r\n<!--./col-md-4-->\r\n\r\n<div class=\"col-lg-4 col-md-4 col-sm-4\">\r\n<div class=\"whychooses misssion\">\r\n<div class=\"whychooses-icon\"><img src=\"https://demo.smart-school.in/uploads/gallery/media/iconic-f14.png\" /></div>\r\n\r\n<h3>Admissions</h3>\r\n\r\n<p>To develop an understanding & appreciation of the global dimension of our world; making our children appreciative of their history, culture & traditions, whilst being open to other cultures and alternative views of the world.</p>\r\n</div>\r\n</div>\r\n<!--./col-md-4-->\r\n\r\n<div class=\"col-lg-4 col-md-4 col-sm-4\">\r\n<div class=\"whychooses misssion\">\r\n<div class=\"whychooses-icon\"><img src=\"https://demo.smart-school.in/uploads/gallery/media/iconic-f15.png\" /></div>\r\n\r\n<h3>Skilled Lecturers</h3>\r\n\r\n<p>Dorem Ipsum has been the industry\'s standard dummy text ever since the en an unknown printer galley dear.</p>\r\n</div>\r\n</div>\r\n<!--./col-md-4-->\r\n\r\n<div class=\"col-lg-4 col-md-4 col-sm-4\">\r\n<div class=\"whychooses misssion\">\r\n<div class=\"whychooses-icon\"><img src=\"https://demo.smart-school.in/uploads/gallery/media/iconic-f16.png\" /></div>\r\n\r\n<h3>Book Library & Store</h3>\r\n\r\n<p>Dorem Ipsum has been the industry\'s standard dummy text ever since the en an unknown printer galley dear.</p>\r\n</div>\r\n</div>\r\n</div>\r\n<!--./row--></div>\r\n<!--./container--></section>', '0000-00-00', 0, NULL, 'no', '2019-05-04 15:59:01');
INSERT INTO `front_cms_pages` (`id`, `page_type`, `is_homepage`, `title`, `url`, `type`, `slug`, `meta_title`, `meta_description`, `meta_keyword`, `feature_image`, `description`, `publish_date`, `publish`, `sidebar`, `is_active`, `created_at`) VALUES (92, 'manual', 0, 'Approach', 'page/approach', 'page', 'approach', '', '', '', '', '<div class=\"container spaceb60 spacet60\">\r\n<div class=\"row\">\r\n<div class=\"col-md-8 col-sm-8\">\r\n<h2 class=\"pb20\">Singular Focus; Multiple Intelligences</h2>\r\n\r\n<p>Mount Carmel School , Baghmugalia, Bhopal is a recognized unaided Christian minority institution founded in the year 1999, affiliated to the Council for the Indian School Certificate Examination , New Delhi (School Code Mp023). The School prepares its students for the ICSE and the ISC Examination at X and XII Level respectively.</p>\r\n\r\n<p>The school is managed by the Sisters of the Congregation of the Mother of Carmel . The Congregation is a religious and charitable organization and its members offer their dedicated and selfless service for the intellectual , moral and aesthetic development of the people in the vicinity.</p>\r\n</div>\r\n<!--./col-md-6-->\r\n\r\n<div class=\"col-md-4 col-sm-4\">\r\n<div class=\"about_img\"><img class=\"img-responsive img-rounded\" src=\"https://demo.smart-school.in/uploads/gallery/media/about.jpg\" /></div>\r\n</div>\r\n<!--./col-md-6--></div>\r\n<!--./row--></div>\r\n<!--./container-->\r\n\r\n<section class=\"bggray fullwidth\">\r\n<div class=\"container spaceb60 spacet60\">\r\n<div class=\"row\">\r\n<div class=\"col-md-12 whitebox\">\r\n<div class=\"col-lg-3 col-md-3 col-sm-3\"><img class=\"img-responsive img-rounded\" src=\"https://demo.smart-school.in/uploads/gallery/media/classrooms.jpg\" /></div>\r\n\r\n<div class=\"col-lg-9 col-md-9 col-sm-9\">\r\n<h2>Teaching Methodology</h2>\r\n\r\n<p class=\"text-justify\">The school is managed by the Sisters of the Congregation of the Mother of Carmel . The Congregation is a religious and charitable organization and its members offer their dedicated and selfless service for the intellectual , moral and aesthetic development of the people in the vicinity. The school is managed by the Sisters of the Congregation of the Mother of Carmel . The Congregation is a religious and charitable organization and its members offer their dedicated and selfless service for the intellectual , moral and aesthetic development of the people in the vicinity.</p>\r\n</div>\r\n</div>\r\n<!--./col-md-4--><!--./col-md-4--></div>\r\n<!--./row--></div>\r\n<!--./container--></section>\r\n\r\n<div class=\"container spaceb60 spacet60 text-center\">\r\n<div class=\"row\">\r\n<div class=\"col-md-8 col-md-offset-2\">\r\n<h2>Professional Learning Program</h2>\r\n\r\n<p class=\"text-justify\">The School has partnered with Learning Forward India, whereby Educators undertake structured Training sessions and self-directed professional learning.</p>\r\n\r\n<p class=\"text-justify\">The Professional Learning Program (PLP) aligns with the mission of Learning Forward (www.learningforward.org), the world\'s largest body of individual educators, with a vision of excellent teaching and learning every day. The Iconic School, in collaboration with The Learning Forward India Academy promotes building the capacity of leaders to establish and sustain highly effective professional learning. Professional learning means a comprehensive, sustained and intensive approach to improving teachers’ and principals’ effectiveness in raising student achievement.</p>\r\n</div>\r\n</div>\r\n</div>', '0000-00-00', 0, NULL, 'no', '2019-05-04 15:59:18');
INSERT INTO `front_cms_pages` (`id`, `page_type`, `is_homepage`, `title`, `url`, `type`, `slug`, `meta_title`, `meta_description`, `meta_keyword`, `feature_image`, `description`, `publish_date`, `publish`, `sidebar`, `is_active`, `created_at`) VALUES (93, 'manual', 0, 'Pre Primary', 'page/pre-primary', 'page', 'pre-primary', '', '', '', '', '<div class=\"container spaceb60 spacet60\">\r\n<div class=\"row\">\r\n<div class=\"blue-box1\">\r\n<div class=\"row\">\r\n<div class=\"col-md-4 col-sm-6\">\r\n<div class=\"around40\"><img alt=\"\" height=\"75\" src=\"https://demo.smart-school.in/uploads/gallery/media/iconic-f17-1.png\" width=\"75\" />\r\n<h2>Involve</h2>\r\n\r\n<p class=\"blue-text\">Pre-Primary</p>\r\n\r\n<p>Mount Carmel School , Baghmugalia, Bhopal is a recognized unaided Christian minority institution founded in the year 1999, affiliated to the Council for the Indian School Certificate Examination , New Delhi (School Code Mp023). The School prepares its students for the ICSE and the ISC Examination at X and XII Level respectively. The school is managed by the Sisters of the Congregation of the Mother of Carmel</p>\r\n</div>\r\n</div>\r\n\r\n<div class=\"col-md-8 col-sm-6\"><img class=\"img-responsive\" src=\"https://demo.smart-school.in/uploads/gallery/media//classrooms.jpg\" /></div>\r\n</div>\r\n</div>\r\n</div>\r\n</div>', '0000-00-00', 0, NULL, 'no', '2019-05-04 16:02:23');
INSERT INTO `front_cms_pages` (`id`, `page_type`, `is_homepage`, `title`, `url`, `type`, `slug`, `meta_title`, `meta_description`, `meta_keyword`, `feature_image`, `description`, `publish_date`, `publish`, `sidebar`, `is_active`, `created_at`) VALUES (94, 'manual', 0, 'Primary', 'page/primary', 'page', 'primary', '', '', '', '', '<div class=\"container spaceb60 spacet60\">\r\n<div class=\"row\">\r\n<div class=\"blue-box1\">\r\n<div class=\"row\">\r\n<div class=\"col-md-8 col-sm-6\"><img class=\"img-responsive\" src=\"https://demo.smart-school.in/uploads/gallery/media//classrooms.jpg\" /></div>\r\n\r\n<div class=\"col-md-4 col-sm-6\">\r\n<div class=\"around40\"><img alt=\"\" height=\"75\" src=\"https://demo.smart-school.in/uploads/gallery/media/iconic-f17-1.png\" width=\"75\" />\r\n<h2>Instill</h2>\r\n\r\n<p class=\"blue-text\">Pre-Primary</p>\r\n\r\n<p>Mount Carmel School, Baghmugalia, Bhopal is a recognized unaided Christian minority institution founded in the year 1999, affiliated to the Council for the Indian School Certificate Examination , New Delhi (School Code Mp023). The School prepares its students for the ICSE and the ISC Examination at X and XII Level respectively. The school is managed by the Sisters of the Congregation of the Mother of Carmel</p>\r\n</div>\r\n</div>\r\n</div>\r\n</div>\r\n</div>\r\n</div>', '0000-00-00', 0, NULL, 'no', '2019-05-04 16:03:23');
INSERT INTO `front_cms_pages` (`id`, `page_type`, `is_homepage`, `title`, `url`, `type`, `slug`, `meta_title`, `meta_description`, `meta_keyword`, `feature_image`, `description`, `publish_date`, `publish`, `sidebar`, `is_active`, `created_at`) VALUES (95, 'manual', 0, 'Sports', 'page/sports', 'page', 'sports', '', '', '', '', '<div class=\"container spaceb60 spacet60\">\r\n<div class=\"row\">\r\n<div class=\"col-md-5 col-sm-5\"><img class=\"img-responsive\" src=\"https://demo.smart-school.in/uploads/gallery/media//classrooms.jpg\" /></div>\r\n\r\n<div class=\"col-md-7 col-sm-7\">\r\n<h2>Sports</h2>\r\n\r\n<p>Mount Carmel School , Baghmugalia, Bhopal is a recognized unaided Christian minority institution founded in the year 1999, affiliated to the Council for the Indian School Certificate Examination , New Delhi (School Code Mp023). The School prepares its students for the ICSE and the ISC Examination at X and XII Level respectively. The school is managed by the Sisters of the Congregation of the Mother of Carmel</p>\r\n\r\n<p>Mount Carmel School , Baghmugalia, Bhopal is a recognized unaided Christian minority institution founded in the year 1999, affiliated to the Council for the Indian School Certificate Examination , New Delhi (School Code Mp023). The School prepares its students for the ICSE and the ISC Examination at X and XII Level respectively. The school is managed by the Sisters of the Congregation of the Mother of Carmel</p>\r\n</div>\r\n\r\n<div class=\"col-sm-12 col-md-12 text-justify sports pt20\">\r\n<h2>Sports for Icons - <b>\"Right to play & play for all\"</b></h2>\r\n\r\n<p>A healthy mind resides in a healthy body. Games and sports education are not only significant for triumph in the student life but it is a key to achievement in every stride of life. The Mount School believes in \"Right to play & play for all\". The school sports structure is developed to cater to various needs of the child. If sports are inculcated from a very young age, it helps build character and discipline. It gives students the confidence to trust their own individuality.</p>\r\n\r\n<h2>For Kinder Garten – SPORTS SPROUTS</h2>\r\n\r\n<p>In this, natural curiosity and interaction with the environment stimulate the growth of motor activity which helps students to make a strong foundation for the sports. The body movement and coordination of the child is tapped through various locomotor, non-locomotor and manipulative activities. For the little icons, skill based sports like skating and gymnastic are offered.</p>\r\n\r\n<h2>For Primary - ALL-ROUNDER</h2>\r\n\r\n<p>The School provides opportunities to students to have the benefit of maximum sports with enjoyment. Education on fundamentals of every sports activity is imparted wherein the students get an experience of various sports like football, cricket, skating, swimming, athletics, etc. This varied experience enables students to identify a sport of their choice and excel in the same.</p>\r\n\r\n<h2>For Middle– SPECIALISATION</h2>\r\n\r\n<p>At this stage, sports programme encourages the students to excel in one sport, so that they are able to chip in and execute well in Intramural and Extramural competitions. Sports offered for the specialization include basketball, cricket and football.</p>\r\n\r\n<p>We, at Mount, believe that as long as the icons are involved in sports activities, all their senses, the locomotor system and intellectual capacities are engaged. By playing sports, child becomes stronger, physically as well as mentally. Above all, they learn to overcome obstacles and challenges in real life situations.</p>\r\n</div>\r\n</div>\r\n</div>', '0000-00-00', 0, NULL, 'no', '2019-05-04 16:03:45');
INSERT INTO `front_cms_pages` (`id`, `page_type`, `is_homepage`, `title`, `url`, `type`, `slug`, `meta_title`, `meta_description`, `meta_keyword`, `feature_image`, `description`, `publish_date`, `publish`, `sidebar`, `is_active`, `created_at`) VALUES (96, 'manual', 0, 'Student Council', 'page/student-council', 'page', 'student-council', '', '', '', '', '<div class=\"container spacet50 spaceb50\">\r\n<div class=\"row\">\r\n<div class=\"col-md-12 col-sm-12 text-justify\">\r\n<h2>Student Council</h2>\r\n\r\n<p>Mount Carmel School , Baghmugalia, Bhopal is a recognized unaided Christian minority institution founded in the year 1999, affiliated to the Council for the Indian School Certificate Examination , New Delhi (School Code Mp023). The School prepares its students for the ICSE and the ISC Examination at X and XII Level respectively.</p>\r\n\r\n<ol class=\"list-1\">\r\n	<li>School&nbsp; diary&nbsp; is to be brought to school daily without fail.</li>\r\n	<li>Students should come to school in complete school uniform, on all school days ( including PTM).</li>\r\n	<li>Punctuality &nbsp;a must and late comers will be suitably checked with corrective measures.</li>\r\n	<li>No mobile phone is to be brought to school for what so ever reason. The set will be confiscated and very strict action will be taken against the user. The set will be returned only at the end of the<br />\r\n	&nbsp;&nbsp;session .</li>\r\n	<li>Students are discouraged to come to school by private vans using gas kits or over loaded.</li>\r\n	<li>85 % attendance is a must for every student.</li>\r\n	<li>A pupil who uses unfair means during examinations will be given zero in the subject and repetition of the same shall lead to dismissal.</li>\r\n	<li>Parents / guardians can meet the principal in her office from 9:00 am to 10:00 am. on all school<br />\r\n	working days.</li>\r\n	<li>Parents / guardians should meet teachers only on PTM or with appointment in special cases.</li>\r\n	<li>It is compulsory for all students to participate in sports, games and co-curricular&nbsp; activities of<br />\r\n	the school .</li>\r\n	<li>In case of accidents, school will provide only first aid; other related expenses will be borne by&nbsp;<br />\r\n	Parents / guardians.</li>\r\n</ol>\r\n\r\n<div class=\"col-md-12\">\r\n<h2>Student Council 2018-19</h2>\r\n\r\n<table class=\"table table-striped table-bordered\">\r\n	<tbody>\r\n		<tr>\r\n			<td>School Captain</td>\r\n			<td>Yashi Agrawal</td>\r\n		</tr>\r\n		<tr>\r\n			<td>Sports Captain</td>\r\n			<td>Krishna Soni</td>\r\n		</tr>\r\n		<tr>\r\n			<td>Editor-in-Chief</td>\r\n			<td>Tanisha Agrawal</td>\r\n		</tr>\r\n		<tr>\r\n			<th colspan=\"12\">\r\n			<center>\r\n			<h3>Houses</h3>\r\n			</center>\r\n			</th>\r\n		</tr>\r\n		<tr>\r\n			<td>Jade House Captain</td>\r\n			<td>Naman Sinha</td>\r\n		</tr>\r\n		<tr>\r\n			<td>Jade Vice-House Captain</td>\r\n			<td>Kartik Marale</td>\r\n		</tr>\r\n		<tr>\r\n			<td>Topaz House Captain</td>\r\n			<td>Ansh Budhwani</td>\r\n		</tr>\r\n		<tr>\r\n			<td>Topaz Vice-House Captain</td>\r\n			<td>Aparna Kushwaha</td>\r\n		</tr>\r\n		<tr>\r\n			<td>Sapphire House Captain</td>\r\n			<td>Alankriti Dube</td>\r\n		</tr>\r\n		<tr>\r\n			<td>Sapphire Vice-House Captain</td>\r\n			<td>Prakhar Verma</td>\r\n		</tr>\r\n		<tr>\r\n			<td>Ruby House Captain</td>\r\n			<td>Niyati Sinha</td>\r\n		</tr>\r\n		<tr>\r\n			<td>Ruby Vice-House Captain</td>\r\n			<td>Hiren Jain</td>\r\n		</tr>\r\n	</tbody>\r\n</table>\r\n</div>\r\n</div>\r\n</div>\r\n</div>', '0000-00-00', 0, NULL, 'no', '2019-05-04 16:04:19');
INSERT INTO `front_cms_pages` (`id`, `page_type`, `is_homepage`, `title`, `url`, `type`, `slug`, `meta_title`, `meta_description`, `meta_keyword`, `feature_image`, `description`, `publish_date`, `publish`, `sidebar`, `is_active`, `created_at`) VALUES (97, 'manual', 0, 'Houses & Mentoring', 'page/houses-mentoring', 'page', 'houses-mentoring', '', '', '', '', '<div class=\"container spacet50 spaceb50\">\r\n<div class=\"row\">\r\n<div class=\"col-md-12 col-sm-12 text-justify\">\r\n<h3>School House System and Mentoring System</h3>\r\n\r\n<p>Lorem Ipsum is simply dummy text of the printing and typesetting industry. Lorem Ipsum has been the industry\'s standard dummy text ever since the 1500s, when an unknown printer took a galley of type and scrambled it to make a type specimen book.Lorem Ipsum is simply dummy text of the printing and typesetting industry. Lorem Ipsum has been the industry\'s standard dummy text ever since the 1500s, when an unknown printer took a galley of type and scrambled it to make a type specimen book.</p>\r\n\r\n<p>&nbsp;</p>\r\n\r\n<h3>Grade 1 to 4 – Mentoring System</h3>\r\n\r\n<p>The school is managed by the Sisters of the Congregation of the Mother of Carmel . The Congregation is a religious and charitable organization and its members offer their dedicated and selfless service for the intellectual , moral and aesthetic development of the people in the vicinity</p>\r\n\r\n<p>&nbsp;</p>\r\n\r\n<h3>Grade 5 onwards – House System</h3>\r\n\r\n<p>Lorem Ipsum is simply dummy text of the printing and typesetting industry. Lorem Ipsum has been the industry\'s standard dummy text ever since the 1500s, when an unknown printer took a galley of type and scrambled it to make a type specimen book. Lorem Ipsum is simply dummy text of the printing and typesetting industry. Lorem Ipsum has been the industry\'s standard dummy text ever since the 1500s, when an unknown printer took a galley of type and scrambled it to make a type specimen book</p>\r\n</div>\r\n</div>\r\n</div>', '0000-00-00', 0, NULL, 'no', '2019-05-04 16:04:43');
INSERT INTO `front_cms_pages` (`id`, `page_type`, `is_homepage`, `title`, `url`, `type`, `slug`, `meta_title`, `meta_description`, `meta_keyword`, `feature_image`, `description`, `publish_date`, `publish`, `sidebar`, `is_active`, `created_at`) VALUES (98, 'manual', 0, 'Career Counselling', 'page/career-counselling', 'page', 'career-counselling', '', '', '', '', '<div class=\"container spaceb60 spacet60\">\r\n<div class=\"row\">\r\n<div class=\"col-md-12 whitebox\">\r\n<div class=\"col-lg-6 col-md-6 col-sm-12\"><img class=\"img-responsive img-rounded\" src=\"https://demo.smart-school.in/uploads/gallery/media/classrooms.jpg\" /></div>\r\n\r\n<div class=\"col-lg-6 col-md-6 col-sm-12\">\r\n<h2>Career Counselling</h2>\r\n\r\n<p class=\"text-justify\">The school is managed by the Sisters of the Congregation of the Mother of Carmel . The Congregation is a religious and charitable organization and its members offer their dedicated and selfless service for the intellectual , moral and aesthetic development of the people in the vicinity. The school is managed by the Sisters of the Congregation of the Mother of Carmel . The Congregation is a religious and charitable organization and its members offer their dedicated and selfless service for the intellectual , moral and aesthetic development of the people in the vicinity.</p>\r\n\r\n<p>Counselling activities encompass the following :</p>\r\n\r\n<ul class=\"square\">\r\n	<li>Helping students to identify their areas of interest and aptitude.</li>\r\n	<li>Guiding students about application processes in India and abroad.</li>\r\n	<li>Providing updated information about various institutions, courses and careers.</li>\r\n	<li>Giving sustained support in the admission process that includes collating and dispatching transcripts, writing out recommendation letters, predicted grades and school profiles and helping with the Personal Statements to be submitted.</li>\r\n</ul>\r\n</div>\r\n</div>\r\n<!--./col-md-4--><!--./col-md-4--></div>\r\n<!--./row--></div>', '0000-00-00', 0, NULL, 'no', '2019-05-04 16:05:12');
INSERT INTO `front_cms_pages` (`id`, `page_type`, `is_homepage`, `title`, `url`, `type`, `slug`, `meta_title`, `meta_description`, `meta_keyword`, `feature_image`, `description`, `publish_date`, `publish`, `sidebar`, `is_active`, `created_at`) VALUES (104, 'manual', 0, 'Annual Sports Day', 'page/annual-sports-day', 'page', 'annual-sports-day', '', '', '', '', '<p>&nbsp; &nbsp; &nbsp; &nbsp; &nbsp; &nbsp; &nbsp; &nbsp; &nbsp; &nbsp; &nbsp; &nbsp; &nbsp; &nbsp; &nbsp; &nbsp; &nbsp; &nbsp; &nbsp; &nbsp; &nbsp; &nbsp; &nbsp; &nbsp; &nbsp; &nbsp; &nbsp; &nbsp; &nbsp; &nbsp; &nbsp; &nbsp; &nbsp; &nbsp; &nbsp; &nbsp; &nbsp; &nbsp; &nbsp; &nbsp; &nbsp; &nbsp; &nbsp; &nbsp; &nbsp; &nbsp; &nbsp; &nbsp; &nbsp; &nbsp; &nbsp; &nbsp; &nbsp; &nbsp; &nbsp; <span style=\"font-size:36px;\"><strong><span style=\"font-family:arial,helvetica,sans-serif;\">&nbsp;Annual Sports Day</span></strong></span><span style=\"font-family:arial,helvetica,sans-serif;\"></span></p>\r\n\r\n<hr /><br />\r\n<span style=\"font-size:18px;\"><span style=\"color: rgb(77, 81, 86); font-family: \"Google Sans\", arial, sans-serif; background-color: rgb(255, 255, 255);\">Sports Day&nbsp;</span><span style=\"background-color: rgb(211, 227, 253); color: rgb(4, 12, 40); font-family: \"Google Sans\", arial, sans-serif;\">encourages active participation in sports, promoting physical health and combating issues like obesity and sedentary habits</span><span style=\"color: rgb(77, 81, 86); font-family: \"Google Sans\", arial, sans-serif; background-color: rgb(255, 255, 255);\">. Involvement in team sports teaches students teamwork, cooperation, and unity, skills transferrable to academics and future careers.<span style=\"color: rgb(77, 81, 86); font-family: \"Google Sans\", arial, sans-serif; background-color: rgb(255, 255, 255);\">On this day, students participate in various sporting activities such as running, jumping, throwing, and team games. The day begins with a parade, where all the students march in their respective houses or classes, displaying their house colors and flags.<br />\r\n<br />\r\n<img src=\"https://demo.smart-school.in/uploads/gallery/media/1709637621-62224244865e6fff58972d!image.png?1709639995\" /></span></span></span><br />\r\n&nbsp;', NULL, 0, NULL, 'no', '2024-03-05 12:00:08');
INSERT INTO `front_cms_pages` (`id`, `page_type`, `is_homepage`, `title`, `url`, `type`, `slug`, `meta_title`, `meta_description`, `meta_keyword`, `feature_image`, `description`, `publish_date`, `publish`, `sidebar`, `is_active`, `created_at`) VALUES (105, 'manual', 0, 'new page test', 'page/new-page-test', 'page', 'new-page-test', '', '', '', '', 'test<img src=\"https://demo.smart-school.in/uploads/gallery/media/1709636432-190217141365e6fb507857b!1695468824-759901127650ecd18c2cf7!ogin_bg3.jpg?1709646851\" />', NULL, 0, NULL, 'no', '2024-03-05 13:54:18');


#
# TABLE STRUCTURE FOR: front_cms_program_photos
#

