
CREATE TABLE `cbse_exam_students` (
  `id` int NOT NULL AUTO_INCREMENT,
  `cbse_exam_id` int NOT NULL,
  `student_session_id` int NOT NULL,
  `staff_id` int DEFAULT NULL,
  `roll_no` varchar(20) DEFAULT NULL,
  `remark` text,
  `total_present_days` int DEFAULT NULL,
  `delete_student_id` int NOT NULL,
  `created_at` timestamp NOT NULL DEFAULT CURRENT_TIMESTAMP,
  PRIMARY KEY (`id`),
  KEY `cbse_exam_id` (`cbse_exam_id`),
  KEY `student_session_id` (`student_session_id`),
  CONSTRAINT `cbse_exam_students_ibfk_1` FOREIGN KEY (`cbse_exam_id`) REFERENCES `cbse_exams` (`id`) ON DELETE CASCADE,
  CONSTRAINT `cbse_exam_students_ibfk_2` FOREIGN KEY (`student_session_id`) REFERENCES `student_session` (`id`) ON DELETE CASCADE
) ENGINE=InnoDB AUTO_INCREMENT=270 DEFAULT CHARSET=utf8mb3;

INSERT INTO `cbse_exam_students` (`id`, `cbse_exam_id`, `student_session_id`, `staff_id`, `roll_no`, `remark`, `total_present_days`, `delete_student_id`, `created_at`) VALUES (26, 3, 105, 1, NULL, 'Excellent', 100, 0, '2023-07-11 12:09:35');
INSERT INTO `cbse_exam_students` (`id`, `cbse_exam_id`, `student_session_id`, `staff_id`, `roll_no`, `remark`, `total_present_days`, `delete_student_id`, `created_at`) VALUES (27, 3, 88, 1, NULL, 'Excellent', 110, 0, '2023-07-11 12:09:35');
INSERT INTO `cbse_exam_students` (`id`, `cbse_exam_id`, `student_session_id`, `staff_id`, `roll_no`, `remark`, `total_present_days`, `delete_student_id`, `created_at`) VALUES (28, 3, 89, 1, NULL, 'Excellent', 120, 0, '2023-07-11 12:09:35');
INSERT INTO `cbse_exam_students` (`id`, `cbse_exam_id`, `student_session_id`, `staff_id`, `roll_no`, `remark`, `total_present_days`, `delete_student_id`, `created_at`) VALUES (29, 3, 92, 1, NULL, 'Good', 100, 0, '2023-07-11 12:09:35');
INSERT INTO `cbse_exam_students` (`id`, `cbse_exam_id`, `student_session_id`, `staff_id`, `roll_no`, `remark`, `total_present_days`, `delete_student_id`, `created_at`) VALUES (30, 3, 90, 1, NULL, 'Hard working', 120, 0, '2023-07-11 12:09:35');
INSERT INTO `cbse_exam_students` (`id`, `cbse_exam_id`, `student_session_id`, `staff_id`, `roll_no`, `remark`, `total_present_days`, `delete_student_id`, `created_at`) VALUES (31, 3, 91, 1, NULL, 'Keep Hard working', 111, 0, '2023-07-11 12:09:35');
INSERT INTO `cbse_exam_students` (`id`, `cbse_exam_id`, `student_session_id`, `staff_id`, `roll_no`, `remark`, `total_present_days`, `delete_student_id`, `created_at`) VALUES (32, 3, 93, 1, NULL, '', 110, 0, '2023-07-11 12:09:35');
INSERT INTO `cbse_exam_students` (`id`, `cbse_exam_id`, `student_session_id`, `staff_id`, `roll_no`, `remark`, `total_present_days`, `delete_student_id`, `created_at`) VALUES (33, 3, 95, 1, NULL, '', 100, 0, '2023-07-11 12:09:35');
INSERT INTO `cbse_exam_students` (`id`, `cbse_exam_id`, `student_session_id`, `staff_id`, `roll_no`, `remark`, `total_present_days`, `delete_student_id`, `created_at`) VALUES (34, 3, 107, 1, NULL, '', 100, 0, '2023-07-11 12:09:35');
INSERT INTO `cbse_exam_students` (`id`, `cbse_exam_id`, `student_session_id`, `staff_id`, `roll_no`, `remark`, `total_present_days`, `delete_student_id`, `created_at`) VALUES (35, 3, 94, 1, NULL, '', 100, 0, '2023-07-11 12:09:35');
INSERT INTO `cbse_exam_students` (`id`, `cbse_exam_id`, `student_session_id`, `staff_id`, `roll_no`, `remark`, `total_present_days`, `delete_student_id`, `created_at`) VALUES (37, 4, 105, 5, NULL, 'Good', 45, 0, '2023-07-12 05:31:31');
INSERT INTO `cbse_exam_students` (`id`, `cbse_exam_id`, `student_session_id`, `staff_id`, `roll_no`, `remark`, `total_present_days`, `delete_student_id`, `created_at`) VALUES (38, 4, 88, 5, NULL, 'Excellent', 50, 0, '2023-07-12 05:31:31');
INSERT INTO `cbse_exam_students` (`id`, `cbse_exam_id`, `student_session_id`, `staff_id`, `roll_no`, `remark`, `total_present_days`, `delete_student_id`, `created_at`) VALUES (39, 4, 89, 5, NULL, '', 53, 0, '2023-07-12 05:31:31');
INSERT INTO `cbse_exam_students` (`id`, `cbse_exam_id`, `student_session_id`, `staff_id`, `roll_no`, `remark`, `total_present_days`, `delete_student_id`, `created_at`) VALUES (40, 4, 92, 5, NULL, '', 20, 0, '2023-07-12 05:31:31');
INSERT INTO `cbse_exam_students` (`id`, `cbse_exam_id`, `student_session_id`, `staff_id`, `roll_no`, `remark`, `total_present_days`, `delete_student_id`, `created_at`) VALUES (41, 5, 122, 1, NULL, 'Excellent', 62, 0, '2023-07-13 04:24:38');
INSERT INTO `cbse_exam_students` (`id`, `cbse_exam_id`, `student_session_id`, `staff_id`, `roll_no`, `remark`, `total_present_days`, `delete_student_id`, `created_at`) VALUES (42, 5, 113, 1, NULL, 'Good', 78, 0, '2023-07-13 04:24:38');
INSERT INTO `cbse_exam_students` (`id`, `cbse_exam_id`, `student_session_id`, `staff_id`, `roll_no`, `remark`, `total_present_days`, `delete_student_id`, `created_at`) VALUES (43, 5, 124, 1, NULL, '', 56, 0, '2023-07-13 04:24:38');
INSERT INTO `cbse_exam_students` (`id`, `cbse_exam_id`, `student_session_id`, `staff_id`, `roll_no`, `remark`, `total_present_days`, `delete_student_id`, `created_at`) VALUES (44, 5, 126, 1, NULL, '', 9, 0, '2023-07-13 04:24:38');
INSERT INTO `cbse_exam_students` (`id`, `cbse_exam_id`, `student_session_id`, `staff_id`, `roll_no`, `remark`, `total_present_days`, `delete_student_id`, `created_at`) VALUES (45, 5, 125, 1, NULL, '', 45, 0, '2023-07-13 04:24:38');
INSERT INTO `cbse_exam_students` (`id`, `cbse_exam_id`, `student_session_id`, `staff_id`, `roll_no`, `remark`, `total_present_days`, `delete_student_id`, `created_at`) VALUES (46, 5, 115, 1, NULL, '', 56, 0, '2023-07-13 04:24:38');
INSERT INTO `cbse_exam_students` (`id`, `cbse_exam_id`, `student_session_id`, `staff_id`, `roll_no`, `remark`, `total_present_days`, `delete_student_id`, `created_at`) VALUES (47, 6, 132, NULL, NULL, NULL, 67, 0, '2023-07-14 11:20:33');
INSERT INTO `cbse_exam_students` (`id`, `cbse_exam_id`, `student_session_id`, `staff_id`, `roll_no`, `remark`, `total_present_days`, `delete_student_id`, `created_at`) VALUES (48, 6, 133, NULL, NULL, NULL, 45, 0, '2023-07-14 11:20:33');
INSERT INTO `cbse_exam_students` (`id`, `cbse_exam_id`, `student_session_id`, `staff_id`, `roll_no`, `remark`, `total_present_days`, `delete_student_id`, `created_at`) VALUES (49, 6, 129, NULL, NULL, NULL, 78, 0, '2023-07-14 11:20:33');
INSERT INTO `cbse_exam_students` (`id`, `cbse_exam_id`, `student_session_id`, `staff_id`, `roll_no`, `remark`, `total_present_days`, `delete_student_id`, `created_at`) VALUES (50, 6, 135, NULL, NULL, NULL, 56, 0, '2023-07-14 11:20:33');
INSERT INTO `cbse_exam_students` (`id`, `cbse_exam_id`, `student_session_id`, `staff_id`, `roll_no`, `remark`, `total_present_days`, `delete_student_id`, `created_at`) VALUES (52, 7, 132, NULL, NULL, NULL, 12, 0, '2023-07-15 04:13:34');
INSERT INTO `cbse_exam_students` (`id`, `cbse_exam_id`, `student_session_id`, `staff_id`, `roll_no`, `remark`, `total_present_days`, `delete_student_id`, `created_at`) VALUES (53, 7, 133, NULL, NULL, NULL, 32, 0, '2023-07-15 04:13:34');
INSERT INTO `cbse_exam_students` (`id`, `cbse_exam_id`, `student_session_id`, `staff_id`, `roll_no`, `remark`, `total_present_days`, `delete_student_id`, `created_at`) VALUES (54, 7, 129, NULL, NULL, NULL, 20, 0, '2023-07-15 04:13:34');
INSERT INTO `cbse_exam_students` (`id`, `cbse_exam_id`, `student_session_id`, `staff_id`, `roll_no`, `remark`, `total_present_days`, `delete_student_id`, `created_at`) VALUES (55, 7, 135, NULL, NULL, NULL, 15, 0, '2023-07-15 04:13:34');
INSERT INTO `cbse_exam_students` (`id`, `cbse_exam_id`, `student_session_id`, `staff_id`, `roll_no`, `remark`, `total_present_days`, `delete_student_id`, `created_at`) VALUES (57, 8, 105, 1, NULL, 'Excellent', 45, 0, '2023-07-15 05:47:33');
INSERT INTO `cbse_exam_students` (`id`, `cbse_exam_id`, `student_session_id`, `staff_id`, `roll_no`, `remark`, `total_present_days`, `delete_student_id`, `created_at`) VALUES (58, 8, 88, 1, NULL, 'Excellent', 45, 0, '2023-07-15 05:47:33');
INSERT INTO `cbse_exam_students` (`id`, `cbse_exam_id`, `student_session_id`, `staff_id`, `roll_no`, `remark`, `total_present_days`, `delete_student_id`, `created_at`) VALUES (59, 8, 89, 1, NULL, 'VERY GOOD', 67, 0, '2023-07-15 05:47:33');
INSERT INTO `cbse_exam_students` (`id`, `cbse_exam_id`, `student_session_id`, `staff_id`, `roll_no`, `remark`, `total_present_days`, `delete_student_id`, `created_at`) VALUES (60, 8, 92, 1, NULL, 'GOOD', 67, 0, '2023-07-15 05:47:33');
INSERT INTO `cbse_exam_students` (`id`, `cbse_exam_id`, `student_session_id`, `staff_id`, `roll_no`, `remark`, `total_present_days`, `delete_student_id`, `created_at`) VALUES (61, 8, 90, 1, NULL, 'GOOD', 45, 0, '2023-07-15 05:47:33');
INSERT INTO `cbse_exam_students` (`id`, `cbse_exam_id`, `student_session_id`, `staff_id`, `roll_no`, `remark`, `total_present_days`, `delete_student_id`, `created_at`) VALUES (62, 8, 91, 1, NULL, 'EXCELLENT', 45, 0, '2023-07-15 05:47:33');
INSERT INTO `cbse_exam_students` (`id`, `cbse_exam_id`, `student_session_id`, `staff_id`, `roll_no`, `remark`, `total_present_days`, `delete_student_id`, `created_at`) VALUES (63, 8, 93, 1, NULL, 'VERY GOOD ', 67, 0, '2023-07-15 05:47:33');
INSERT INTO `cbse_exam_students` (`id`, `cbse_exam_id`, `student_session_id`, `staff_id`, `roll_no`, `remark`, `total_present_days`, `delete_student_id`, `created_at`) VALUES (64, 8, 95, 1, NULL, 'GOOD ', 34, 0, '2023-07-15 05:47:33');
INSERT INTO `cbse_exam_students` (`id`, `cbse_exam_id`, `student_session_id`, `staff_id`, `roll_no`, `remark`, `total_present_days`, `delete_student_id`, `created_at`) VALUES (65, 8, 107, 1, NULL, 'KEEP HARD WORKING ', 56, 0, '2023-07-15 05:47:33');
INSERT INTO `cbse_exam_students` (`id`, `cbse_exam_id`, `student_session_id`, `staff_id`, `roll_no`, `remark`, `total_present_days`, `delete_student_id`, `created_at`) VALUES (66, 8, 94, 1, NULL, 'GOOD ', 34, 0, '2023-07-15 05:47:33');
INSERT INTO `cbse_exam_students` (`id`, `cbse_exam_id`, `student_session_id`, `staff_id`, `roll_no`, `remark`, `total_present_days`, `delete_student_id`, `created_at`) VALUES (67, 8, 98, 1, NULL, 'EXCELLENT', 67, 0, '2023-07-15 05:47:33');
INSERT INTO `cbse_exam_students` (`id`, `cbse_exam_id`, `student_session_id`, `staff_id`, `roll_no`, `remark`, `total_present_days`, `delete_student_id`, `created_at`) VALUES (68, 8, 96, 1, NULL, 'VERY GOOD', 34, 0, '2023-07-15 05:47:33');
INSERT INTO `cbse_exam_students` (`id`, `cbse_exam_id`, `student_session_id`, `staff_id`, `roll_no`, `remark`, `total_present_days`, `delete_student_id`, `created_at`) VALUES (73, 8, 106, NULL, NULL, NULL, NULL, 0, '2023-07-18 05:32:28');
INSERT INTO `cbse_exam_students` (`id`, `cbse_exam_id`, `student_session_id`, `staff_id`, `roll_no`, `remark`, `total_present_days`, `delete_student_id`, `created_at`) VALUES (75, 7, 131, NULL, NULL, NULL, NULL, 0, '2023-07-20 10:11:48');
INSERT INTO `cbse_exam_students` (`id`, `cbse_exam_id`, `student_session_id`, `staff_id`, `roll_no`, `remark`, `total_present_days`, `delete_student_id`, `created_at`) VALUES (76, 4, 90, NULL, NULL, NULL, NULL, 0, '2023-07-21 07:41:29');
INSERT INTO `cbse_exam_students` (`id`, `cbse_exam_id`, `student_session_id`, `staff_id`, `roll_no`, `remark`, `total_present_days`, `delete_student_id`, `created_at`) VALUES (77, 4, 91, NULL, NULL, NULL, NULL, 0, '2023-07-21 07:41:29');
INSERT INTO `cbse_exam_students` (`id`, `cbse_exam_id`, `student_session_id`, `staff_id`, `roll_no`, `remark`, `total_present_days`, `delete_student_id`, `created_at`) VALUES (78, 3, 98, NULL, NULL, NULL, NULL, 0, '2023-07-21 07:50:07');
INSERT INTO `cbse_exam_students` (`id`, `cbse_exam_id`, `student_session_id`, `staff_id`, `roll_no`, `remark`, `total_present_days`, `delete_student_id`, `created_at`) VALUES (79, 3, 96, NULL, NULL, NULL, NULL, 0, '2023-07-21 07:50:07');
INSERT INTO `cbse_exam_students` (`id`, `cbse_exam_id`, `student_session_id`, `staff_id`, `roll_no`, `remark`, `total_present_days`, `delete_student_id`, `created_at`) VALUES (80, 11, 105, 1, NULL, 'very Good', 89, 0, '2023-08-05 07:32:39');
INSERT INTO `cbse_exam_students` (`id`, `cbse_exam_id`, `student_session_id`, `staff_id`, `roll_no`, `remark`, `total_present_days`, `delete_student_id`, `created_at`) VALUES (81, 11, 88, 1, NULL, 'Good', 67, 0, '2023-08-05 07:32:39');
INSERT INTO `cbse_exam_students` (`id`, `cbse_exam_id`, `student_session_id`, `staff_id`, `roll_no`, `remark`, `total_present_days`, `delete_student_id`, `created_at`) VALUES (82, 11, 89, 1, NULL, '', 56, 0, '2023-08-05 07:32:39');
INSERT INTO `cbse_exam_students` (`id`, `cbse_exam_id`, `student_session_id`, `staff_id`, `roll_no`, `remark`, `total_present_days`, `delete_student_id`, `created_at`) VALUES (83, 11, 92, 1, NULL, 'Good', 78, 0, '2023-08-05 07:32:39');
INSERT INTO `cbse_exam_students` (`id`, `cbse_exam_id`, `student_session_id`, `staff_id`, `roll_no`, `remark`, `total_present_days`, `delete_student_id`, `created_at`) VALUES (84, 11, 90, 1, NULL, '', 56, 0, '2023-08-05 07:32:39');
INSERT INTO `cbse_exam_students` (`id`, `cbse_exam_id`, `student_session_id`, `staff_id`, `roll_no`, `remark`, `total_present_days`, `delete_student_id`, `created_at`) VALUES (85, 11, 91, 1, NULL, 'Good', 78, 0, '2023-08-05 07:32:39');
INSERT INTO `cbse_exam_students` (`id`, `cbse_exam_id`, `student_session_id`, `staff_id`, `roll_no`, `remark`, `total_present_days`, `delete_student_id`, `created_at`) VALUES (86, 11, 93, 1, NULL, '', 56, 0, '2023-08-05 07:32:39');
INSERT INTO `cbse_exam_students` (`id`, `cbse_exam_id`, `student_session_id`, `staff_id`, `roll_no`, `remark`, `total_present_days`, `delete_student_id`, `created_at`) VALUES (87, 11, 95, 1, NULL, 'Keep Hard Working', 78, 0, '2023-08-05 07:32:39');
INSERT INTO `cbse_exam_students` (`id`, `cbse_exam_id`, `student_session_id`, `staff_id`, `roll_no`, `remark`, `total_present_days`, `delete_student_id`, `created_at`) VALUES (88, 11, 107, 1, NULL, '', 56, 0, '2023-08-05 07:32:39');
INSERT INTO `cbse_exam_students` (`id`, `cbse_exam_id`, `student_session_id`, `staff_id`, `roll_no`, `remark`, `total_present_days`, `delete_student_id`, `created_at`) VALUES (89, 11, 94, 1, NULL, '', 78, 0, '2023-08-05 07:32:39');
INSERT INTO `cbse_exam_students` (`id`, `cbse_exam_id`, `student_session_id`, `staff_id`, `roll_no`, `remark`, `total_present_days`, `delete_student_id`, `created_at`) VALUES (90, 11, 98, 1, NULL, '', 56, 0, '2023-08-05 07:32:39');
INSERT INTO `cbse_exam_students` (`id`, `cbse_exam_id`, `student_session_id`, `staff_id`, `roll_no`, `remark`, `total_present_days`, `delete_student_id`, `created_at`) VALUES (91, 11, 96, 1, NULL, '', 78, 0, '2023-08-05 07:32:39');
INSERT INTO `cbse_exam_students` (`id`, `cbse_exam_id`, `student_session_id`, `staff_id`, `roll_no`, `remark`, `total_present_days`, `delete_student_id`, `created_at`) VALUES (92, 11, 102, 1, NULL, '', 56, 0, '2023-08-05 07:32:39');
INSERT INTO `cbse_exam_students` (`id`, `cbse_exam_id`, `student_session_id`, `staff_id`, `roll_no`, `remark`, `total_present_days`, `delete_student_id`, `created_at`) VALUES (93, 11, 97, NULL, NULL, NULL, NULL, 0, '2023-08-08 05:06:02');
INSERT INTO `cbse_exam_students` (`id`, `cbse_exam_id`, `student_session_id`, `staff_id`, `roll_no`, `remark`, `total_present_days`, `delete_student_id`, `created_at`) VALUES (94, 11, 101, NULL, NULL, NULL, NULL, 0, '2023-08-08 05:06:02');
INSERT INTO `cbse_exam_students` (`id`, `cbse_exam_id`, `student_session_id`, `staff_id`, `roll_no`, `remark`, `total_present_days`, `delete_student_id`, `created_at`) VALUES (95, 11, 100, NULL, NULL, NULL, NULL, 0, '2023-08-08 05:06:02');
INSERT INTO `cbse_exam_students` (`id`, `cbse_exam_id`, `student_session_id`, `staff_id`, `roll_no`, `remark`, `total_present_days`, `delete_student_id`, `created_at`) VALUES (96, 11, 99, NULL, NULL, NULL, NULL, 0, '2023-08-08 05:06:02');
INSERT INTO `cbse_exam_students` (`id`, `cbse_exam_id`, `student_session_id`, `staff_id`, `roll_no`, `remark`, `total_present_days`, `delete_student_id`, `created_at`) VALUES (97, 11, 103, NULL, NULL, NULL, NULL, 0, '2023-08-08 05:06:02');
INSERT INTO `cbse_exam_students` (`id`, `cbse_exam_id`, `student_session_id`, `staff_id`, `roll_no`, `remark`, `total_present_days`, `delete_student_id`, `created_at`) VALUES (98, 11, 137, NULL, NULL, NULL, NULL, 0, '2023-08-08 05:06:02');
INSERT INTO `cbse_exam_students` (`id`, `cbse_exam_id`, `student_session_id`, `staff_id`, `roll_no`, `remark`, `total_present_days`, `delete_student_id`, `created_at`) VALUES (99, 11, 85, NULL, NULL, NULL, NULL, 0, '2023-08-08 05:06:02');
INSERT INTO `cbse_exam_students` (`id`, `cbse_exam_id`, `student_session_id`, `staff_id`, `roll_no`, `remark`, `total_present_days`, `delete_student_id`, `created_at`) VALUES (100, 11, 106, NULL, NULL, NULL, NULL, 0, '2023-08-08 05:06:02');
INSERT INTO `cbse_exam_students` (`id`, `cbse_exam_id`, `student_session_id`, `staff_id`, `roll_no`, `remark`, `total_present_days`, `delete_student_id`, `created_at`) VALUES (101, 11, 104, NULL, NULL, NULL, NULL, 0, '2023-08-08 05:06:02');
INSERT INTO `cbse_exam_students` (`id`, `cbse_exam_id`, `student_session_id`, `staff_id`, `roll_no`, `remark`, `total_present_days`, `delete_student_id`, `created_at`) VALUES (102, 11, 141, NULL, NULL, NULL, NULL, 0, '2023-08-08 05:06:02');
INSERT INTO `cbse_exam_students` (`id`, `cbse_exam_id`, `student_session_id`, `staff_id`, `roll_no`, `remark`, `total_present_days`, `delete_student_id`, `created_at`) VALUES (108, 13, 143, 5, NULL, '', 90, 0, '2023-09-06 06:17:12');
INSERT INTO `cbse_exam_students` (`id`, `cbse_exam_id`, `student_session_id`, `staff_id`, `roll_no`, `remark`, `total_present_days`, `delete_student_id`, `created_at`) VALUES (109, 13, 105, 5, NULL, '', 67, 0, '2023-09-06 06:17:12');
INSERT INTO `cbse_exam_students` (`id`, `cbse_exam_id`, `student_session_id`, `staff_id`, `roll_no`, `remark`, `total_present_days`, `delete_student_id`, `created_at`) VALUES (110, 13, 88, 5, NULL, 'Good', 44, 0, '2023-09-06 06:17:12');
INSERT INTO `cbse_exam_students` (`id`, `cbse_exam_id`, `student_session_id`, `staff_id`, `roll_no`, `remark`, `total_present_days`, `delete_student_id`, `created_at`) VALUES (111, 13, 89, 5, NULL, '', 34, 0, '2023-09-06 06:17:12');
INSERT INTO `cbse_exam_students` (`id`, `cbse_exam_id`, `student_session_id`, `staff_id`, `roll_no`, `remark`, `total_present_days`, `delete_student_id`, `created_at`) VALUES (112, 13, 92, 5, NULL, '', 67, 0, '2023-09-06 06:17:12');
INSERT INTO `cbse_exam_students` (`id`, `cbse_exam_id`, `student_session_id`, `staff_id`, `roll_no`, `remark`, `total_present_days`, `delete_student_id`, `created_at`) VALUES (113, 13, 90, 5, NULL, 'Good', 78, 0, '2023-09-06 06:17:12');
INSERT INTO `cbse_exam_students` (`id`, `cbse_exam_id`, `student_session_id`, `staff_id`, `roll_no`, `remark`, `total_present_days`, `delete_student_id`, `created_at`) VALUES (114, 13, 91, 5, NULL, 'Good', 56, 0, '2023-09-06 06:17:12');
INSERT INTO `cbse_exam_students` (`id`, `cbse_exam_id`, `student_session_id`, `staff_id`, `roll_no`, `remark`, `total_present_days`, `delete_student_id`, `created_at`) VALUES (115, 13, 93, 5, NULL, 'Good', 78, 0, '2023-09-06 06:17:12');
INSERT INTO `cbse_exam_students` (`id`, `cbse_exam_id`, `student_session_id`, `staff_id`, `roll_no`, `remark`, `total_present_days`, `delete_student_id`, `created_at`) VALUES (116, 13, 95, 5, NULL, 'Good', 56, 0, '2023-09-06 06:17:12');
INSERT INTO `cbse_exam_students` (`id`, `cbse_exam_id`, `student_session_id`, `staff_id`, `roll_no`, `remark`, `total_present_days`, `delete_student_id`, `created_at`) VALUES (117, 13, 107, 5, NULL, '', 89, 0, '2023-09-06 06:17:12');
INSERT INTO `cbse_exam_students` (`id`, `cbse_exam_id`, `student_session_id`, `staff_id`, `roll_no`, `remark`, `total_present_days`, `delete_student_id`, `created_at`) VALUES (118, 13, 94, 5, NULL, '', 67, 0, '2023-09-06 06:17:12');
INSERT INTO `cbse_exam_students` (`id`, `cbse_exam_id`, `student_session_id`, `staff_id`, `roll_no`, `remark`, `total_present_days`, `delete_student_id`, `created_at`) VALUES (119, 13, 98, 5, NULL, '', 45, 0, '2023-09-06 06:17:12');
INSERT INTO `cbse_exam_students` (`id`, `cbse_exam_id`, `student_session_id`, `staff_id`, `roll_no`, `remark`, `total_present_days`, `delete_student_id`, `created_at`) VALUES (120, 13, 96, 5, NULL, 'Keep hard working', 78, 0, '2023-09-06 06:17:12');
INSERT INTO `cbse_exam_students` (`id`, `cbse_exam_id`, `student_session_id`, `staff_id`, `roll_no`, `remark`, `total_present_days`, `delete_student_id`, `created_at`) VALUES (121, 13, 102, 5, NULL, 'Good', 56, 0, '2023-09-06 06:17:12');
INSERT INTO `cbse_exam_students` (`id`, `cbse_exam_id`, `student_session_id`, `staff_id`, `roll_no`, `remark`, `total_present_days`, `delete_student_id`, `created_at`) VALUES (122, 13, 106, 5, NULL, '', 78, 0, '2023-09-06 06:17:12');
INSERT INTO `cbse_exam_students` (`id`, `cbse_exam_id`, `student_session_id`, `staff_id`, `roll_no`, `remark`, `total_present_days`, `delete_student_id`, `created_at`) VALUES (123, 13, 104, 5, NULL, '', 45, 0, '2023-09-06 06:17:12');
INSERT INTO `cbse_exam_students` (`id`, `cbse_exam_id`, `student_session_id`, `staff_id`, `roll_no`, `remark`, `total_present_days`, `delete_student_id`, `created_at`) VALUES (124, 13, 141, 5, NULL, '', 67, 0, '2023-09-06 06:17:12');
INSERT INTO `cbse_exam_students` (`id`, `cbse_exam_id`, `student_session_id`, `staff_id`, `roll_no`, `remark`, `total_present_days`, `delete_student_id`, `created_at`) VALUES (125, 14, 143, 1, NULL, 'Good', 89, 0, '2023-10-04 05:23:25');
INSERT INTO `cbse_exam_students` (`id`, `cbse_exam_id`, `student_session_id`, `staff_id`, `roll_no`, `remark`, `total_present_days`, `delete_student_id`, `created_at`) VALUES (126, 14, 105, 1, NULL, 'Good', 67, 0, '2023-10-04 05:23:25');
INSERT INTO `cbse_exam_students` (`id`, `cbse_exam_id`, `student_session_id`, `staff_id`, `roll_no`, `remark`, `total_present_days`, `delete_student_id`, `created_at`) VALUES (127, 14, 88, 1, NULL, 'Very Good', 78, 0, '2023-10-04 05:23:25');
INSERT INTO `cbse_exam_students` (`id`, `cbse_exam_id`, `student_session_id`, `staff_id`, `roll_no`, `remark`, `total_present_days`, `delete_student_id`, `created_at`) VALUES (128, 14, 89, 1, NULL, 'Keep Hard working', 78, 0, '2023-10-04 05:23:25');
INSERT INTO `cbse_exam_students` (`id`, `cbse_exam_id`, `student_session_id`, `staff_id`, `roll_no`, `remark`, `total_present_days`, `delete_student_id`, `created_at`) VALUES (129, 14, 90, 1, NULL, 'Keep Hard working', 56, 0, '2023-10-04 05:23:25');
INSERT INTO `cbse_exam_students` (`id`, `cbse_exam_id`, `student_session_id`, `staff_id`, `roll_no`, `remark`, `total_present_days`, `delete_student_id`, `created_at`) VALUES (130, 14, 94, 1, NULL, 'Good', 89, 0, '2023-10-04 05:23:25');
INSERT INTO `cbse_exam_students` (`id`, `cbse_exam_id`, `student_session_id`, `staff_id`, `roll_no`, `remark`, `total_present_days`, `delete_student_id`, `created_at`) VALUES (131, 14, 98, 1, NULL, 'Good', 78, 0, '2023-10-04 05:23:25');
INSERT INTO `cbse_exam_students` (`id`, `cbse_exam_id`, `student_session_id`, `staff_id`, `roll_no`, `remark`, `total_present_days`, `delete_student_id`, `created_at`) VALUES (132, 14, 96, 1, NULL, 'Good', 44, 0, '2023-10-04 05:23:25');
INSERT INTO `cbse_exam_students` (`id`, `cbse_exam_id`, `student_session_id`, `staff_id`, `roll_no`, `remark`, `total_present_days`, `delete_student_id`, `created_at`) VALUES (133, 14, 101, 1, NULL, 'Keep Hard working', 68, 0, '2023-10-04 05:23:25');
INSERT INTO `cbse_exam_students` (`id`, `cbse_exam_id`, `student_session_id`, `staff_id`, `roll_no`, `remark`, `total_present_days`, `delete_student_id`, `created_at`) VALUES (134, 14, 106, 1, NULL, 'Keep Hard working', 89, 0, '2023-10-04 05:23:25');
INSERT INTO `cbse_exam_students` (`id`, `cbse_exam_id`, `student_session_id`, `staff_id`, `roll_no`, `remark`, `total_present_days`, `delete_student_id`, `created_at`) VALUES (135, 14, 104, 1, NULL, 'Good', 67, 0, '2023-10-04 05:23:25');
INSERT INTO `cbse_exam_students` (`id`, `cbse_exam_id`, `student_session_id`, `staff_id`, `roll_no`, `remark`, `total_present_days`, `delete_student_id`, `created_at`) VALUES (136, 15, 143, 5, NULL, 'Keep Hard working', 78, 0, '2023-11-01 09:11:00');
INSERT INTO `cbse_exam_students` (`id`, `cbse_exam_id`, `student_session_id`, `staff_id`, `roll_no`, `remark`, `total_present_days`, `delete_student_id`, `created_at`) VALUES (137, 15, 105, 5, NULL, 'Keep Hard working', 56, 0, '2023-11-01 09:11:00');
INSERT INTO `cbse_exam_students` (`id`, `cbse_exam_id`, `student_session_id`, `staff_id`, `roll_no`, `remark`, `total_present_days`, `delete_student_id`, `created_at`) VALUES (138, 15, 88, 5, NULL, 'Very Good', 78, 0, '2023-11-01 09:11:00');
INSERT INTO `cbse_exam_students` (`id`, `cbse_exam_id`, `student_session_id`, `staff_id`, `roll_no`, `remark`, `total_present_days`, `delete_student_id`, `created_at`) VALUES (139, 15, 89, 5, NULL, 'Keep Hard working', 89, 0, '2023-11-01 09:11:00');
INSERT INTO `cbse_exam_students` (`id`, `cbse_exam_id`, `student_session_id`, `staff_id`, `roll_no`, `remark`, `total_present_days`, `delete_student_id`, `created_at`) VALUES (140, 15, 92, 5, NULL, 'Good', 56, 0, '2023-11-01 09:11:00');
INSERT INTO `cbse_exam_students` (`id`, `cbse_exam_id`, `student_session_id`, `staff_id`, `roll_no`, `remark`, `total_present_days`, `delete_student_id`, `created_at`) VALUES (141, 15, 90, 5, NULL, 'Good', 34, 0, '2023-11-01 09:11:00');
INSERT INTO `cbse_exam_students` (`id`, `cbse_exam_id`, `student_session_id`, `staff_id`, `roll_no`, `remark`, `total_present_days`, `delete_student_id`, `created_at`) VALUES (142, 15, 91, 5, NULL, '  Good', 56, 0, '2023-11-01 09:11:00');
INSERT INTO `cbse_exam_students` (`id`, `cbse_exam_id`, `student_session_id`, `staff_id`, `roll_no`, `remark`, `total_present_days`, `delete_student_id`, `created_at`) VALUES (143, 15, 93, 5, NULL, 'Good', 34, 0, '2023-11-01 09:11:00');
INSERT INTO `cbse_exam_students` (`id`, `cbse_exam_id`, `student_session_id`, `staff_id`, `roll_no`, `remark`, `total_present_days`, `delete_student_id`, `created_at`) VALUES (144, 15, 96, 5, NULL, 'Good', 56, 0, '2023-11-01 09:11:00');
INSERT INTO `cbse_exam_students` (`id`, `cbse_exam_id`, `student_session_id`, `staff_id`, `roll_no`, `remark`, `total_present_days`, `delete_student_id`, `created_at`) VALUES (145, 15, 97, 5, NULL, 'Good', 23, 0, '2023-11-01 09:11:00');
INSERT INTO `cbse_exam_students` (`id`, `cbse_exam_id`, `student_session_id`, `staff_id`, `roll_no`, `remark`, `total_present_days`, `delete_student_id`, `created_at`) VALUES (146, 15, 101, 5, NULL, 'Good', 45, 0, '2023-11-01 09:11:00');
INSERT INTO `cbse_exam_students` (`id`, `cbse_exam_id`, `student_session_id`, `staff_id`, `roll_no`, `remark`, `total_present_days`, `delete_student_id`, `created_at`) VALUES (147, 15, 141, 5, NULL, 'Keep Hard working', 34, 0, '2023-11-01 09:11:00');
INSERT INTO `cbse_exam_students` (`id`, `cbse_exam_id`, `student_session_id`, `staff_id`, `roll_no`, `remark`, `total_present_days`, `delete_student_id`, `created_at`) VALUES (148, 16, 143, NULL, NULL, NULL, 62, 0, '2023-12-05 04:41:21');
INSERT INTO `cbse_exam_students` (`id`, `cbse_exam_id`, `student_session_id`, `staff_id`, `roll_no`, `remark`, `total_present_days`, `delete_student_id`, `created_at`) VALUES (149, 16, 105, NULL, NULL, NULL, 150, 0, '2023-12-05 04:41:21');
INSERT INTO `cbse_exam_students` (`id`, `cbse_exam_id`, `student_session_id`, `staff_id`, `roll_no`, `remark`, `total_present_days`, `delete_student_id`, `created_at`) VALUES (150, 16, 88, NULL, NULL, NULL, 65, 0, '2023-12-05 04:41:21');
INSERT INTO `cbse_exam_students` (`id`, `cbse_exam_id`, `student_session_id`, `staff_id`, `roll_no`, `remark`, `total_present_days`, `delete_student_id`, `created_at`) VALUES (151, 16, 89, NULL, NULL, NULL, 48, 0, '2023-12-05 04:41:21');
INSERT INTO `cbse_exam_students` (`id`, `cbse_exam_id`, `student_session_id`, `staff_id`, `roll_no`, `remark`, `total_present_days`, `delete_student_id`, `created_at`) VALUES (152, 16, 92, NULL, NULL, NULL, 48, 0, '2023-12-05 04:41:21');
INSERT INTO `cbse_exam_students` (`id`, `cbse_exam_id`, `student_session_id`, `staff_id`, `roll_no`, `remark`, `total_present_days`, `delete_student_id`, `created_at`) VALUES (153, 16, 90, NULL, NULL, NULL, 48, 0, '2023-12-05 04:41:21');
INSERT INTO `cbse_exam_students` (`id`, `cbse_exam_id`, `student_session_id`, `staff_id`, `roll_no`, `remark`, `total_present_days`, `delete_student_id`, `created_at`) VALUES (154, 16, 91, NULL, NULL, NULL, 48, 0, '2023-12-05 04:41:21');
INSERT INTO `cbse_exam_students` (`id`, `cbse_exam_id`, `student_session_id`, `staff_id`, `roll_no`, `remark`, `total_present_days`, `delete_student_id`, `created_at`) VALUES (155, 16, 93, NULL, NULL, NULL, 48, 0, '2023-12-05 04:41:21');
INSERT INTO `cbse_exam_students` (`id`, `cbse_exam_id`, `student_session_id`, `staff_id`, `roll_no`, `remark`, `total_present_days`, `delete_student_id`, `created_at`) VALUES (156, 16, 95, NULL, NULL, NULL, 65, 0, '2023-12-05 04:41:21');
INSERT INTO `cbse_exam_students` (`id`, `cbse_exam_id`, `student_session_id`, `staff_id`, `roll_no`, `remark`, `total_present_days`, `delete_student_id`, `created_at`) VALUES (157, 16, 107, NULL, NULL, NULL, 80, 0, '2023-12-05 04:41:21');
INSERT INTO `cbse_exam_students` (`id`, `cbse_exam_id`, `student_session_id`, `staff_id`, `roll_no`, `remark`, `total_present_days`, `delete_student_id`, `created_at`) VALUES (158, 16, 94, NULL, NULL, NULL, 80, 0, '2023-12-05 04:41:21');
INSERT INTO `cbse_exam_students` (`id`, `cbse_exam_id`, `student_session_id`, `staff_id`, `roll_no`, `remark`, `total_present_days`, `delete_student_id`, `created_at`) VALUES (159, 16, 98, NULL, NULL, NULL, 80, 0, '2023-12-05 04:41:21');
INSERT INTO `cbse_exam_students` (`id`, `cbse_exam_id`, `student_session_id`, `staff_id`, `roll_no`, `remark`, `total_present_days`, `delete_student_id`, `created_at`) VALUES (160, 16, 96, NULL, NULL, NULL, 80, 0, '2023-12-05 04:41:21');
INSERT INTO `cbse_exam_students` (`id`, `cbse_exam_id`, `student_session_id`, `staff_id`, `roll_no`, `remark`, `total_present_days`, `delete_student_id`, `created_at`) VALUES (161, 16, 102, NULL, NULL, NULL, 80, 0, '2023-12-05 04:41:21');
INSERT INTO `cbse_exam_students` (`id`, `cbse_exam_id`, `student_session_id`, `staff_id`, `roll_no`, `remark`, `total_present_days`, `delete_student_id`, `created_at`) VALUES (162, 16, 97, NULL, NULL, NULL, 80, 0, '2023-12-05 04:41:21');
INSERT INTO `cbse_exam_students` (`id`, `cbse_exam_id`, `student_session_id`, `staff_id`, `roll_no`, `remark`, `total_present_days`, `delete_student_id`, `created_at`) VALUES (163, 16, 101, NULL, NULL, NULL, 115, 0, '2023-12-05 04:41:21');
INSERT INTO `cbse_exam_students` (`id`, `cbse_exam_id`, `student_session_id`, `staff_id`, `roll_no`, `remark`, `total_present_days`, `delete_student_id`, `created_at`) VALUES (164, 16, 100, NULL, NULL, NULL, 80, 0, '2023-12-05 04:41:21');
INSERT INTO `cbse_exam_students` (`id`, `cbse_exam_id`, `student_session_id`, `staff_id`, `roll_no`, `remark`, `total_present_days`, `delete_student_id`, `created_at`) VALUES (165, 16, 99, NULL, NULL, NULL, 80, 0, '2023-12-05 04:41:21');
INSERT INTO `cbse_exam_students` (`id`, `cbse_exam_id`, `student_session_id`, `staff_id`, `roll_no`, `remark`, `total_present_days`, `delete_student_id`, `created_at`) VALUES (166, 16, 103, NULL, NULL, NULL, 80, 0, '2023-12-05 04:41:21');
INSERT INTO `cbse_exam_students` (`id`, `cbse_exam_id`, `student_session_id`, `staff_id`, `roll_no`, `remark`, `total_present_days`, `delete_student_id`, `created_at`) VALUES (167, 16, 137, NULL, NULL, NULL, 80, 0, '2023-12-05 04:41:21');
INSERT INTO `cbse_exam_students` (`id`, `cbse_exam_id`, `student_session_id`, `staff_id`, `roll_no`, `remark`, `total_present_days`, `delete_student_id`, `created_at`) VALUES (168, 16, 85, NULL, NULL, NULL, 115, 0, '2023-12-05 04:41:21');
INSERT INTO `cbse_exam_students` (`id`, `cbse_exam_id`, `student_session_id`, `staff_id`, `roll_no`, `remark`, `total_present_days`, `delete_student_id`, `created_at`) VALUES (169, 16, 106, NULL, NULL, NULL, 115, 0, '2023-12-05 04:41:21');
INSERT INTO `cbse_exam_students` (`id`, `cbse_exam_id`, `student_session_id`, `staff_id`, `roll_no`, `remark`, `total_present_days`, `delete_student_id`, `created_at`) VALUES (170, 16, 104, NULL, NULL, NULL, 115, 0, '2023-12-05 04:41:21');
INSERT INTO `cbse_exam_students` (`id`, `cbse_exam_id`, `student_session_id`, `staff_id`, `roll_no`, `remark`, `total_present_days`, `delete_student_id`, `created_at`) VALUES (171, 16, 141, NULL, NULL, NULL, 115, 0, '2023-12-05 04:41:21');
INSERT INTO `cbse_exam_students` (`id`, `cbse_exam_id`, `student_session_id`, `staff_id`, `roll_no`, `remark`, `total_present_days`, `delete_student_id`, `created_at`) VALUES (172, 17, 143, 1, NULL, 'Keep Hard working', 67, 0, '2024-01-05 09:11:52');
INSERT INTO `cbse_exam_students` (`id`, `cbse_exam_id`, `student_session_id`, `staff_id`, `roll_no`, `remark`, `total_present_days`, `delete_student_id`, `created_at`) VALUES (173, 17, 105, 1, NULL, '', 56, 0, '2024-01-05 09:11:52');
INSERT INTO `cbse_exam_students` (`id`, `cbse_exam_id`, `student_session_id`, `staff_id`, `roll_no`, `remark`, `total_present_days`, `delete_student_id`, `created_at`) VALUES (174, 17, 88, 1, NULL, 'Very Good', 89, 0, '2024-01-05 09:11:52');
INSERT INTO `cbse_exam_students` (`id`, `cbse_exam_id`, `student_session_id`, `staff_id`, `roll_no`, `remark`, `total_present_days`, `delete_student_id`, `created_at`) VALUES (175, 17, 89, 1, NULL, '', 56, 0, '2024-01-05 09:11:52');
INSERT INTO `cbse_exam_students` (`id`, `cbse_exam_id`, `student_session_id`, `staff_id`, `roll_no`, `remark`, `total_present_days`, `delete_student_id`, `created_at`) VALUES (176, 17, 92, 1, NULL, 'Keep Hard working', 34, 0, '2024-01-05 09:11:52');
INSERT INTO `cbse_exam_students` (`id`, `cbse_exam_id`, `student_session_id`, `staff_id`, `roll_no`, `remark`, `total_present_days`, `delete_student_id`, `created_at`) VALUES (177, 17, 90, 1, NULL, 'Good', 67, 0, '2024-01-05 09:11:52');
INSERT INTO `cbse_exam_students` (`id`, `cbse_exam_id`, `student_session_id`, `staff_id`, `roll_no`, `remark`, `total_present_days`, `delete_student_id`, `created_at`) VALUES (178, 17, 91, 1, NULL, 'Very Good', 89, 0, '2024-01-05 09:11:52');
INSERT INTO `cbse_exam_students` (`id`, `cbse_exam_id`, `student_session_id`, `staff_id`, `roll_no`, `remark`, `total_present_days`, `delete_student_id`, `created_at`) VALUES (179, 17, 93, 1, NULL, 'Very Good', 45, 0, '2024-01-05 09:11:52');
INSERT INTO `cbse_exam_students` (`id`, `cbse_exam_id`, `student_session_id`, `staff_id`, `roll_no`, `remark`, `total_present_days`, `delete_student_id`, `created_at`) VALUES (180, 17, 95, 1, NULL, 'Keep Hard working', 78, 0, '2024-01-05 09:11:52');
INSERT INTO `cbse_exam_students` (`id`, `cbse_exam_id`, `student_session_id`, `staff_id`, `roll_no`, `remark`, `total_present_days`, `delete_student_id`, `created_at`) VALUES (181, 17, 107, 1, NULL, 'Keep Hard working', 45, 0, '2024-01-05 09:11:52');
INSERT INTO `cbse_exam_students` (`id`, `cbse_exam_id`, `student_session_id`, `staff_id`, `roll_no`, `remark`, `total_present_days`, `delete_student_id`, `created_at`) VALUES (182, 17, 94, 1, NULL, 'Very Good', 67, 0, '2024-01-05 09:11:52');
INSERT INTO `cbse_exam_students` (`id`, `cbse_exam_id`, `student_session_id`, `staff_id`, `roll_no`, `remark`, `total_present_days`, `delete_student_id`, `created_at`) VALUES (183, 17, 98, 1, NULL, 'Good', 89, 0, '2024-01-05 09:11:52');
INSERT INTO `cbse_exam_students` (`id`, `cbse_exam_id`, `student_session_id`, `staff_id`, `roll_no`, `remark`, `total_present_days`, `delete_student_id`, `created_at`) VALUES (184, 17, 96, 1, NULL, 'Good', 67, 0, '2024-01-05 09:11:52');
INSERT INTO `cbse_exam_students` (`id`, `cbse_exam_id`, `student_session_id`, `staff_id`, `roll_no`, `remark`, `total_present_days`, `delete_student_id`, `created_at`) VALUES (185, 17, 102, 1, NULL, 'Good', 89, 0, '2024-01-05 09:11:52');
INSERT INTO `cbse_exam_students` (`id`, `cbse_exam_id`, `student_session_id`, `staff_id`, `roll_no`, `remark`, `total_present_days`, `delete_student_id`, `created_at`) VALUES (186, 18, 143, 1, NULL, '', 78, 0, '2024-02-03 06:47:51');
INSERT INTO `cbse_exam_students` (`id`, `cbse_exam_id`, `student_session_id`, `staff_id`, `roll_no`, `remark`, `total_present_days`, `delete_student_id`, `created_at`) VALUES (187, 18, 105, 1, NULL, '', 67, 0, '2024-02-03 06:47:51');
INSERT INTO `cbse_exam_students` (`id`, `cbse_exam_id`, `student_session_id`, `staff_id`, `roll_no`, `remark`, `total_present_days`, `delete_student_id`, `created_at`) VALUES (188, 18, 88, 1, NULL, 'Very Good', 45, 0, '2024-02-03 06:47:51');
INSERT INTO `cbse_exam_students` (`id`, `cbse_exam_id`, `student_session_id`, `staff_id`, `roll_no`, `remark`, `total_present_days`, `delete_student_id`, `created_at`) VALUES (189, 18, 89, 1, NULL, 'Good', 78, 0, '2024-02-03 06:47:51');
INSERT INTO `cbse_exam_students` (`id`, `cbse_exam_id`, `student_session_id`, `staff_id`, `roll_no`, `remark`, `total_present_days`, `delete_student_id`, `created_at`) VALUES (190, 18, 92, 1, NULL, 'Very Good', 56, 0, '2024-02-03 06:47:51');
INSERT INTO `cbse_exam_students` (`id`, `cbse_exam_id`, `student_session_id`, `staff_id`, `roll_no`, `remark`, `total_present_days`, `delete_student_id`, `created_at`) VALUES (191, 18, 90, 1, NULL, 'Keep Hard Working', 78, 0, '2024-02-03 06:47:51');
INSERT INTO `cbse_exam_students` (`id`, `cbse_exam_id`, `student_session_id`, `staff_id`, `roll_no`, `remark`, `total_present_days`, `delete_student_id`, `created_at`) VALUES (192, 18, 91, 1, NULL, ' Good', 67, 0, '2024-02-03 06:47:51');
INSERT INTO `cbse_exam_students` (`id`, `cbse_exam_id`, `student_session_id`, `staff_id`, `roll_no`, `remark`, `total_present_days`, `delete_student_id`, `created_at`) VALUES (193, 18, 93, 1, NULL, ' Good', 45, 0, '2024-02-03 06:47:51');
INSERT INTO `cbse_exam_students` (`id`, `cbse_exam_id`, `student_session_id`, `staff_id`, `roll_no`, `remark`, `total_present_days`, `delete_student_id`, `created_at`) VALUES (194, 18, 95, 1, NULL, 'Keep Hard Working', 56, 0, '2024-02-03 06:47:51');
INSERT INTO `cbse_exam_students` (`id`, `cbse_exam_id`, `student_session_id`, `staff_id`, `roll_no`, `remark`, `total_present_days`, `delete_student_id`, `created_at`) VALUES (195, 18, 107, 1, NULL, 'Keep Hard Working', 78, 0, '2024-02-03 06:47:51');
INSERT INTO `cbse_exam_students` (`id`, `cbse_exam_id`, `student_session_id`, `staff_id`, `roll_no`, `remark`, `total_present_days`, `delete_student_id`, `created_at`) VALUES (196, 18, 94, 1, NULL, 'Good', 78, 0, '2024-02-03 06:47:51');
INSERT INTO `cbse_exam_students` (`id`, `cbse_exam_id`, `student_session_id`, `staff_id`, `roll_no`, `remark`, `total_present_days`, `delete_student_id`, `created_at`) VALUES (197, 18, 98, 1, NULL, 'Very Good', 45, 0, '2024-02-03 06:47:51');
INSERT INTO `cbse_exam_students` (`id`, `cbse_exam_id`, `student_session_id`, `staff_id`, `roll_no`, `remark`, `total_present_days`, `delete_student_id`, `created_at`) VALUES (198, 18, 96, 1, NULL, 'Very Good', 78, 0, '2024-02-03 06:47:51');
INSERT INTO `cbse_exam_students` (`id`, `cbse_exam_id`, `student_session_id`, `staff_id`, `roll_no`, `remark`, `total_present_days`, `delete_student_id`, `created_at`) VALUES (199, 18, 102, 1, NULL, 'Keep Hard Working', 45, 0, '2024-02-03 06:47:51');
INSERT INTO `cbse_exam_students` (`id`, `cbse_exam_id`, `student_session_id`, `staff_id`, `roll_no`, `remark`, `total_present_days`, `delete_student_id`, `created_at`) VALUES (200, 19, 143, 1, NULL, 'Excellent', 50, 0, '2024-03-04 07:48:40');
INSERT INTO `cbse_exam_students` (`id`, `cbse_exam_id`, `student_session_id`, `staff_id`, `roll_no`, `remark`, `total_present_days`, `delete_student_id`, `created_at`) VALUES (201, 19, 105, 1, NULL, 'Excellent', 100, 0, '2024-03-04 07:48:40');
INSERT INTO `cbse_exam_students` (`id`, `cbse_exam_id`, `student_session_id`, `staff_id`, `roll_no`, `remark`, `total_present_days`, `delete_student_id`, `created_at`) VALUES (202, 19, 88, 1, NULL, 'Excellent', 141, 0, '2024-03-04 07:48:40');
INSERT INTO `cbse_exam_students` (`id`, `cbse_exam_id`, `student_session_id`, `staff_id`, `roll_no`, `remark`, `total_present_days`, `delete_student_id`, `created_at`) VALUES (203, 19, 89, 1, NULL, 'Very Good', 100, 0, '2024-03-04 07:48:40');
INSERT INTO `cbse_exam_students` (`id`, `cbse_exam_id`, `student_session_id`, `staff_id`, `roll_no`, `remark`, `total_present_days`, `delete_student_id`, `created_at`) VALUES (204, 19, 92, 1, NULL, 'Keep Hard Working', 78, 0, '2024-03-04 07:48:40');
INSERT INTO `cbse_exam_students` (`id`, `cbse_exam_id`, `student_session_id`, `staff_id`, `roll_no`, `remark`, `total_present_days`, `delete_student_id`, `created_at`) VALUES (205, 19, 90, 1, NULL, 'Keep Hard Working', 78, 0, '2024-03-04 07:48:40');
INSERT INTO `cbse_exam_students` (`id`, `cbse_exam_id`, `student_session_id`, `staff_id`, `roll_no`, `remark`, `total_present_days`, `delete_student_id`, `created_at`) VALUES (206, 19, 91, 1, NULL, 'Good', 56, 0, '2024-03-04 07:48:40');
INSERT INTO `cbse_exam_students` (`id`, `cbse_exam_id`, `student_session_id`, `staff_id`, `roll_no`, `remark`, `total_present_days`, `delete_student_id`, `created_at`) VALUES (207, 19, 93, 1, NULL, 'Good', 86, 0, '2024-03-04 07:48:40');
INSERT INTO `cbse_exam_students` (`id`, `cbse_exam_id`, `student_session_id`, `staff_id`, `roll_no`, `remark`, `total_present_days`, `delete_student_id`, `created_at`) VALUES (208, 19, 95, 1, NULL, 'Keep Hard Working', 56, 0, '2024-03-04 07:48:40');
INSERT INTO `cbse_exam_students` (`id`, `cbse_exam_id`, `student_session_id`, `staff_id`, `roll_no`, `remark`, `total_present_days`, `delete_student_id`, `created_at`) VALUES (209, 19, 107, 1, NULL, 'Very Good', 56, 0, '2024-03-04 07:48:40');
INSERT INTO `cbse_exam_students` (`id`, `cbse_exam_id`, `student_session_id`, `staff_id`, `roll_no`, `remark`, `total_present_days`, `delete_student_id`, `created_at`) VALUES (210, 19, 94, 1, NULL, 'Good', 74, 0, '2024-03-04 07:48:40');
INSERT INTO `cbse_exam_students` (`id`, `cbse_exam_id`, `student_session_id`, `staff_id`, `roll_no`, `remark`, `total_present_days`, `delete_student_id`, `created_at`) VALUES (211, 19, 98, 1, NULL, 'Very Good', 56, 0, '2024-03-04 07:48:40');
INSERT INTO `cbse_exam_students` (`id`, `cbse_exam_id`, `student_session_id`, `staff_id`, `roll_no`, `remark`, `total_present_days`, `delete_student_id`, `created_at`) VALUES (212, 19, 96, 1, NULL, 'Good', 53, 0, '2024-03-04 07:48:40');
INSERT INTO `cbse_exam_students` (`id`, `cbse_exam_id`, `student_session_id`, `staff_id`, `roll_no`, `remark`, `total_present_days`, `delete_student_id`, `created_at`) VALUES (213, 19, 102, 1, NULL, 'Keep Hard Working', 82, 0, '2024-03-04 07:48:40');
INSERT INTO `cbse_exam_students` (`id`, `cbse_exam_id`, `student_session_id`, `staff_id`, `roll_no`, `remark`, `total_present_days`, `delete_student_id`, `created_at`) VALUES (214, 19, 97, 1, NULL, 'Very Good', 20, 0, '2024-03-04 07:48:40');
INSERT INTO `cbse_exam_students` (`id`, `cbse_exam_id`, `student_session_id`, `staff_id`, `roll_no`, `remark`, `total_present_days`, `delete_student_id`, `created_at`) VALUES (215, 19, 101, 1, NULL, 'Very Good', 40, 0, '2024-03-04 07:48:40');
INSERT INTO `cbse_exam_students` (`id`, `cbse_exam_id`, `student_session_id`, `staff_id`, `roll_no`, `remark`, `total_present_days`, `delete_student_id`, `created_at`) VALUES (216, 19, 100, 1, NULL, 'Good', 15, 0, '2024-03-04 07:48:40');
INSERT INTO `cbse_exam_students` (`id`, `cbse_exam_id`, `student_session_id`, `staff_id`, `roll_no`, `remark`, `total_present_days`, `delete_student_id`, `created_at`) VALUES (217, 19, 99, 1, NULL, 'Very Good', 69, 0, '2024-03-04 07:48:40');
INSERT INTO `cbse_exam_students` (`id`, `cbse_exam_id`, `student_session_id`, `staff_id`, `roll_no`, `remark`, `total_present_days`, `delete_student_id`, `created_at`) VALUES (218, 20, 166, 1, NULL, 'Keep Hard Working', 99, 0, '2024-04-04 06:27:20');
INSERT INTO `cbse_exam_students` (`id`, `cbse_exam_id`, `student_session_id`, `staff_id`, `roll_no`, `remark`, `total_present_days`, `delete_student_id`, `created_at`) VALUES (219, 20, 152, 1, NULL, 'Excellent', 110, 0, '2024-04-04 06:27:20');
INSERT INTO `cbse_exam_students` (`id`, `cbse_exam_id`, `student_session_id`, `staff_id`, `roll_no`, `remark`, `total_present_days`, `delete_student_id`, `created_at`) VALUES (220, 20, 153, 1, NULL, 'Keep Hard Working', 89, 0, '2024-04-04 06:27:20');
INSERT INTO `cbse_exam_students` (`id`, `cbse_exam_id`, `student_session_id`, `staff_id`, `roll_no`, `remark`, `total_present_days`, `delete_student_id`, `created_at`) VALUES (221, 20, 155, 1, NULL, 'Keep Hard Working', 67, 0, '2024-04-04 06:27:20');
INSERT INTO `cbse_exam_students` (`id`, `cbse_exam_id`, `student_session_id`, `staff_id`, `roll_no`, `remark`, `total_present_days`, `delete_student_id`, `created_at`) VALUES (222, 20, 180, 1, NULL, 'GOOD', 89, 0, '2024-04-04 06:27:20');
INSERT INTO `cbse_exam_students` (`id`, `cbse_exam_id`, `student_session_id`, `staff_id`, `roll_no`, `remark`, `total_present_days`, `delete_student_id`, `created_at`) VALUES (223, 20, 154, 1, NULL, 'Very Good', 90, 0, '2024-04-04 06:27:20');
INSERT INTO `cbse_exam_students` (`id`, `cbse_exam_id`, `student_session_id`, `staff_id`, `roll_no`, `remark`, `total_present_days`, `delete_student_id`, `created_at`) VALUES (224, 20, 181, 1, NULL, 'Very Good', 56, 0, '2024-04-04 06:27:20');
INSERT INTO `cbse_exam_students` (`id`, `cbse_exam_id`, `student_session_id`, `staff_id`, `roll_no`, `remark`, `total_present_days`, `delete_student_id`, `created_at`) VALUES (225, 20, 157, 1, NULL, 'GOOD', 78, 0, '2024-04-04 06:27:20');
INSERT INTO `cbse_exam_students` (`id`, `cbse_exam_id`, `student_session_id`, `staff_id`, `roll_no`, `remark`, `total_present_days`, `delete_student_id`, `created_at`) VALUES (226, 20, 160, 1, NULL, 'GOOD', 45, 0, '2024-04-04 06:27:20');
INSERT INTO `cbse_exam_students` (`id`, `cbse_exam_id`, `student_session_id`, `staff_id`, `roll_no`, `remark`, `total_present_days`, `delete_student_id`, `created_at`) VALUES (227, 20, 158, 1, NULL, 'GOOD', 78, 0, '2024-04-04 06:27:20');
INSERT INTO `cbse_exam_students` (`id`, `cbse_exam_id`, `student_session_id`, `staff_id`, `roll_no`, `remark`, `total_present_days`, `delete_student_id`, `created_at`) VALUES (228, 20, 159, 1, NULL, 'Very Good', 45, 0, '2024-04-04 06:27:20');
INSERT INTO `cbse_exam_students` (`id`, `cbse_exam_id`, `student_session_id`, `staff_id`, `roll_no`, `remark`, `total_present_days`, `delete_student_id`, `created_at`) VALUES (229, 20, 161, 1, NULL, 'Very Good', 78, 0, '2024-04-04 06:27:20');
INSERT INTO `cbse_exam_students` (`id`, `cbse_exam_id`, `student_session_id`, `staff_id`, `roll_no`, `remark`, `total_present_days`, `delete_student_id`, `created_at`) VALUES (230, 21, 166, 1, NULL, 'Very Good', 78, 0, '2024-04-04 06:54:40');
INSERT INTO `cbse_exam_students` (`id`, `cbse_exam_id`, `student_session_id`, `staff_id`, `roll_no`, `remark`, `total_present_days`, `delete_student_id`, `created_at`) VALUES (231, 21, 152, 1, NULL, 'Very Good', 86, 0, '2024-04-04 06:54:40');
INSERT INTO `cbse_exam_students` (`id`, `cbse_exam_id`, `student_session_id`, `staff_id`, `roll_no`, `remark`, `total_present_days`, `delete_student_id`, `created_at`) VALUES (232, 21, 153, 1, NULL, '', 45, 0, '2024-04-04 06:54:40');
INSERT INTO `cbse_exam_students` (`id`, `cbse_exam_id`, `student_session_id`, `staff_id`, `roll_no`, `remark`, `total_present_days`, `delete_student_id`, `created_at`) VALUES (233, 21, 155, 1, NULL, 'Keep Hard Working', 78, 0, '2024-04-04 06:54:40');
INSERT INTO `cbse_exam_students` (`id`, `cbse_exam_id`, `student_session_id`, `staff_id`, `roll_no`, `remark`, `total_present_days`, `delete_student_id`, `created_at`) VALUES (234, 21, 180, 1, NULL, 'Keep Hard Working', 34, 0, '2024-04-04 06:54:40');
INSERT INTO `cbse_exam_students` (`id`, `cbse_exam_id`, `student_session_id`, `staff_id`, `roll_no`, `remark`, `total_present_days`, `delete_student_id`, `created_at`) VALUES (235, 21, 154, 1, NULL, 'Keep Hard Working', 78, 0, '2024-04-04 06:54:40');
INSERT INTO `cbse_exam_students` (`id`, `cbse_exam_id`, `student_session_id`, `staff_id`, `roll_no`, `remark`, `total_present_days`, `delete_student_id`, `created_at`) VALUES (236, 21, 181, 1, NULL, '', 34, 0, '2024-04-04 06:54:40');
INSERT INTO `cbse_exam_students` (`id`, `cbse_exam_id`, `student_session_id`, `staff_id`, `roll_no`, `remark`, `total_present_days`, `delete_student_id`, `created_at`) VALUES (237, 21, 157, 1, NULL, 'Very Good', 23, 0, '2024-04-04 06:54:40');
INSERT INTO `cbse_exam_students` (`id`, `cbse_exam_id`, `student_session_id`, `staff_id`, `roll_no`, `remark`, `total_present_days`, `delete_student_id`, `created_at`) VALUES (238, 21, 160, 1, NULL, 'Very Good', 56, 0, '2024-04-04 06:54:40');
INSERT INTO `cbse_exam_students` (`id`, `cbse_exam_id`, `student_session_id`, `staff_id`, `roll_no`, `remark`, `total_present_days`, `delete_student_id`, `created_at`) VALUES (239, 21, 158, 1, NULL, 'GOOD', 78, 0, '2024-04-04 06:54:40');
INSERT INTO `cbse_exam_students` (`id`, `cbse_exam_id`, `student_session_id`, `staff_id`, `roll_no`, `remark`, `total_present_days`, `delete_student_id`, `created_at`) VALUES (240, 21, 159, 1, NULL, 'Very Good', 45, 0, '2024-04-04 06:54:40');
INSERT INTO `cbse_exam_students` (`id`, `cbse_exam_id`, `student_session_id`, `staff_id`, `roll_no`, `remark`, `total_present_days`, `delete_student_id`, `created_at`) VALUES (241, 21, 161, 1, NULL, 'Very Good', 23, 0, '2024-04-04 06:54:40');
INSERT INTO `cbse_exam_students` (`id`, `cbse_exam_id`, `student_session_id`, `staff_id`, `roll_no`, `remark`, `total_present_days`, `delete_student_id`, `created_at`) VALUES (242, 21, 182, 1, NULL, '', 53, 0, '2024-04-04 06:54:40');
INSERT INTO `cbse_exam_students` (`id`, `cbse_exam_id`, `student_session_id`, `staff_id`, `roll_no`, `remark`, `total_present_days`, `delete_student_id`, `created_at`) VALUES (243, 22, 166, 1, NULL, '', 56, 0, '2024-04-04 11:18:15');
INSERT INTO `cbse_exam_students` (`id`, `cbse_exam_id`, `student_session_id`, `staff_id`, `roll_no`, `remark`, `total_present_days`, `delete_student_id`, `created_at`) VALUES (244, 22, 152, 1, NULL, 'very Good', 88, 0, '2024-04-04 11:18:15');
INSERT INTO `cbse_exam_students` (`id`, `cbse_exam_id`, `student_session_id`, `staff_id`, `roll_no`, `remark`, `total_present_days`, `delete_student_id`, `created_at`) VALUES (245, 22, 153, 1, NULL, '', 78, 0, '2024-04-04 11:18:15');
INSERT INTO `cbse_exam_students` (`id`, `cbse_exam_id`, `student_session_id`, `staff_id`, `roll_no`, `remark`, `total_present_days`, `delete_student_id`, `created_at`) VALUES (246, 22, 155, 1, NULL, '', 34, 0, '2024-04-04 11:18:15');
INSERT INTO `cbse_exam_students` (`id`, `cbse_exam_id`, `student_session_id`, `staff_id`, `roll_no`, `remark`, `total_present_days`, `delete_student_id`, `created_at`) VALUES (247, 22, 180, 1, NULL, '', 74, 0, '2024-04-04 11:18:15');
INSERT INTO `cbse_exam_students` (`id`, `cbse_exam_id`, `student_session_id`, `staff_id`, `roll_no`, `remark`, `total_present_days`, `delete_student_id`, `created_at`) VALUES (248, 22, 154, 1, NULL, '', 34, 0, '2024-04-04 11:18:15');
INSERT INTO `cbse_exam_students` (`id`, `cbse_exam_id`, `student_session_id`, `staff_id`, `roll_no`, `remark`, `total_present_days`, `delete_student_id`, `created_at`) VALUES (249, 22, 181, 1, NULL, '', 78, 0, '2024-04-04 11:18:15');
INSERT INTO `cbse_exam_students` (`id`, `cbse_exam_id`, `student_session_id`, `staff_id`, `roll_no`, `remark`, `total_present_days`, `delete_student_id`, `created_at`) VALUES (250, 22, 157, 1, NULL, 'Keep Hard working', 88, 0, '2024-04-04 11:18:15');
INSERT INTO `cbse_exam_students` (`id`, `cbse_exam_id`, `student_session_id`, `staff_id`, `roll_no`, `remark`, `total_present_days`, `delete_student_id`, `created_at`) VALUES (251, 22, 160, 1, NULL, '', 67, 0, '2024-04-04 11:18:15');
INSERT INTO `cbse_exam_students` (`id`, `cbse_exam_id`, `student_session_id`, `staff_id`, `roll_no`, `remark`, `total_present_days`, `delete_student_id`, `created_at`) VALUES (252, 22, 158, 1, NULL, 'Good', 34, 0, '2024-04-04 11:18:15');
INSERT INTO `cbse_exam_students` (`id`, `cbse_exam_id`, `student_session_id`, `staff_id`, `roll_no`, `remark`, `total_present_days`, `delete_student_id`, `created_at`) VALUES (253, 22, 159, 1, NULL, '', 78, 0, '2024-04-04 11:18:15');
INSERT INTO `cbse_exam_students` (`id`, `cbse_exam_id`, `student_session_id`, `staff_id`, `roll_no`, `remark`, `total_present_days`, `delete_student_id`, `created_at`) VALUES (254, 22, 161, 1, NULL, '', 34, 0, '2024-04-04 11:18:15');
INSERT INTO `cbse_exam_students` (`id`, `cbse_exam_id`, `student_session_id`, `staff_id`, `roll_no`, `remark`, `total_present_days`, `delete_student_id`, `created_at`) VALUES (255, 22, 182, 1, NULL, '', 23, 0, '2024-04-04 11:18:15');
INSERT INTO `cbse_exam_students` (`id`, `cbse_exam_id`, `student_session_id`, `staff_id`, `roll_no`, `remark`, `total_present_days`, `delete_student_id`, `created_at`) VALUES (256, 23, 166, 1, NULL, '', NULL, 0, '2024-04-04 11:25:41');
INSERT INTO `cbse_exam_students` (`id`, `cbse_exam_id`, `student_session_id`, `staff_id`, `roll_no`, `remark`, `total_present_days`, `delete_student_id`, `created_at`) VALUES (257, 23, 152, 1, NULL, 'Very Good', NULL, 0, '2024-04-04 11:25:41');
INSERT INTO `cbse_exam_students` (`id`, `cbse_exam_id`, `student_session_id`, `staff_id`, `roll_no`, `remark`, `total_present_days`, `delete_student_id`, `created_at`) VALUES (258, 23, 153, 1, NULL, '', NULL, 0, '2024-04-04 11:25:41');
INSERT INTO `cbse_exam_students` (`id`, `cbse_exam_id`, `student_session_id`, `staff_id`, `roll_no`, `remark`, `total_present_days`, `delete_student_id`, `created_at`) VALUES (259, 23, 155, 1, NULL, '', NULL, 0, '2024-04-04 11:25:41');
INSERT INTO `cbse_exam_students` (`id`, `cbse_exam_id`, `student_session_id`, `staff_id`, `roll_no`, `remark`, `total_present_days`, `delete_student_id`, `created_at`) VALUES (260, 23, 180, 1, NULL, 'Good', NULL, 0, '2024-04-04 11:25:41');
INSERT INTO `cbse_exam_students` (`id`, `cbse_exam_id`, `student_session_id`, `staff_id`, `roll_no`, `remark`, `total_present_days`, `delete_student_id`, `created_at`) VALUES (261, 23, 154, 1, NULL, '', NULL, 0, '2024-04-04 11:25:41');
INSERT INTO `cbse_exam_students` (`id`, `cbse_exam_id`, `student_session_id`, `staff_id`, `roll_no`, `remark`, `total_present_days`, `delete_student_id`, `created_at`) VALUES (262, 23, 181, 1, NULL, '', NULL, 0, '2024-04-04 11:25:41');
INSERT INTO `cbse_exam_students` (`id`, `cbse_exam_id`, `student_session_id`, `staff_id`, `roll_no`, `remark`, `total_present_days`, `delete_student_id`, `created_at`) VALUES (263, 23, 157, 1, NULL, '', NULL, 0, '2024-04-04 11:25:41');
INSERT INTO `cbse_exam_students` (`id`, `cbse_exam_id`, `student_session_id`, `staff_id`, `roll_no`, `remark`, `total_present_days`, `delete_student_id`, `created_at`) VALUES (264, 23, 160, 1, NULL, '', NULL, 0, '2024-04-04 11:25:41');
INSERT INTO `cbse_exam_students` (`id`, `cbse_exam_id`, `student_session_id`, `staff_id`, `roll_no`, `remark`, `total_present_days`, `delete_student_id`, `created_at`) VALUES (265, 23, 158, 1, NULL, 'Good', NULL, 0, '2024-04-04 11:25:41');
INSERT INTO `cbse_exam_students` (`id`, `cbse_exam_id`, `student_session_id`, `staff_id`, `roll_no`, `remark`, `total_present_days`, `delete_student_id`, `created_at`) VALUES (266, 23, 159, 1, NULL, 'Good', NULL, 0, '2024-04-04 11:25:41');
INSERT INTO `cbse_exam_students` (`id`, `cbse_exam_id`, `student_session_id`, `staff_id`, `roll_no`, `remark`, `total_present_days`, `delete_student_id`, `created_at`) VALUES (267, 23, 161, 1, NULL, 'Good', NULL, 0, '2024-04-04 11:25:41');
INSERT INTO `cbse_exam_students` (`id`, `cbse_exam_id`, `student_session_id`, `staff_id`, `roll_no`, `remark`, `total_present_days`, `delete_student_id`, `created_at`) VALUES (268, 23, 182, 1, NULL, '', NULL, 0, '2024-04-04 11:25:41');
INSERT INTO `cbse_exam_students` (`id`, `cbse_exam_id`, `student_session_id`, `staff_id`, `roll_no`, `remark`, `total_present_days`, `delete_student_id`, `created_at`) VALUES (269, 23, 162, 1, NULL, 'Keep Ard working', NULL, 0, '2024-04-04 11:25:41');


#
# TABLE STRUCTURE FOR: cbse_exam_timetable
#


CREATE TABLE `cbse_exam_timetable` (
  `id` int NOT NULL AUTO_INCREMENT,
  `cbse_exam_id` int DEFAULT NULL,
  `subject_id` int DEFAULT NULL,
  `date` date NOT NULL,
  `time_from` time NOT NULL,
  `time_to` time NOT NULL,
  `duration` int NOT NULL,
  `room_no` varchar(255) NOT NULL,
  `is_written` int NOT NULL DEFAULT '1',
  `written_maximum_marks` float NOT NULL,
  `is_practical` int NOT NULL,
  `practical_maximum_mark` float DEFAULT NULL,
  `created_by` int DEFAULT NULL,
  `created_at` timestamp NOT NULL DEFAULT CURRENT_TIMESTAMP ON UPDATE CURRENT_TIMESTAMP,
  PRIMARY KEY (`id`),
  KEY `cbse_exam_id` (`cbse_exam_id`),
  KEY `subject_id` (`subject_id`),
  CONSTRAINT `cbse_exam_timetable_ibfk_1` FOREIGN KEY (`cbse_exam_id`) REFERENCES `cbse_exams` (`id`) ON DELETE CASCADE,
  CONSTRAINT `cbse_exam_timetable_ibfk_2` FOREIGN KEY (`subject_id`) REFERENCES `subjects` (`id`) ON DELETE CASCADE
) ENGINE=InnoDB AUTO_INCREMENT=83 DEFAULT CHARSET=utf8mb3;

INSERT INTO `cbse_exam_timetable` (`id`, `cbse_exam_id`, `subject_id`, `date`, `time_from`, `time_to`, `duration`, `room_no`, `is_written`, `written_maximum_marks`, `is_practical`, `practical_maximum_mark`, `created_by`, `created_at`) VALUES (8, 3, 1, '2023-07-12', '10:30:00', '00:00:00', 90, '12C', 1, '0', 0, NULL, NULL, '2023-07-11 12:10:27');
INSERT INTO `cbse_exam_timetable` (`id`, `cbse_exam_id`, `subject_id`, `date`, `time_from`, `time_to`, `duration`, `room_no`, `is_written`, `written_maximum_marks`, `is_practical`, `practical_maximum_mark`, `created_by`, `created_at`) VALUES (9, 3, 3, '2023-07-13', '10:30:00', '00:00:00', 90, '13C', 1, '0', 0, NULL, NULL, '2023-07-11 12:10:27');
INSERT INTO `cbse_exam_timetable` (`id`, `cbse_exam_id`, `subject_id`, `date`, `time_from`, `time_to`, `duration`, `room_no`, `is_written`, `written_maximum_marks`, `is_practical`, `practical_maximum_mark`, `created_by`, `created_at`) VALUES (10, 3, 4, '2023-07-14', '10:30:00', '00:00:00', 90, '14C', 1, '0', 0, NULL, NULL, '2023-07-11 12:10:27');
INSERT INTO `cbse_exam_timetable` (`id`, `cbse_exam_id`, `subject_id`, `date`, `time_from`, `time_to`, `duration`, `room_no`, `is_written`, `written_maximum_marks`, `is_practical`, `practical_maximum_mark`, `created_by`, `created_at`) VALUES (11, 3, 5, '2023-07-15', '10:30:00', '00:00:00', 90, '15C', 1, '0', 0, NULL, NULL, '2023-07-21 07:54:18');
INSERT INTO `cbse_exam_timetable` (`id`, `cbse_exam_id`, `subject_id`, `date`, `time_from`, `time_to`, `duration`, `room_no`, `is_written`, `written_maximum_marks`, `is_practical`, `practical_maximum_mark`, `created_by`, `created_at`) VALUES (12, 4, 1, '2023-07-12', '11:00:00', '00:00:00', 90, '45', 1, '0', 0, NULL, NULL, '2023-07-21 07:54:09');
INSERT INTO `cbse_exam_timetable` (`id`, `cbse_exam_id`, `subject_id`, `date`, `time_from`, `time_to`, `duration`, `room_no`, `is_written`, `written_maximum_marks`, `is_practical`, `practical_maximum_mark`, `created_by`, `created_at`) VALUES (13, 4, 5, '2023-07-13', '11:00:00', '00:00:00', 90, '23', 1, '0', 0, NULL, NULL, '2023-07-12 05:32:37');
INSERT INTO `cbse_exam_timetable` (`id`, `cbse_exam_id`, `subject_id`, `date`, `time_from`, `time_to`, `duration`, `room_no`, `is_written`, `written_maximum_marks`, `is_practical`, `practical_maximum_mark`, `created_by`, `created_at`) VALUES (14, 4, 4, '2023-07-14', '11:00:00', '00:00:00', 90, '34', 1, '0', 0, NULL, NULL, '2023-07-12 05:32:37');
INSERT INTO `cbse_exam_timetable` (`id`, `cbse_exam_id`, `subject_id`, `date`, `time_from`, `time_to`, `duration`, `room_no`, `is_written`, `written_maximum_marks`, `is_practical`, `practical_maximum_mark`, `created_by`, `created_at`) VALUES (15, 4, 3, '2023-07-17', '11:00:00', '00:00:00', 90, '23', 1, '0', 0, NULL, NULL, '2023-07-12 10:10:08');
INSERT INTO `cbse_exam_timetable` (`id`, `cbse_exam_id`, `subject_id`, `date`, `time_from`, `time_to`, `duration`, `room_no`, `is_written`, `written_maximum_marks`, `is_practical`, `practical_maximum_mark`, `created_by`, `created_at`) VALUES (16, 5, 9, '2023-07-20', '10:00:00', '00:00:00', 60, '21', 1, '0', 0, NULL, NULL, '2023-07-13 04:26:11');
INSERT INTO `cbse_exam_timetable` (`id`, `cbse_exam_id`, `subject_id`, `date`, `time_from`, `time_to`, `duration`, `room_no`, `is_written`, `written_maximum_marks`, `is_practical`, `practical_maximum_mark`, `created_by`, `created_at`) VALUES (17, 5, 1, '2023-07-21', '10:00:00', '00:00:00', 60, '22', 1, '0', 0, NULL, NULL, '2023-07-13 04:26:11');
INSERT INTO `cbse_exam_timetable` (`id`, `cbse_exam_id`, `subject_id`, `date`, `time_from`, `time_to`, `duration`, `room_no`, `is_written`, `written_maximum_marks`, `is_practical`, `practical_maximum_mark`, `created_by`, `created_at`) VALUES (18, 5, 4, '2023-07-22', '10:00:00', '00:00:00', 60, '34', 1, '0', 0, NULL, NULL, '2023-07-13 04:26:11');
INSERT INTO `cbse_exam_timetable` (`id`, `cbse_exam_id`, `subject_id`, `date`, `time_from`, `time_to`, `duration`, `room_no`, `is_written`, `written_maximum_marks`, `is_practical`, `practical_maximum_mark`, `created_by`, `created_at`) VALUES (19, 5, 5, '2023-07-24', '10:00:00', '00:00:00', 60, '22', 1, '0', 0, NULL, NULL, '2023-07-13 04:26:11');
INSERT INTO `cbse_exam_timetable` (`id`, `cbse_exam_id`, `subject_id`, `date`, `time_from`, `time_to`, `duration`, `room_no`, `is_written`, `written_maximum_marks`, `is_practical`, `practical_maximum_mark`, `created_by`, `created_at`) VALUES (20, 6, 1, '2023-07-17', '02:30:00', '00:00:00', 60, '12', 1, '0', 0, NULL, NULL, '2023-07-14 11:21:18');
INSERT INTO `cbse_exam_timetable` (`id`, `cbse_exam_id`, `subject_id`, `date`, `time_from`, `time_to`, `duration`, `room_no`, `is_written`, `written_maximum_marks`, `is_practical`, `practical_maximum_mark`, `created_by`, `created_at`) VALUES (21, 6, 3, '2023-07-18', '02:30:00', '00:00:00', 60, '34', 1, '0', 0, NULL, NULL, '2023-07-14 11:21:18');
INSERT INTO `cbse_exam_timetable` (`id`, `cbse_exam_id`, `subject_id`, `date`, `time_from`, `time_to`, `duration`, `room_no`, `is_written`, `written_maximum_marks`, `is_practical`, `practical_maximum_mark`, `created_by`, `created_at`) VALUES (22, 6, 4, '2023-07-19', '02:30:00', '00:00:00', 60, '21', 1, '0', 0, NULL, NULL, '2023-07-14 11:21:18');
INSERT INTO `cbse_exam_timetable` (`id`, `cbse_exam_id`, `subject_id`, `date`, `time_from`, `time_to`, `duration`, `room_no`, `is_written`, `written_maximum_marks`, `is_practical`, `practical_maximum_mark`, `created_by`, `created_at`) VALUES (23, 6, 5, '2023-07-20', '02:30:00', '00:00:00', 60, '12', 1, '0', 0, NULL, NULL, '2023-07-14 11:21:18');
INSERT INTO `cbse_exam_timetable` (`id`, `cbse_exam_id`, `subject_id`, `date`, `time_from`, `time_to`, `duration`, `room_no`, `is_written`, `written_maximum_marks`, `is_practical`, `practical_maximum_mark`, `created_by`, `created_at`) VALUES (24, 7, 1, '2023-07-24', '10:30:00', '00:00:00', 60, '34', 1, '0', 0, NULL, NULL, '2023-07-15 04:14:21');
INSERT INTO `cbse_exam_timetable` (`id`, `cbse_exam_id`, `subject_id`, `date`, `time_from`, `time_to`, `duration`, `room_no`, `is_written`, `written_maximum_marks`, `is_practical`, `practical_maximum_mark`, `created_by`, `created_at`) VALUES (25, 7, 3, '2023-07-25', '10:30:00', '00:00:00', 60, '23', 1, '0', 0, NULL, NULL, '2023-07-15 04:14:21');
INSERT INTO `cbse_exam_timetable` (`id`, `cbse_exam_id`, `subject_id`, `date`, `time_from`, `time_to`, `duration`, `room_no`, `is_written`, `written_maximum_marks`, `is_practical`, `practical_maximum_mark`, `created_by`, `created_at`) VALUES (26, 7, 4, '2023-07-26', '10:30:00', '00:00:00', 60, '12', 1, '0', 0, NULL, NULL, '2023-07-15 04:14:21');
INSERT INTO `cbse_exam_timetable` (`id`, `cbse_exam_id`, `subject_id`, `date`, `time_from`, `time_to`, `duration`, `room_no`, `is_written`, `written_maximum_marks`, `is_practical`, `practical_maximum_mark`, `created_by`, `created_at`) VALUES (27, 7, 5, '2023-07-27', '10:30:00', '00:00:00', 60, '23', 1, '0', 0, NULL, NULL, '2023-07-15 04:14:21');
INSERT INTO `cbse_exam_timetable` (`id`, `cbse_exam_id`, `subject_id`, `date`, `time_from`, `time_to`, `duration`, `room_no`, `is_written`, `written_maximum_marks`, `is_practical`, `practical_maximum_mark`, `created_by`, `created_at`) VALUES (28, 8, 1, '2023-07-04', '11:30:00', '00:00:00', 120, '23', 1, '0', 0, NULL, NULL, '2023-07-15 05:48:21');
INSERT INTO `cbse_exam_timetable` (`id`, `cbse_exam_id`, `subject_id`, `date`, `time_from`, `time_to`, `duration`, `room_no`, `is_written`, `written_maximum_marks`, `is_practical`, `practical_maximum_mark`, `created_by`, `created_at`) VALUES (29, 8, 3, '2023-07-05', '11:30:00', '00:00:00', 120, '24', 1, '0', 0, NULL, NULL, '2023-07-15 05:48:21');
INSERT INTO `cbse_exam_timetable` (`id`, `cbse_exam_id`, `subject_id`, `date`, `time_from`, `time_to`, `duration`, `room_no`, `is_written`, `written_maximum_marks`, `is_practical`, `practical_maximum_mark`, `created_by`, `created_at`) VALUES (30, 8, 4, '2023-07-06', '11:30:00', '00:00:00', 120, '25', 1, '0', 0, NULL, NULL, '2023-07-15 05:48:21');
INSERT INTO `cbse_exam_timetable` (`id`, `cbse_exam_id`, `subject_id`, `date`, `time_from`, `time_to`, `duration`, `room_no`, `is_written`, `written_maximum_marks`, `is_practical`, `practical_maximum_mark`, `created_by`, `created_at`) VALUES (31, 8, 5, '2023-07-07', '11:30:00', '00:00:00', 120, '26', 1, '0', 0, NULL, NULL, '2023-07-22 04:18:24');
INSERT INTO `cbse_exam_timetable` (`id`, `cbse_exam_id`, `subject_id`, `date`, `time_from`, `time_to`, `duration`, `room_no`, `is_written`, `written_maximum_marks`, `is_practical`, `practical_maximum_mark`, `created_by`, `created_at`) VALUES (32, 11, 1, '2023-08-07', '01:30:00', '00:00:00', 60, '12B', 1, '0', 0, NULL, NULL, '2023-08-05 07:33:46');
INSERT INTO `cbse_exam_timetable` (`id`, `cbse_exam_id`, `subject_id`, `date`, `time_from`, `time_to`, `duration`, `room_no`, `is_written`, `written_maximum_marks`, `is_practical`, `practical_maximum_mark`, `created_by`, `created_at`) VALUES (33, 11, 4, '2023-08-09', '01:30:00', '00:00:00', 60, '12B', 1, '0', 0, NULL, NULL, '2023-08-05 07:33:46');
INSERT INTO `cbse_exam_timetable` (`id`, `cbse_exam_id`, `subject_id`, `date`, `time_from`, `time_to`, `duration`, `room_no`, `is_written`, `written_maximum_marks`, `is_practical`, `practical_maximum_mark`, `created_by`, `created_at`) VALUES (34, 11, 5, '2023-08-10', '01:30:00', '00:00:00', 60, '12B', 1, '0', 0, NULL, NULL, '2023-08-05 07:33:46');
INSERT INTO `cbse_exam_timetable` (`id`, `cbse_exam_id`, `subject_id`, `date`, `time_from`, `time_to`, `duration`, `room_no`, `is_written`, `written_maximum_marks`, `is_practical`, `practical_maximum_mark`, `created_by`, `created_at`) VALUES (35, 11, 3, '2023-08-12', '01:30:00', '00:00:00', 60, '12B', 1, '0', 0, NULL, NULL, '2023-08-05 07:33:46');
INSERT INTO `cbse_exam_timetable` (`id`, `cbse_exam_id`, `subject_id`, `date`, `time_from`, `time_to`, `duration`, `room_no`, `is_written`, `written_maximum_marks`, `is_practical`, `practical_maximum_mark`, `created_by`, `created_at`) VALUES (39, 13, 1, '2023-09-11', '11:30:00', '00:00:00', 120, '21G', 1, '0', 0, NULL, NULL, '2023-09-06 06:18:52');
INSERT INTO `cbse_exam_timetable` (`id`, `cbse_exam_id`, `subject_id`, `date`, `time_from`, `time_to`, `duration`, `room_no`, `is_written`, `written_maximum_marks`, `is_practical`, `practical_maximum_mark`, `created_by`, `created_at`) VALUES (40, 13, 3, '2023-09-12', '11:30:00', '00:00:00', 120, '21F', 1, '0', 0, NULL, NULL, '2023-09-06 06:18:52');
INSERT INTO `cbse_exam_timetable` (`id`, `cbse_exam_id`, `subject_id`, `date`, `time_from`, `time_to`, `duration`, `room_no`, `is_written`, `written_maximum_marks`, `is_practical`, `practical_maximum_mark`, `created_by`, `created_at`) VALUES (41, 13, 4, '2023-09-14', '11:30:00', '00:00:00', 120, '21G', 1, '0', 0, NULL, NULL, '2023-09-06 06:18:52');
INSERT INTO `cbse_exam_timetable` (`id`, `cbse_exam_id`, `subject_id`, `date`, `time_from`, `time_to`, `duration`, `room_no`, `is_written`, `written_maximum_marks`, `is_practical`, `practical_maximum_mark`, `created_by`, `created_at`) VALUES (42, 13, 5, '2023-09-16', '11:30:00', '00:00:00', 120, '21F', 1, '0', 0, NULL, NULL, '2023-09-06 06:18:52');
INSERT INTO `cbse_exam_timetable` (`id`, `cbse_exam_id`, `subject_id`, `date`, `time_from`, `time_to`, `duration`, `room_no`, `is_written`, `written_maximum_marks`, `is_practical`, `practical_maximum_mark`, `created_by`, `created_at`) VALUES (43, 14, 1, '2023-10-05', '10:30:00', '00:00:00', 120, '45', 1, '0', 0, NULL, NULL, '2023-10-04 05:24:23');
INSERT INTO `cbse_exam_timetable` (`id`, `cbse_exam_id`, `subject_id`, `date`, `time_from`, `time_to`, `duration`, `room_no`, `is_written`, `written_maximum_marks`, `is_practical`, `practical_maximum_mark`, `created_by`, `created_at`) VALUES (44, 14, 4, '2023-10-07', '10:30:00', '00:00:00', 120, '34', 1, '0', 0, NULL, NULL, '2023-10-04 05:24:23');
INSERT INTO `cbse_exam_timetable` (`id`, `cbse_exam_id`, `subject_id`, `date`, `time_from`, `time_to`, `duration`, `room_no`, `is_written`, `written_maximum_marks`, `is_practical`, `practical_maximum_mark`, `created_by`, `created_at`) VALUES (45, 14, 5, '2023-10-10', '10:30:00', '00:00:00', 120, '23', 1, '0', 0, NULL, NULL, '2023-10-04 05:24:23');
INSERT INTO `cbse_exam_timetable` (`id`, `cbse_exam_id`, `subject_id`, `date`, `time_from`, `time_to`, `duration`, `room_no`, `is_written`, `written_maximum_marks`, `is_practical`, `practical_maximum_mark`, `created_by`, `created_at`) VALUES (46, 14, 3, '2023-10-12', '10:30:00', '00:00:00', 120, '45', 1, '0', 0, NULL, NULL, '2023-10-04 05:24:23');
INSERT INTO `cbse_exam_timetable` (`id`, `cbse_exam_id`, `subject_id`, `date`, `time_from`, `time_to`, `duration`, `room_no`, `is_written`, `written_maximum_marks`, `is_practical`, `practical_maximum_mark`, `created_by`, `created_at`) VALUES (47, 15, 1, '2023-11-02', '10:30:00', '00:00:00', 90, '234', 1, '0', 0, NULL, NULL, '2023-11-01 09:11:53');
INSERT INTO `cbse_exam_timetable` (`id`, `cbse_exam_id`, `subject_id`, `date`, `time_from`, `time_to`, `duration`, `room_no`, `is_written`, `written_maximum_marks`, `is_practical`, `practical_maximum_mark`, `created_by`, `created_at`) VALUES (48, 15, 4, '2023-11-04', '10:30:00', '00:00:00', 90, '231', 1, '0', 0, NULL, NULL, '2023-11-01 09:11:53');
INSERT INTO `cbse_exam_timetable` (`id`, `cbse_exam_id`, `subject_id`, `date`, `time_from`, `time_to`, `duration`, `room_no`, `is_written`, `written_maximum_marks`, `is_practical`, `practical_maximum_mark`, `created_by`, `created_at`) VALUES (49, 15, 5, '2023-11-06', '10:30:00', '00:00:00', 90, '122', 1, '0', 0, NULL, NULL, '2023-11-01 09:11:53');
INSERT INTO `cbse_exam_timetable` (`id`, `cbse_exam_id`, `subject_id`, `date`, `time_from`, `time_to`, `duration`, `room_no`, `is_written`, `written_maximum_marks`, `is_practical`, `practical_maximum_mark`, `created_by`, `created_at`) VALUES (50, 15, 3, '2023-11-10', '10:30:00', '00:00:00', 90, '121', 1, '0', 0, NULL, NULL, '2023-11-01 09:11:53');
INSERT INTO `cbse_exam_timetable` (`id`, `cbse_exam_id`, `subject_id`, `date`, `time_from`, `time_to`, `duration`, `room_no`, `is_written`, `written_maximum_marks`, `is_practical`, `practical_maximum_mark`, `created_by`, `created_at`) VALUES (51, 16, 1, '2023-12-05', '10:30:00', '00:00:00', 120, '342', 1, '0', 0, NULL, NULL, '2023-12-05 04:42:29');
INSERT INTO `cbse_exam_timetable` (`id`, `cbse_exam_id`, `subject_id`, `date`, `time_from`, `time_to`, `duration`, `room_no`, `is_written`, `written_maximum_marks`, `is_practical`, `practical_maximum_mark`, `created_by`, `created_at`) VALUES (52, 16, 3, '2023-12-08', '10:30:00', '00:00:00', 120, '232', 1, '0', 0, NULL, NULL, '2023-12-05 04:42:29');
INSERT INTO `cbse_exam_timetable` (`id`, `cbse_exam_id`, `subject_id`, `date`, `time_from`, `time_to`, `duration`, `room_no`, `is_written`, `written_maximum_marks`, `is_practical`, `practical_maximum_mark`, `created_by`, `created_at`) VALUES (53, 16, 4, '2023-12-12', '10:30:00', '00:00:00', 120, '234', 1, '0', 0, NULL, NULL, '2023-12-05 04:42:29');
INSERT INTO `cbse_exam_timetable` (`id`, `cbse_exam_id`, `subject_id`, `date`, `time_from`, `time_to`, `duration`, `room_no`, `is_written`, `written_maximum_marks`, `is_practical`, `practical_maximum_mark`, `created_by`, `created_at`) VALUES (54, 16, 5, '2023-12-15', '10:30:00', '00:00:00', 120, '253', 1, '0', 0, NULL, NULL, '2023-12-05 04:42:29');
INSERT INTO `cbse_exam_timetable` (`id`, `cbse_exam_id`, `subject_id`, `date`, `time_from`, `time_to`, `duration`, `room_no`, `is_written`, `written_maximum_marks`, `is_practical`, `practical_maximum_mark`, `created_by`, `created_at`) VALUES (55, 17, 1, '2024-01-10', '01:30:00', '00:00:00', 90, '23G', 1, '0', 0, NULL, NULL, '2024-01-05 09:13:11');
INSERT INTO `cbse_exam_timetable` (`id`, `cbse_exam_id`, `subject_id`, `date`, `time_from`, `time_to`, `duration`, `room_no`, `is_written`, `written_maximum_marks`, `is_practical`, `practical_maximum_mark`, `created_by`, `created_at`) VALUES (56, 17, 4, '2024-01-12', '01:30:00', '00:00:00', 90, '24G', 1, '0', 0, NULL, NULL, '2024-01-05 09:13:11');
INSERT INTO `cbse_exam_timetable` (`id`, `cbse_exam_id`, `subject_id`, `date`, `time_from`, `time_to`, `duration`, `room_no`, `is_written`, `written_maximum_marks`, `is_practical`, `practical_maximum_mark`, `created_by`, `created_at`) VALUES (57, 17, 5, '2024-01-15', '01:30:00', '00:00:00', 90, '12F', 1, '0', 0, NULL, NULL, '2024-01-05 09:13:11');
INSERT INTO `cbse_exam_timetable` (`id`, `cbse_exam_id`, `subject_id`, `date`, `time_from`, `time_to`, `duration`, `room_no`, `is_written`, `written_maximum_marks`, `is_practical`, `practical_maximum_mark`, `created_by`, `created_at`) VALUES (58, 17, 9, '2024-01-18', '01:30:00', '00:00:00', 90, '23G', 1, '0', 0, NULL, NULL, '2024-01-05 09:13:11');
INSERT INTO `cbse_exam_timetable` (`id`, `cbse_exam_id`, `subject_id`, `date`, `time_from`, `time_to`, `duration`, `room_no`, `is_written`, `written_maximum_marks`, `is_practical`, `practical_maximum_mark`, `created_by`, `created_at`) VALUES (59, 18, 1, '2024-02-05', '10:00:00', '00:00:00', 120, '123', 1, '0', 0, NULL, NULL, '2024-02-03 06:50:05');
INSERT INTO `cbse_exam_timetable` (`id`, `cbse_exam_id`, `subject_id`, `date`, `time_from`, `time_to`, `duration`, `room_no`, `is_written`, `written_maximum_marks`, `is_practical`, `practical_maximum_mark`, `created_by`, `created_at`) VALUES (60, 18, 4, '2024-02-08', '10:00:00', '00:00:00', 120, '124', 1, '0', 0, NULL, NULL, '2024-02-03 06:50:05');
INSERT INTO `cbse_exam_timetable` (`id`, `cbse_exam_id`, `subject_id`, `date`, `time_from`, `time_to`, `duration`, `room_no`, `is_written`, `written_maximum_marks`, `is_practical`, `practical_maximum_mark`, `created_by`, `created_at`) VALUES (61, 18, 5, '2024-02-10', '10:00:00', '00:00:00', 120, '125', 1, '0', 0, NULL, NULL, '2024-02-03 06:50:05');
INSERT INTO `cbse_exam_timetable` (`id`, `cbse_exam_id`, `subject_id`, `date`, `time_from`, `time_to`, `duration`, `room_no`, `is_written`, `written_maximum_marks`, `is_practical`, `practical_maximum_mark`, `created_by`, `created_at`) VALUES (62, 18, 9, '2024-02-12', '10:00:00', '00:00:00', 120, '126', 1, '0', 0, NULL, NULL, '2024-02-03 06:50:05');
INSERT INTO `cbse_exam_timetable` (`id`, `cbse_exam_id`, `subject_id`, `date`, `time_from`, `time_to`, `duration`, `room_no`, `is_written`, `written_maximum_marks`, `is_practical`, `practical_maximum_mark`, `created_by`, `created_at`) VALUES (63, 19, 1, '2024-03-01', '10:30:00', '00:00:00', 120, '23G', 1, '0', 0, NULL, NULL, '2024-03-04 07:51:35');
INSERT INTO `cbse_exam_timetable` (`id`, `cbse_exam_id`, `subject_id`, `date`, `time_from`, `time_to`, `duration`, `room_no`, `is_written`, `written_maximum_marks`, `is_practical`, `practical_maximum_mark`, `created_by`, `created_at`) VALUES (64, 19, 4, '2024-03-05', '10:30:00', '00:00:00', 120, '34FF', 1, '0', 0, NULL, NULL, '2024-03-04 07:51:35');
INSERT INTO `cbse_exam_timetable` (`id`, `cbse_exam_id`, `subject_id`, `date`, `time_from`, `time_to`, `duration`, `room_no`, `is_written`, `written_maximum_marks`, `is_practical`, `practical_maximum_mark`, `created_by`, `created_at`) VALUES (65, 19, 5, '2024-03-12', '10:30:00', '00:00:00', 120, '23FF', 1, '0', 0, NULL, NULL, '2024-03-04 07:51:35');
INSERT INTO `cbse_exam_timetable` (`id`, `cbse_exam_id`, `subject_id`, `date`, `time_from`, `time_to`, `duration`, `room_no`, `is_written`, `written_maximum_marks`, `is_practical`, `practical_maximum_mark`, `created_by`, `created_at`) VALUES (66, 19, 9, '2024-03-16', '10:30:00', '00:00:00', 120, '25G', 1, '0', 0, NULL, NULL, '2024-03-04 07:51:35');
INSERT INTO `cbse_exam_timetable` (`id`, `cbse_exam_id`, `subject_id`, `date`, `time_from`, `time_to`, `duration`, `room_no`, `is_written`, `written_maximum_marks`, `is_practical`, `practical_maximum_mark`, `created_by`, `created_at`) VALUES (67, 20, 1, '2024-04-04', '11:30:00', '00:00:00', 90, '12G', 1, '0', 0, NULL, NULL, '2024-04-04 06:29:17');
INSERT INTO `cbse_exam_timetable` (`id`, `cbse_exam_id`, `subject_id`, `date`, `time_from`, `time_to`, `duration`, `room_no`, `is_written`, `written_maximum_marks`, `is_practical`, `practical_maximum_mark`, `created_by`, `created_at`) VALUES (68, 20, 4, '2024-04-06', '11:30:00', '00:00:00', 90, '11F', 1, '0', 0, NULL, NULL, '2024-04-04 06:29:17');
INSERT INTO `cbse_exam_timetable` (`id`, `cbse_exam_id`, `subject_id`, `date`, `time_from`, `time_to`, `duration`, `room_no`, `is_written`, `written_maximum_marks`, `is_practical`, `practical_maximum_mark`, `created_by`, `created_at`) VALUES (69, 20, 5, '2024-04-08', '11:30:00', '00:00:00', 90, '15G', 1, '0', 0, NULL, NULL, '2024-04-04 06:29:17');
INSERT INTO `cbse_exam_timetable` (`id`, `cbse_exam_id`, `subject_id`, `date`, `time_from`, `time_to`, `duration`, `room_no`, `is_written`, `written_maximum_marks`, `is_practical`, `practical_maximum_mark`, `created_by`, `created_at`) VALUES (70, 20, 9, '2024-04-10', '11:30:00', '00:00:00', 90, '16G', 1, '0', 0, NULL, NULL, '2024-04-04 06:29:17');
INSERT INTO `cbse_exam_timetable` (`id`, `cbse_exam_id`, `subject_id`, `date`, `time_from`, `time_to`, `duration`, `room_no`, `is_written`, `written_maximum_marks`, `is_practical`, `practical_maximum_mark`, `created_by`, `created_at`) VALUES (71, 21, 1, '2024-04-10', '10:00:00', '00:00:00', 120, '23G', 1, '0', 0, NULL, NULL, '2024-04-04 06:55:55');
INSERT INTO `cbse_exam_timetable` (`id`, `cbse_exam_id`, `subject_id`, `date`, `time_from`, `time_to`, `duration`, `room_no`, `is_written`, `written_maximum_marks`, `is_practical`, `practical_maximum_mark`, `created_by`, `created_at`) VALUES (72, 21, 3, '2024-04-12', '10:00:00', '00:00:00', 120, '45F', 1, '0', 0, NULL, NULL, '2024-04-04 06:55:55');
INSERT INTO `cbse_exam_timetable` (`id`, `cbse_exam_id`, `subject_id`, `date`, `time_from`, `time_to`, `duration`, `room_no`, `is_written`, `written_maximum_marks`, `is_practical`, `practical_maximum_mark`, `created_by`, `created_at`) VALUES (73, 21, 4, '2024-04-15', '10:00:00', '00:00:00', 120, '56G', 1, '0', 0, NULL, NULL, '2024-04-04 06:55:55');
INSERT INTO `cbse_exam_timetable` (`id`, `cbse_exam_id`, `subject_id`, `date`, `time_from`, `time_to`, `duration`, `room_no`, `is_written`, `written_maximum_marks`, `is_practical`, `practical_maximum_mark`, `created_by`, `created_at`) VALUES (74, 21, 6, '2024-04-18', '10:00:00', '00:00:00', 120, '12G', 1, '0', 0, NULL, NULL, '2024-04-04 06:55:55');
INSERT INTO `cbse_exam_timetable` (`id`, `cbse_exam_id`, `subject_id`, `date`, `time_from`, `time_to`, `duration`, `room_no`, `is_written`, `written_maximum_marks`, `is_practical`, `practical_maximum_mark`, `created_by`, `created_at`) VALUES (75, 22, 1, '2024-04-16', '10:00:00', '00:00:00', 120, '12G', 1, '0', 0, NULL, NULL, '2024-04-04 11:19:17');
INSERT INTO `cbse_exam_timetable` (`id`, `cbse_exam_id`, `subject_id`, `date`, `time_from`, `time_to`, `duration`, `room_no`, `is_written`, `written_maximum_marks`, `is_practical`, `practical_maximum_mark`, `created_by`, `created_at`) VALUES (76, 22, 3, '2024-04-18', '10:00:00', '00:00:00', 120, '11F', 1, '0', 0, NULL, NULL, '2024-04-04 11:19:17');
INSERT INTO `cbse_exam_timetable` (`id`, `cbse_exam_id`, `subject_id`, `date`, `time_from`, `time_to`, `duration`, `room_no`, `is_written`, `written_maximum_marks`, `is_practical`, `practical_maximum_mark`, `created_by`, `created_at`) VALUES (77, 22, 4, '2024-04-20', '10:00:00', '00:00:00', 120, '14G', 1, '0', 0, NULL, NULL, '2024-04-04 11:19:17');
INSERT INTO `cbse_exam_timetable` (`id`, `cbse_exam_id`, `subject_id`, `date`, `time_from`, `time_to`, `duration`, `room_no`, `is_written`, `written_maximum_marks`, `is_practical`, `practical_maximum_mark`, `created_by`, `created_at`) VALUES (78, 22, 5, '2024-04-22', '10:00:00', '00:00:00', 120, '15F', 1, '0', 0, NULL, NULL, '2024-04-04 11:19:18');
INSERT INTO `cbse_exam_timetable` (`id`, `cbse_exam_id`, `subject_id`, `date`, `time_from`, `time_to`, `duration`, `room_no`, `is_written`, `written_maximum_marks`, `is_practical`, `practical_maximum_mark`, `created_by`, `created_at`) VALUES (79, 23, 1, '2024-04-22', '10:30:00', '00:00:00', 120, '23G', 1, '0', 0, NULL, NULL, '2024-04-04 11:26:51');
INSERT INTO `cbse_exam_timetable` (`id`, `cbse_exam_id`, `subject_id`, `date`, `time_from`, `time_to`, `duration`, `room_no`, `is_written`, `written_maximum_marks`, `is_practical`, `practical_maximum_mark`, `created_by`, `created_at`) VALUES (80, 23, 3, '2024-04-24', '10:30:00', '00:00:00', 120, '24F', 1, '0', 0, NULL, NULL, '2024-04-04 11:26:51');
INSERT INTO `cbse_exam_timetable` (`id`, `cbse_exam_id`, `subject_id`, `date`, `time_from`, `time_to`, `duration`, `room_no`, `is_written`, `written_maximum_marks`, `is_practical`, `practical_maximum_mark`, `created_by`, `created_at`) VALUES (81, 23, 4, '2024-04-26', '10:30:00', '00:00:00', 120, '25G', 1, '0', 0, NULL, NULL, '2024-04-04 11:26:51');
INSERT INTO `cbse_exam_timetable` (`id`, `cbse_exam_id`, `subject_id`, `date`, `time_from`, `time_to`, `duration`, `room_no`, `is_written`, `written_maximum_marks`, `is_practical`, `practical_maximum_mark`, `created_by`, `created_at`) VALUES (82, 23, 5, '2024-04-30', '10:30:00', '00:00:00', 120, '26G', 1, '0', 0, NULL, NULL, '2024-04-04 11:26:51');


#
# TABLE STRUCTURE FOR: cbse_exam_timetable_assessment_types
#


CREATE TABLE `cbse_exam_timetable_assessment_types` (
  `id` int NOT NULL AUTO_INCREMENT,
  `cbse_exam_timetable_id` int DEFAULT NULL,
  `cbse_exam_assessment_type_id` int DEFAULT NULL,
  `created_at` timestamp NOT NULL DEFAULT CURRENT_TIMESTAMP ON UPDATE CURRENT_TIMESTAMP,
  PRIMARY KEY (`id`),
  KEY `cbse_exam_timetable_id` (`cbse_exam_timetable_id`),
  KEY `cbse_exam_assessment_type_id` (`cbse_exam_assessment_type_id`),
  CONSTRAINT `cbse_exam_timetable_assessment_types_ibfk_1` FOREIGN KEY (`cbse_exam_timetable_id`) REFERENCES `cbse_exam_timetable` (`id`) ON DELETE CASCADE,
  CONSTRAINT `cbse_exam_timetable_assessment_types_ibfk_2` FOREIGN KEY (`cbse_exam_assessment_type_id`) REFERENCES `cbse_exam_assessment_types` (`id`) ON DELETE CASCADE
) ENGINE=InnoDB AUTO_INCREMENT=126 DEFAULT CHARSET=utf8mb3;

INSERT INTO `cbse_exam_timetable_assessment_types` (`id`, `cbse_exam_timetable_id`, `cbse_exam_assessment_type_id`, `created_at`) VALUES (1, 47, 1, '2023-12-05 04:30:55');
INSERT INTO `cbse_exam_timetable_assessment_types` (`id`, `cbse_exam_timetable_id`, `cbse_exam_assessment_type_id`, `created_at`) VALUES (2, 47, 2, '2023-12-05 04:30:55');
INSERT INTO `cbse_exam_timetable_assessment_types` (`id`, `cbse_exam_timetable_id`, `cbse_exam_assessment_type_id`, `created_at`) VALUES (3, 48, 1, '2023-12-05 04:30:55');
INSERT INTO `cbse_exam_timetable_assessment_types` (`id`, `cbse_exam_timetable_id`, `cbse_exam_assessment_type_id`, `created_at`) VALUES (4, 49, 1, '2023-12-05 04:30:55');
INSERT INTO `cbse_exam_timetable_assessment_types` (`id`, `cbse_exam_timetable_id`, `cbse_exam_assessment_type_id`, `created_at`) VALUES (5, 49, 2, '2023-12-05 04:30:55');
INSERT INTO `cbse_exam_timetable_assessment_types` (`id`, `cbse_exam_timetable_id`, `cbse_exam_assessment_type_id`, `created_at`) VALUES (6, 49, 3, '2023-12-05 04:30:55');
INSERT INTO `cbse_exam_timetable_assessment_types` (`id`, `cbse_exam_timetable_id`, `cbse_exam_assessment_type_id`, `created_at`) VALUES (7, 50, 1, '2023-12-05 04:30:55');
INSERT INTO `cbse_exam_timetable_assessment_types` (`id`, `cbse_exam_timetable_id`, `cbse_exam_assessment_type_id`, `created_at`) VALUES (8, 43, 1, '2023-12-05 04:31:06');
INSERT INTO `cbse_exam_timetable_assessment_types` (`id`, `cbse_exam_timetable_id`, `cbse_exam_assessment_type_id`, `created_at`) VALUES (9, 43, 2, '2023-12-05 04:31:06');
INSERT INTO `cbse_exam_timetable_assessment_types` (`id`, `cbse_exam_timetable_id`, `cbse_exam_assessment_type_id`, `created_at`) VALUES (10, 44, 1, '2023-12-05 04:31:06');
INSERT INTO `cbse_exam_timetable_assessment_types` (`id`, `cbse_exam_timetable_id`, `cbse_exam_assessment_type_id`, `created_at`) VALUES (11, 45, 1, '2023-12-05 04:31:06');
INSERT INTO `cbse_exam_timetable_assessment_types` (`id`, `cbse_exam_timetable_id`, `cbse_exam_assessment_type_id`, `created_at`) VALUES (12, 45, 2, '2023-12-05 04:31:06');
INSERT INTO `cbse_exam_timetable_assessment_types` (`id`, `cbse_exam_timetable_id`, `cbse_exam_assessment_type_id`, `created_at`) VALUES (13, 46, 1, '2023-12-05 04:31:06');
INSERT INTO `cbse_exam_timetable_assessment_types` (`id`, `cbse_exam_timetable_id`, `cbse_exam_assessment_type_id`, `created_at`) VALUES (14, 39, 1, '2023-12-05 04:31:21');
INSERT INTO `cbse_exam_timetable_assessment_types` (`id`, `cbse_exam_timetable_id`, `cbse_exam_assessment_type_id`, `created_at`) VALUES (15, 39, 2, '2023-12-05 04:31:21');
INSERT INTO `cbse_exam_timetable_assessment_types` (`id`, `cbse_exam_timetable_id`, `cbse_exam_assessment_type_id`, `created_at`) VALUES (16, 40, 1, '2023-12-05 04:31:21');
INSERT INTO `cbse_exam_timetable_assessment_types` (`id`, `cbse_exam_timetable_id`, `cbse_exam_assessment_type_id`, `created_at`) VALUES (17, 41, 1, '2023-12-05 04:31:21');
INSERT INTO `cbse_exam_timetable_assessment_types` (`id`, `cbse_exam_timetable_id`, `cbse_exam_assessment_type_id`, `created_at`) VALUES (18, 42, 1, '2023-12-05 04:31:21');
INSERT INTO `cbse_exam_timetable_assessment_types` (`id`, `cbse_exam_timetable_id`, `cbse_exam_assessment_type_id`, `created_at`) VALUES (19, 42, 2, '2023-12-05 04:31:21');
INSERT INTO `cbse_exam_timetable_assessment_types` (`id`, `cbse_exam_timetable_id`, `cbse_exam_assessment_type_id`, `created_at`) VALUES (20, 42, 3, '2023-12-05 04:31:21');
INSERT INTO `cbse_exam_timetable_assessment_types` (`id`, `cbse_exam_timetable_id`, `cbse_exam_assessment_type_id`, `created_at`) VALUES (21, 32, 4, '2023-12-05 04:31:28');
INSERT INTO `cbse_exam_timetable_assessment_types` (`id`, `cbse_exam_timetable_id`, `cbse_exam_assessment_type_id`, `created_at`) VALUES (22, 32, 5, '2023-12-05 04:31:28');
INSERT INTO `cbse_exam_timetable_assessment_types` (`id`, `cbse_exam_timetable_id`, `cbse_exam_assessment_type_id`, `created_at`) VALUES (23, 33, 4, '2023-12-05 04:31:28');
INSERT INTO `cbse_exam_timetable_assessment_types` (`id`, `cbse_exam_timetable_id`, `cbse_exam_assessment_type_id`, `created_at`) VALUES (24, 34, 4, '2023-12-05 04:31:28');
INSERT INTO `cbse_exam_timetable_assessment_types` (`id`, `cbse_exam_timetable_id`, `cbse_exam_assessment_type_id`, `created_at`) VALUES (25, 34, 5, '2023-12-05 04:31:28');
INSERT INTO `cbse_exam_timetable_assessment_types` (`id`, `cbse_exam_timetable_id`, `cbse_exam_assessment_type_id`, `created_at`) VALUES (26, 35, 4, '2023-12-05 04:31:28');
INSERT INTO `cbse_exam_timetable_assessment_types` (`id`, `cbse_exam_timetable_id`, `cbse_exam_assessment_type_id`, `created_at`) VALUES (27, 28, 1, '2023-12-05 04:31:58');
INSERT INTO `cbse_exam_timetable_assessment_types` (`id`, `cbse_exam_timetable_id`, `cbse_exam_assessment_type_id`, `created_at`) VALUES (28, 28, 2, '2023-12-05 04:31:58');
INSERT INTO `cbse_exam_timetable_assessment_types` (`id`, `cbse_exam_timetable_id`, `cbse_exam_assessment_type_id`, `created_at`) VALUES (29, 29, 1, '2023-12-05 04:31:58');
INSERT INTO `cbse_exam_timetable_assessment_types` (`id`, `cbse_exam_timetable_id`, `cbse_exam_assessment_type_id`, `created_at`) VALUES (30, 30, 1, '2023-12-05 04:31:58');
INSERT INTO `cbse_exam_timetable_assessment_types` (`id`, `cbse_exam_timetable_id`, `cbse_exam_assessment_type_id`, `created_at`) VALUES (31, 31, 1, '2023-12-05 04:31:58');
INSERT INTO `cbse_exam_timetable_assessment_types` (`id`, `cbse_exam_timetable_id`, `cbse_exam_assessment_type_id`, `created_at`) VALUES (32, 31, 2, '2023-12-05 04:31:58');
INSERT INTO `cbse_exam_timetable_assessment_types` (`id`, `cbse_exam_timetable_id`, `cbse_exam_assessment_type_id`, `created_at`) VALUES (33, 31, 3, '2023-12-05 04:31:58');
INSERT INTO `cbse_exam_timetable_assessment_types` (`id`, `cbse_exam_timetable_id`, `cbse_exam_assessment_type_id`, `created_at`) VALUES (34, 24, 4, '2023-12-05 04:32:13');
INSERT INTO `cbse_exam_timetable_assessment_types` (`id`, `cbse_exam_timetable_id`, `cbse_exam_assessment_type_id`, `created_at`) VALUES (35, 24, 5, '2023-12-05 04:32:13');
INSERT INTO `cbse_exam_timetable_assessment_types` (`id`, `cbse_exam_timetable_id`, `cbse_exam_assessment_type_id`, `created_at`) VALUES (36, 25, 4, '2023-12-05 04:32:13');
INSERT INTO `cbse_exam_timetable_assessment_types` (`id`, `cbse_exam_timetable_id`, `cbse_exam_assessment_type_id`, `created_at`) VALUES (37, 26, 4, '2023-12-05 04:32:13');
INSERT INTO `cbse_exam_timetable_assessment_types` (`id`, `cbse_exam_timetable_id`, `cbse_exam_assessment_type_id`, `created_at`) VALUES (38, 27, 4, '2023-12-05 04:32:13');
INSERT INTO `cbse_exam_timetable_assessment_types` (`id`, `cbse_exam_timetable_id`, `cbse_exam_assessment_type_id`, `created_at`) VALUES (39, 27, 5, '2023-12-05 04:32:13');
INSERT INTO `cbse_exam_timetable_assessment_types` (`id`, `cbse_exam_timetable_id`, `cbse_exam_assessment_type_id`, `created_at`) VALUES (40, 20, 4, '2023-12-05 04:33:13');
INSERT INTO `cbse_exam_timetable_assessment_types` (`id`, `cbse_exam_timetable_id`, `cbse_exam_assessment_type_id`, `created_at`) VALUES (41, 20, 5, '2023-12-05 04:33:13');
INSERT INTO `cbse_exam_timetable_assessment_types` (`id`, `cbse_exam_timetable_id`, `cbse_exam_assessment_type_id`, `created_at`) VALUES (42, 21, 4, '2023-12-05 04:33:13');
INSERT INTO `cbse_exam_timetable_assessment_types` (`id`, `cbse_exam_timetable_id`, `cbse_exam_assessment_type_id`, `created_at`) VALUES (43, 22, 4, '2023-12-05 04:33:13');
INSERT INTO `cbse_exam_timetable_assessment_types` (`id`, `cbse_exam_timetable_id`, `cbse_exam_assessment_type_id`, `created_at`) VALUES (44, 23, 4, '2023-12-05 04:33:13');
INSERT INTO `cbse_exam_timetable_assessment_types` (`id`, `cbse_exam_timetable_id`, `cbse_exam_assessment_type_id`, `created_at`) VALUES (45, 23, 5, '2023-12-05 04:33:13');
INSERT INTO `cbse_exam_timetable_assessment_types` (`id`, `cbse_exam_timetable_id`, `cbse_exam_assessment_type_id`, `created_at`) VALUES (46, 12, 1, '2023-12-05 04:33:27');
INSERT INTO `cbse_exam_timetable_assessment_types` (`id`, `cbse_exam_timetable_id`, `cbse_exam_assessment_type_id`, `created_at`) VALUES (47, 12, 2, '2023-12-05 04:33:27');
INSERT INTO `cbse_exam_timetable_assessment_types` (`id`, `cbse_exam_timetable_id`, `cbse_exam_assessment_type_id`, `created_at`) VALUES (48, 13, 1, '2023-12-05 04:33:27');
INSERT INTO `cbse_exam_timetable_assessment_types` (`id`, `cbse_exam_timetable_id`, `cbse_exam_assessment_type_id`, `created_at`) VALUES (49, 13, 2, '2023-12-05 04:33:27');
INSERT INTO `cbse_exam_timetable_assessment_types` (`id`, `cbse_exam_timetable_id`, `cbse_exam_assessment_type_id`, `created_at`) VALUES (50, 13, 3, '2023-12-05 04:33:27');
INSERT INTO `cbse_exam_timetable_assessment_types` (`id`, `cbse_exam_timetable_id`, `cbse_exam_assessment_type_id`, `created_at`) VALUES (51, 14, 1, '2023-12-05 04:33:27');
INSERT INTO `cbse_exam_timetable_assessment_types` (`id`, `cbse_exam_timetable_id`, `cbse_exam_assessment_type_id`, `created_at`) VALUES (52, 15, 1, '2023-12-05 04:33:27');
INSERT INTO `cbse_exam_timetable_assessment_types` (`id`, `cbse_exam_timetable_id`, `cbse_exam_assessment_type_id`, `created_at`) VALUES (53, 8, 1, '2023-12-05 04:33:37');
INSERT INTO `cbse_exam_timetable_assessment_types` (`id`, `cbse_exam_timetable_id`, `cbse_exam_assessment_type_id`, `created_at`) VALUES (54, 8, 2, '2023-12-05 04:33:37');
INSERT INTO `cbse_exam_timetable_assessment_types` (`id`, `cbse_exam_timetable_id`, `cbse_exam_assessment_type_id`, `created_at`) VALUES (55, 9, 1, '2023-12-05 04:33:37');
INSERT INTO `cbse_exam_timetable_assessment_types` (`id`, `cbse_exam_timetable_id`, `cbse_exam_assessment_type_id`, `created_at`) VALUES (56, 10, 1, '2023-12-05 04:33:37');
INSERT INTO `cbse_exam_timetable_assessment_types` (`id`, `cbse_exam_timetable_id`, `cbse_exam_assessment_type_id`, `created_at`) VALUES (57, 11, 1, '2023-12-05 04:33:37');
INSERT INTO `cbse_exam_timetable_assessment_types` (`id`, `cbse_exam_timetable_id`, `cbse_exam_assessment_type_id`, `created_at`) VALUES (58, 11, 2, '2023-12-05 04:33:37');
INSERT INTO `cbse_exam_timetable_assessment_types` (`id`, `cbse_exam_timetable_id`, `cbse_exam_assessment_type_id`, `created_at`) VALUES (59, 11, 3, '2023-12-05 04:33:37');
INSERT INTO `cbse_exam_timetable_assessment_types` (`id`, `cbse_exam_timetable_id`, `cbse_exam_assessment_type_id`, `created_at`) VALUES (60, 16, 4, '2023-12-05 04:33:51');
INSERT INTO `cbse_exam_timetable_assessment_types` (`id`, `cbse_exam_timetable_id`, `cbse_exam_assessment_type_id`, `created_at`) VALUES (61, 16, 5, '2023-12-05 04:33:51');
INSERT INTO `cbse_exam_timetable_assessment_types` (`id`, `cbse_exam_timetable_id`, `cbse_exam_assessment_type_id`, `created_at`) VALUES (62, 17, 4, '2023-12-05 04:33:51');
INSERT INTO `cbse_exam_timetable_assessment_types` (`id`, `cbse_exam_timetable_id`, `cbse_exam_assessment_type_id`, `created_at`) VALUES (63, 18, 4, '2023-12-05 04:33:51');
INSERT INTO `cbse_exam_timetable_assessment_types` (`id`, `cbse_exam_timetable_id`, `cbse_exam_assessment_type_id`, `created_at`) VALUES (64, 19, 4, '2023-12-05 04:33:51');
INSERT INTO `cbse_exam_timetable_assessment_types` (`id`, `cbse_exam_timetable_id`, `cbse_exam_assessment_type_id`, `created_at`) VALUES (65, 19, 5, '2023-12-05 04:33:51');
INSERT INTO `cbse_exam_timetable_assessment_types` (`id`, `cbse_exam_timetable_id`, `cbse_exam_assessment_type_id`, `created_at`) VALUES (66, 51, 1, '2023-12-05 04:42:29');
INSERT INTO `cbse_exam_timetable_assessment_types` (`id`, `cbse_exam_timetable_id`, `cbse_exam_assessment_type_id`, `created_at`) VALUES (67, 51, 2, '2023-12-05 04:42:29');
INSERT INTO `cbse_exam_timetable_assessment_types` (`id`, `cbse_exam_timetable_id`, `cbse_exam_assessment_type_id`, `created_at`) VALUES (68, 52, 1, '2023-12-05 04:42:29');
INSERT INTO `cbse_exam_timetable_assessment_types` (`id`, `cbse_exam_timetable_id`, `cbse_exam_assessment_type_id`, `created_at`) VALUES (69, 52, 3, '2023-12-05 04:42:29');
INSERT INTO `cbse_exam_timetable_assessment_types` (`id`, `cbse_exam_timetable_id`, `cbse_exam_assessment_type_id`, `created_at`) VALUES (70, 53, 1, '2023-12-05 04:42:29');
INSERT INTO `cbse_exam_timetable_assessment_types` (`id`, `cbse_exam_timetable_id`, `cbse_exam_assessment_type_id`, `created_at`) VALUES (71, 54, 1, '2023-12-05 04:42:29');
INSERT INTO `cbse_exam_timetable_assessment_types` (`id`, `cbse_exam_timetable_id`, `cbse_exam_assessment_type_id`, `created_at`) VALUES (72, 54, 2, '2023-12-05 04:42:29');
INSERT INTO `cbse_exam_timetable_assessment_types` (`id`, `cbse_exam_timetable_id`, `cbse_exam_assessment_type_id`, `created_at`) VALUES (73, 54, 3, '2023-12-05 04:42:29');
INSERT INTO `cbse_exam_timetable_assessment_types` (`id`, `cbse_exam_timetable_id`, `cbse_exam_assessment_type_id`, `created_at`) VALUES (74, 55, 1, '2024-01-05 09:13:11');
INSERT INTO `cbse_exam_timetable_assessment_types` (`id`, `cbse_exam_timetable_id`, `cbse_exam_assessment_type_id`, `created_at`) VALUES (75, 55, 3, '2024-01-05 09:13:11');
INSERT INTO `cbse_exam_timetable_assessment_types` (`id`, `cbse_exam_timetable_id`, `cbse_exam_assessment_type_id`, `created_at`) VALUES (76, 56, 1, '2024-01-05 09:13:11');
INSERT INTO `cbse_exam_timetable_assessment_types` (`id`, `cbse_exam_timetable_id`, `cbse_exam_assessment_type_id`, `created_at`) VALUES (77, 57, 1, '2024-01-05 09:13:11');
INSERT INTO `cbse_exam_timetable_assessment_types` (`id`, `cbse_exam_timetable_id`, `cbse_exam_assessment_type_id`, `created_at`) VALUES (78, 57, 2, '2024-01-05 09:13:11');
INSERT INTO `cbse_exam_timetable_assessment_types` (`id`, `cbse_exam_timetable_id`, `cbse_exam_assessment_type_id`, `created_at`) VALUES (79, 57, 3, '2024-01-05 09:13:11');
INSERT INTO `cbse_exam_timetable_assessment_types` (`id`, `cbse_exam_timetable_id`, `cbse_exam_assessment_type_id`, `created_at`) VALUES (80, 58, 1, '2024-01-05 09:13:11');
INSERT INTO `cbse_exam_timetable_assessment_types` (`id`, `cbse_exam_timetable_id`, `cbse_exam_assessment_type_id`, `created_at`) VALUES (81, 58, 2, '2024-01-05 09:13:11');
INSERT INTO `cbse_exam_timetable_assessment_types` (`id`, `cbse_exam_timetable_id`, `cbse_exam_assessment_type_id`, `created_at`) VALUES (82, 58, 3, '2024-01-05 09:13:11');
INSERT INTO `cbse_exam_timetable_assessment_types` (`id`, `cbse_exam_timetable_id`, `cbse_exam_assessment_type_id`, `created_at`) VALUES (83, 59, 1, '2024-02-03 06:50:05');
INSERT INTO `cbse_exam_timetable_assessment_types` (`id`, `cbse_exam_timetable_id`, `cbse_exam_assessment_type_id`, `created_at`) VALUES (84, 59, 3, '2024-02-03 06:50:05');
INSERT INTO `cbse_exam_timetable_assessment_types` (`id`, `cbse_exam_timetable_id`, `cbse_exam_assessment_type_id`, `created_at`) VALUES (85, 60, 1, '2024-02-03 06:50:05');
INSERT INTO `cbse_exam_timetable_assessment_types` (`id`, `cbse_exam_timetable_id`, `cbse_exam_assessment_type_id`, `created_at`) VALUES (86, 61, 1, '2024-02-03 06:50:05');
INSERT INTO `cbse_exam_timetable_assessment_types` (`id`, `cbse_exam_timetable_id`, `cbse_exam_assessment_type_id`, `created_at`) VALUES (87, 61, 2, '2024-02-03 06:50:05');
INSERT INTO `cbse_exam_timetable_assessment_types` (`id`, `cbse_exam_timetable_id`, `cbse_exam_assessment_type_id`, `created_at`) VALUES (88, 61, 3, '2024-02-03 06:50:05');
INSERT INTO `cbse_exam_timetable_assessment_types` (`id`, `cbse_exam_timetable_id`, `cbse_exam_assessment_type_id`, `created_at`) VALUES (89, 62, 1, '2024-02-03 06:50:05');
INSERT INTO `cbse_exam_timetable_assessment_types` (`id`, `cbse_exam_timetable_id`, `cbse_exam_assessment_type_id`, `created_at`) VALUES (90, 62, 2, '2024-02-03 06:50:05');
INSERT INTO `cbse_exam_timetable_assessment_types` (`id`, `cbse_exam_timetable_id`, `cbse_exam_assessment_type_id`, `created_at`) VALUES (91, 62, 3, '2024-02-03 06:50:05');
INSERT INTO `cbse_exam_timetable_assessment_types` (`id`, `cbse_exam_timetable_id`, `cbse_exam_assessment_type_id`, `created_at`) VALUES (92, 63, 1, '2024-03-04 07:51:35');
INSERT INTO `cbse_exam_timetable_assessment_types` (`id`, `cbse_exam_timetable_id`, `cbse_exam_assessment_type_id`, `created_at`) VALUES (93, 63, 3, '2024-03-04 07:51:35');
INSERT INTO `cbse_exam_timetable_assessment_types` (`id`, `cbse_exam_timetable_id`, `cbse_exam_assessment_type_id`, `created_at`) VALUES (94, 64, 1, '2024-03-04 07:51:35');
INSERT INTO `cbse_exam_timetable_assessment_types` (`id`, `cbse_exam_timetable_id`, `cbse_exam_assessment_type_id`, `created_at`) VALUES (95, 65, 1, '2024-03-04 07:51:35');
INSERT INTO `cbse_exam_timetable_assessment_types` (`id`, `cbse_exam_timetable_id`, `cbse_exam_assessment_type_id`, `created_at`) VALUES (96, 65, 2, '2024-03-04 07:51:35');
INSERT INTO `cbse_exam_timetable_assessment_types` (`id`, `cbse_exam_timetable_id`, `cbse_exam_assessment_type_id`, `created_at`) VALUES (97, 65, 3, '2024-03-04 07:51:35');
INSERT INTO `cbse_exam_timetable_assessment_types` (`id`, `cbse_exam_timetable_id`, `cbse_exam_assessment_type_id`, `created_at`) VALUES (98, 66, 1, '2024-03-04 07:51:35');
INSERT INTO `cbse_exam_timetable_assessment_types` (`id`, `cbse_exam_timetable_id`, `cbse_exam_assessment_type_id`, `created_at`) VALUES (99, 66, 2, '2024-03-04 07:51:35');
INSERT INTO `cbse_exam_timetable_assessment_types` (`id`, `cbse_exam_timetable_id`, `cbse_exam_assessment_type_id`, `created_at`) VALUES (100, 66, 3, '2024-03-04 07:51:35');
INSERT INTO `cbse_exam_timetable_assessment_types` (`id`, `cbse_exam_timetable_id`, `cbse_exam_assessment_type_id`, `created_at`) VALUES (101, 67, 1, '2024-04-04 06:29:17');
INSERT INTO `cbse_exam_timetable_assessment_types` (`id`, `cbse_exam_timetable_id`, `cbse_exam_assessment_type_id`, `created_at`) VALUES (102, 67, 3, '2024-04-04 06:29:17');
INSERT INTO `cbse_exam_timetable_assessment_types` (`id`, `cbse_exam_timetable_id`, `cbse_exam_assessment_type_id`, `created_at`) VALUES (103, 68, 1, '2024-04-04 06:29:17');
INSERT INTO `cbse_exam_timetable_assessment_types` (`id`, `cbse_exam_timetable_id`, `cbse_exam_assessment_type_id`, `created_at`) VALUES (104, 69, 1, '2024-04-04 06:29:17');
INSERT INTO `cbse_exam_timetable_assessment_types` (`id`, `cbse_exam_timetable_id`, `cbse_exam_assessment_type_id`, `created_at`) VALUES (105, 69, 2, '2024-04-04 06:29:17');
INSERT INTO `cbse_exam_timetable_assessment_types` (`id`, `cbse_exam_timetable_id`, `cbse_exam_assessment_type_id`, `created_at`) VALUES (106, 69, 3, '2024-04-04 06:29:17');
INSERT INTO `cbse_exam_timetable_assessment_types` (`id`, `cbse_exam_timetable_id`, `cbse_exam_assessment_type_id`, `created_at`) VALUES (107, 70, 1, '2024-04-04 06:29:17');
INSERT INTO `cbse_exam_timetable_assessment_types` (`id`, `cbse_exam_timetable_id`, `cbse_exam_assessment_type_id`, `created_at`) VALUES (108, 70, 2, '2024-04-04 06:29:17');
INSERT INTO `cbse_exam_timetable_assessment_types` (`id`, `cbse_exam_timetable_id`, `cbse_exam_assessment_type_id`, `created_at`) VALUES (109, 70, 3, '2024-04-04 06:29:17');
INSERT INTO `cbse_exam_timetable_assessment_types` (`id`, `cbse_exam_timetable_id`, `cbse_exam_assessment_type_id`, `created_at`) VALUES (110, 71, 4, '2024-04-04 06:55:55');
INSERT INTO `cbse_exam_timetable_assessment_types` (`id`, `cbse_exam_timetable_id`, `cbse_exam_assessment_type_id`, `created_at`) VALUES (111, 72, 4, '2024-04-04 06:55:55');
INSERT INTO `cbse_exam_timetable_assessment_types` (`id`, `cbse_exam_timetable_id`, `cbse_exam_assessment_type_id`, `created_at`) VALUES (112, 73, 4, '2024-04-04 06:55:55');
INSERT INTO `cbse_exam_timetable_assessment_types` (`id`, `cbse_exam_timetable_id`, `cbse_exam_assessment_type_id`, `created_at`) VALUES (113, 74, 4, '2024-04-04 06:55:55');
INSERT INTO `cbse_exam_timetable_assessment_types` (`id`, `cbse_exam_timetable_id`, `cbse_exam_assessment_type_id`, `created_at`) VALUES (114, 74, 5, '2024-04-04 06:55:55');
INSERT INTO `cbse_exam_timetable_assessment_types` (`id`, `cbse_exam_timetable_id`, `cbse_exam_assessment_type_id`, `created_at`) VALUES (115, 75, 4, '2024-04-04 11:19:17');
INSERT INTO `cbse_exam_timetable_assessment_types` (`id`, `cbse_exam_timetable_id`, `cbse_exam_assessment_type_id`, `created_at`) VALUES (116, 76, 4, '2024-04-04 11:19:17');
INSERT INTO `cbse_exam_timetable_assessment_types` (`id`, `cbse_exam_timetable_id`, `cbse_exam_assessment_type_id`, `created_at`) VALUES (117, 77, 4, '2024-04-04 11:19:18');
INSERT INTO `cbse_exam_timetable_assessment_types` (`id`, `cbse_exam_timetable_id`, `cbse_exam_assessment_type_id`, `created_at`) VALUES (118, 78, 4, '2024-04-04 11:19:18');
INSERT INTO `cbse_exam_timetable_assessment_types` (`id`, `cbse_exam_timetable_id`, `cbse_exam_assessment_type_id`, `created_at`) VALUES (119, 78, 5, '2024-04-04 11:19:18');
INSERT INTO `cbse_exam_timetable_assessment_types` (`id`, `cbse_exam_timetable_id`, `cbse_exam_assessment_type_id`, `created_at`) VALUES (120, 79, 4, '2024-04-04 11:26:51');
INSERT INTO `cbse_exam_timetable_assessment_types` (`id`, `cbse_exam_timetable_id`, `cbse_exam_assessment_type_id`, `created_at`) VALUES (121, 79, 5, '2024-04-04 11:26:51');
INSERT INTO `cbse_exam_timetable_assessment_types` (`id`, `cbse_exam_timetable_id`, `cbse_exam_assessment_type_id`, `created_at`) VALUES (122, 80, 4, '2024-04-04 11:26:51');
INSERT INTO `cbse_exam_timetable_assessment_types` (`id`, `cbse_exam_timetable_id`, `cbse_exam_assessment_type_id`, `created_at`) VALUES (123, 81, 4, '2024-04-04 11:26:51');
INSERT INTO `cbse_exam_timetable_assessment_types` (`id`, `cbse_exam_timetable_id`, `cbse_exam_assessment_type_id`, `created_at`) VALUES (124, 82, 4, '2024-04-04 11:26:51');
INSERT INTO `cbse_exam_timetable_assessment_types` (`id`, `cbse_exam_timetable_id`, `cbse_exam_assessment_type_id`, `created_at`) VALUES (125, 82, 5, '2024-04-04 11:26:51');


#
# TABLE STRUCTURE FOR: cbse_exams
#


CREATE TABLE `cbse_exams` (
  `id` int NOT NULL AUTO_INCREMENT,
  `total_working_days` int DEFAULT '0',
  `cbse_term_id` int DEFAULT NULL,
  `cbse_exam_assessment_id` int DEFAULT NULL,
  `cbse_exam_grade_id` int DEFAULT NULL,
  `name` varchar(255) NOT NULL,
  `exam_code` varchar(200) DEFAULT NULL,
  `session_id` int NOT NULL,
  `description` mediumtext NOT NULL,
  `is_publish` int NOT NULL,
  `is_active` int NOT NULL,
  `created_by` int DEFAULT NULL,
  `use_exam_roll_no` int NOT NULL DEFAULT '0',
  `created_at` timestamp NOT NULL DEFAULT CURRENT_TIMESTAMP,
  PRIMARY KEY (`id`),
  KEY `cbse_term_id` (`cbse_term_id`),
  KEY `cbse_exam_grade_id` (`cbse_exam_grade_id`),
  KEY `cbse_exam_assessment_id` (`cbse_exam_assessment_id`),
  KEY `session_id` (`session_id`),
  KEY `idx_name` (`name`),
  KEY `idx_exam_code` (`exam_code`),
  CONSTRAINT `cbse_exams_ibfk_1` FOREIGN KEY (`cbse_term_id`) REFERENCES `cbse_terms` (`id`) ON DELETE CASCADE,
  CONSTRAINT `cbse_exams_ibfk_2` FOREIGN KEY (`cbse_exam_grade_id`) REFERENCES `cbse_exam_grades` (`id`) ON DELETE CASCADE,
  CONSTRAINT `cbse_exams_ibfk_3` FOREIGN KEY (`cbse_exam_assessment_id`) REFERENCES `cbse_exam_assessments` (`id`) ON DELETE CASCADE,
  CONSTRAINT `cbse_exams_ibfk_4` FOREIGN KEY (`session_id`) REFERENCES `sessions` (`id`) ON DELETE CASCADE
) ENGINE=InnoDB AUTO_INCREMENT=24 DEFAULT CHARSET=utf8mb3;

INSERT INTO `cbse_exams` (`id`, `total_working_days`, `cbse_term_id`, `cbse_exam_assessment_id`, `cbse_exam_grade_id`, `name`, `exam_code`, `session_id`, `description`, `is_publish`, `is_active`, `created_by`, `use_exam_roll_no`, `created_at`) VALUES (3, 150, 5, 1, 1, 'Monthly Exam Test', NULL, 19, 'An examination is a formal test that you take to show your knowledge or ability in a particular subject.', 1, 1, 1, 0, '2023-07-11 12:09:22');
INSERT INTO `cbse_exams` (`id`, `total_working_days`, `cbse_term_id`, `cbse_exam_assessment_id`, `cbse_exam_grade_id`, `name`, `exam_code`, `session_id`, `description`, `is_publish`, `is_active`, `created_by`, `use_exam_roll_no`, `created_at`) VALUES (4, 100, 5, 1, 1, 'Practical Test', NULL, 19, 'An examination is a formal test that you take to show your knowledge or ability in a particular subject.', 1, 1, 1, 0, '2023-07-12 05:31:12');
INSERT INTO `cbse_exams` (`id`, `total_working_days`, `cbse_term_id`, `cbse_exam_assessment_id`, `cbse_exam_grade_id`, `name`, `exam_code`, `session_id`, `description`, `is_publish`, `is_active`, `created_by`, `use_exam_roll_no`, `created_at`) VALUES (5, 150, 5, 2, 3, 'Weekly Test', NULL, 19, 'An examination is a formal test that you take to show your knowledge or ability in a particular subject.', 1, 1, 1, 0, '2023-07-13 04:22:47');
INSERT INTO `cbse_exams` (`id`, `total_working_days`, `cbse_term_id`, `cbse_exam_assessment_id`, `cbse_exam_grade_id`, `name`, `exam_code`, `session_id`, `description`, `is_publish`, `is_active`, `created_by`, `use_exam_roll_no`, `created_at`) VALUES (6, 100, 5, 2, 3, 'Practice Test', NULL, 19, 'An examination is a formal test that you take to show your knowledge or ability in a particular subject.', 1, 1, 1, 0, '2023-07-14 11:20:21');
INSERT INTO `cbse_exams` (`id`, `total_working_days`, `cbse_term_id`, `cbse_exam_assessment_id`, `cbse_exam_grade_id`, `name`, `exam_code`, `session_id`, `description`, `is_publish`, `is_active`, `created_by`, `use_exam_roll_no`, `created_at`) VALUES (7, 50, 1, 2, 3, 'Quiz Test', NULL, 19, 'An examination is a formal test that you take to show your knowledge or ability in a particular subject.', 1, 1, 1, 0, '2023-07-15 04:13:26');
INSERT INTO `cbse_exams` (`id`, `total_working_days`, `cbse_term_id`, `cbse_exam_assessment_id`, `cbse_exam_grade_id`, `name`, `exam_code`, `session_id`, `description`, `is_publish`, `is_active`, `created_by`, `use_exam_roll_no`, `created_at`) VALUES (8, 150, 1, 1, 1, 'Monthly Examination-(Chapter Wise)', NULL, 19, 'An examination is a formal test that you take to show your knowledge or ability in a particular subject, or to obtain a qualification. If you have a medical examination, a doctor looks at your body, feels it, or does simple tests in order to check how healthy you are.', 1, 1, 1, 0, '2023-07-15 05:47:17');
INSERT INTO `cbse_exams` (`id`, `total_working_days`, `cbse_term_id`, `cbse_exam_assessment_id`, `cbse_exam_grade_id`, `name`, `exam_code`, `session_id`, `description`, `is_publish`, `is_active`, `created_by`, `use_exam_roll_no`, `created_at`) VALUES (11, 150, 1, 2, 1, 'Monthly Test (August -2023)', NULL, 19, 'Monthly Test Period means a period ending on the last calendar day of each month and including the three most recent calendar months then ended (taken as one accounting period), or such other period as specified in this Agreement.', 1, 1, 1, 0, '2023-08-05 07:32:20');
INSERT INTO `cbse_exams` (`id`, `total_working_days`, `cbse_term_id`, `cbse_exam_assessment_id`, `cbse_exam_grade_id`, `name`, `exam_code`, `session_id`, `description`, `is_publish`, `is_active`, `created_by`, `use_exam_roll_no`, `created_at`) VALUES (13, 110, 1, 1, 1, 'Quarterly Examination(September-2023)', NULL, 19, 'Quarterly exams will be a cumulative exam that includes material from the entire 1st marking period. Quarterly exams will take place during a regularly scheduled period.', 1, 1, 5, 0, '2023-09-06 06:15:38');
INSERT INTO `cbse_exams` (`id`, `total_working_days`, `cbse_term_id`, `cbse_exam_assessment_id`, `cbse_exam_grade_id`, `name`, `exam_code`, `session_id`, `description`, `is_publish`, `is_active`, `created_by`, `use_exam_roll_no`, `created_at`) VALUES (14, 150, 5, 1, 1, 'Online Examination (October)', NULL, 19, 'All questions are compulsory.', 1, 1, 1, 0, '2023-10-04 05:22:36');
INSERT INTO `cbse_exams` (`id`, `total_working_days`, `cbse_term_id`, `cbse_exam_assessment_id`, `cbse_exam_grade_id`, `name`, `exam_code`, `session_id`, `description`, `is_publish`, `is_active`, `created_by`, `use_exam_roll_no`, `created_at`) VALUES (15, 110, 1, 1, 1, 'Monthly Test (November-2023)', NULL, 19, 'Monthly Test Period means a period ending on the last calendar day of each month and including the three most recent calendar months.', 1, 1, 5, 0, '2023-11-01 09:10:36');
INSERT INTO `cbse_exams` (`id`, `total_working_days`, `cbse_term_id`, `cbse_exam_assessment_id`, `cbse_exam_grade_id`, `name`, `exam_code`, `session_id`, `description`, `is_publish`, `is_active`, `created_by`, `use_exam_roll_no`, `created_at`) VALUES (16, 150, 1, 1, 1, 'Half Yearly Exam (December-2023)', NULL, 19, 'Half Yearly Exam (December-2023)', 1, 1, 1, 0, '2023-12-05 04:41:08');
INSERT INTO `cbse_exams` (`id`, `total_working_days`, `cbse_term_id`, `cbse_exam_assessment_id`, `cbse_exam_grade_id`, `name`, `exam_code`, `session_id`, `description`, `is_publish`, `is_active`, `created_by`, `use_exam_roll_no`, `created_at`) VALUES (17, 150, 5, 1, 1, 'Chapter Wise Weekly Test(January-2024)', NULL, 19, 'Chapter Wise Weekly Test', 1, 1, 1, 0, '2024-01-05 09:10:06');
INSERT INTO `cbse_exams` (`id`, `total_working_days`, `cbse_term_id`, `cbse_exam_assessment_id`, `cbse_exam_grade_id`, `name`, `exam_code`, `session_id`, `description`, `is_publish`, `is_active`, `created_by`, `use_exam_roll_no`, `created_at`) VALUES (18, 150, 5, 1, 1, 'Monthly Test (FEBRUARY-2024)', NULL, 19, 'Monthly Test Period means a period ending on the last calendar day of each month and including the three most recent calendar months.', 1, 1, 1, 0, '2024-02-03 06:47:16');
INSERT INTO `cbse_exams` (`id`, `total_working_days`, `cbse_term_id`, `cbse_exam_assessment_id`, `cbse_exam_grade_id`, `name`, `exam_code`, `session_id`, `description`, `is_publish`, `is_active`, `created_by`, `use_exam_roll_no`, `created_at`) VALUES (19, 150, 1, 1, 1, 'Practice SET(A001) CBSE Exam(March-2024)', NULL, 19, 'There will be no negative marking in case of wrong attempts.', 1, 1, 1, 0, '2024-03-04 07:48:20');
INSERT INTO `cbse_exams` (`id`, `total_working_days`, `cbse_term_id`, `cbse_exam_assessment_id`, `cbse_exam_grade_id`, `name`, `exam_code`, `session_id`, `description`, `is_publish`, `is_active`, `created_by`, `use_exam_roll_no`, `created_at`) VALUES (20, 150, 1, 1, 1, 'Monthly Test (APRIL-2024)', NULL, 20, 'Monthly Test Period means a period ending on the last calendar day of each month and including the three most recent calendar months.', 1, 1, 1, 0, '2024-04-04 06:27:03');
INSERT INTO `cbse_exams` (`id`, `total_working_days`, `cbse_term_id`, `cbse_exam_assessment_id`, `cbse_exam_grade_id`, `name`, `exam_code`, `session_id`, `description`, `is_publish`, `is_active`, `created_by`, `use_exam_roll_no`, `created_at`) VALUES (21, 120, 1, 2, 1, 'Chapter Wise Weekly Test', NULL, 20, 'Chapter Wise Weekly Test ', 1, 1, 1, 0, '2024-04-04 06:54:25');
INSERT INTO `cbse_exams` (`id`, `total_working_days`, `cbse_term_id`, `cbse_exam_assessment_id`, `cbse_exam_grade_id`, `name`, `exam_code`, `session_id`, `description`, `is_publish`, `is_active`, `created_by`, `use_exam_roll_no`, `created_at`) VALUES (22, 120, 5, 2, 1, 'CBSE Practical Test', NULL, 20, 'An examination is a formal test that you take to show your knowledge or ability in a particular subject.', 1, 1, 1, 0, '2024-04-04 11:17:56');
INSERT INTO `cbse_exams` (`id`, `total_working_days`, `cbse_term_id`, `cbse_exam_assessment_id`, `cbse_exam_grade_id`, `name`, `exam_code`, `session_id`, `description`, `is_publish`, `is_active`, `created_by`, `use_exam_roll_no`, `created_at`) VALUES (23, 0, 5, 2, 1, 'Monthly Exam Test', NULL, 20, 'Monthly Exam Test	', 1, 1, 1, 0, '2024-04-04 11:25:15');


#
# TABLE STRUCTURE FOR: cbse_marksheet_type
#


CREATE TABLE `cbse_marksheet_type` (
  `id` int NOT NULL AUTO_INCREMENT,
  `name` varchar(255) NOT NULL,
  `short_code` varchar(255) NOT NULL,
  PRIMARY KEY (`id`),
  KEY `idx_name` (`name`),
  KEY `idx_short_code` (`short_code`)
) ENGINE=InnoDB AUTO_INCREMENT=5 DEFAULT CHARSET=utf8mb3;

INSERT INTO `cbse_marksheet_type` (`id`, `name`, `short_code`) VALUES (1, 'All Terms', 'all_term');
INSERT INTO `cbse_marksheet_type` (`id`, `name`, `short_code`) VALUES (2, 'Term Wise', 'term_wise');
INSERT INTO `cbse_marksheet_type` (`id`, `name`, `short_code`) VALUES (3, 'Single Exam Without Term', 'exam_wise');
INSERT INTO `cbse_marksheet_type` (`id`, `name`, `short_code`) VALUES (4, 'Multiple Exams Without Term', 'without_term');


#
# TABLE STRUCTURE FOR: cbse_observation_class_section
#


CREATE TABLE `cbse_observation_class_section` (
  `id` int NOT NULL AUTO_INCREMENT,
  `cbse_observation_parameter_id` int NOT NULL,
  `class_section_id` int NOT NULL,
  `created_at` timestamp NOT NULL DEFAULT CURRENT_TIMESTAMP ON UPDATE CURRENT_TIMESTAMP,
  PRIMARY KEY (`id`)
) ENGINE=InnoDB DEFAULT CHARSET=utf8mb3;

#
# TABLE STRUCTURE FOR: cbse_observation_parameters
#


CREATE TABLE `cbse_observation_parameters` (
  `id` int NOT NULL AUTO_INCREMENT,
  `name` varchar(255) NOT NULL,
  `description` mediumtext NOT NULL,
  `created_at` timestamp NOT NULL DEFAULT CURRENT_TIMESTAMP ON UPDATE CURRENT_TIMESTAMP,
  PRIMARY KEY (`id`),
  KEY `idx_name` (`name`)
) ENGINE=InnoDB AUTO_INCREMENT=7 DEFAULT CHARSET=utf8mb3;

INSERT INTO `cbse_observation_parameters` (`id`, `name`, `description`, `created_at`) VALUES (1, 'Behaviour', '', '2023-07-11 07:47:01');
INSERT INTO `cbse_observation_parameters` (`id`, `name`, `description`, `created_at`) VALUES (2, 'Game', '', '2023-07-11 07:47:11');
INSERT INTO `cbse_observation_parameters` (`id`, `name`, `description`, `created_at`) VALUES (4, 'Art & Culture', '', '2023-07-11 07:47:29');
INSERT INTO `cbse_observation_parameters` (`id`, `name`, `description`, `created_at`) VALUES (5, 'Painting', '', '2023-07-11 07:47:47');


#
# TABLE STRUCTURE FOR: cbse_observation_subparameter
#


CREATE TABLE `cbse_observation_subparameter` (
  `id` int NOT NULL AUTO_INCREMENT,
  `cbse_exam_observation_id` int NOT NULL,
  `cbse_observation_parameter_id` int NOT NULL,
  `maximum_marks` float NOT NULL,
  `description` mediumtext,
  `created_by` int DEFAULT NULL,
  `created_at` timestamp NOT NULL DEFAULT CURRENT_TIMESTAMP ON UPDATE CURRENT_TIMESTAMP,
  PRIMARY KEY (`id`),
  KEY `cbse_observation_parameter_id_ibfk_1` (`cbse_observation_parameter_id`),
  KEY `cbse_exam_observation_id_ibfk_1` (`cbse_exam_observation_id`),
  CONSTRAINT `cbse_exam_observation_id_ibfk_1` FOREIGN KEY (`cbse_exam_observation_id`) REFERENCES `cbse_exam_observations` (`id`) ON DELETE CASCADE,
  CONSTRAINT `cbse_observation_parameter_id_ibfk_1` FOREIGN KEY (`cbse_observation_parameter_id`) REFERENCES `cbse_observation_parameters` (`id`) ON DELETE CASCADE
) ENGINE=InnoDB AUTO_INCREMENT=6 DEFAULT CHARSET=utf8mb3;

INSERT INTO `cbse_observation_subparameter` (`id`, `cbse_exam_observation_id`, `cbse_observation_parameter_id`, `maximum_marks`, `description`, `created_by`, `created_at`) VALUES (1, 1, 1, '20', NULL, NULL, '2023-07-11 08:06:42');
INSERT INTO `cbse_observation_subparameter` (`id`, `cbse_exam_observation_id`, `cbse_observation_parameter_id`, `maximum_marks`, `description`, `created_by`, `created_at`) VALUES (2, 1, 4, '25', NULL, NULL, '2023-07-11 08:06:42');
INSERT INTO `cbse_observation_subparameter` (`id`, `cbse_exam_observation_id`, `cbse_observation_parameter_id`, `maximum_marks`, `description`, `created_by`, `created_at`) VALUES (3, 2, 2, '30', NULL, NULL, '2023-07-11 08:07:50');
INSERT INTO `cbse_observation_subparameter` (`id`, `cbse_exam_observation_id`, `cbse_observation_parameter_id`, `maximum_marks`, `description`, `created_by`, `created_at`) VALUES (4, 2, 5, '20', NULL, NULL, '2023-07-11 08:07:50');


#
# TABLE STRUCTURE FOR: cbse_observation_term_student_subparameter
#


CREATE TABLE `cbse_observation_term_student_subparameter` (
  `id` int NOT NULL AUTO_INCREMENT,
  `cbse_ovservation_term_id` int DEFAULT NULL,
  `cbse_observation_subparameter_id` int DEFAULT NULL,
  `student_session_id` int DEFAULT NULL,
  `obtain_marks` float(10,2) NOT NULL,
  `created_at` timestamp NOT NULL DEFAULT CURRENT_TIMESTAMP,
  PRIMARY KEY (`id`),
  KEY `cbse_observation_term_student_subparameter_ibfk_1` (`cbse_ovservation_term_id`),
  KEY `cbse_observation_subparameter_id` (`cbse_observation_subparameter_id`),
  KEY `student_session_id` (`student_session_id`),
  CONSTRAINT `cbse_observation_term_student_subparameter_ibfk_1` FOREIGN KEY (`cbse_ovservation_term_id`) REFERENCES `cbse_observation_terms` (`id`) ON DELETE CASCADE,
  CONSTRAINT `cbse_observation_term_student_subparameter_ibfk_2` FOREIGN KEY (`cbse_observation_subparameter_id`) REFERENCES `cbse_observation_subparameter` (`id`) ON DELETE CASCADE,
  CONSTRAINT `cbse_observation_term_student_subparameter_ibfk_3` FOREIGN KEY (`student_session_id`) REFERENCES `student_session` (`id`) ON DELETE CASCADE
) ENGINE=InnoDB AUTO_INCREMENT=159 DEFAULT CHARSET=utf8mb3;

INSERT INTO `cbse_observation_term_student_subparameter` (`id`, `cbse_ovservation_term_id`, `cbse_observation_subparameter_id`, `student_session_id`, `obtain_marks`, `created_at`) VALUES (1, 1, 1, 88, '15.00', '2023-07-11 11:23:35');
INSERT INTO `cbse_observation_term_student_subparameter` (`id`, `cbse_ovservation_term_id`, `cbse_observation_subparameter_id`, `student_session_id`, `obtain_marks`, `created_at`) VALUES (2, 1, 2, 88, '20.00', '2023-07-11 11:23:35');
INSERT INTO `cbse_observation_term_student_subparameter` (`id`, `cbse_ovservation_term_id`, `cbse_observation_subparameter_id`, `student_session_id`, `obtain_marks`, `created_at`) VALUES (3, 1, 1, 89, '10.00', '2023-07-11 11:23:35');
INSERT INTO `cbse_observation_term_student_subparameter` (`id`, `cbse_ovservation_term_id`, `cbse_observation_subparameter_id`, `student_session_id`, `obtain_marks`, `created_at`) VALUES (4, 1, 2, 89, '20.00', '2023-07-11 11:23:35');
INSERT INTO `cbse_observation_term_student_subparameter` (`id`, `cbse_ovservation_term_id`, `cbse_observation_subparameter_id`, `student_session_id`, `obtain_marks`, `created_at`) VALUES (5, 1, 1, 90, '10.00', '2023-07-11 11:23:35');
INSERT INTO `cbse_observation_term_student_subparameter` (`id`, `cbse_ovservation_term_id`, `cbse_observation_subparameter_id`, `student_session_id`, `obtain_marks`, `created_at`) VALUES (6, 1, 2, 90, '20.00', '2023-07-11 11:23:35');
INSERT INTO `cbse_observation_term_student_subparameter` (`id`, `cbse_ovservation_term_id`, `cbse_observation_subparameter_id`, `student_session_id`, `obtain_marks`, `created_at`) VALUES (7, 1, 1, 91, '10.00', '2023-07-11 11:23:35');
INSERT INTO `cbse_observation_term_student_subparameter` (`id`, `cbse_ovservation_term_id`, `cbse_observation_subparameter_id`, `student_session_id`, `obtain_marks`, `created_at`) VALUES (8, 1, 2, 91, '20.00', '2023-07-11 11:23:35');
INSERT INTO `cbse_observation_term_student_subparameter` (`id`, `cbse_ovservation_term_id`, `cbse_observation_subparameter_id`, `student_session_id`, `obtain_marks`, `created_at`) VALUES (9, 1, 1, 92, '10.00', '2023-07-11 11:23:35');
INSERT INTO `cbse_observation_term_student_subparameter` (`id`, `cbse_ovservation_term_id`, `cbse_observation_subparameter_id`, `student_session_id`, `obtain_marks`, `created_at`) VALUES (10, 1, 2, 92, '20.00', '2023-07-11 11:23:35');
INSERT INTO `cbse_observation_term_student_subparameter` (`id`, `cbse_ovservation_term_id`, `cbse_observation_subparameter_id`, `student_session_id`, `obtain_marks`, `created_at`) VALUES (11, 1, 1, 93, '10.00', '2023-07-11 11:23:35');
INSERT INTO `cbse_observation_term_student_subparameter` (`id`, `cbse_ovservation_term_id`, `cbse_observation_subparameter_id`, `student_session_id`, `obtain_marks`, `created_at`) VALUES (12, 1, 2, 93, '25.00', '2023-07-11 11:23:35');
INSERT INTO `cbse_observation_term_student_subparameter` (`id`, `cbse_ovservation_term_id`, `cbse_observation_subparameter_id`, `student_session_id`, `obtain_marks`, `created_at`) VALUES (13, 1, 1, 94, '10.00', '2023-07-11 11:23:35');
INSERT INTO `cbse_observation_term_student_subparameter` (`id`, `cbse_ovservation_term_id`, `cbse_observation_subparameter_id`, `student_session_id`, `obtain_marks`, `created_at`) VALUES (14, 1, 2, 94, '24.00', '2023-07-11 11:23:35');
INSERT INTO `cbse_observation_term_student_subparameter` (`id`, `cbse_ovservation_term_id`, `cbse_observation_subparameter_id`, `student_session_id`, `obtain_marks`, `created_at`) VALUES (15, 1, 1, 95, '10.00', '2023-07-11 11:23:35');
INSERT INTO `cbse_observation_term_student_subparameter` (`id`, `cbse_ovservation_term_id`, `cbse_observation_subparameter_id`, `student_session_id`, `obtain_marks`, `created_at`) VALUES (16, 1, 2, 95, '22.00', '2023-07-11 11:23:35');
INSERT INTO `cbse_observation_term_student_subparameter` (`id`, `cbse_ovservation_term_id`, `cbse_observation_subparameter_id`, `student_session_id`, `obtain_marks`, `created_at`) VALUES (17, 1, 1, 96, '10.00', '2023-07-11 11:23:35');
INSERT INTO `cbse_observation_term_student_subparameter` (`id`, `cbse_ovservation_term_id`, `cbse_observation_subparameter_id`, `student_session_id`, `obtain_marks`, `created_at`) VALUES (18, 1, 2, 96, '22.00', '2023-07-11 11:23:35');
INSERT INTO `cbse_observation_term_student_subparameter` (`id`, `cbse_ovservation_term_id`, `cbse_observation_subparameter_id`, `student_session_id`, `obtain_marks`, `created_at`) VALUES (19, 1, 1, 97, '10.00', '2023-07-11 11:23:35');
INSERT INTO `cbse_observation_term_student_subparameter` (`id`, `cbse_ovservation_term_id`, `cbse_observation_subparameter_id`, `student_session_id`, `obtain_marks`, `created_at`) VALUES (20, 1, 2, 97, '23.00', '2023-07-11 11:23:35');
INSERT INTO `cbse_observation_term_student_subparameter` (`id`, `cbse_ovservation_term_id`, `cbse_observation_subparameter_id`, `student_session_id`, `obtain_marks`, `created_at`) VALUES (21, 1, 1, 98, '15.00', '2023-07-11 11:23:35');
INSERT INTO `cbse_observation_term_student_subparameter` (`id`, `cbse_ovservation_term_id`, `cbse_observation_subparameter_id`, `student_session_id`, `obtain_marks`, `created_at`) VALUES (22, 1, 2, 98, '22.00', '2023-07-11 11:23:35');
INSERT INTO `cbse_observation_term_student_subparameter` (`id`, `cbse_ovservation_term_id`, `cbse_observation_subparameter_id`, `student_session_id`, `obtain_marks`, `created_at`) VALUES (23, 1, 1, 101, '15.00', '2023-07-11 11:23:35');
INSERT INTO `cbse_observation_term_student_subparameter` (`id`, `cbse_ovservation_term_id`, `cbse_observation_subparameter_id`, `student_session_id`, `obtain_marks`, `created_at`) VALUES (24, 1, 2, 101, '20.00', '2023-07-11 11:23:35');
INSERT INTO `cbse_observation_term_student_subparameter` (`id`, `cbse_ovservation_term_id`, `cbse_observation_subparameter_id`, `student_session_id`, `obtain_marks`, `created_at`) VALUES (25, 1, 1, 102, '17.00', '2023-07-11 11:23:35');
INSERT INTO `cbse_observation_term_student_subparameter` (`id`, `cbse_ovservation_term_id`, `cbse_observation_subparameter_id`, `student_session_id`, `obtain_marks`, `created_at`) VALUES (26, 1, 2, 102, '20.00', '2023-07-11 11:23:35');
INSERT INTO `cbse_observation_term_student_subparameter` (`id`, `cbse_ovservation_term_id`, `cbse_observation_subparameter_id`, `student_session_id`, `obtain_marks`, `created_at`) VALUES (27, 1, 1, 105, '18.00', '2023-07-11 11:23:35');
INSERT INTO `cbse_observation_term_student_subparameter` (`id`, `cbse_ovservation_term_id`, `cbse_observation_subparameter_id`, `student_session_id`, `obtain_marks`, `created_at`) VALUES (28, 1, 2, 105, '14.00', '2023-07-11 11:23:35');
INSERT INTO `cbse_observation_term_student_subparameter` (`id`, `cbse_ovservation_term_id`, `cbse_observation_subparameter_id`, `student_session_id`, `obtain_marks`, `created_at`) VALUES (29, 1, 1, 106, '20.00', '2023-07-11 11:23:35');
INSERT INTO `cbse_observation_term_student_subparameter` (`id`, `cbse_ovservation_term_id`, `cbse_observation_subparameter_id`, `student_session_id`, `obtain_marks`, `created_at`) VALUES (30, 1, 2, 106, '15.00', '2023-07-11 11:23:35');
INSERT INTO `cbse_observation_term_student_subparameter` (`id`, `cbse_ovservation_term_id`, `cbse_observation_subparameter_id`, `student_session_id`, `obtain_marks`, `created_at`) VALUES (31, 1, 1, 107, '20.00', '2023-07-11 11:23:35');
INSERT INTO `cbse_observation_term_student_subparameter` (`id`, `cbse_ovservation_term_id`, `cbse_observation_subparameter_id`, `student_session_id`, `obtain_marks`, `created_at`) VALUES (32, 1, 2, 107, '24.00', '2023-07-11 11:23:35');
INSERT INTO `cbse_observation_term_student_subparameter` (`id`, `cbse_ovservation_term_id`, `cbse_observation_subparameter_id`, `student_session_id`, `obtain_marks`, `created_at`) VALUES (33, 2, 3, 88, '25.00', '2023-07-11 12:21:41');
INSERT INTO `cbse_observation_term_student_subparameter` (`id`, `cbse_ovservation_term_id`, `cbse_observation_subparameter_id`, `student_session_id`, `obtain_marks`, `created_at`) VALUES (34, 2, 4, 88, '20.00', '2023-07-11 12:21:41');
INSERT INTO `cbse_observation_term_student_subparameter` (`id`, `cbse_ovservation_term_id`, `cbse_observation_subparameter_id`, `student_session_id`, `obtain_marks`, `created_at`) VALUES (35, 2, 3, 89, '15.00', '2023-07-11 12:21:41');
INSERT INTO `cbse_observation_term_student_subparameter` (`id`, `cbse_ovservation_term_id`, `cbse_observation_subparameter_id`, `student_session_id`, `obtain_marks`, `created_at`) VALUES (36, 2, 4, 89, '20.00', '2023-07-11 12:21:41');
INSERT INTO `cbse_observation_term_student_subparameter` (`id`, `cbse_ovservation_term_id`, `cbse_observation_subparameter_id`, `student_session_id`, `obtain_marks`, `created_at`) VALUES (37, 2, 3, 90, '15.00', '2023-07-11 12:21:41');
INSERT INTO `cbse_observation_term_student_subparameter` (`id`, `cbse_ovservation_term_id`, `cbse_observation_subparameter_id`, `student_session_id`, `obtain_marks`, `created_at`) VALUES (38, 2, 4, 90, '15.00', '2023-07-11 12:21:41');
INSERT INTO `cbse_observation_term_student_subparameter` (`id`, `cbse_ovservation_term_id`, `cbse_observation_subparameter_id`, `student_session_id`, `obtain_marks`, `created_at`) VALUES (39, 2, 3, 91, '15.00', '2023-07-11 12:21:41');
INSERT INTO `cbse_observation_term_student_subparameter` (`id`, `cbse_ovservation_term_id`, `cbse_observation_subparameter_id`, `student_session_id`, `obtain_marks`, `created_at`) VALUES (40, 2, 4, 91, '15.00', '2023-07-11 12:21:41');
INSERT INTO `cbse_observation_term_student_subparameter` (`id`, `cbse_ovservation_term_id`, `cbse_observation_subparameter_id`, `student_session_id`, `obtain_marks`, `created_at`) VALUES (41, 2, 3, 92, '15.00', '2023-07-11 12:21:41');
INSERT INTO `cbse_observation_term_student_subparameter` (`id`, `cbse_ovservation_term_id`, `cbse_observation_subparameter_id`, `student_session_id`, `obtain_marks`, `created_at`) VALUES (42, 2, 4, 92, '15.00', '2023-07-11 12:21:41');
INSERT INTO `cbse_observation_term_student_subparameter` (`id`, `cbse_ovservation_term_id`, `cbse_observation_subparameter_id`, `student_session_id`, `obtain_marks`, `created_at`) VALUES (43, 2, 3, 93, '20.00', '2023-07-11 12:21:41');
INSERT INTO `cbse_observation_term_student_subparameter` (`id`, `cbse_ovservation_term_id`, `cbse_observation_subparameter_id`, `student_session_id`, `obtain_marks`, `created_at`) VALUES (44, 2, 4, 93, '15.00', '2023-07-11 12:21:41');
INSERT INTO `cbse_observation_term_student_subparameter` (`id`, `cbse_ovservation_term_id`, `cbse_observation_subparameter_id`, `student_session_id`, `obtain_marks`, `created_at`) VALUES (45, 2, 3, 94, '20.00', '2023-07-11 12:21:41');
INSERT INTO `cbse_observation_term_student_subparameter` (`id`, `cbse_ovservation_term_id`, `cbse_observation_subparameter_id`, `student_session_id`, `obtain_marks`, `created_at`) VALUES (46, 2, 4, 94, '15.00', '2023-07-11 12:21:41');
INSERT INTO `cbse_observation_term_student_subparameter` (`id`, `cbse_ovservation_term_id`, `cbse_observation_subparameter_id`, `student_session_id`, `obtain_marks`, `created_at`) VALUES (47, 2, 3, 95, '20.00', '2023-07-11 12:21:41');
INSERT INTO `cbse_observation_term_student_subparameter` (`id`, `cbse_ovservation_term_id`, `cbse_observation_subparameter_id`, `student_session_id`, `obtain_marks`, `created_at`) VALUES (48, 2, 4, 95, '15.00', '2023-07-11 12:21:41');
INSERT INTO `cbse_observation_term_student_subparameter` (`id`, `cbse_ovservation_term_id`, `cbse_observation_subparameter_id`, `student_session_id`, `obtain_marks`, `created_at`) VALUES (49, 2, 3, 105, '20.00', '2023-07-11 12:21:41');
INSERT INTO `cbse_observation_term_student_subparameter` (`id`, `cbse_ovservation_term_id`, `cbse_observation_subparameter_id`, `student_session_id`, `obtain_marks`, `created_at`) VALUES (50, 2, 4, 105, '15.00', '2023-07-11 12:21:41');
INSERT INTO `cbse_observation_term_student_subparameter` (`id`, `cbse_ovservation_term_id`, `cbse_observation_subparameter_id`, `student_session_id`, `obtain_marks`, `created_at`) VALUES (51, 2, 3, 107, '20.00', '2023-07-11 12:21:41');
INSERT INTO `cbse_observation_term_student_subparameter` (`id`, `cbse_ovservation_term_id`, `cbse_observation_subparameter_id`, `student_session_id`, `obtain_marks`, `created_at`) VALUES (52, 2, 4, 107, '15.00', '2023-07-11 12:21:41');
INSERT INTO `cbse_observation_term_student_subparameter` (`id`, `cbse_ovservation_term_id`, `cbse_observation_subparameter_id`, `student_session_id`, `obtain_marks`, `created_at`) VALUES (53, 2, 3, 106, '15.00', '2023-07-12 12:00:08');
INSERT INTO `cbse_observation_term_student_subparameter` (`id`, `cbse_ovservation_term_id`, `cbse_observation_subparameter_id`, `student_session_id`, `obtain_marks`, `created_at`) VALUES (54, 2, 4, 106, '20.00', '2023-07-12 12:00:08');
INSERT INTO `cbse_observation_term_student_subparameter` (`id`, `cbse_ovservation_term_id`, `cbse_observation_subparameter_id`, `student_session_id`, `obtain_marks`, `created_at`) VALUES (55, 2, 3, 129, '30.00', '2023-07-18 05:10:02');
INSERT INTO `cbse_observation_term_student_subparameter` (`id`, `cbse_ovservation_term_id`, `cbse_observation_subparameter_id`, `student_session_id`, `obtain_marks`, `created_at`) VALUES (56, 2, 4, 129, '20.00', '2023-07-18 05:10:02');
INSERT INTO `cbse_observation_term_student_subparameter` (`id`, `cbse_ovservation_term_id`, `cbse_observation_subparameter_id`, `student_session_id`, `obtain_marks`, `created_at`) VALUES (57, 2, 3, 131, '25.00', '2023-07-18 05:10:02');
INSERT INTO `cbse_observation_term_student_subparameter` (`id`, `cbse_ovservation_term_id`, `cbse_observation_subparameter_id`, `student_session_id`, `obtain_marks`, `created_at`) VALUES (58, 2, 4, 131, '20.00', '2023-07-18 05:10:02');
INSERT INTO `cbse_observation_term_student_subparameter` (`id`, `cbse_ovservation_term_id`, `cbse_observation_subparameter_id`, `student_session_id`, `obtain_marks`, `created_at`) VALUES (59, 2, 3, 132, '25.00', '2023-07-18 05:10:02');
INSERT INTO `cbse_observation_term_student_subparameter` (`id`, `cbse_ovservation_term_id`, `cbse_observation_subparameter_id`, `student_session_id`, `obtain_marks`, `created_at`) VALUES (60, 2, 4, 132, '15.00', '2023-07-18 05:10:02');
INSERT INTO `cbse_observation_term_student_subparameter` (`id`, `cbse_ovservation_term_id`, `cbse_observation_subparameter_id`, `student_session_id`, `obtain_marks`, `created_at`) VALUES (61, 2, 3, 133, '20.00', '2023-07-18 05:10:02');
INSERT INTO `cbse_observation_term_student_subparameter` (`id`, `cbse_ovservation_term_id`, `cbse_observation_subparameter_id`, `student_session_id`, `obtain_marks`, `created_at`) VALUES (62, 2, 4, 133, '18.00', '2023-07-18 05:10:02');
INSERT INTO `cbse_observation_term_student_subparameter` (`id`, `cbse_ovservation_term_id`, `cbse_observation_subparameter_id`, `student_session_id`, `obtain_marks`, `created_at`) VALUES (63, 2, 3, 135, '11.00', '2023-07-18 05:10:02');
INSERT INTO `cbse_observation_term_student_subparameter` (`id`, `cbse_ovservation_term_id`, `cbse_observation_subparameter_id`, `student_session_id`, `obtain_marks`, `created_at`) VALUES (64, 2, 4, 135, '3.00', '2023-07-18 05:10:02');
INSERT INTO `cbse_observation_term_student_subparameter` (`id`, `cbse_ovservation_term_id`, `cbse_observation_subparameter_id`, `student_session_id`, `obtain_marks`, `created_at`) VALUES (65, 2, 4, 88, '20.00', '2023-09-06 06:34:56');
INSERT INTO `cbse_observation_term_student_subparameter` (`id`, `cbse_ovservation_term_id`, `cbse_observation_subparameter_id`, `student_session_id`, `obtain_marks`, `created_at`) VALUES (66, 2, 4, 89, '20.00', '2023-09-06 06:34:56');
INSERT INTO `cbse_observation_term_student_subparameter` (`id`, `cbse_ovservation_term_id`, `cbse_observation_subparameter_id`, `student_session_id`, `obtain_marks`, `created_at`) VALUES (67, 2, 4, 90, '10.00', '2023-09-06 06:34:56');
INSERT INTO `cbse_observation_term_student_subparameter` (`id`, `cbse_ovservation_term_id`, `cbse_observation_subparameter_id`, `student_session_id`, `obtain_marks`, `created_at`) VALUES (68, 2, 4, 91, '14.00', '2023-09-06 06:34:56');
INSERT INTO `cbse_observation_term_student_subparameter` (`id`, `cbse_ovservation_term_id`, `cbse_observation_subparameter_id`, `student_session_id`, `obtain_marks`, `created_at`) VALUES (69, 2, 4, 92, '15.00', '2023-09-06 06:34:56');
INSERT INTO `cbse_observation_term_student_subparameter` (`id`, `cbse_ovservation_term_id`, `cbse_observation_subparameter_id`, `student_session_id`, `obtain_marks`, `created_at`) VALUES (70, 2, 4, 93, '14.00', '2023-09-06 06:34:56');
INSERT INTO `cbse_observation_term_student_subparameter` (`id`, `cbse_ovservation_term_id`, `cbse_observation_subparameter_id`, `student_session_id`, `obtain_marks`, `created_at`) VALUES (71, 2, 4, 94, '15.00', '2023-09-06 06:34:56');
INSERT INTO `cbse_observation_term_student_subparameter` (`id`, `cbse_ovservation_term_id`, `cbse_observation_subparameter_id`, `student_session_id`, `obtain_marks`, `created_at`) VALUES (72, 2, 4, 95, '17.00', '2023-09-06 06:34:56');
INSERT INTO `cbse_observation_term_student_subparameter` (`id`, `cbse_ovservation_term_id`, `cbse_observation_subparameter_id`, `student_session_id`, `obtain_marks`, `created_at`) VALUES (73, 2, 3, 96, '23.00', '2023-09-06 06:34:56');
INSERT INTO `cbse_observation_term_student_subparameter` (`id`, `cbse_ovservation_term_id`, `cbse_observation_subparameter_id`, `student_session_id`, `obtain_marks`, `created_at`) VALUES (74, 2, 4, 96, '16.00', '2023-09-06 06:34:56');
INSERT INTO `cbse_observation_term_student_subparameter` (`id`, `cbse_ovservation_term_id`, `cbse_observation_subparameter_id`, `student_session_id`, `obtain_marks`, `created_at`) VALUES (75, 2, 3, 98, '23.00', '2023-09-06 06:34:56');
INSERT INTO `cbse_observation_term_student_subparameter` (`id`, `cbse_ovservation_term_id`, `cbse_observation_subparameter_id`, `student_session_id`, `obtain_marks`, `created_at`) VALUES (76, 2, 4, 98, '20.00', '2023-09-06 06:34:56');
INSERT INTO `cbse_observation_term_student_subparameter` (`id`, `cbse_ovservation_term_id`, `cbse_observation_subparameter_id`, `student_session_id`, `obtain_marks`, `created_at`) VALUES (77, 2, 4, 105, '10.00', '2023-09-06 06:34:56');
INSERT INTO `cbse_observation_term_student_subparameter` (`id`, `cbse_ovservation_term_id`, `cbse_observation_subparameter_id`, `student_session_id`, `obtain_marks`, `created_at`) VALUES (78, 2, 4, 107, '10.00', '2023-09-06 06:34:56');
INSERT INTO `cbse_observation_term_student_subparameter` (`id`, `cbse_ovservation_term_id`, `cbse_observation_subparameter_id`, `student_session_id`, `obtain_marks`, `created_at`) VALUES (79, 1, 1, 85, '10.00', '2023-09-06 06:36:05');
INSERT INTO `cbse_observation_term_student_subparameter` (`id`, `cbse_ovservation_term_id`, `cbse_observation_subparameter_id`, `student_session_id`, `obtain_marks`, `created_at`) VALUES (80, 1, 2, 85, '20.00', '2023-09-06 06:36:05');
INSERT INTO `cbse_observation_term_student_subparameter` (`id`, `cbse_ovservation_term_id`, `cbse_observation_subparameter_id`, `student_session_id`, `obtain_marks`, `created_at`) VALUES (81, 1, 2, 88, '25.00', '2023-09-06 06:36:05');
INSERT INTO `cbse_observation_term_student_subparameter` (`id`, `cbse_ovservation_term_id`, `cbse_observation_subparameter_id`, `student_session_id`, `obtain_marks`, `created_at`) VALUES (82, 1, 2, 89, '24.00', '2023-09-06 06:36:05');
INSERT INTO `cbse_observation_term_student_subparameter` (`id`, `cbse_ovservation_term_id`, `cbse_observation_subparameter_id`, `student_session_id`, `obtain_marks`, `created_at`) VALUES (83, 1, 2, 90, '24.00', '2023-09-06 06:36:05');
INSERT INTO `cbse_observation_term_student_subparameter` (`id`, `cbse_ovservation_term_id`, `cbse_observation_subparameter_id`, `student_session_id`, `obtain_marks`, `created_at`) VALUES (84, 1, 2, 91, '24.00', '2023-09-06 06:36:05');
INSERT INTO `cbse_observation_term_student_subparameter` (`id`, `cbse_ovservation_term_id`, `cbse_observation_subparameter_id`, `student_session_id`, `obtain_marks`, `created_at`) VALUES (85, 1, 2, 92, '20.00', '2023-09-06 06:36:05');
INSERT INTO `cbse_observation_term_student_subparameter` (`id`, `cbse_ovservation_term_id`, `cbse_observation_subparameter_id`, `student_session_id`, `obtain_marks`, `created_at`) VALUES (86, 1, 2, 93, '23.00', '2023-09-06 06:36:05');
INSERT INTO `cbse_observation_term_student_subparameter` (`id`, `cbse_ovservation_term_id`, `cbse_observation_subparameter_id`, `student_session_id`, `obtain_marks`, `created_at`) VALUES (87, 1, 2, 94, '22.00', '2023-09-06 06:36:05');
INSERT INTO `cbse_observation_term_student_subparameter` (`id`, `cbse_ovservation_term_id`, `cbse_observation_subparameter_id`, `student_session_id`, `obtain_marks`, `created_at`) VALUES (88, 1, 2, 95, '22.00', '2023-09-06 06:36:05');
INSERT INTO `cbse_observation_term_student_subparameter` (`id`, `cbse_ovservation_term_id`, `cbse_observation_subparameter_id`, `student_session_id`, `obtain_marks`, `created_at`) VALUES (89, 1, 2, 96, '22.00', '2023-09-06 06:36:05');
INSERT INTO `cbse_observation_term_student_subparameter` (`id`, `cbse_ovservation_term_id`, `cbse_observation_subparameter_id`, `student_session_id`, `obtain_marks`, `created_at`) VALUES (90, 1, 2, 97, '24.00', '2023-09-06 06:36:05');
INSERT INTO `cbse_observation_term_student_subparameter` (`id`, `cbse_ovservation_term_id`, `cbse_observation_subparameter_id`, `student_session_id`, `obtain_marks`, `created_at`) VALUES (91, 1, 2, 98, '18.00', '2023-09-06 06:36:05');
INSERT INTO `cbse_observation_term_student_subparameter` (`id`, `cbse_ovservation_term_id`, `cbse_observation_subparameter_id`, `student_session_id`, `obtain_marks`, `created_at`) VALUES (92, 1, 1, 99, '20.00', '2023-09-06 06:36:05');
INSERT INTO `cbse_observation_term_student_subparameter` (`id`, `cbse_ovservation_term_id`, `cbse_observation_subparameter_id`, `student_session_id`, `obtain_marks`, `created_at`) VALUES (93, 1, 2, 99, '17.00', '2023-09-06 06:36:05');
INSERT INTO `cbse_observation_term_student_subparameter` (`id`, `cbse_ovservation_term_id`, `cbse_observation_subparameter_id`, `student_session_id`, `obtain_marks`, `created_at`) VALUES (94, 1, 1, 100, '10.00', '2023-09-06 06:36:05');
INSERT INTO `cbse_observation_term_student_subparameter` (`id`, `cbse_ovservation_term_id`, `cbse_observation_subparameter_id`, `student_session_id`, `obtain_marks`, `created_at`) VALUES (95, 1, 2, 100, '6.00', '2023-09-06 06:36:05');
INSERT INTO `cbse_observation_term_student_subparameter` (`id`, `cbse_ovservation_term_id`, `cbse_observation_subparameter_id`, `student_session_id`, `obtain_marks`, `created_at`) VALUES (96, 1, 2, 101, '15.00', '2023-09-06 06:36:05');
INSERT INTO `cbse_observation_term_student_subparameter` (`id`, `cbse_ovservation_term_id`, `cbse_observation_subparameter_id`, `student_session_id`, `obtain_marks`, `created_at`) VALUES (97, 1, 2, 102, '10.00', '2023-09-06 06:36:05');
INSERT INTO `cbse_observation_term_student_subparameter` (`id`, `cbse_ovservation_term_id`, `cbse_observation_subparameter_id`, `student_session_id`, `obtain_marks`, `created_at`) VALUES (98, 1, 1, 103, '10.00', '2023-09-06 06:36:05');
INSERT INTO `cbse_observation_term_student_subparameter` (`id`, `cbse_ovservation_term_id`, `cbse_observation_subparameter_id`, `student_session_id`, `obtain_marks`, `created_at`) VALUES (99, 1, 2, 103, '10.00', '2023-09-06 06:36:05');
INSERT INTO `cbse_observation_term_student_subparameter` (`id`, `cbse_ovservation_term_id`, `cbse_observation_subparameter_id`, `student_session_id`, `obtain_marks`, `created_at`) VALUES (100, 1, 1, 104, '20.00', '2023-09-06 06:36:05');
INSERT INTO `cbse_observation_term_student_subparameter` (`id`, `cbse_ovservation_term_id`, `cbse_observation_subparameter_id`, `student_session_id`, `obtain_marks`, `created_at`) VALUES (101, 1, 2, 104, '10.00', '2023-09-06 06:36:05');
INSERT INTO `cbse_observation_term_student_subparameter` (`id`, `cbse_ovservation_term_id`, `cbse_observation_subparameter_id`, `student_session_id`, `obtain_marks`, `created_at`) VALUES (102, 1, 2, 105, '20.00', '2023-09-06 06:36:05');
INSERT INTO `cbse_observation_term_student_subparameter` (`id`, `cbse_ovservation_term_id`, `cbse_observation_subparameter_id`, `student_session_id`, `obtain_marks`, `created_at`) VALUES (103, 1, 2, 106, '14.00', '2023-09-06 06:36:05');
INSERT INTO `cbse_observation_term_student_subparameter` (`id`, `cbse_ovservation_term_id`, `cbse_observation_subparameter_id`, `student_session_id`, `obtain_marks`, `created_at`) VALUES (104, 1, 2, 107, '15.00', '2023-09-06 06:36:05');
INSERT INTO `cbse_observation_term_student_subparameter` (`id`, `cbse_ovservation_term_id`, `cbse_observation_subparameter_id`, `student_session_id`, `obtain_marks`, `created_at`) VALUES (105, 1, 1, 137, '20.00', '2023-09-06 06:36:05');
INSERT INTO `cbse_observation_term_student_subparameter` (`id`, `cbse_ovservation_term_id`, `cbse_observation_subparameter_id`, `student_session_id`, `obtain_marks`, `created_at`) VALUES (106, 1, 2, 137, '15.00', '2023-09-06 06:36:05');
INSERT INTO `cbse_observation_term_student_subparameter` (`id`, `cbse_ovservation_term_id`, `cbse_observation_subparameter_id`, `student_session_id`, `obtain_marks`, `created_at`) VALUES (107, 1, 1, 141, '10.00', '2023-09-06 06:36:05');
INSERT INTO `cbse_observation_term_student_subparameter` (`id`, `cbse_ovservation_term_id`, `cbse_observation_subparameter_id`, `student_session_id`, `obtain_marks`, `created_at`) VALUES (108, 1, 2, 141, '20.00', '2023-09-06 06:36:05');
INSERT INTO `cbse_observation_term_student_subparameter` (`id`, `cbse_ovservation_term_id`, `cbse_observation_subparameter_id`, `student_session_id`, `obtain_marks`, `created_at`) VALUES (109, 1, 1, 143, '17.00', '2023-09-06 06:36:05');
INSERT INTO `cbse_observation_term_student_subparameter` (`id`, `cbse_ovservation_term_id`, `cbse_observation_subparameter_id`, `student_session_id`, `obtain_marks`, `created_at`) VALUES (110, 1, 2, 143, '20.00', '2023-09-06 06:36:05');
INSERT INTO `cbse_observation_term_student_subparameter` (`id`, `cbse_ovservation_term_id`, `cbse_observation_subparameter_id`, `student_session_id`, `obtain_marks`, `created_at`) VALUES (111, 3, 1, 166, '15.00', '2024-04-04 11:40:32');
INSERT INTO `cbse_observation_term_student_subparameter` (`id`, `cbse_ovservation_term_id`, `cbse_observation_subparameter_id`, `student_session_id`, `obtain_marks`, `created_at`) VALUES (112, 3, 2, 166, '23.00', '2024-04-04 11:40:32');
INSERT INTO `cbse_observation_term_student_subparameter` (`id`, `cbse_ovservation_term_id`, `cbse_observation_subparameter_id`, `student_session_id`, `obtain_marks`, `created_at`) VALUES (113, 3, 1, 161, '18.00', '2024-04-04 11:40:32');
INSERT INTO `cbse_observation_term_student_subparameter` (`id`, `cbse_ovservation_term_id`, `cbse_observation_subparameter_id`, `student_session_id`, `obtain_marks`, `created_at`) VALUES (114, 3, 2, 161, '20.00', '2024-04-04 11:40:32');
INSERT INTO `cbse_observation_term_student_subparameter` (`id`, `cbse_ovservation_term_id`, `cbse_observation_subparameter_id`, `student_session_id`, `obtain_marks`, `created_at`) VALUES (115, 3, 1, 159, '20.00', '2024-04-04 11:40:32');
INSERT INTO `cbse_observation_term_student_subparameter` (`id`, `cbse_ovservation_term_id`, `cbse_observation_subparameter_id`, `student_session_id`, `obtain_marks`, `created_at`) VALUES (116, 3, 2, 159, '10.00', '2024-04-04 11:40:32');
INSERT INTO `cbse_observation_term_student_subparameter` (`id`, `cbse_ovservation_term_id`, `cbse_observation_subparameter_id`, `student_session_id`, `obtain_marks`, `created_at`) VALUES (117, 3, 1, 158, '10.00', '2024-04-04 11:40:32');
INSERT INTO `cbse_observation_term_student_subparameter` (`id`, `cbse_ovservation_term_id`, `cbse_observation_subparameter_id`, `student_session_id`, `obtain_marks`, `created_at`) VALUES (118, 3, 2, 158, '14.00', '2024-04-04 11:40:32');
INSERT INTO `cbse_observation_term_student_subparameter` (`id`, `cbse_ovservation_term_id`, `cbse_observation_subparameter_id`, `student_session_id`, `obtain_marks`, `created_at`) VALUES (119, 3, 1, 160, '17.00', '2024-04-04 11:40:32');
INSERT INTO `cbse_observation_term_student_subparameter` (`id`, `cbse_ovservation_term_id`, `cbse_observation_subparameter_id`, `student_session_id`, `obtain_marks`, `created_at`) VALUES (120, 3, 2, 160, '18.00', '2024-04-04 11:40:32');
INSERT INTO `cbse_observation_term_student_subparameter` (`id`, `cbse_ovservation_term_id`, `cbse_observation_subparameter_id`, `student_session_id`, `obtain_marks`, `created_at`) VALUES (121, 3, 1, 157, '20.00', '2024-04-04 11:40:32');
INSERT INTO `cbse_observation_term_student_subparameter` (`id`, `cbse_ovservation_term_id`, `cbse_observation_subparameter_id`, `student_session_id`, `obtain_marks`, `created_at`) VALUES (122, 3, 2, 157, '17.00', '2024-04-04 11:40:32');
INSERT INTO `cbse_observation_term_student_subparameter` (`id`, `cbse_ovservation_term_id`, `cbse_observation_subparameter_id`, `student_session_id`, `obtain_marks`, `created_at`) VALUES (123, 3, 1, 154, '14.00', '2024-04-04 11:40:32');
INSERT INTO `cbse_observation_term_student_subparameter` (`id`, `cbse_ovservation_term_id`, `cbse_observation_subparameter_id`, `student_session_id`, `obtain_marks`, `created_at`) VALUES (124, 3, 2, 154, '20.00', '2024-04-04 11:40:32');
INSERT INTO `cbse_observation_term_student_subparameter` (`id`, `cbse_ovservation_term_id`, `cbse_observation_subparameter_id`, `student_session_id`, `obtain_marks`, `created_at`) VALUES (125, 3, 1, 155, '16.00', '2024-04-04 11:40:32');
INSERT INTO `cbse_observation_term_student_subparameter` (`id`, `cbse_ovservation_term_id`, `cbse_observation_subparameter_id`, `student_session_id`, `obtain_marks`, `created_at`) VALUES (126, 3, 2, 155, '16.00', '2024-04-04 11:40:32');
INSERT INTO `cbse_observation_term_student_subparameter` (`id`, `cbse_ovservation_term_id`, `cbse_observation_subparameter_id`, `student_session_id`, `obtain_marks`, `created_at`) VALUES (127, 3, 1, 153, '20.00', '2024-04-04 11:40:32');
INSERT INTO `cbse_observation_term_student_subparameter` (`id`, `cbse_ovservation_term_id`, `cbse_observation_subparameter_id`, `student_session_id`, `obtain_marks`, `created_at`) VALUES (128, 3, 2, 153, '13.00', '2024-04-04 11:40:32');
INSERT INTO `cbse_observation_term_student_subparameter` (`id`, `cbse_ovservation_term_id`, `cbse_observation_subparameter_id`, `student_session_id`, `obtain_marks`, `created_at`) VALUES (129, 3, 1, 152, '18.00', '2024-04-04 11:40:32');
INSERT INTO `cbse_observation_term_student_subparameter` (`id`, `cbse_ovservation_term_id`, `cbse_observation_subparameter_id`, `student_session_id`, `obtain_marks`, `created_at`) VALUES (130, 3, 2, 152, '24.00', '2024-04-04 11:40:32');
INSERT INTO `cbse_observation_term_student_subparameter` (`id`, `cbse_ovservation_term_id`, `cbse_observation_subparameter_id`, `student_session_id`, `obtain_marks`, `created_at`) VALUES (131, 4, 3, 154, '25.00', '2024-04-04 11:41:54');
INSERT INTO `cbse_observation_term_student_subparameter` (`id`, `cbse_ovservation_term_id`, `cbse_observation_subparameter_id`, `student_session_id`, `obtain_marks`, `created_at`) VALUES (132, 4, 4, 154, '17.00', '2024-04-04 11:41:54');
INSERT INTO `cbse_observation_term_student_subparameter` (`id`, `cbse_ovservation_term_id`, `cbse_observation_subparameter_id`, `student_session_id`, `obtain_marks`, `created_at`) VALUES (133, 4, 3, 158, '20.00', '2024-04-04 11:41:54');
INSERT INTO `cbse_observation_term_student_subparameter` (`id`, `cbse_ovservation_term_id`, `cbse_observation_subparameter_id`, `student_session_id`, `obtain_marks`, `created_at`) VALUES (134, 4, 4, 158, '15.00', '2024-04-04 11:41:54');
INSERT INTO `cbse_observation_term_student_subparameter` (`id`, `cbse_ovservation_term_id`, `cbse_observation_subparameter_id`, `student_session_id`, `obtain_marks`, `created_at`) VALUES (135, 4, 3, 159, '14.00', '2024-04-04 11:41:54');
INSERT INTO `cbse_observation_term_student_subparameter` (`id`, `cbse_ovservation_term_id`, `cbse_observation_subparameter_id`, `student_session_id`, `obtain_marks`, `created_at`) VALUES (136, 4, 4, 159, '20.00', '2024-04-04 11:41:54');
INSERT INTO `cbse_observation_term_student_subparameter` (`id`, `cbse_ovservation_term_id`, `cbse_observation_subparameter_id`, `student_session_id`, `obtain_marks`, `created_at`) VALUES (137, 4, 3, 161, '25.00', '2024-04-04 11:41:54');
INSERT INTO `cbse_observation_term_student_subparameter` (`id`, `cbse_ovservation_term_id`, `cbse_observation_subparameter_id`, `student_session_id`, `obtain_marks`, `created_at`) VALUES (138, 4, 4, 161, '17.00', '2024-04-04 11:41:54');
INSERT INTO `cbse_observation_term_student_subparameter` (`id`, `cbse_ovservation_term_id`, `cbse_observation_subparameter_id`, `student_session_id`, `obtain_marks`, `created_at`) VALUES (139, 4, 3, 182, '20.00', '2024-04-04 11:41:54');
INSERT INTO `cbse_observation_term_student_subparameter` (`id`, `cbse_ovservation_term_id`, `cbse_observation_subparameter_id`, `student_session_id`, `obtain_marks`, `created_at`) VALUES (140, 4, 4, 182, '20.00', '2024-04-04 11:41:54');
INSERT INTO `cbse_observation_term_student_subparameter` (`id`, `cbse_ovservation_term_id`, `cbse_observation_subparameter_id`, `student_session_id`, `obtain_marks`, `created_at`) VALUES (141, 4, 3, 152, '28.00', '2024-04-04 11:41:54');
INSERT INTO `cbse_observation_term_student_subparameter` (`id`, `cbse_ovservation_term_id`, `cbse_observation_subparameter_id`, `student_session_id`, `obtain_marks`, `created_at`) VALUES (142, 4, 4, 152, '18.00', '2024-04-04 11:41:54');
INSERT INTO `cbse_observation_term_student_subparameter` (`id`, `cbse_ovservation_term_id`, `cbse_observation_subparameter_id`, `student_session_id`, `obtain_marks`, `created_at`) VALUES (143, 4, 3, 153, '20.00', '2024-04-04 11:41:54');
INSERT INTO `cbse_observation_term_student_subparameter` (`id`, `cbse_ovservation_term_id`, `cbse_observation_subparameter_id`, `student_session_id`, `obtain_marks`, `created_at`) VALUES (144, 4, 4, 153, '14.00', '2024-04-04 11:41:54');
INSERT INTO `cbse_observation_term_student_subparameter` (`id`, `cbse_ovservation_term_id`, `cbse_observation_subparameter_id`, `student_session_id`, `obtain_marks`, `created_at`) VALUES (145, 4, 3, 155, '10.00', '2024-04-04 11:41:54');
INSERT INTO `cbse_observation_term_student_subparameter` (`id`, `cbse_ovservation_term_id`, `cbse_observation_subparameter_id`, `student_session_id`, `obtain_marks`, `created_at`) VALUES (146, 4, 4, 155, '20.00', '2024-04-04 11:41:54');
INSERT INTO `cbse_observation_term_student_subparameter` (`id`, `cbse_ovservation_term_id`, `cbse_observation_subparameter_id`, `student_session_id`, `obtain_marks`, `created_at`) VALUES (147, 4, 3, 180, '15.00', '2024-04-04 11:41:54');
INSERT INTO `cbse_observation_term_student_subparameter` (`id`, `cbse_ovservation_term_id`, `cbse_observation_subparameter_id`, `student_session_id`, `obtain_marks`, `created_at`) VALUES (148, 4, 4, 180, '16.00', '2024-04-04 11:41:54');
INSERT INTO `cbse_observation_term_student_subparameter` (`id`, `cbse_ovservation_term_id`, `cbse_observation_subparameter_id`, `student_session_id`, `obtain_marks`, `created_at`) VALUES (149, 4, 3, 166, '16.00', '2024-04-04 11:41:54');
INSERT INTO `cbse_observation_term_student_subparameter` (`id`, `cbse_ovservation_term_id`, `cbse_observation_subparameter_id`, `student_session_id`, `obtain_marks`, `created_at`) VALUES (150, 4, 4, 166, '14.00', '2024-04-04 11:41:54');
INSERT INTO `cbse_observation_term_student_subparameter` (`id`, `cbse_ovservation_term_id`, `cbse_observation_subparameter_id`, `student_session_id`, `obtain_marks`, `created_at`) VALUES (151, 4, 3, 181, '13.00', '2024-04-04 11:41:54');
INSERT INTO `cbse_observation_term_student_subparameter` (`id`, `cbse_ovservation_term_id`, `cbse_observation_subparameter_id`, `student_session_id`, `obtain_marks`, `created_at`) VALUES (152, 4, 4, 181, '17.00', '2024-04-04 11:41:54');
INSERT INTO `cbse_observation_term_student_subparameter` (`id`, `cbse_ovservation_term_id`, `cbse_observation_subparameter_id`, `student_session_id`, `obtain_marks`, `created_at`) VALUES (153, 4, 3, 157, '20.00', '2024-04-04 11:41:54');
INSERT INTO `cbse_observation_term_student_subparameter` (`id`, `cbse_ovservation_term_id`, `cbse_observation_subparameter_id`, `student_session_id`, `obtain_marks`, `created_at`) VALUES (154, 4, 4, 157, '12.00', '2024-04-04 11:41:54');
INSERT INTO `cbse_observation_term_student_subparameter` (`id`, `cbse_ovservation_term_id`, `cbse_observation_subparameter_id`, `student_session_id`, `obtain_marks`, `created_at`) VALUES (155, 4, 3, 160, '25.00', '2024-04-04 11:41:54');
INSERT INTO `cbse_observation_term_student_subparameter` (`id`, `cbse_ovservation_term_id`, `cbse_observation_subparameter_id`, `student_session_id`, `obtain_marks`, `created_at`) VALUES (156, 4, 4, 160, '18.00', '2024-04-04 11:41:54');
INSERT INTO `cbse_observation_term_student_subparameter` (`id`, `cbse_ovservation_term_id`, `cbse_observation_subparameter_id`, `student_session_id`, `obtain_marks`, `created_at`) VALUES (157, 4, 3, 162, '24.00', '2024-04-04 11:41:54');
INSERT INTO `cbse_observation_term_student_subparameter` (`id`, `cbse_ovservation_term_id`, `cbse_observation_subparameter_id`, `student_session_id`, `obtain_marks`, `created_at`) VALUES (158, 4, 4, 162, '20.00', '2024-04-04 11:41:54');


#
# TABLE STRUCTURE FOR: cbse_observation_terms
#


CREATE TABLE `cbse_observation_terms` (
  `id` int NOT NULL AUTO_INCREMENT,
  `cbse_exam_observation_id` int NOT NULL,
  `cbse_term_id` int NOT NULL,
  `session_id` int NOT NULL,
  `description` text,
  PRIMARY KEY (`id`),
  KEY `cbse_term_id` (`cbse_term_id`),
  KEY `cbse_ovservation_terms_ibfk_3` (`session_id`),
  KEY `cbse_exam_observations_ibfk_1` (`cbse_exam_observation_id`),
  CONSTRAINT `cbse_exam_observations_ibfk_1` FOREIGN KEY (`cbse_exam_observation_id`) REFERENCES `cbse_exam_observations` (`id`) ON DELETE CASCADE,
  CONSTRAINT `cbse_observation_terms_ibfk_2` FOREIGN KEY (`cbse_term_id`) REFERENCES `cbse_terms` (`id`) ON DELETE CASCADE,
  CONSTRAINT `cbse_observation_terms_ibfk_3` FOREIGN KEY (`session_id`) REFERENCES `sessions` (`id`) ON DELETE CASCADE
) ENGINE=InnoDB AUTO_INCREMENT=5 DEFAULT CHARSET=utf8mb3;

INSERT INTO `cbse_observation_terms` (`id`, `cbse_exam_observation_id`, `cbse_term_id`, `session_id`, `description`) VALUES (1, 1, 1, 16, 'An examination is a formal test that you take to show your knowledge or ability in a particular subject, or to obtain a qualification. If you have a medical examination, a doctor looks at your body, feels it, or does simple tests in order to check how healthy you are.');
INSERT INTO `cbse_observation_terms` (`id`, `cbse_exam_observation_id`, `cbse_term_id`, `session_id`, `description`) VALUES (2, 2, 5, 16, 'An examination is a formal test that you take to show your knowledge or ability in a particular subject, or to obtain a qualification. If you have a medical examination, a doctor looks at your body, feels it, or does simple tests in order to check how healthy you are.');
INSERT INTO `cbse_observation_terms` (`id`, `cbse_exam_observation_id`, `cbse_term_id`, `session_id`, `description`) VALUES (3, 1, 1, 20, 'The details of Observation, Term, Code, Description column which you recently added.');
INSERT INTO `cbse_observation_terms` (`id`, `cbse_exam_observation_id`, `cbse_term_id`, `session_id`, `description`) VALUES (4, 2, 5, 20, 'The details of Observation, Term, Code, Description column which you recently added.');


#
# TABLE STRUCTURE FOR: cbse_student_exam_ranks
#


CREATE TABLE `cbse_student_exam_ranks` (
  `id` int NOT NULL AUTO_INCREMENT,
  `cbse_exam_id` int NOT NULL,
  `student_session_id` int DEFAULT NULL,
  `rank` int DEFAULT NULL,
  `rank_percentage` int DEFAULT NULL,
  `created_at` timestamp NOT NULL DEFAULT CURRENT_TIMESTAMP ON UPDATE CURRENT_TIMESTAMP,
  PRIMARY KEY (`id`),
  KEY `cbse_exam_id` (`cbse_exam_id`),
  KEY `student_session_id` (`student_session_id`),
  KEY `idx_rank` (`rank`),
  KEY `idx_rank_percentage` (`rank_percentage`),
  CONSTRAINT `cbse_student_exam_ranks_ibfk_1` FOREIGN KEY (`cbse_exam_id`) REFERENCES `cbse_exams` (`id`) ON DELETE CASCADE,
  CONSTRAINT `cbse_student_exam_ranks_ibfk_2` FOREIGN KEY (`student_session_id`) REFERENCES `student_session` (`id`) ON DELETE CASCADE
) ENGINE=InnoDB AUTO_INCREMENT=545 DEFAULT CHARSET=utf8mb3;

INSERT INTO `cbse_student_exam_ranks` (`id`, `cbse_exam_id`, `student_session_id`, `rank`, `rank_percentage`, `created_at`) VALUES (35, 5, 122, 1, 80, '2023-07-17 12:33:35');
INSERT INTO `cbse_student_exam_ranks` (`id`, `cbse_exam_id`, `student_session_id`, `rank`, `rank_percentage`, `created_at`) VALUES (36, 5, 124, 2, 72, '2023-07-17 12:33:35');
INSERT INTO `cbse_student_exam_ranks` (`id`, `cbse_exam_id`, `student_session_id`, `rank`, `rank_percentage`, `created_at`) VALUES (37, 5, 113, 3, 71, '2023-07-17 12:33:35');
INSERT INTO `cbse_student_exam_ranks` (`id`, `cbse_exam_id`, `student_session_id`, `rank`, `rank_percentage`, `created_at`) VALUES (38, 5, 126, 4, 65, '2023-07-17 12:33:35');
INSERT INTO `cbse_student_exam_ranks` (`id`, `cbse_exam_id`, `student_session_id`, `rank`, `rank_percentage`, `created_at`) VALUES (39, 5, 115, 5, 58, '2023-07-17 12:33:35');
INSERT INTO `cbse_student_exam_ranks` (`id`, `cbse_exam_id`, `student_session_id`, `rank`, `rank_percentage`, `created_at`) VALUES (40, 5, 125, 6, 44, '2023-07-17 12:33:35');
INSERT INTO `cbse_student_exam_ranks` (`id`, `cbse_exam_id`, `student_session_id`, `rank`, `rank_percentage`, `created_at`) VALUES (137, 6, 132, 1, 82, '2023-07-20 10:12:31');
INSERT INTO `cbse_student_exam_ranks` (`id`, `cbse_exam_id`, `student_session_id`, `rank`, `rank_percentage`, `created_at`) VALUES (138, 6, 129, 2, 63, '2023-07-20 10:12:31');
INSERT INTO `cbse_student_exam_ranks` (`id`, `cbse_exam_id`, `student_session_id`, `rank`, `rank_percentage`, `created_at`) VALUES (139, 6, 133, 3, 59, '2023-07-20 10:12:31');
INSERT INTO `cbse_student_exam_ranks` (`id`, `cbse_exam_id`, `student_session_id`, `rank`, `rank_percentage`, `created_at`) VALUES (140, 6, 135, 3, 59, '2023-07-20 10:12:31');
INSERT INTO `cbse_student_exam_ranks` (`id`, `cbse_exam_id`, `student_session_id`, `rank`, `rank_percentage`, `created_at`) VALUES (164, 7, 129, 1, 66, '2023-07-20 10:49:01');
INSERT INTO `cbse_student_exam_ranks` (`id`, `cbse_exam_id`, `student_session_id`, `rank`, `rank_percentage`, `created_at`) VALUES (165, 7, 135, 2, 59, '2023-07-20 10:49:01');
INSERT INTO `cbse_student_exam_ranks` (`id`, `cbse_exam_id`, `student_session_id`, `rank`, `rank_percentage`, `created_at`) VALUES (166, 7, 132, 3, 54, '2023-07-20 10:49:01');
INSERT INTO `cbse_student_exam_ranks` (`id`, `cbse_exam_id`, `student_session_id`, `rank`, `rank_percentage`, `created_at`) VALUES (167, 7, 133, 4, 51, '2023-07-20 10:49:01');
INSERT INTO `cbse_student_exam_ranks` (`id`, `cbse_exam_id`, `student_session_id`, `rank`, `rank_percentage`, `created_at`) VALUES (168, 7, 131, 5, 0, '2023-07-20 10:49:01');
INSERT INTO `cbse_student_exam_ranks` (`id`, `cbse_exam_id`, `student_session_id`, `rank`, `rank_percentage`, `created_at`) VALUES (267, 8, 88, 1, 93, '2023-07-22 04:20:15');
INSERT INTO `cbse_student_exam_ranks` (`id`, `cbse_exam_id`, `student_session_id`, `rank`, `rank_percentage`, `created_at`) VALUES (268, 8, 105, 2, 89, '2023-07-22 04:20:15');
INSERT INTO `cbse_student_exam_ranks` (`id`, `cbse_exam_id`, `student_session_id`, `rank`, `rank_percentage`, `created_at`) VALUES (269, 8, 91, 3, 74, '2023-07-22 04:20:15');
INSERT INTO `cbse_student_exam_ranks` (`id`, `cbse_exam_id`, `student_session_id`, `rank`, `rank_percentage`, `created_at`) VALUES (270, 8, 89, 4, 68, '2023-07-22 04:20:15');
INSERT INTO `cbse_student_exam_ranks` (`id`, `cbse_exam_id`, `student_session_id`, `rank`, `rank_percentage`, `created_at`) VALUES (271, 8, 90, 5, 67, '2023-07-22 04:20:15');
INSERT INTO `cbse_student_exam_ranks` (`id`, `cbse_exam_id`, `student_session_id`, `rank`, `rank_percentage`, `created_at`) VALUES (272, 8, 95, 6, 61, '2023-07-22 04:20:15');
INSERT INTO `cbse_student_exam_ranks` (`id`, `cbse_exam_id`, `student_session_id`, `rank`, `rank_percentage`, `created_at`) VALUES (273, 8, 94, 7, 59, '2023-07-22 04:20:15');
INSERT INTO `cbse_student_exam_ranks` (`id`, `cbse_exam_id`, `student_session_id`, `rank`, `rank_percentage`, `created_at`) VALUES (274, 8, 96, 8, 57, '2023-07-22 04:20:15');
INSERT INTO `cbse_student_exam_ranks` (`id`, `cbse_exam_id`, `student_session_id`, `rank`, `rank_percentage`, `created_at`) VALUES (275, 8, 92, 9, 57, '2023-07-22 04:20:15');
INSERT INTO `cbse_student_exam_ranks` (`id`, `cbse_exam_id`, `student_session_id`, `rank`, `rank_percentage`, `created_at`) VALUES (276, 8, 93, 10, 56, '2023-07-22 04:20:15');
INSERT INTO `cbse_student_exam_ranks` (`id`, `cbse_exam_id`, `student_session_id`, `rank`, `rank_percentage`, `created_at`) VALUES (277, 8, 98, 11, 55, '2023-07-22 04:20:15');
INSERT INTO `cbse_student_exam_ranks` (`id`, `cbse_exam_id`, `student_session_id`, `rank`, `rank_percentage`, `created_at`) VALUES (278, 8, 107, 12, 49, '2023-07-22 04:20:15');
INSERT INTO `cbse_student_exam_ranks` (`id`, `cbse_exam_id`, `student_session_id`, `rank`, `rank_percentage`, `created_at`) VALUES (279, 8, 106, 13, 0, '2023-07-22 04:20:15');
INSERT INTO `cbse_student_exam_ranks` (`id`, `cbse_exam_id`, `student_session_id`, `rank`, `rank_percentage`, `created_at`) VALUES (280, 11, 88, 1, 88, '2023-08-05 07:39:15');
INSERT INTO `cbse_student_exam_ranks` (`id`, `cbse_exam_id`, `student_session_id`, `rank`, `rank_percentage`, `created_at`) VALUES (281, 11, 105, 2, 83, '2023-08-05 07:39:15');
INSERT INTO `cbse_student_exam_ranks` (`id`, `cbse_exam_id`, `student_session_id`, `rank`, `rank_percentage`, `created_at`) VALUES (282, 11, 89, 3, 75, '2023-08-05 07:39:15');
INSERT INTO `cbse_student_exam_ranks` (`id`, `cbse_exam_id`, `student_session_id`, `rank`, `rank_percentage`, `created_at`) VALUES (283, 11, 95, 4, 66, '2023-08-05 07:39:15');
INSERT INTO `cbse_student_exam_ranks` (`id`, `cbse_exam_id`, `student_session_id`, `rank`, `rank_percentage`, `created_at`) VALUES (284, 11, 90, 5, 61, '2023-08-05 07:39:15');
INSERT INTO `cbse_student_exam_ranks` (`id`, `cbse_exam_id`, `student_session_id`, `rank`, `rank_percentage`, `created_at`) VALUES (285, 11, 102, 6, 60, '2023-08-05 07:39:15');
INSERT INTO `cbse_student_exam_ranks` (`id`, `cbse_exam_id`, `student_session_id`, `rank`, `rank_percentage`, `created_at`) VALUES (286, 11, 107, 7, 59, '2023-08-05 07:39:15');
INSERT INTO `cbse_student_exam_ranks` (`id`, `cbse_exam_id`, `student_session_id`, `rank`, `rank_percentage`, `created_at`) VALUES (287, 11, 94, 8, 59, '2023-08-05 07:39:15');
INSERT INTO `cbse_student_exam_ranks` (`id`, `cbse_exam_id`, `student_session_id`, `rank`, `rank_percentage`, `created_at`) VALUES (288, 11, 96, 9, 56, '2023-08-05 07:39:15');
INSERT INTO `cbse_student_exam_ranks` (`id`, `cbse_exam_id`, `student_session_id`, `rank`, `rank_percentage`, `created_at`) VALUES (289, 11, 93, 10, 53, '2023-08-05 07:39:15');
INSERT INTO `cbse_student_exam_ranks` (`id`, `cbse_exam_id`, `student_session_id`, `rank`, `rank_percentage`, `created_at`) VALUES (290, 11, 98, 11, 51, '2023-08-05 07:39:15');
INSERT INTO `cbse_student_exam_ranks` (`id`, `cbse_exam_id`, `student_session_id`, `rank`, `rank_percentage`, `created_at`) VALUES (291, 11, 92, 12, 50, '2023-08-05 07:39:15');
INSERT INTO `cbse_student_exam_ranks` (`id`, `cbse_exam_id`, `student_session_id`, `rank`, `rank_percentage`, `created_at`) VALUES (292, 11, 91, 13, 45, '2023-08-05 07:39:15');
INSERT INTO `cbse_student_exam_ranks` (`id`, `cbse_exam_id`, `student_session_id`, `rank`, `rank_percentage`, `created_at`) VALUES (316, 4, 90, 1, 81, '2023-08-09 19:38:19');
INSERT INTO `cbse_student_exam_ranks` (`id`, `cbse_exam_id`, `student_session_id`, `rank`, `rank_percentage`, `created_at`) VALUES (317, 4, 88, 2, 77, '2023-08-09 19:38:19');
INSERT INTO `cbse_student_exam_ranks` (`id`, `cbse_exam_id`, `student_session_id`, `rank`, `rank_percentage`, `created_at`) VALUES (318, 4, 105, 3, 72, '2023-08-09 19:38:19');
INSERT INTO `cbse_student_exam_ranks` (`id`, `cbse_exam_id`, `student_session_id`, `rank`, `rank_percentage`, `created_at`) VALUES (319, 4, 91, 4, 67, '2023-08-09 19:38:19');
INSERT INTO `cbse_student_exam_ranks` (`id`, `cbse_exam_id`, `student_session_id`, `rank`, `rank_percentage`, `created_at`) VALUES (320, 4, 89, 5, 62, '2023-08-09 19:38:19');
INSERT INTO `cbse_student_exam_ranks` (`id`, `cbse_exam_id`, `student_session_id`, `rank`, `rank_percentage`, `created_at`) VALUES (321, 4, 92, 6, 47, '2023-08-09 19:38:19');
INSERT INTO `cbse_student_exam_ranks` (`id`, `cbse_exam_id`, `student_session_id`, `rank`, `rank_percentage`, `created_at`) VALUES (322, 3, 105, 1, 87, '2023-08-09 19:38:27');
INSERT INTO `cbse_student_exam_ranks` (`id`, `cbse_exam_id`, `student_session_id`, `rank`, `rank_percentage`, `created_at`) VALUES (323, 3, 98, 2, 79, '2023-08-09 19:38:27');
INSERT INTO `cbse_student_exam_ranks` (`id`, `cbse_exam_id`, `student_session_id`, `rank`, `rank_percentage`, `created_at`) VALUES (324, 3, 88, 3, 79, '2023-08-09 19:38:27');
INSERT INTO `cbse_student_exam_ranks` (`id`, `cbse_exam_id`, `student_session_id`, `rank`, `rank_percentage`, `created_at`) VALUES (325, 3, 92, 4, 69, '2023-08-09 19:38:27');
INSERT INTO `cbse_student_exam_ranks` (`id`, `cbse_exam_id`, `student_session_id`, `rank`, `rank_percentage`, `created_at`) VALUES (326, 3, 90, 5, 69, '2023-08-09 19:38:27');
INSERT INTO `cbse_student_exam_ranks` (`id`, `cbse_exam_id`, `student_session_id`, `rank`, `rank_percentage`, `created_at`) VALUES (327, 3, 96, 6, 66, '2023-08-09 19:38:27');
INSERT INTO `cbse_student_exam_ranks` (`id`, `cbse_exam_id`, `student_session_id`, `rank`, `rank_percentage`, `created_at`) VALUES (328, 3, 93, 7, 65, '2023-08-09 19:38:27');
INSERT INTO `cbse_student_exam_ranks` (`id`, `cbse_exam_id`, `student_session_id`, `rank`, `rank_percentage`, `created_at`) VALUES (329, 3, 94, 8, 62, '2023-08-09 19:38:27');
INSERT INTO `cbse_student_exam_ranks` (`id`, `cbse_exam_id`, `student_session_id`, `rank`, `rank_percentage`, `created_at`) VALUES (330, 3, 89, 9, 59, '2023-08-09 19:38:27');
INSERT INTO `cbse_student_exam_ranks` (`id`, `cbse_exam_id`, `student_session_id`, `rank`, `rank_percentage`, `created_at`) VALUES (331, 3, 95, 10, 53, '2023-08-09 19:38:27');
INSERT INTO `cbse_student_exam_ranks` (`id`, `cbse_exam_id`, `student_session_id`, `rank`, `rank_percentage`, `created_at`) VALUES (332, 3, 91, 11, 51, '2023-08-09 19:38:27');
INSERT INTO `cbse_student_exam_ranks` (`id`, `cbse_exam_id`, `student_session_id`, `rank`, `rank_percentage`, `created_at`) VALUES (333, 3, 107, 12, 38, '2023-08-09 19:38:27');
INSERT INTO `cbse_student_exam_ranks` (`id`, `cbse_exam_id`, `student_session_id`, `rank`, `rank_percentage`, `created_at`) VALUES (334, 13, 88, 1, 90, '2023-09-06 06:31:53');
INSERT INTO `cbse_student_exam_ranks` (`id`, `cbse_exam_id`, `student_session_id`, `rank`, `rank_percentage`, `created_at`) VALUES (335, 13, 143, 2, 82, '2023-09-06 06:31:53');
INSERT INTO `cbse_student_exam_ranks` (`id`, `cbse_exam_id`, `student_session_id`, `rank`, `rank_percentage`, `created_at`) VALUES (336, 13, 105, 3, 65, '2023-09-06 06:31:53');
INSERT INTO `cbse_student_exam_ranks` (`id`, `cbse_exam_id`, `student_session_id`, `rank`, `rank_percentage`, `created_at`) VALUES (337, 13, 90, 4, 58, '2023-09-06 06:31:53');
INSERT INTO `cbse_student_exam_ranks` (`id`, `cbse_exam_id`, `student_session_id`, `rank`, `rank_percentage`, `created_at`) VALUES (338, 13, 98, 5, 58, '2023-09-06 06:31:53');
INSERT INTO `cbse_student_exam_ranks` (`id`, `cbse_exam_id`, `student_session_id`, `rank`, `rank_percentage`, `created_at`) VALUES (339, 13, 102, 6, 58, '2023-09-06 06:31:53');
INSERT INTO `cbse_student_exam_ranks` (`id`, `cbse_exam_id`, `student_session_id`, `rank`, `rank_percentage`, `created_at`) VALUES (340, 13, 92, 7, 56, '2023-09-06 06:31:53');
INSERT INTO `cbse_student_exam_ranks` (`id`, `cbse_exam_id`, `student_session_id`, `rank`, `rank_percentage`, `created_at`) VALUES (341, 13, 94, 8, 55, '2023-09-06 06:31:53');
INSERT INTO `cbse_student_exam_ranks` (`id`, `cbse_exam_id`, `student_session_id`, `rank`, `rank_percentage`, `created_at`) VALUES (342, 13, 104, 9, 55, '2023-09-06 06:31:53');
INSERT INTO `cbse_student_exam_ranks` (`id`, `cbse_exam_id`, `student_session_id`, `rank`, `rank_percentage`, `created_at`) VALUES (343, 13, 91, 10, 55, '2023-09-06 06:31:53');
INSERT INTO `cbse_student_exam_ranks` (`id`, `cbse_exam_id`, `student_session_id`, `rank`, `rank_percentage`, `created_at`) VALUES (344, 13, 89, 11, 54, '2023-09-06 06:31:53');
INSERT INTO `cbse_student_exam_ranks` (`id`, `cbse_exam_id`, `student_session_id`, `rank`, `rank_percentage`, `created_at`) VALUES (345, 13, 96, 11, 54, '2023-09-06 06:31:53');
INSERT INTO `cbse_student_exam_ranks` (`id`, `cbse_exam_id`, `student_session_id`, `rank`, `rank_percentage`, `created_at`) VALUES (346, 13, 93, 12, 52, '2023-09-06 06:31:53');
INSERT INTO `cbse_student_exam_ranks` (`id`, `cbse_exam_id`, `student_session_id`, `rank`, `rank_percentage`, `created_at`) VALUES (347, 13, 106, 13, 49, '2023-09-06 06:31:53');
INSERT INTO `cbse_student_exam_ranks` (`id`, `cbse_exam_id`, `student_session_id`, `rank`, `rank_percentage`, `created_at`) VALUES (348, 13, 141, 14, 46, '2023-09-06 06:31:53');
INSERT INTO `cbse_student_exam_ranks` (`id`, `cbse_exam_id`, `student_session_id`, `rank`, `rank_percentage`, `created_at`) VALUES (349, 13, 95, 15, 40, '2023-09-06 06:31:53');
INSERT INTO `cbse_student_exam_ranks` (`id`, `cbse_exam_id`, `student_session_id`, `rank`, `rank_percentage`, `created_at`) VALUES (350, 13, 107, 16, 31, '2023-09-06 06:31:53');
INSERT INTO `cbse_student_exam_ranks` (`id`, `cbse_exam_id`, `student_session_id`, `rank`, `rank_percentage`, `created_at`) VALUES (362, 14, 88, 1, 84, '2023-10-04 05:33:57');
INSERT INTO `cbse_student_exam_ranks` (`id`, `cbse_exam_id`, `student_session_id`, `rank`, `rank_percentage`, `created_at`) VALUES (363, 14, 143, 2, 68, '2023-10-04 05:33:57');
INSERT INTO `cbse_student_exam_ranks` (`id`, `cbse_exam_id`, `student_session_id`, `rank`, `rank_percentage`, `created_at`) VALUES (364, 14, 106, 3, 65, '2023-10-04 05:33:57');
INSERT INTO `cbse_student_exam_ranks` (`id`, `cbse_exam_id`, `student_session_id`, `rank`, `rank_percentage`, `created_at`) VALUES (365, 14, 96, 4, 62, '2023-10-04 05:33:57');
INSERT INTO `cbse_student_exam_ranks` (`id`, `cbse_exam_id`, `student_session_id`, `rank`, `rank_percentage`, `created_at`) VALUES (366, 14, 105, 5, 62, '2023-10-04 05:33:57');
INSERT INTO `cbse_student_exam_ranks` (`id`, `cbse_exam_id`, `student_session_id`, `rank`, `rank_percentage`, `created_at`) VALUES (367, 14, 98, 6, 60, '2023-10-04 05:33:57');
INSERT INTO `cbse_student_exam_ranks` (`id`, `cbse_exam_id`, `student_session_id`, `rank`, `rank_percentage`, `created_at`) VALUES (368, 14, 101, 7, 59, '2023-10-04 05:33:57');
INSERT INTO `cbse_student_exam_ranks` (`id`, `cbse_exam_id`, `student_session_id`, `rank`, `rank_percentage`, `created_at`) VALUES (369, 14, 104, 8, 57, '2023-10-04 05:33:57');
INSERT INTO `cbse_student_exam_ranks` (`id`, `cbse_exam_id`, `student_session_id`, `rank`, `rank_percentage`, `created_at`) VALUES (370, 14, 94, 9, 55, '2023-10-04 05:33:57');
INSERT INTO `cbse_student_exam_ranks` (`id`, `cbse_exam_id`, `student_session_id`, `rank`, `rank_percentage`, `created_at`) VALUES (371, 14, 90, 10, 52, '2023-10-04 05:33:57');
INSERT INTO `cbse_student_exam_ranks` (`id`, `cbse_exam_id`, `student_session_id`, `rank`, `rank_percentage`, `created_at`) VALUES (372, 14, 89, 11, 50, '2023-10-04 05:33:57');
INSERT INTO `cbse_student_exam_ranks` (`id`, `cbse_exam_id`, `student_session_id`, `rank`, `rank_percentage`, `created_at`) VALUES (385, 15, 88, 1, 86, '2023-12-05 04:34:43');
INSERT INTO `cbse_student_exam_ranks` (`id`, `cbse_exam_id`, `student_session_id`, `rank`, `rank_percentage`, `created_at`) VALUES (386, 15, 143, 2, 74, '2023-12-05 04:34:43');
INSERT INTO `cbse_student_exam_ranks` (`id`, `cbse_exam_id`, `student_session_id`, `rank`, `rank_percentage`, `created_at`) VALUES (387, 15, 105, 3, 70, '2023-12-05 04:34:43');
INSERT INTO `cbse_student_exam_ranks` (`id`, `cbse_exam_id`, `student_session_id`, `rank`, `rank_percentage`, `created_at`) VALUES (388, 15, 89, 4, 65, '2023-12-05 04:34:43');
INSERT INTO `cbse_student_exam_ranks` (`id`, `cbse_exam_id`, `student_session_id`, `rank`, `rank_percentage`, `created_at`) VALUES (389, 15, 91, 5, 56, '2023-12-05 04:34:43');
INSERT INTO `cbse_student_exam_ranks` (`id`, `cbse_exam_id`, `student_session_id`, `rank`, `rank_percentage`, `created_at`) VALUES (390, 15, 96, 6, 51, '2023-12-05 04:34:43');
INSERT INTO `cbse_student_exam_ranks` (`id`, `cbse_exam_id`, `student_session_id`, `rank`, `rank_percentage`, `created_at`) VALUES (391, 15, 92, 7, 46, '2023-12-05 04:34:43');
INSERT INTO `cbse_student_exam_ranks` (`id`, `cbse_exam_id`, `student_session_id`, `rank`, `rank_percentage`, `created_at`) VALUES (392, 15, 101, 8, 38, '2023-12-05 04:34:43');
INSERT INTO `cbse_student_exam_ranks` (`id`, `cbse_exam_id`, `student_session_id`, `rank`, `rank_percentage`, `created_at`) VALUES (393, 15, 141, 8, 38, '2023-12-05 04:34:43');
INSERT INTO `cbse_student_exam_ranks` (`id`, `cbse_exam_id`, `student_session_id`, `rank`, `rank_percentage`, `created_at`) VALUES (394, 15, 97, 9, 38, '2023-12-05 04:34:43');
INSERT INTO `cbse_student_exam_ranks` (`id`, `cbse_exam_id`, `student_session_id`, `rank`, `rank_percentage`, `created_at`) VALUES (395, 15, 93, 10, 34, '2023-12-05 04:34:43');
INSERT INTO `cbse_student_exam_ranks` (`id`, `cbse_exam_id`, `student_session_id`, `rank`, `rank_percentage`, `created_at`) VALUES (396, 15, 90, 11, 32, '2023-12-05 04:34:43');
INSERT INTO `cbse_student_exam_ranks` (`id`, `cbse_exam_id`, `student_session_id`, `rank`, `rank_percentage`, `created_at`) VALUES (397, 16, 88, 1, 69, '2023-12-05 05:00:00');
INSERT INTO `cbse_student_exam_ranks` (`id`, `cbse_exam_id`, `student_session_id`, `rank`, `rank_percentage`, `created_at`) VALUES (398, 16, 89, 2, 57, '2023-12-05 05:00:00');
INSERT INTO `cbse_student_exam_ranks` (`id`, `cbse_exam_id`, `student_session_id`, `rank`, `rank_percentage`, `created_at`) VALUES (399, 16, 104, 3, 50, '2023-12-05 05:00:00');
INSERT INTO `cbse_student_exam_ranks` (`id`, `cbse_exam_id`, `student_session_id`, `rank`, `rank_percentage`, `created_at`) VALUES (400, 16, 91, 4, 49, '2023-12-05 05:00:00');
INSERT INTO `cbse_student_exam_ranks` (`id`, `cbse_exam_id`, `student_session_id`, `rank`, `rank_percentage`, `created_at`) VALUES (401, 16, 92, 5, 47, '2023-12-05 05:00:00');
INSERT INTO `cbse_student_exam_ranks` (`id`, `cbse_exam_id`, `student_session_id`, `rank`, `rank_percentage`, `created_at`) VALUES (402, 16, 105, 6, 44, '2023-12-05 05:00:00');
INSERT INTO `cbse_student_exam_ranks` (`id`, `cbse_exam_id`, `student_session_id`, `rank`, `rank_percentage`, `created_at`) VALUES (403, 16, 98, 7, 44, '2023-12-05 05:00:00');
INSERT INTO `cbse_student_exam_ranks` (`id`, `cbse_exam_id`, `student_session_id`, `rank`, `rank_percentage`, `created_at`) VALUES (404, 16, 99, 8, 43, '2023-12-05 05:00:00');
INSERT INTO `cbse_student_exam_ranks` (`id`, `cbse_exam_id`, `student_session_id`, `rank`, `rank_percentage`, `created_at`) VALUES (405, 16, 90, 9, 43, '2023-12-05 05:00:00');
INSERT INTO `cbse_student_exam_ranks` (`id`, `cbse_exam_id`, `student_session_id`, `rank`, `rank_percentage`, `created_at`) VALUES (406, 16, 137, 10, 38, '2023-12-05 05:00:00');
INSERT INTO `cbse_student_exam_ranks` (`id`, `cbse_exam_id`, `student_session_id`, `rank`, `rank_percentage`, `created_at`) VALUES (407, 16, 95, 11, 38, '2023-12-05 05:00:00');
INSERT INTO `cbse_student_exam_ranks` (`id`, `cbse_exam_id`, `student_session_id`, `rank`, `rank_percentage`, `created_at`) VALUES (408, 16, 106, 12, 37, '2023-12-05 05:00:00');
INSERT INTO `cbse_student_exam_ranks` (`id`, `cbse_exam_id`, `student_session_id`, `rank`, `rank_percentage`, `created_at`) VALUES (409, 16, 107, 13, 34, '2023-12-05 05:00:00');
INSERT INTO `cbse_student_exam_ranks` (`id`, `cbse_exam_id`, `student_session_id`, `rank`, `rank_percentage`, `created_at`) VALUES (410, 16, 103, 14, 33, '2023-12-05 05:00:00');
INSERT INTO `cbse_student_exam_ranks` (`id`, `cbse_exam_id`, `student_session_id`, `rank`, `rank_percentage`, `created_at`) VALUES (411, 16, 97, 15, 30, '2023-12-05 05:00:00');
INSERT INTO `cbse_student_exam_ranks` (`id`, `cbse_exam_id`, `student_session_id`, `rank`, `rank_percentage`, `created_at`) VALUES (412, 16, 96, 16, 30, '2023-12-05 05:00:00');
INSERT INTO `cbse_student_exam_ranks` (`id`, `cbse_exam_id`, `student_session_id`, `rank`, `rank_percentage`, `created_at`) VALUES (413, 16, 143, 17, 29, '2023-12-05 05:00:00');
INSERT INTO `cbse_student_exam_ranks` (`id`, `cbse_exam_id`, `student_session_id`, `rank`, `rank_percentage`, `created_at`) VALUES (414, 16, 141, 18, 28, '2023-12-05 05:00:00');
INSERT INTO `cbse_student_exam_ranks` (`id`, `cbse_exam_id`, `student_session_id`, `rank`, `rank_percentage`, `created_at`) VALUES (415, 16, 85, 19, 28, '2023-12-05 05:00:00');
INSERT INTO `cbse_student_exam_ranks` (`id`, `cbse_exam_id`, `student_session_id`, `rank`, `rank_percentage`, `created_at`) VALUES (416, 16, 102, 20, 27, '2023-12-05 05:00:00');
INSERT INTO `cbse_student_exam_ranks` (`id`, `cbse_exam_id`, `student_session_id`, `rank`, `rank_percentage`, `created_at`) VALUES (417, 16, 101, 21, 26, '2023-12-05 05:00:00');
INSERT INTO `cbse_student_exam_ranks` (`id`, `cbse_exam_id`, `student_session_id`, `rank`, `rank_percentage`, `created_at`) VALUES (418, 16, 100, 22, 22, '2023-12-05 05:00:00');
INSERT INTO `cbse_student_exam_ranks` (`id`, `cbse_exam_id`, `student_session_id`, `rank`, `rank_percentage`, `created_at`) VALUES (419, 16, 94, 23, 21, '2023-12-05 05:00:00');
INSERT INTO `cbse_student_exam_ranks` (`id`, `cbse_exam_id`, `student_session_id`, `rank`, `rank_percentage`, `created_at`) VALUES (420, 16, 93, 24, 21, '2023-12-05 05:00:00');
INSERT INTO `cbse_student_exam_ranks` (`id`, `cbse_exam_id`, `student_session_id`, `rank`, `rank_percentage`, `created_at`) VALUES (421, 17, 88, 1, 61, '2024-01-05 09:17:37');
INSERT INTO `cbse_student_exam_ranks` (`id`, `cbse_exam_id`, `student_session_id`, `rank`, `rank_percentage`, `created_at`) VALUES (422, 17, 94, 2, 51, '2024-01-05 09:17:37');
INSERT INTO `cbse_student_exam_ranks` (`id`, `cbse_exam_id`, `student_session_id`, `rank`, `rank_percentage`, `created_at`) VALUES (423, 17, 91, 3, 50, '2024-01-05 09:17:37');
INSERT INTO `cbse_student_exam_ranks` (`id`, `cbse_exam_id`, `student_session_id`, `rank`, `rank_percentage`, `created_at`) VALUES (424, 17, 89, 4, 48, '2024-01-05 09:17:37');
INSERT INTO `cbse_student_exam_ranks` (`id`, `cbse_exam_id`, `student_session_id`, `rank`, `rank_percentage`, `created_at`) VALUES (425, 17, 98, 5, 48, '2024-01-05 09:17:37');
INSERT INTO `cbse_student_exam_ranks` (`id`, `cbse_exam_id`, `student_session_id`, `rank`, `rank_percentage`, `created_at`) VALUES (426, 17, 102, 6, 46, '2024-01-05 09:17:37');
INSERT INTO `cbse_student_exam_ranks` (`id`, `cbse_exam_id`, `student_session_id`, `rank`, `rank_percentage`, `created_at`) VALUES (427, 17, 105, 7, 44, '2024-01-05 09:17:37');
INSERT INTO `cbse_student_exam_ranks` (`id`, `cbse_exam_id`, `student_session_id`, `rank`, `rank_percentage`, `created_at`) VALUES (428, 17, 96, 8, 44, '2024-01-05 09:17:37');
INSERT INTO `cbse_student_exam_ranks` (`id`, `cbse_exam_id`, `student_session_id`, `rank`, `rank_percentage`, `created_at`) VALUES (429, 17, 92, 9, 40, '2024-01-05 09:17:37');
INSERT INTO `cbse_student_exam_ranks` (`id`, `cbse_exam_id`, `student_session_id`, `rank`, `rank_percentage`, `created_at`) VALUES (430, 17, 90, 10, 36, '2024-01-05 09:17:37');
INSERT INTO `cbse_student_exam_ranks` (`id`, `cbse_exam_id`, `student_session_id`, `rank`, `rank_percentage`, `created_at`) VALUES (431, 17, 107, 11, 36, '2024-01-05 09:17:37');
INSERT INTO `cbse_student_exam_ranks` (`id`, `cbse_exam_id`, `student_session_id`, `rank`, `rank_percentage`, `created_at`) VALUES (432, 17, 93, 12, 35, '2024-01-05 09:17:37');
INSERT INTO `cbse_student_exam_ranks` (`id`, `cbse_exam_id`, `student_session_id`, `rank`, `rank_percentage`, `created_at`) VALUES (433, 17, 143, 13, 33, '2024-01-05 09:17:37');
INSERT INTO `cbse_student_exam_ranks` (`id`, `cbse_exam_id`, `student_session_id`, `rank`, `rank_percentage`, `created_at`) VALUES (434, 17, 95, 14, 25, '2024-01-05 09:17:37');
INSERT INTO `cbse_student_exam_ranks` (`id`, `cbse_exam_id`, `student_session_id`, `rank`, `rank_percentage`, `created_at`) VALUES (435, 18, 88, 1, 74, '2024-02-03 07:07:47');
INSERT INTO `cbse_student_exam_ranks` (`id`, `cbse_exam_id`, `student_session_id`, `rank`, `rank_percentage`, `created_at`) VALUES (436, 18, 102, 2, 65, '2024-02-03 07:07:47');
INSERT INTO `cbse_student_exam_ranks` (`id`, `cbse_exam_id`, `student_session_id`, `rank`, `rank_percentage`, `created_at`) VALUES (437, 18, 89, 3, 61, '2024-02-03 07:07:47');
INSERT INTO `cbse_student_exam_ranks` (`id`, `cbse_exam_id`, `student_session_id`, `rank`, `rank_percentage`, `created_at`) VALUES (438, 18, 90, 4, 59, '2024-02-03 07:07:47');
INSERT INTO `cbse_student_exam_ranks` (`id`, `cbse_exam_id`, `student_session_id`, `rank`, `rank_percentage`, `created_at`) VALUES (439, 18, 98, 5, 55, '2024-02-03 07:07:47');
INSERT INTO `cbse_student_exam_ranks` (`id`, `cbse_exam_id`, `student_session_id`, `rank`, `rank_percentage`, `created_at`) VALUES (440, 18, 105, 6, 54, '2024-02-03 07:07:47');
INSERT INTO `cbse_student_exam_ranks` (`id`, `cbse_exam_id`, `student_session_id`, `rank`, `rank_percentage`, `created_at`) VALUES (441, 18, 94, 7, 53, '2024-02-03 07:07:47');
INSERT INTO `cbse_student_exam_ranks` (`id`, `cbse_exam_id`, `student_session_id`, `rank`, `rank_percentage`, `created_at`) VALUES (442, 18, 107, 8, 46, '2024-02-03 07:07:47');
INSERT INTO `cbse_student_exam_ranks` (`id`, `cbse_exam_id`, `student_session_id`, `rank`, `rank_percentage`, `created_at`) VALUES (443, 18, 143, 9, 45, '2024-02-03 07:07:47');
INSERT INTO `cbse_student_exam_ranks` (`id`, `cbse_exam_id`, `student_session_id`, `rank`, `rank_percentage`, `created_at`) VALUES (444, 18, 91, 10, 42, '2024-02-03 07:07:47');
INSERT INTO `cbse_student_exam_ranks` (`id`, `cbse_exam_id`, `student_session_id`, `rank`, `rank_percentage`, `created_at`) VALUES (445, 18, 96, 11, 40, '2024-02-03 07:07:47');
INSERT INTO `cbse_student_exam_ranks` (`id`, `cbse_exam_id`, `student_session_id`, `rank`, `rank_percentage`, `created_at`) VALUES (446, 18, 92, 12, 38, '2024-02-03 07:07:47');
INSERT INTO `cbse_student_exam_ranks` (`id`, `cbse_exam_id`, `student_session_id`, `rank`, `rank_percentage`, `created_at`) VALUES (447, 18, 95, 13, 33, '2024-02-03 07:07:47');
INSERT INTO `cbse_student_exam_ranks` (`id`, `cbse_exam_id`, `student_session_id`, `rank`, `rank_percentage`, `created_at`) VALUES (448, 18, 93, 14, 30, '2024-02-03 07:07:47');
INSERT INTO `cbse_student_exam_ranks` (`id`, `cbse_exam_id`, `student_session_id`, `rank`, `rank_percentage`, `created_at`) VALUES (449, 19, 88, 1, 75, '2024-03-04 08:03:06');
INSERT INTO `cbse_student_exam_ranks` (`id`, `cbse_exam_id`, `student_session_id`, `rank`, `rank_percentage`, `created_at`) VALUES (450, 19, 143, 2, 62, '2024-03-04 08:03:06');
INSERT INTO `cbse_student_exam_ranks` (`id`, `cbse_exam_id`, `student_session_id`, `rank`, `rank_percentage`, `created_at`) VALUES (451, 19, 105, 3, 55, '2024-03-04 08:03:06');
INSERT INTO `cbse_student_exam_ranks` (`id`, `cbse_exam_id`, `student_session_id`, `rank`, `rank_percentage`, `created_at`) VALUES (452, 19, 107, 4, 52, '2024-03-04 08:03:06');
INSERT INTO `cbse_student_exam_ranks` (`id`, `cbse_exam_id`, `student_session_id`, `rank`, `rank_percentage`, `created_at`) VALUES (453, 19, 89, 5, 51, '2024-03-04 08:03:06');
INSERT INTO `cbse_student_exam_ranks` (`id`, `cbse_exam_id`, `student_session_id`, `rank`, `rank_percentage`, `created_at`) VALUES (454, 19, 97, 6, 50, '2024-03-04 08:03:06');
INSERT INTO `cbse_student_exam_ranks` (`id`, `cbse_exam_id`, `student_session_id`, `rank`, `rank_percentage`, `created_at`) VALUES (455, 19, 93, 7, 49, '2024-03-04 08:03:06');
INSERT INTO `cbse_student_exam_ranks` (`id`, `cbse_exam_id`, `student_session_id`, `rank`, `rank_percentage`, `created_at`) VALUES (456, 19, 101, 8, 46, '2024-03-04 08:03:06');
INSERT INTO `cbse_student_exam_ranks` (`id`, `cbse_exam_id`, `student_session_id`, `rank`, `rank_percentage`, `created_at`) VALUES (457, 19, 100, 9, 46, '2024-03-04 08:03:06');
INSERT INTO `cbse_student_exam_ranks` (`id`, `cbse_exam_id`, `student_session_id`, `rank`, `rank_percentage`, `created_at`) VALUES (458, 19, 99, 10, 43, '2024-03-04 08:03:06');
INSERT INTO `cbse_student_exam_ranks` (`id`, `cbse_exam_id`, `student_session_id`, `rank`, `rank_percentage`, `created_at`) VALUES (459, 19, 94, 11, 40, '2024-03-04 08:03:06');
INSERT INTO `cbse_student_exam_ranks` (`id`, `cbse_exam_id`, `student_session_id`, `rank`, `rank_percentage`, `created_at`) VALUES (460, 19, 98, 12, 39, '2024-03-04 08:03:06');
INSERT INTO `cbse_student_exam_ranks` (`id`, `cbse_exam_id`, `student_session_id`, `rank`, `rank_percentage`, `created_at`) VALUES (461, 19, 96, 13, 36, '2024-03-04 08:03:06');
INSERT INTO `cbse_student_exam_ranks` (`id`, `cbse_exam_id`, `student_session_id`, `rank`, `rank_percentage`, `created_at`) VALUES (462, 19, 90, 14, 35, '2024-03-04 08:03:06');
INSERT INTO `cbse_student_exam_ranks` (`id`, `cbse_exam_id`, `student_session_id`, `rank`, `rank_percentage`, `created_at`) VALUES (463, 19, 91, 15, 34, '2024-03-04 08:03:06');
INSERT INTO `cbse_student_exam_ranks` (`id`, `cbse_exam_id`, `student_session_id`, `rank`, `rank_percentage`, `created_at`) VALUES (464, 19, 102, 16, 33, '2024-03-04 08:03:06');
INSERT INTO `cbse_student_exam_ranks` (`id`, `cbse_exam_id`, `student_session_id`, `rank`, `rank_percentage`, `created_at`) VALUES (465, 19, 92, 17, 33, '2024-03-04 08:03:06');
INSERT INTO `cbse_student_exam_ranks` (`id`, `cbse_exam_id`, `student_session_id`, `rank`, `rank_percentage`, `created_at`) VALUES (466, 19, 95, 18, 28, '2024-03-04 08:03:06');
INSERT INTO `cbse_student_exam_ranks` (`id`, `cbse_exam_id`, `student_session_id`, `rank`, `rank_percentage`, `created_at`) VALUES (467, 20, 152, 1, 75, '2024-04-04 06:33:33');
INSERT INTO `cbse_student_exam_ranks` (`id`, `cbse_exam_id`, `student_session_id`, `rank`, `rank_percentage`, `created_at`) VALUES (468, 20, 166, 2, 65, '2024-04-04 06:33:33');
INSERT INTO `cbse_student_exam_ranks` (`id`, `cbse_exam_id`, `student_session_id`, `rank`, `rank_percentage`, `created_at`) VALUES (469, 20, 160, 3, 45, '2024-04-04 06:33:33');
INSERT INTO `cbse_student_exam_ranks` (`id`, `cbse_exam_id`, `student_session_id`, `rank`, `rank_percentage`, `created_at`) VALUES (470, 20, 180, 4, 43, '2024-04-04 06:33:33');
INSERT INTO `cbse_student_exam_ranks` (`id`, `cbse_exam_id`, `student_session_id`, `rank`, `rank_percentage`, `created_at`) VALUES (471, 20, 158, 5, 41, '2024-04-04 06:33:33');
INSERT INTO `cbse_student_exam_ranks` (`id`, `cbse_exam_id`, `student_session_id`, `rank`, `rank_percentage`, `created_at`) VALUES (472, 20, 153, 6, 41, '2024-04-04 06:33:33');
INSERT INTO `cbse_student_exam_ranks` (`id`, `cbse_exam_id`, `student_session_id`, `rank`, `rank_percentage`, `created_at`) VALUES (473, 20, 159, 7, 41, '2024-04-04 06:33:33');
INSERT INTO `cbse_student_exam_ranks` (`id`, `cbse_exam_id`, `student_session_id`, `rank`, `rank_percentage`, `created_at`) VALUES (474, 20, 161, 8, 34, '2024-04-04 06:33:33');
INSERT INTO `cbse_student_exam_ranks` (`id`, `cbse_exam_id`, `student_session_id`, `rank`, `rank_percentage`, `created_at`) VALUES (475, 20, 181, 9, 33, '2024-04-04 06:33:33');
INSERT INTO `cbse_student_exam_ranks` (`id`, `cbse_exam_id`, `student_session_id`, `rank`, `rank_percentage`, `created_at`) VALUES (476, 20, 155, 10, 30, '2024-04-04 06:33:33');
INSERT INTO `cbse_student_exam_ranks` (`id`, `cbse_exam_id`, `student_session_id`, `rank`, `rank_percentage`, `created_at`) VALUES (477, 20, 157, 11, 30, '2024-04-04 06:33:33');
INSERT INTO `cbse_student_exam_ranks` (`id`, `cbse_exam_id`, `student_session_id`, `rank`, `rank_percentage`, `created_at`) VALUES (478, 20, 154, 12, 17, '2024-04-04 06:33:33');
INSERT INTO `cbse_student_exam_ranks` (`id`, `cbse_exam_id`, `student_session_id`, `rank`, `rank_percentage`, `created_at`) VALUES (505, 21, 152, 1, 65, '2024-04-04 07:04:09');
INSERT INTO `cbse_student_exam_ranks` (`id`, `cbse_exam_id`, `student_session_id`, `rank`, `rank_percentage`, `created_at`) VALUES (506, 21, 166, 2, 60, '2024-04-04 07:04:09');
INSERT INTO `cbse_student_exam_ranks` (`id`, `cbse_exam_id`, `student_session_id`, `rank`, `rank_percentage`, `created_at`) VALUES (507, 21, 159, 3, 42, '2024-04-04 07:04:09');
INSERT INTO `cbse_student_exam_ranks` (`id`, `cbse_exam_id`, `student_session_id`, `rank`, `rank_percentage`, `created_at`) VALUES (508, 21, 182, 4, 40, '2024-04-04 07:04:09');
INSERT INTO `cbse_student_exam_ranks` (`id`, `cbse_exam_id`, `student_session_id`, `rank`, `rank_percentage`, `created_at`) VALUES (509, 21, 160, 5, 38, '2024-04-04 07:04:09');
INSERT INTO `cbse_student_exam_ranks` (`id`, `cbse_exam_id`, `student_session_id`, `rank`, `rank_percentage`, `created_at`) VALUES (510, 21, 153, 6, 38, '2024-04-04 07:04:09');
INSERT INTO `cbse_student_exam_ranks` (`id`, `cbse_exam_id`, `student_session_id`, `rank`, `rank_percentage`, `created_at`) VALUES (511, 21, 157, 7, 37, '2024-04-04 07:04:09');
INSERT INTO `cbse_student_exam_ranks` (`id`, `cbse_exam_id`, `student_session_id`, `rank`, `rank_percentage`, `created_at`) VALUES (512, 21, 161, 8, 35, '2024-04-04 07:04:09');
INSERT INTO `cbse_student_exam_ranks` (`id`, `cbse_exam_id`, `student_session_id`, `rank`, `rank_percentage`, `created_at`) VALUES (513, 21, 181, 8, 35, '2024-04-04 07:04:09');
INSERT INTO `cbse_student_exam_ranks` (`id`, `cbse_exam_id`, `student_session_id`, `rank`, `rank_percentage`, `created_at`) VALUES (514, 21, 155, 9, 27, '2024-04-04 07:04:09');
INSERT INTO `cbse_student_exam_ranks` (`id`, `cbse_exam_id`, `student_session_id`, `rank`, `rank_percentage`, `created_at`) VALUES (515, 21, 154, 10, 21, '2024-04-04 07:04:09');
INSERT INTO `cbse_student_exam_ranks` (`id`, `cbse_exam_id`, `student_session_id`, `rank`, `rank_percentage`, `created_at`) VALUES (516, 21, 180, 11, 16, '2024-04-04 07:04:09');
INSERT INTO `cbse_student_exam_ranks` (`id`, `cbse_exam_id`, `student_session_id`, `rank`, `rank_percentage`, `created_at`) VALUES (517, 21, 158, 12, 16, '2024-04-04 07:04:09');
INSERT INTO `cbse_student_exam_ranks` (`id`, `cbse_exam_id`, `student_session_id`, `rank`, `rank_percentage`, `created_at`) VALUES (518, 22, 152, 1, 66, '2024-04-04 11:23:02');
INSERT INTO `cbse_student_exam_ranks` (`id`, `cbse_exam_id`, `student_session_id`, `rank`, `rank_percentage`, `created_at`) VALUES (519, 22, 166, 2, 58, '2024-04-04 11:23:02');
INSERT INTO `cbse_student_exam_ranks` (`id`, `cbse_exam_id`, `student_session_id`, `rank`, `rank_percentage`, `created_at`) VALUES (520, 22, 158, 3, 48, '2024-04-04 11:23:02');
INSERT INTO `cbse_student_exam_ranks` (`id`, `cbse_exam_id`, `student_session_id`, `rank`, `rank_percentage`, `created_at`) VALUES (521, 22, 153, 4, 46, '2024-04-04 11:23:02');
INSERT INTO `cbse_student_exam_ranks` (`id`, `cbse_exam_id`, `student_session_id`, `rank`, `rank_percentage`, `created_at`) VALUES (522, 22, 182, 5, 36, '2024-04-04 11:23:02');
INSERT INTO `cbse_student_exam_ranks` (`id`, `cbse_exam_id`, `student_session_id`, `rank`, `rank_percentage`, `created_at`) VALUES (523, 22, 154, 6, 34, '2024-04-04 11:23:02');
INSERT INTO `cbse_student_exam_ranks` (`id`, `cbse_exam_id`, `student_session_id`, `rank`, `rank_percentage`, `created_at`) VALUES (524, 22, 181, 7, 34, '2024-04-04 11:23:02');
INSERT INTO `cbse_student_exam_ranks` (`id`, `cbse_exam_id`, `student_session_id`, `rank`, `rank_percentage`, `created_at`) VALUES (525, 22, 159, 8, 33, '2024-04-04 11:23:02');
INSERT INTO `cbse_student_exam_ranks` (`id`, `cbse_exam_id`, `student_session_id`, `rank`, `rank_percentage`, `created_at`) VALUES (526, 22, 160, 9, 32, '2024-04-04 11:23:02');
INSERT INTO `cbse_student_exam_ranks` (`id`, `cbse_exam_id`, `student_session_id`, `rank`, `rank_percentage`, `created_at`) VALUES (527, 22, 161, 9, 32, '2024-04-04 11:23:02');
INSERT INTO `cbse_student_exam_ranks` (`id`, `cbse_exam_id`, `student_session_id`, `rank`, `rank_percentage`, `created_at`) VALUES (528, 22, 180, 10, 30, '2024-04-04 11:23:02');
INSERT INTO `cbse_student_exam_ranks` (`id`, `cbse_exam_id`, `student_session_id`, `rank`, `rank_percentage`, `created_at`) VALUES (529, 22, 157, 11, 27, '2024-04-04 11:23:02');
INSERT INTO `cbse_student_exam_ranks` (`id`, `cbse_exam_id`, `student_session_id`, `rank`, `rank_percentage`, `created_at`) VALUES (530, 22, 155, 12, 21, '2024-04-04 11:23:02');
INSERT INTO `cbse_student_exam_ranks` (`id`, `cbse_exam_id`, `student_session_id`, `rank`, `rank_percentage`, `created_at`) VALUES (531, 23, 152, 1, 78, '2024-04-04 11:32:17');
INSERT INTO `cbse_student_exam_ranks` (`id`, `cbse_exam_id`, `student_session_id`, `rank`, `rank_percentage`, `created_at`) VALUES (532, 23, 166, 2, 72, '2024-04-04 11:32:17');
INSERT INTO `cbse_student_exam_ranks` (`id`, `cbse_exam_id`, `student_session_id`, `rank`, `rank_percentage`, `created_at`) VALUES (533, 23, 153, 3, 49, '2024-04-04 11:32:17');
INSERT INTO `cbse_student_exam_ranks` (`id`, `cbse_exam_id`, `student_session_id`, `rank`, `rank_percentage`, `created_at`) VALUES (534, 23, 154, 4, 46, '2024-04-04 11:32:17');
INSERT INTO `cbse_student_exam_ranks` (`id`, `cbse_exam_id`, `student_session_id`, `rank`, `rank_percentage`, `created_at`) VALUES (535, 23, 161, 5, 42, '2024-04-04 11:32:17');
INSERT INTO `cbse_student_exam_ranks` (`id`, `cbse_exam_id`, `student_session_id`, `rank`, `rank_percentage`, `created_at`) VALUES (536, 23, 159, 6, 42, '2024-04-04 11:32:17');
INSERT INTO `cbse_student_exam_ranks` (`id`, `cbse_exam_id`, `student_session_id`, `rank`, `rank_percentage`, `created_at`) VALUES (537, 23, 155, 7, 41, '2024-04-04 11:32:17');
INSERT INTO `cbse_student_exam_ranks` (`id`, `cbse_exam_id`, `student_session_id`, `rank`, `rank_percentage`, `created_at`) VALUES (538, 23, 180, 8, 41, '2024-04-04 11:32:17');
INSERT INTO `cbse_student_exam_ranks` (`id`, `cbse_exam_id`, `student_session_id`, `rank`, `rank_percentage`, `created_at`) VALUES (539, 23, 157, 9, 40, '2024-04-04 11:32:17');
INSERT INTO `cbse_student_exam_ranks` (`id`, `cbse_exam_id`, `student_session_id`, `rank`, `rank_percentage`, `created_at`) VALUES (540, 23, 181, 9, 40, '2024-04-04 11:32:17');
INSERT INTO `cbse_student_exam_ranks` (`id`, `cbse_exam_id`, `student_session_id`, `rank`, `rank_percentage`, `created_at`) VALUES (541, 23, 182, 10, 37, '2024-04-04 11:32:17');
INSERT INTO `cbse_student_exam_ranks` (`id`, `cbse_exam_id`, `student_session_id`, `rank`, `rank_percentage`, `created_at`) VALUES (542, 23, 160, 11, 32, '2024-04-04 11:32:17');
INSERT INTO `cbse_student_exam_ranks` (`id`, `cbse_exam_id`, `student_session_id`, `rank`, `rank_percentage`, `created_at`) VALUES (543, 23, 158, 12, 30, '2024-04-04 11:32:17');
INSERT INTO `cbse_student_exam_ranks` (`id`, `cbse_exam_id`, `student_session_id`, `rank`, `rank_percentage`, `created_at`) VALUES (544, 23, 162, 13, 23, '2024-04-04 11:32:17');


#
# TABLE STRUCTURE FOR: cbse_student_subject_marks
#


CREATE TABLE `cbse_student_subject_marks` (
  `id` int NOT NULL AUTO_INCREMENT,
  `cbse_exam_timetable_assessment_type_id` int NOT NULL,
  `cbse_exam_timetable_id` int DEFAULT NULL,
  `cbse_exam_student_id` int DEFAULT NULL,
  `cbse_exam_assessment_type_id` int DEFAULT NULL,
  `is_absent` int NOT NULL DEFAULT '0',
  `marks` float(10,2) DEFAULT '0.00',
  `note` text,
  `created_at` timestamp NOT NULL DEFAULT CURRENT_TIMESTAMP ON UPDATE CURRENT_TIMESTAMP,
  PRIMARY KEY (`id`),
  KEY `cbse_exam_timetable_id` (`cbse_exam_timetable_id`),
  KEY `cbse_exam_student_id` (`cbse_exam_student_id`),
  KEY `cbse_exam_assessment_type_id` (`cbse_exam_assessment_type_id`),
  KEY `cbse_exam_timetable_assessment_type_ibfk_4` (`cbse_exam_timetable_assessment_type_id`),
  CONSTRAINT `cbse_exam_timetable_assessment_type_ibfk_4` FOREIGN KEY (`cbse_exam_timetable_assessment_type_id`) REFERENCES `cbse_exam_timetable_assessment_types` (`id`) ON DELETE CASCADE,
  CONSTRAINT `cbse_student_subject_marks_ibfk_1` FOREIGN KEY (`cbse_exam_timetable_id`) REFERENCES `cbse_exam_timetable` (`id`) ON DELETE CASCADE,
  CONSTRAINT `cbse_student_subject_marks_ibfk_2` FOREIGN KEY (`cbse_exam_student_id`) REFERENCES `cbse_exam_students` (`id`) ON DELETE CASCADE,
  CONSTRAINT `cbse_student_subject_marks_ibfk_3` FOREIGN KEY (`cbse_exam_assessment_type_id`) REFERENCES `cbse_exam_assessment_types` (`id`) ON DELETE CASCADE
) ENGINE=InnoDB AUTO_INCREMENT=2967 DEFAULT CHARSET=utf8mb3;

INSERT INTO `cbse_student_subject_marks` (`id`, `cbse_exam_timetable_assessment_type_id`, `cbse_exam_timetable_id`, `cbse_exam_student_id`, `cbse_exam_assessment_type_id`, `is_absent`, `marks`, `note`, `created_at`) VALUES (637, 0, 16, 41, 4, 0, '99.00', '', '2023-07-13 04:27:02');
INSERT INTO `cbse_student_subject_marks` (`id`, `cbse_exam_timetable_assessment_type_id`, `cbse_exam_timetable_id`, `cbse_exam_student_id`, `cbse_exam_assessment_type_id`, `is_absent`, `marks`, `note`, `created_at`) VALUES (638, 0, 16, 41, 5, 0, '56.00', '', '2023-07-13 04:27:02');
INSERT INTO `cbse_student_subject_marks` (`id`, `cbse_exam_timetable_assessment_type_id`, `cbse_exam_timetable_id`, `cbse_exam_student_id`, `cbse_exam_assessment_type_id`, `is_absent`, `marks`, `note`, `created_at`) VALUES (639, 0, 16, 42, 4, 0, '98.00', '', '2023-07-13 04:27:02');
INSERT INTO `cbse_student_subject_marks` (`id`, `cbse_exam_timetable_assessment_type_id`, `cbse_exam_timetable_id`, `cbse_exam_student_id`, `cbse_exam_assessment_type_id`, `is_absent`, `marks`, `note`, `created_at`) VALUES (640, 0, 16, 42, 5, 0, '65.00', '', '2023-07-13 04:27:02');
INSERT INTO `cbse_student_subject_marks` (`id`, `cbse_exam_timetable_assessment_type_id`, `cbse_exam_timetable_id`, `cbse_exam_student_id`, `cbse_exam_assessment_type_id`, `is_absent`, `marks`, `note`, `created_at`) VALUES (641, 0, 16, 43, 4, 0, '94.00', '', '2023-07-13 04:27:02');
INSERT INTO `cbse_student_subject_marks` (`id`, `cbse_exam_timetable_assessment_type_id`, `cbse_exam_timetable_id`, `cbse_exam_student_id`, `cbse_exam_assessment_type_id`, `is_absent`, `marks`, `note`, `created_at`) VALUES (642, 0, 16, 43, 5, 0, '70.00', '', '2023-07-13 04:27:02');
INSERT INTO `cbse_student_subject_marks` (`id`, `cbse_exam_timetable_assessment_type_id`, `cbse_exam_timetable_id`, `cbse_exam_student_id`, `cbse_exam_assessment_type_id`, `is_absent`, `marks`, `note`, `created_at`) VALUES (643, 0, 16, 44, 4, 0, '96.00', '', '2023-07-13 04:27:02');
INSERT INTO `cbse_student_subject_marks` (`id`, `cbse_exam_timetable_assessment_type_id`, `cbse_exam_timetable_id`, `cbse_exam_student_id`, `cbse_exam_assessment_type_id`, `is_absent`, `marks`, `note`, `created_at`) VALUES (644, 0, 16, 44, 5, 0, '50.00', '', '2023-07-13 04:27:02');
INSERT INTO `cbse_student_subject_marks` (`id`, `cbse_exam_timetable_assessment_type_id`, `cbse_exam_timetable_id`, `cbse_exam_student_id`, `cbse_exam_assessment_type_id`, `is_absent`, `marks`, `note`, `created_at`) VALUES (645, 0, 16, 45, 4, 0, '25.00', '', '2023-07-13 04:27:02');
INSERT INTO `cbse_student_subject_marks` (`id`, `cbse_exam_timetable_assessment_type_id`, `cbse_exam_timetable_id`, `cbse_exam_student_id`, `cbse_exam_assessment_type_id`, `is_absent`, `marks`, `note`, `created_at`) VALUES (646, 0, 16, 45, 5, 0, '35.00', '', '2023-07-13 04:27:02');
INSERT INTO `cbse_student_subject_marks` (`id`, `cbse_exam_timetable_assessment_type_id`, `cbse_exam_timetable_id`, `cbse_exam_student_id`, `cbse_exam_assessment_type_id`, `is_absent`, `marks`, `note`, `created_at`) VALUES (647, 0, 16, 46, 4, 0, '99.00', '', '2023-07-13 04:27:02');
INSERT INTO `cbse_student_subject_marks` (`id`, `cbse_exam_timetable_assessment_type_id`, `cbse_exam_timetable_id`, `cbse_exam_student_id`, `cbse_exam_assessment_type_id`, `is_absent`, `marks`, `note`, `created_at`) VALUES (648, 0, 16, 46, 5, 0, '25.00', '', '2023-07-13 04:27:02');
INSERT INTO `cbse_student_subject_marks` (`id`, `cbse_exam_timetable_assessment_type_id`, `cbse_exam_timetable_id`, `cbse_exam_student_id`, `cbse_exam_assessment_type_id`, `is_absent`, `marks`, `note`, `created_at`) VALUES (649, 0, 17, 41, 4, 0, '87.00', '', '2023-07-13 04:27:48');
INSERT INTO `cbse_student_subject_marks` (`id`, `cbse_exam_timetable_assessment_type_id`, `cbse_exam_timetable_id`, `cbse_exam_student_id`, `cbse_exam_assessment_type_id`, `is_absent`, `marks`, `note`, `created_at`) VALUES (650, 0, 17, 41, 5, 0, '56.00', '', '2023-07-13 04:27:48');
INSERT INTO `cbse_student_subject_marks` (`id`, `cbse_exam_timetable_assessment_type_id`, `cbse_exam_timetable_id`, `cbse_exam_student_id`, `cbse_exam_assessment_type_id`, `is_absent`, `marks`, `note`, `created_at`) VALUES (651, 0, 17, 42, 4, 0, '67.00', '', '2023-07-13 04:27:48');
INSERT INTO `cbse_student_subject_marks` (`id`, `cbse_exam_timetable_assessment_type_id`, `cbse_exam_timetable_id`, `cbse_exam_student_id`, `cbse_exam_assessment_type_id`, `is_absent`, `marks`, `note`, `created_at`) VALUES (652, 0, 17, 42, 5, 0, '43.00', '', '2023-07-13 04:27:48');
INSERT INTO `cbse_student_subject_marks` (`id`, `cbse_exam_timetable_assessment_type_id`, `cbse_exam_timetable_id`, `cbse_exam_student_id`, `cbse_exam_assessment_type_id`, `is_absent`, `marks`, `note`, `created_at`) VALUES (653, 0, 17, 43, 4, 0, '89.00', '', '2023-07-13 04:27:48');
INSERT INTO `cbse_student_subject_marks` (`id`, `cbse_exam_timetable_assessment_type_id`, `cbse_exam_timetable_id`, `cbse_exam_student_id`, `cbse_exam_assessment_type_id`, `is_absent`, `marks`, `note`, `created_at`) VALUES (654, 0, 17, 43, 5, 0, '67.00', '', '2023-07-13 04:27:48');
INSERT INTO `cbse_student_subject_marks` (`id`, `cbse_exam_timetable_assessment_type_id`, `cbse_exam_timetable_id`, `cbse_exam_student_id`, `cbse_exam_assessment_type_id`, `is_absent`, `marks`, `note`, `created_at`) VALUES (655, 0, 17, 44, 4, 0, '99.00', '', '2023-07-13 04:27:48');
INSERT INTO `cbse_student_subject_marks` (`id`, `cbse_exam_timetable_assessment_type_id`, `cbse_exam_timetable_id`, `cbse_exam_student_id`, `cbse_exam_assessment_type_id`, `is_absent`, `marks`, `note`, `created_at`) VALUES (656, 0, 17, 44, 5, 0, '60.00', '', '2023-07-13 04:27:48');
INSERT INTO `cbse_student_subject_marks` (`id`, `cbse_exam_timetable_assessment_type_id`, `cbse_exam_timetable_id`, `cbse_exam_student_id`, `cbse_exam_assessment_type_id`, `is_absent`, `marks`, `note`, `created_at`) VALUES (657, 0, 17, 45, 4, 0, '77.00', '', '2023-07-13 04:27:48');
INSERT INTO `cbse_student_subject_marks` (`id`, `cbse_exam_timetable_assessment_type_id`, `cbse_exam_timetable_id`, `cbse_exam_student_id`, `cbse_exam_assessment_type_id`, `is_absent`, `marks`, `note`, `created_at`) VALUES (658, 0, 17, 45, 5, 0, '20.00', '', '2023-07-13 04:27:48');
INSERT INTO `cbse_student_subject_marks` (`id`, `cbse_exam_timetable_assessment_type_id`, `cbse_exam_timetable_id`, `cbse_exam_student_id`, `cbse_exam_assessment_type_id`, `is_absent`, `marks`, `note`, `created_at`) VALUES (659, 0, 17, 46, 4, 0, '56.00', '', '2023-07-13 04:27:48');
INSERT INTO `cbse_student_subject_marks` (`id`, `cbse_exam_timetable_assessment_type_id`, `cbse_exam_timetable_id`, `cbse_exam_student_id`, `cbse_exam_assessment_type_id`, `is_absent`, `marks`, `note`, `created_at`) VALUES (660, 0, 17, 46, 5, 0, '30.00', '', '2023-07-13 04:27:48');
INSERT INTO `cbse_student_subject_marks` (`id`, `cbse_exam_timetable_assessment_type_id`, `cbse_exam_timetable_id`, `cbse_exam_student_id`, `cbse_exam_assessment_type_id`, `is_absent`, `marks`, `note`, `created_at`) VALUES (661, 0, 18, 41, 4, 0, '80.00', '', '2023-07-13 04:28:12');
INSERT INTO `cbse_student_subject_marks` (`id`, `cbse_exam_timetable_assessment_type_id`, `cbse_exam_timetable_id`, `cbse_exam_student_id`, `cbse_exam_assessment_type_id`, `is_absent`, `marks`, `note`, `created_at`) VALUES (662, 0, 18, 41, 5, 0, '60.00', '', '2023-07-13 04:28:12');
INSERT INTO `cbse_student_subject_marks` (`id`, `cbse_exam_timetable_assessment_type_id`, `cbse_exam_timetable_id`, `cbse_exam_student_id`, `cbse_exam_assessment_type_id`, `is_absent`, `marks`, `note`, `created_at`) VALUES (663, 0, 18, 42, 4, 0, '95.00', '', '2023-07-13 04:28:12');
INSERT INTO `cbse_student_subject_marks` (`id`, `cbse_exam_timetable_assessment_type_id`, `cbse_exam_timetable_id`, `cbse_exam_student_id`, `cbse_exam_assessment_type_id`, `is_absent`, `marks`, `note`, `created_at`) VALUES (664, 0, 18, 42, 5, 0, '32.00', '', '2023-07-13 04:28:12');
INSERT INTO `cbse_student_subject_marks` (`id`, `cbse_exam_timetable_assessment_type_id`, `cbse_exam_timetable_id`, `cbse_exam_student_id`, `cbse_exam_assessment_type_id`, `is_absent`, `marks`, `note`, `created_at`) VALUES (665, 0, 18, 43, 4, 0, '46.00', '', '2023-07-13 04:28:12');
INSERT INTO `cbse_student_subject_marks` (`id`, `cbse_exam_timetable_assessment_type_id`, `cbse_exam_timetable_id`, `cbse_exam_student_id`, `cbse_exam_assessment_type_id`, `is_absent`, `marks`, `note`, `created_at`) VALUES (666, 0, 18, 43, 5, 0, '45.00', '', '2023-07-13 04:28:12');
INSERT INTO `cbse_student_subject_marks` (`id`, `cbse_exam_timetable_assessment_type_id`, `cbse_exam_timetable_id`, `cbse_exam_student_id`, `cbse_exam_assessment_type_id`, `is_absent`, `marks`, `note`, `created_at`) VALUES (667, 0, 18, 44, 4, 0, '50.00', '', '2023-07-13 04:28:12');
INSERT INTO `cbse_student_subject_marks` (`id`, `cbse_exam_timetable_assessment_type_id`, `cbse_exam_timetable_id`, `cbse_exam_student_id`, `cbse_exam_assessment_type_id`, `is_absent`, `marks`, `note`, `created_at`) VALUES (668, 0, 18, 44, 5, 0, '30.00', '', '2023-07-13 04:28:12');
INSERT INTO `cbse_student_subject_marks` (`id`, `cbse_exam_timetable_assessment_type_id`, `cbse_exam_timetable_id`, `cbse_exam_student_id`, `cbse_exam_assessment_type_id`, `is_absent`, `marks`, `note`, `created_at`) VALUES (669, 0, 18, 45, 4, 0, '25.00', '', '2023-07-13 04:28:12');
INSERT INTO `cbse_student_subject_marks` (`id`, `cbse_exam_timetable_assessment_type_id`, `cbse_exam_timetable_id`, `cbse_exam_student_id`, `cbse_exam_assessment_type_id`, `is_absent`, `marks`, `note`, `created_at`) VALUES (670, 0, 18, 45, 5, 0, '60.00', '', '2023-07-13 04:28:12');
INSERT INTO `cbse_student_subject_marks` (`id`, `cbse_exam_timetable_assessment_type_id`, `cbse_exam_timetable_id`, `cbse_exam_student_id`, `cbse_exam_assessment_type_id`, `is_absent`, `marks`, `note`, `created_at`) VALUES (671, 0, 18, 46, 4, 0, '30.00', '', '2023-07-13 04:28:12');
INSERT INTO `cbse_student_subject_marks` (`id`, `cbse_exam_timetable_assessment_type_id`, `cbse_exam_timetable_id`, `cbse_exam_student_id`, `cbse_exam_assessment_type_id`, `is_absent`, `marks`, `note`, `created_at`) VALUES (672, 0, 18, 46, 5, 0, '40.00', '', '2023-07-13 04:28:12');
INSERT INTO `cbse_student_subject_marks` (`id`, `cbse_exam_timetable_assessment_type_id`, `cbse_exam_timetable_id`, `cbse_exam_student_id`, `cbse_exam_assessment_type_id`, `is_absent`, `marks`, `note`, `created_at`) VALUES (673, 0, 19, 41, 4, 0, '60.00', '', '2023-07-13 04:28:39');
INSERT INTO `cbse_student_subject_marks` (`id`, `cbse_exam_timetable_assessment_type_id`, `cbse_exam_timetable_id`, `cbse_exam_student_id`, `cbse_exam_assessment_type_id`, `is_absent`, `marks`, `note`, `created_at`) VALUES (674, 0, 19, 41, 5, 0, '65.00', '', '2023-07-13 04:28:39');
INSERT INTO `cbse_student_subject_marks` (`id`, `cbse_exam_timetable_assessment_type_id`, `cbse_exam_timetable_id`, `cbse_exam_student_id`, `cbse_exam_assessment_type_id`, `is_absent`, `marks`, `note`, `created_at`) VALUES (675, 0, 19, 42, 4, 0, '50.00', '', '2023-07-13 04:28:39');
INSERT INTO `cbse_student_subject_marks` (`id`, `cbse_exam_timetable_assessment_type_id`, `cbse_exam_timetable_id`, `cbse_exam_student_id`, `cbse_exam_assessment_type_id`, `is_absent`, `marks`, `note`, `created_at`) VALUES (676, 0, 19, 42, 5, 0, '46.00', '', '2023-07-13 04:28:39');
INSERT INTO `cbse_student_subject_marks` (`id`, `cbse_exam_timetable_assessment_type_id`, `cbse_exam_timetable_id`, `cbse_exam_student_id`, `cbse_exam_assessment_type_id`, `is_absent`, `marks`, `note`, `created_at`) VALUES (677, 0, 19, 43, 4, 0, '32.00', '', '2023-07-13 04:28:39');
INSERT INTO `cbse_student_subject_marks` (`id`, `cbse_exam_timetable_assessment_type_id`, `cbse_exam_timetable_id`, `cbse_exam_student_id`, `cbse_exam_assessment_type_id`, `is_absent`, `marks`, `note`, `created_at`) VALUES (678, 0, 19, 43, 5, 0, '60.00', '', '2023-07-13 04:28:39');
INSERT INTO `cbse_student_subject_marks` (`id`, `cbse_exam_timetable_assessment_type_id`, `cbse_exam_timetable_id`, `cbse_exam_student_id`, `cbse_exam_assessment_type_id`, `is_absent`, `marks`, `note`, `created_at`) VALUES (679, 0, 19, 44, 4, 0, '60.00', '', '2023-07-13 04:28:39');
INSERT INTO `cbse_student_subject_marks` (`id`, `cbse_exam_timetable_assessment_type_id`, `cbse_exam_timetable_id`, `cbse_exam_student_id`, `cbse_exam_assessment_type_id`, `is_absent`, `marks`, `note`, `created_at`) VALUES (680, 0, 19, 44, 5, 0, '12.00', '', '2023-07-13 04:28:39');
INSERT INTO `cbse_student_subject_marks` (`id`, `cbse_exam_timetable_assessment_type_id`, `cbse_exam_timetable_id`, `cbse_exam_student_id`, `cbse_exam_assessment_type_id`, `is_absent`, `marks`, `note`, `created_at`) VALUES (681, 0, 19, 45, 4, 0, '49.00', '', '2023-07-13 04:28:39');
INSERT INTO `cbse_student_subject_marks` (`id`, `cbse_exam_timetable_assessment_type_id`, `cbse_exam_timetable_id`, `cbse_exam_student_id`, `cbse_exam_assessment_type_id`, `is_absent`, `marks`, `note`, `created_at`) VALUES (682, 0, 19, 45, 5, 0, '15.00', '', '2023-07-13 04:28:39');
INSERT INTO `cbse_student_subject_marks` (`id`, `cbse_exam_timetable_assessment_type_id`, `cbse_exam_timetable_id`, `cbse_exam_student_id`, `cbse_exam_assessment_type_id`, `is_absent`, `marks`, `note`, `created_at`) VALUES (683, 0, 19, 46, 4, 0, '92.00', '', '2023-07-13 04:28:39');
INSERT INTO `cbse_student_subject_marks` (`id`, `cbse_exam_timetable_assessment_type_id`, `cbse_exam_timetable_id`, `cbse_exam_student_id`, `cbse_exam_assessment_type_id`, `is_absent`, `marks`, `note`, `created_at`) VALUES (684, 0, 19, 46, 5, 0, '36.00', '', '2023-07-13 04:28:39');
INSERT INTO `cbse_student_subject_marks` (`id`, `cbse_exam_timetable_assessment_type_id`, `cbse_exam_timetable_id`, `cbse_exam_student_id`, `cbse_exam_assessment_type_id`, `is_absent`, `marks`, `note`, `created_at`) VALUES (735, 0, 25, 52, 4, 0, '45.00', '', '2023-07-15 04:14:59');
INSERT INTO `cbse_student_subject_marks` (`id`, `cbse_exam_timetable_assessment_type_id`, `cbse_exam_timetable_id`, `cbse_exam_student_id`, `cbse_exam_assessment_type_id`, `is_absent`, `marks`, `note`, `created_at`) VALUES (736, 0, 25, 52, 5, 0, '56.00', '', '2023-07-15 04:14:59');
INSERT INTO `cbse_student_subject_marks` (`id`, `cbse_exam_timetable_assessment_type_id`, `cbse_exam_timetable_id`, `cbse_exam_student_id`, `cbse_exam_assessment_type_id`, `is_absent`, `marks`, `note`, `created_at`) VALUES (737, 0, 25, 53, 4, 0, '34.00', '', '2023-07-15 04:14:59');
INSERT INTO `cbse_student_subject_marks` (`id`, `cbse_exam_timetable_assessment_type_id`, `cbse_exam_timetable_id`, `cbse_exam_student_id`, `cbse_exam_assessment_type_id`, `is_absent`, `marks`, `note`, `created_at`) VALUES (738, 0, 25, 53, 5, 0, '34.00', '', '2023-07-15 04:14:59');
INSERT INTO `cbse_student_subject_marks` (`id`, `cbse_exam_timetable_assessment_type_id`, `cbse_exam_timetable_id`, `cbse_exam_student_id`, `cbse_exam_assessment_type_id`, `is_absent`, `marks`, `note`, `created_at`) VALUES (739, 0, 25, 54, 4, 0, '56.00', '', '2023-07-15 04:14:59');
INSERT INTO `cbse_student_subject_marks` (`id`, `cbse_exam_timetable_assessment_type_id`, `cbse_exam_timetable_id`, `cbse_exam_student_id`, `cbse_exam_assessment_type_id`, `is_absent`, `marks`, `note`, `created_at`) VALUES (740, 0, 25, 54, 5, 0, '56.00', '', '2023-07-15 04:14:59');
INSERT INTO `cbse_student_subject_marks` (`id`, `cbse_exam_timetable_assessment_type_id`, `cbse_exam_timetable_id`, `cbse_exam_student_id`, `cbse_exam_assessment_type_id`, `is_absent`, `marks`, `note`, `created_at`) VALUES (741, 0, 25, 55, 4, 0, '45.00', '', '2023-07-15 04:14:59');
INSERT INTO `cbse_student_subject_marks` (`id`, `cbse_exam_timetable_assessment_type_id`, `cbse_exam_timetable_id`, `cbse_exam_student_id`, `cbse_exam_assessment_type_id`, `is_absent`, `marks`, `note`, `created_at`) VALUES (742, 0, 25, 55, 5, 0, '34.00', '', '2023-07-15 04:14:59');
INSERT INTO `cbse_student_subject_marks` (`id`, `cbse_exam_timetable_assessment_type_id`, `cbse_exam_timetable_id`, `cbse_exam_student_id`, `cbse_exam_assessment_type_id`, `is_absent`, `marks`, `note`, `created_at`) VALUES (745, 0, 26, 52, 4, 0, '56.00', '', '2023-07-15 04:15:12');
INSERT INTO `cbse_student_subject_marks` (`id`, `cbse_exam_timetable_assessment_type_id`, `cbse_exam_timetable_id`, `cbse_exam_student_id`, `cbse_exam_assessment_type_id`, `is_absent`, `marks`, `note`, `created_at`) VALUES (746, 0, 26, 52, 5, 0, '67.00', '', '2023-07-15 04:15:12');
INSERT INTO `cbse_student_subject_marks` (`id`, `cbse_exam_timetable_assessment_type_id`, `cbse_exam_timetable_id`, `cbse_exam_student_id`, `cbse_exam_assessment_type_id`, `is_absent`, `marks`, `note`, `created_at`) VALUES (747, 0, 26, 53, 4, 0, '34.00', '', '2023-07-15 04:15:12');
INSERT INTO `cbse_student_subject_marks` (`id`, `cbse_exam_timetable_assessment_type_id`, `cbse_exam_timetable_id`, `cbse_exam_student_id`, `cbse_exam_assessment_type_id`, `is_absent`, `marks`, `note`, `created_at`) VALUES (748, 0, 26, 53, 5, 0, '45.00', '', '2023-07-15 04:15:12');
INSERT INTO `cbse_student_subject_marks` (`id`, `cbse_exam_timetable_assessment_type_id`, `cbse_exam_timetable_id`, `cbse_exam_student_id`, `cbse_exam_assessment_type_id`, `is_absent`, `marks`, `note`, `created_at`) VALUES (749, 0, 26, 54, 4, 0, '56.00', '', '2023-07-15 04:15:12');
INSERT INTO `cbse_student_subject_marks` (`id`, `cbse_exam_timetable_assessment_type_id`, `cbse_exam_timetable_id`, `cbse_exam_student_id`, `cbse_exam_assessment_type_id`, `is_absent`, `marks`, `note`, `created_at`) VALUES (750, 0, 26, 54, 5, 0, '67.00', '', '2023-07-15 04:15:12');
INSERT INTO `cbse_student_subject_marks` (`id`, `cbse_exam_timetable_assessment_type_id`, `cbse_exam_timetable_id`, `cbse_exam_student_id`, `cbse_exam_assessment_type_id`, `is_absent`, `marks`, `note`, `created_at`) VALUES (751, 0, 26, 55, 4, 0, '34.00', '', '2023-07-15 04:15:12');
INSERT INTO `cbse_student_subject_marks` (`id`, `cbse_exam_timetable_assessment_type_id`, `cbse_exam_timetable_id`, `cbse_exam_student_id`, `cbse_exam_assessment_type_id`, `is_absent`, `marks`, `note`, `created_at`) VALUES (752, 0, 26, 55, 5, 0, '34.00', '', '2023-07-15 04:15:12');
INSERT INTO `cbse_student_subject_marks` (`id`, `cbse_exam_timetable_assessment_type_id`, `cbse_exam_timetable_id`, `cbse_exam_student_id`, `cbse_exam_assessment_type_id`, `is_absent`, `marks`, `note`, `created_at`) VALUES (755, 0, 27, 52, 4, 0, '56.00', '', '2023-07-15 04:15:27');
INSERT INTO `cbse_student_subject_marks` (`id`, `cbse_exam_timetable_assessment_type_id`, `cbse_exam_timetable_id`, `cbse_exam_student_id`, `cbse_exam_assessment_type_id`, `is_absent`, `marks`, `note`, `created_at`) VALUES (756, 0, 27, 52, 5, 0, '34.00', '', '2023-07-15 04:15:27');
INSERT INTO `cbse_student_subject_marks` (`id`, `cbse_exam_timetable_assessment_type_id`, `cbse_exam_timetable_id`, `cbse_exam_student_id`, `cbse_exam_assessment_type_id`, `is_absent`, `marks`, `note`, `created_at`) VALUES (757, 0, 27, 53, 4, 0, '56.00', '', '2023-07-15 04:15:27');
INSERT INTO `cbse_student_subject_marks` (`id`, `cbse_exam_timetable_assessment_type_id`, `cbse_exam_timetable_id`, `cbse_exam_student_id`, `cbse_exam_assessment_type_id`, `is_absent`, `marks`, `note`, `created_at`) VALUES (758, 0, 27, 53, 5, 0, '67.00', '', '2023-07-15 04:15:27');
INSERT INTO `cbse_student_subject_marks` (`id`, `cbse_exam_timetable_assessment_type_id`, `cbse_exam_timetable_id`, `cbse_exam_student_id`, `cbse_exam_assessment_type_id`, `is_absent`, `marks`, `note`, `created_at`) VALUES (759, 0, 27, 54, 4, 0, '45.00', '', '2023-07-15 04:15:27');
INSERT INTO `cbse_student_subject_marks` (`id`, `cbse_exam_timetable_assessment_type_id`, `cbse_exam_timetable_id`, `cbse_exam_student_id`, `cbse_exam_assessment_type_id`, `is_absent`, `marks`, `note`, `created_at`) VALUES (760, 0, 27, 54, 5, 0, '45.00', '', '2023-07-15 04:15:27');
INSERT INTO `cbse_student_subject_marks` (`id`, `cbse_exam_timetable_assessment_type_id`, `cbse_exam_timetable_id`, `cbse_exam_student_id`, `cbse_exam_assessment_type_id`, `is_absent`, `marks`, `note`, `created_at`) VALUES (761, 0, 27, 55, 4, 0, '78.00', '', '2023-07-15 04:15:27');
INSERT INTO `cbse_student_subject_marks` (`id`, `cbse_exam_timetable_assessment_type_id`, `cbse_exam_timetable_id`, `cbse_exam_student_id`, `cbse_exam_assessment_type_id`, `is_absent`, `marks`, `note`, `created_at`) VALUES (762, 0, 27, 55, 5, 0, '67.00', '', '2023-07-15 04:15:27');
INSERT INTO `cbse_student_subject_marks` (`id`, `cbse_exam_timetable_assessment_type_id`, `cbse_exam_timetable_id`, `cbse_exam_student_id`, `cbse_exam_assessment_type_id`, `is_absent`, `marks`, `note`, `created_at`) VALUES (801, 0, 29, 57, 1, 0, '90.00', '', '2023-07-15 05:50:50');
INSERT INTO `cbse_student_subject_marks` (`id`, `cbse_exam_timetable_assessment_type_id`, `cbse_exam_timetable_id`, `cbse_exam_student_id`, `cbse_exam_assessment_type_id`, `is_absent`, `marks`, `note`, `created_at`) VALUES (802, 0, 29, 57, 2, 0, '75.00', '', '2023-07-15 05:50:50');
INSERT INTO `cbse_student_subject_marks` (`id`, `cbse_exam_timetable_assessment_type_id`, `cbse_exam_timetable_id`, `cbse_exam_student_id`, `cbse_exam_assessment_type_id`, `is_absent`, `marks`, `note`, `created_at`) VALUES (803, 0, 29, 57, 3, 0, '20.00', '', '2023-07-15 05:50:50');
INSERT INTO `cbse_student_subject_marks` (`id`, `cbse_exam_timetable_assessment_type_id`, `cbse_exam_timetable_id`, `cbse_exam_student_id`, `cbse_exam_assessment_type_id`, `is_absent`, `marks`, `note`, `created_at`) VALUES (804, 0, 29, 58, 1, 0, '99.00', '', '2023-07-15 05:50:50');
INSERT INTO `cbse_student_subject_marks` (`id`, `cbse_exam_timetable_assessment_type_id`, `cbse_exam_timetable_id`, `cbse_exam_student_id`, `cbse_exam_assessment_type_id`, `is_absent`, `marks`, `note`, `created_at`) VALUES (805, 0, 29, 58, 2, 0, '56.00', '', '2023-07-15 05:50:50');
INSERT INTO `cbse_student_subject_marks` (`id`, `cbse_exam_timetable_assessment_type_id`, `cbse_exam_timetable_id`, `cbse_exam_student_id`, `cbse_exam_assessment_type_id`, `is_absent`, `marks`, `note`, `created_at`) VALUES (806, 0, 29, 58, 3, 0, '20.00', '', '2023-07-15 05:50:50');
INSERT INTO `cbse_student_subject_marks` (`id`, `cbse_exam_timetable_assessment_type_id`, `cbse_exam_timetable_id`, `cbse_exam_student_id`, `cbse_exam_assessment_type_id`, `is_absent`, `marks`, `note`, `created_at`) VALUES (807, 0, 29, 59, 1, 0, '78.00', '', '2023-07-15 05:50:50');
INSERT INTO `cbse_student_subject_marks` (`id`, `cbse_exam_timetable_assessment_type_id`, `cbse_exam_timetable_id`, `cbse_exam_student_id`, `cbse_exam_assessment_type_id`, `is_absent`, `marks`, `note`, `created_at`) VALUES (808, 0, 29, 59, 2, 0, '45.00', '', '2023-07-15 05:50:50');
INSERT INTO `cbse_student_subject_marks` (`id`, `cbse_exam_timetable_assessment_type_id`, `cbse_exam_timetable_id`, `cbse_exam_student_id`, `cbse_exam_assessment_type_id`, `is_absent`, `marks`, `note`, `created_at`) VALUES (809, 0, 29, 59, 3, 0, '10.00', '', '2023-07-15 05:50:50');
INSERT INTO `cbse_student_subject_marks` (`id`, `cbse_exam_timetable_assessment_type_id`, `cbse_exam_timetable_id`, `cbse_exam_student_id`, `cbse_exam_assessment_type_id`, `is_absent`, `marks`, `note`, `created_at`) VALUES (810, 0, 29, 60, 1, 0, '56.00', '', '2023-07-15 05:50:50');
INSERT INTO `cbse_student_subject_marks` (`id`, `cbse_exam_timetable_assessment_type_id`, `cbse_exam_timetable_id`, `cbse_exam_student_id`, `cbse_exam_assessment_type_id`, `is_absent`, `marks`, `note`, `created_at`) VALUES (811, 0, 29, 60, 2, 0, '56.00', '', '2023-07-15 05:50:50');
INSERT INTO `cbse_student_subject_marks` (`id`, `cbse_exam_timetable_assessment_type_id`, `cbse_exam_timetable_id`, `cbse_exam_student_id`, `cbse_exam_assessment_type_id`, `is_absent`, `marks`, `note`, `created_at`) VALUES (812, 0, 29, 60, 3, 1, '0.00', '', '2023-07-15 05:50:50');
INSERT INTO `cbse_student_subject_marks` (`id`, `cbse_exam_timetable_assessment_type_id`, `cbse_exam_timetable_id`, `cbse_exam_student_id`, `cbse_exam_assessment_type_id`, `is_absent`, `marks`, `note`, `created_at`) VALUES (813, 0, 29, 61, 1, 0, '78.00', '', '2023-07-15 05:50:50');
INSERT INTO `cbse_student_subject_marks` (`id`, `cbse_exam_timetable_assessment_type_id`, `cbse_exam_timetable_id`, `cbse_exam_student_id`, `cbse_exam_assessment_type_id`, `is_absent`, `marks`, `note`, `created_at`) VALUES (814, 0, 29, 61, 2, 0, '45.00', '', '2023-07-15 05:50:50');
INSERT INTO `cbse_student_subject_marks` (`id`, `cbse_exam_timetable_assessment_type_id`, `cbse_exam_timetable_id`, `cbse_exam_student_id`, `cbse_exam_assessment_type_id`, `is_absent`, `marks`, `note`, `created_at`) VALUES (815, 0, 29, 61, 3, 0, '20.00', '', '2023-07-15 05:50:50');
INSERT INTO `cbse_student_subject_marks` (`id`, `cbse_exam_timetable_assessment_type_id`, `cbse_exam_timetable_id`, `cbse_exam_student_id`, `cbse_exam_assessment_type_id`, `is_absent`, `marks`, `note`, `created_at`) VALUES (816, 0, 29, 62, 1, 0, '67.00', '', '2023-07-15 05:50:50');
INSERT INTO `cbse_student_subject_marks` (`id`, `cbse_exam_timetable_assessment_type_id`, `cbse_exam_timetable_id`, `cbse_exam_student_id`, `cbse_exam_assessment_type_id`, `is_absent`, `marks`, `note`, `created_at`) VALUES (817, 0, 29, 62, 2, 0, '64.00', '', '2023-07-15 05:50:50');
INSERT INTO `cbse_student_subject_marks` (`id`, `cbse_exam_timetable_assessment_type_id`, `cbse_exam_timetable_id`, `cbse_exam_student_id`, `cbse_exam_assessment_type_id`, `is_absent`, `marks`, `note`, `created_at`) VALUES (818, 0, 29, 62, 3, 0, '10.00', '', '2023-07-15 05:50:50');
INSERT INTO `cbse_student_subject_marks` (`id`, `cbse_exam_timetable_assessment_type_id`, `cbse_exam_timetable_id`, `cbse_exam_student_id`, `cbse_exam_assessment_type_id`, `is_absent`, `marks`, `note`, `created_at`) VALUES (819, 0, 29, 63, 1, 1, '0.00', '', '2023-07-15 05:50:50');
INSERT INTO `cbse_student_subject_marks` (`id`, `cbse_exam_timetable_assessment_type_id`, `cbse_exam_timetable_id`, `cbse_exam_student_id`, `cbse_exam_assessment_type_id`, `is_absent`, `marks`, `note`, `created_at`) VALUES (820, 0, 29, 63, 2, 0, '67.00', '', '2023-07-15 05:50:50');
INSERT INTO `cbse_student_subject_marks` (`id`, `cbse_exam_timetable_assessment_type_id`, `cbse_exam_timetable_id`, `cbse_exam_student_id`, `cbse_exam_assessment_type_id`, `is_absent`, `marks`, `note`, `created_at`) VALUES (821, 0, 29, 63, 3, 0, '10.00', '', '2023-07-15 05:50:50');
INSERT INTO `cbse_student_subject_marks` (`id`, `cbse_exam_timetable_assessment_type_id`, `cbse_exam_timetable_id`, `cbse_exam_student_id`, `cbse_exam_assessment_type_id`, `is_absent`, `marks`, `note`, `created_at`) VALUES (822, 0, 29, 64, 1, 0, '89.00', '', '2023-07-15 05:50:50');
INSERT INTO `cbse_student_subject_marks` (`id`, `cbse_exam_timetable_assessment_type_id`, `cbse_exam_timetable_id`, `cbse_exam_student_id`, `cbse_exam_assessment_type_id`, `is_absent`, `marks`, `note`, `created_at`) VALUES (823, 0, 29, 64, 2, 0, '45.00', '', '2023-07-15 05:50:50');
INSERT INTO `cbse_student_subject_marks` (`id`, `cbse_exam_timetable_assessment_type_id`, `cbse_exam_timetable_id`, `cbse_exam_student_id`, `cbse_exam_assessment_type_id`, `is_absent`, `marks`, `note`, `created_at`) VALUES (824, 0, 29, 64, 3, 0, '16.00', '', '2023-07-15 05:50:50');
INSERT INTO `cbse_student_subject_marks` (`id`, `cbse_exam_timetable_assessment_type_id`, `cbse_exam_timetable_id`, `cbse_exam_student_id`, `cbse_exam_assessment_type_id`, `is_absent`, `marks`, `note`, `created_at`) VALUES (825, 0, 29, 65, 1, 0, '67.00', '', '2023-07-15 05:50:50');
INSERT INTO `cbse_student_subject_marks` (`id`, `cbse_exam_timetable_assessment_type_id`, `cbse_exam_timetable_id`, `cbse_exam_student_id`, `cbse_exam_assessment_type_id`, `is_absent`, `marks`, `note`, `created_at`) VALUES (826, 0, 29, 65, 2, 0, '67.00', '', '2023-07-15 05:50:50');
INSERT INTO `cbse_student_subject_marks` (`id`, `cbse_exam_timetable_assessment_type_id`, `cbse_exam_timetable_id`, `cbse_exam_student_id`, `cbse_exam_assessment_type_id`, `is_absent`, `marks`, `note`, `created_at`) VALUES (827, 0, 29, 65, 3, 0, '20.00', '', '2023-07-15 05:50:50');
INSERT INTO `cbse_student_subject_marks` (`id`, `cbse_exam_timetable_assessment_type_id`, `cbse_exam_timetable_id`, `cbse_exam_student_id`, `cbse_exam_assessment_type_id`, `is_absent`, `marks`, `note`, `created_at`) VALUES (828, 0, 29, 66, 1, 0, '45.00', '', '2023-07-15 05:50:50');
INSERT INTO `cbse_student_subject_marks` (`id`, `cbse_exam_timetable_assessment_type_id`, `cbse_exam_timetable_id`, `cbse_exam_student_id`, `cbse_exam_assessment_type_id`, `is_absent`, `marks`, `note`, `created_at`) VALUES (829, 0, 29, 66, 2, 0, '34.00', '', '2023-07-15 05:50:50');
INSERT INTO `cbse_student_subject_marks` (`id`, `cbse_exam_timetable_assessment_type_id`, `cbse_exam_timetable_id`, `cbse_exam_student_id`, `cbse_exam_assessment_type_id`, `is_absent`, `marks`, `note`, `created_at`) VALUES (830, 0, 29, 66, 3, 0, '20.00', '', '2023-07-15 05:50:50');
INSERT INTO `cbse_student_subject_marks` (`id`, `cbse_exam_timetable_assessment_type_id`, `cbse_exam_timetable_id`, `cbse_exam_student_id`, `cbse_exam_assessment_type_id`, `is_absent`, `marks`, `note`, `created_at`) VALUES (831, 0, 29, 67, 1, 0, '78.00', '', '2023-07-15 05:50:50');
INSERT INTO `cbse_student_subject_marks` (`id`, `cbse_exam_timetable_assessment_type_id`, `cbse_exam_timetable_id`, `cbse_exam_student_id`, `cbse_exam_assessment_type_id`, `is_absent`, `marks`, `note`, `created_at`) VALUES (832, 0, 29, 67, 2, 0, '56.00', '', '2023-07-15 05:50:50');
INSERT INTO `cbse_student_subject_marks` (`id`, `cbse_exam_timetable_assessment_type_id`, `cbse_exam_timetable_id`, `cbse_exam_student_id`, `cbse_exam_assessment_type_id`, `is_absent`, `marks`, `note`, `created_at`) VALUES (833, 0, 29, 67, 3, 0, '10.00', '', '2023-07-15 05:50:50');
INSERT INTO `cbse_student_subject_marks` (`id`, `cbse_exam_timetable_assessment_type_id`, `cbse_exam_timetable_id`, `cbse_exam_student_id`, `cbse_exam_assessment_type_id`, `is_absent`, `marks`, `note`, `created_at`) VALUES (834, 0, 29, 68, 1, 0, '56.00', '', '2023-07-15 05:50:50');
INSERT INTO `cbse_student_subject_marks` (`id`, `cbse_exam_timetable_assessment_type_id`, `cbse_exam_timetable_id`, `cbse_exam_student_id`, `cbse_exam_assessment_type_id`, `is_absent`, `marks`, `note`, `created_at`) VALUES (835, 0, 29, 68, 2, 0, '34.00', '', '2023-07-15 05:50:50');
INSERT INTO `cbse_student_subject_marks` (`id`, `cbse_exam_timetable_assessment_type_id`, `cbse_exam_timetable_id`, `cbse_exam_student_id`, `cbse_exam_assessment_type_id`, `is_absent`, `marks`, `note`, `created_at`) VALUES (836, 0, 29, 68, 3, 0, '1.00', '', '2023-07-15 05:50:50');
INSERT INTO `cbse_student_subject_marks` (`id`, `cbse_exam_timetable_assessment_type_id`, `cbse_exam_timetable_id`, `cbse_exam_student_id`, `cbse_exam_assessment_type_id`, `is_absent`, `marks`, `note`, `created_at`) VALUES (837, 0, 30, 57, 1, 0, '99.00', '', '2023-07-15 05:51:37');
INSERT INTO `cbse_student_subject_marks` (`id`, `cbse_exam_timetable_assessment_type_id`, `cbse_exam_timetable_id`, `cbse_exam_student_id`, `cbse_exam_assessment_type_id`, `is_absent`, `marks`, `note`, `created_at`) VALUES (838, 0, 30, 57, 2, 0, '45.00', '', '2023-07-15 05:51:37');
INSERT INTO `cbse_student_subject_marks` (`id`, `cbse_exam_timetable_assessment_type_id`, `cbse_exam_timetable_id`, `cbse_exam_student_id`, `cbse_exam_assessment_type_id`, `is_absent`, `marks`, `note`, `created_at`) VALUES (839, 0, 30, 57, 3, 0, '20.00', '', '2023-07-15 05:51:37');
INSERT INTO `cbse_student_subject_marks` (`id`, `cbse_exam_timetable_assessment_type_id`, `cbse_exam_timetable_id`, `cbse_exam_student_id`, `cbse_exam_assessment_type_id`, `is_absent`, `marks`, `note`, `created_at`) VALUES (840, 0, 30, 58, 1, 0, '99.00', '', '2023-07-15 05:51:37');
INSERT INTO `cbse_student_subject_marks` (`id`, `cbse_exam_timetable_assessment_type_id`, `cbse_exam_timetable_id`, `cbse_exam_student_id`, `cbse_exam_assessment_type_id`, `is_absent`, `marks`, `note`, `created_at`) VALUES (841, 0, 30, 58, 2, 0, '67.00', '', '2023-07-15 05:51:37');
INSERT INTO `cbse_student_subject_marks` (`id`, `cbse_exam_timetable_assessment_type_id`, `cbse_exam_timetable_id`, `cbse_exam_student_id`, `cbse_exam_assessment_type_id`, `is_absent`, `marks`, `note`, `created_at`) VALUES (842, 0, 30, 58, 3, 0, '20.00', '', '2023-07-15 05:51:37');
INSERT INTO `cbse_student_subject_marks` (`id`, `cbse_exam_timetable_assessment_type_id`, `cbse_exam_timetable_id`, `cbse_exam_student_id`, `cbse_exam_assessment_type_id`, `is_absent`, `marks`, `note`, `created_at`) VALUES (843, 0, 30, 59, 1, 0, '78.00', '', '2023-07-15 05:51:37');
INSERT INTO `cbse_student_subject_marks` (`id`, `cbse_exam_timetable_assessment_type_id`, `cbse_exam_timetable_id`, `cbse_exam_student_id`, `cbse_exam_assessment_type_id`, `is_absent`, `marks`, `note`, `created_at`) VALUES (844, 0, 30, 59, 2, 0, '34.00', '', '2023-07-15 05:51:37');
INSERT INTO `cbse_student_subject_marks` (`id`, `cbse_exam_timetable_assessment_type_id`, `cbse_exam_timetable_id`, `cbse_exam_student_id`, `cbse_exam_assessment_type_id`, `is_absent`, `marks`, `note`, `created_at`) VALUES (845, 0, 30, 59, 3, 0, '20.00', '', '2023-07-15 05:51:37');
INSERT INTO `cbse_student_subject_marks` (`id`, `cbse_exam_timetable_assessment_type_id`, `cbse_exam_timetable_id`, `cbse_exam_student_id`, `cbse_exam_assessment_type_id`, `is_absent`, `marks`, `note`, `created_at`) VALUES (846, 0, 30, 60, 1, 0, '45.00', '', '2023-07-15 05:51:37');
INSERT INTO `cbse_student_subject_marks` (`id`, `cbse_exam_timetable_assessment_type_id`, `cbse_exam_timetable_id`, `cbse_exam_student_id`, `cbse_exam_assessment_type_id`, `is_absent`, `marks`, `note`, `created_at`) VALUES (847, 0, 30, 60, 2, 0, '67.00', '', '2023-07-15 05:51:37');
INSERT INTO `cbse_student_subject_marks` (`id`, `cbse_exam_timetable_assessment_type_id`, `cbse_exam_timetable_id`, `cbse_exam_student_id`, `cbse_exam_assessment_type_id`, `is_absent`, `marks`, `note`, `created_at`) VALUES (848, 0, 30, 60, 3, 0, '20.00', '', '2023-07-15 05:51:37');
INSERT INTO `cbse_student_subject_marks` (`id`, `cbse_exam_timetable_assessment_type_id`, `cbse_exam_timetable_id`, `cbse_exam_student_id`, `cbse_exam_assessment_type_id`, `is_absent`, `marks`, `note`, `created_at`) VALUES (849, 0, 30, 61, 1, 0, '45.00', '', '2023-07-15 05:51:37');
INSERT INTO `cbse_student_subject_marks` (`id`, `cbse_exam_timetable_assessment_type_id`, `cbse_exam_timetable_id`, `cbse_exam_student_id`, `cbse_exam_assessment_type_id`, `is_absent`, `marks`, `note`, `created_at`) VALUES (850, 0, 30, 61, 2, 0, '45.00', '', '2023-07-15 05:51:37');
INSERT INTO `cbse_student_subject_marks` (`id`, `cbse_exam_timetable_assessment_type_id`, `cbse_exam_timetable_id`, `cbse_exam_student_id`, `cbse_exam_assessment_type_id`, `is_absent`, `marks`, `note`, `created_at`) VALUES (851, 0, 30, 61, 3, 0, '20.00', '', '2023-07-15 05:51:37');
INSERT INTO `cbse_student_subject_marks` (`id`, `cbse_exam_timetable_assessment_type_id`, `cbse_exam_timetable_id`, `cbse_exam_student_id`, `cbse_exam_assessment_type_id`, `is_absent`, `marks`, `note`, `created_at`) VALUES (852, 0, 30, 62, 1, 0, '67.00', '', '2023-07-15 05:51:37');
INSERT INTO `cbse_student_subject_marks` (`id`, `cbse_exam_timetable_assessment_type_id`, `cbse_exam_timetable_id`, `cbse_exam_student_id`, `cbse_exam_assessment_type_id`, `is_absent`, `marks`, `note`, `created_at`) VALUES (853, 0, 30, 62, 2, 0, '67.00', '', '2023-07-15 05:51:37');
INSERT INTO `cbse_student_subject_marks` (`id`, `cbse_exam_timetable_assessment_type_id`, `cbse_exam_timetable_id`, `cbse_exam_student_id`, `cbse_exam_assessment_type_id`, `is_absent`, `marks`, `note`, `created_at`) VALUES (854, 0, 30, 62, 3, 0, '20.00', '', '2023-07-15 05:51:37');
INSERT INTO `cbse_student_subject_marks` (`id`, `cbse_exam_timetable_assessment_type_id`, `cbse_exam_timetable_id`, `cbse_exam_student_id`, `cbse_exam_assessment_type_id`, `is_absent`, `marks`, `note`, `created_at`) VALUES (855, 0, 30, 63, 1, 0, '78.00', '', '2023-07-15 05:51:37');
INSERT INTO `cbse_student_subject_marks` (`id`, `cbse_exam_timetable_assessment_type_id`, `cbse_exam_timetable_id`, `cbse_exam_student_id`, `cbse_exam_assessment_type_id`, `is_absent`, `marks`, `note`, `created_at`) VALUES (856, 0, 30, 63, 2, 0, '45.00', '', '2023-07-15 05:51:37');
INSERT INTO `cbse_student_subject_marks` (`id`, `cbse_exam_timetable_assessment_type_id`, `cbse_exam_timetable_id`, `cbse_exam_student_id`, `cbse_exam_assessment_type_id`, `is_absent`, `marks`, `note`, `created_at`) VALUES (857, 0, 30, 63, 3, 0, '20.00', '', '2023-07-15 05:51:37');
INSERT INTO `cbse_student_subject_marks` (`id`, `cbse_exam_timetable_assessment_type_id`, `cbse_exam_timetable_id`, `cbse_exam_student_id`, `cbse_exam_assessment_type_id`, `is_absent`, `marks`, `note`, `created_at`) VALUES (858, 0, 30, 64, 1, 0, '45.00', '', '2023-07-15 05:51:37');
INSERT INTO `cbse_student_subject_marks` (`id`, `cbse_exam_timetable_assessment_type_id`, `cbse_exam_timetable_id`, `cbse_exam_student_id`, `cbse_exam_assessment_type_id`, `is_absent`, `marks`, `note`, `created_at`) VALUES (859, 0, 30, 64, 2, 0, '67.00', '', '2023-07-15 05:51:37');
INSERT INTO `cbse_student_subject_marks` (`id`, `cbse_exam_timetable_assessment_type_id`, `cbse_exam_timetable_id`, `cbse_exam_student_id`, `cbse_exam_assessment_type_id`, `is_absent`, `marks`, `note`, `created_at`) VALUES (860, 0, 30, 64, 3, 0, '20.00', '', '2023-07-15 05:51:37');
INSERT INTO `cbse_student_subject_marks` (`id`, `cbse_exam_timetable_assessment_type_id`, `cbse_exam_timetable_id`, `cbse_exam_student_id`, `cbse_exam_assessment_type_id`, `is_absent`, `marks`, `note`, `created_at`) VALUES (861, 0, 30, 65, 1, 0, '76.00', '', '2023-07-15 05:51:37');
INSERT INTO `cbse_student_subject_marks` (`id`, `cbse_exam_timetable_assessment_type_id`, `cbse_exam_timetable_id`, `cbse_exam_student_id`, `cbse_exam_assessment_type_id`, `is_absent`, `marks`, `note`, `created_at`) VALUES (862, 0, 30, 65, 2, 1, '0.00', '', '2023-07-15 05:51:37');
INSERT INTO `cbse_student_subject_marks` (`id`, `cbse_exam_timetable_assessment_type_id`, `cbse_exam_timetable_id`, `cbse_exam_student_id`, `cbse_exam_assessment_type_id`, `is_absent`, `marks`, `note`, `created_at`) VALUES (863, 0, 30, 65, 3, 0, '10.00', '', '2023-07-15 05:51:37');
INSERT INTO `cbse_student_subject_marks` (`id`, `cbse_exam_timetable_assessment_type_id`, `cbse_exam_timetable_id`, `cbse_exam_student_id`, `cbse_exam_assessment_type_id`, `is_absent`, `marks`, `note`, `created_at`) VALUES (864, 0, 30, 66, 1, 0, '34.00', '', '2023-07-15 05:51:37');
INSERT INTO `cbse_student_subject_marks` (`id`, `cbse_exam_timetable_assessment_type_id`, `cbse_exam_timetable_id`, `cbse_exam_student_id`, `cbse_exam_assessment_type_id`, `is_absent`, `marks`, `note`, `created_at`) VALUES (865, 0, 30, 66, 2, 0, '45.00', '', '2023-07-15 05:51:37');
INSERT INTO `cbse_student_subject_marks` (`id`, `cbse_exam_timetable_assessment_type_id`, `cbse_exam_timetable_id`, `cbse_exam_student_id`, `cbse_exam_assessment_type_id`, `is_absent`, `marks`, `note`, `created_at`) VALUES (866, 0, 30, 66, 3, 0, '14.00', '', '2023-07-15 05:51:37');
INSERT INTO `cbse_student_subject_marks` (`id`, `cbse_exam_timetable_assessment_type_id`, `cbse_exam_timetable_id`, `cbse_exam_student_id`, `cbse_exam_assessment_type_id`, `is_absent`, `marks`, `note`, `created_at`) VALUES (867, 0, 30, 67, 1, 0, '67.00', '', '2023-07-15 05:51:37');
INSERT INTO `cbse_student_subject_marks` (`id`, `cbse_exam_timetable_assessment_type_id`, `cbse_exam_timetable_id`, `cbse_exam_student_id`, `cbse_exam_assessment_type_id`, `is_absent`, `marks`, `note`, `created_at`) VALUES (868, 0, 30, 67, 2, 0, '23.00', '', '2023-07-15 05:51:37');
INSERT INTO `cbse_student_subject_marks` (`id`, `cbse_exam_timetable_assessment_type_id`, `cbse_exam_timetable_id`, `cbse_exam_student_id`, `cbse_exam_assessment_type_id`, `is_absent`, `marks`, `note`, `created_at`) VALUES (869, 0, 30, 67, 3, 0, '14.00', '', '2023-07-15 05:51:37');
INSERT INTO `cbse_student_subject_marks` (`id`, `cbse_exam_timetable_assessment_type_id`, `cbse_exam_timetable_id`, `cbse_exam_student_id`, `cbse_exam_assessment_type_id`, `is_absent`, `marks`, `note`, `created_at`) VALUES (870, 0, 30, 68, 1, 0, '34.00', '', '2023-07-15 05:51:37');
INSERT INTO `cbse_student_subject_marks` (`id`, `cbse_exam_timetable_assessment_type_id`, `cbse_exam_timetable_id`, `cbse_exam_student_id`, `cbse_exam_assessment_type_id`, `is_absent`, `marks`, `note`, `created_at`) VALUES (871, 0, 30, 68, 2, 0, '56.00', '', '2023-07-15 05:51:37');
INSERT INTO `cbse_student_subject_marks` (`id`, `cbse_exam_timetable_assessment_type_id`, `cbse_exam_timetable_id`, `cbse_exam_student_id`, `cbse_exam_assessment_type_id`, `is_absent`, `marks`, `note`, `created_at`) VALUES (872, 0, 30, 68, 3, 0, '15.00', '', '2023-07-15 05:51:37');
INSERT INTO `cbse_student_subject_marks` (`id`, `cbse_exam_timetable_assessment_type_id`, `cbse_exam_timetable_id`, `cbse_exam_student_id`, `cbse_exam_assessment_type_id`, `is_absent`, `marks`, `note`, `created_at`) VALUES (873, 0, 31, 57, 1, 0, '98.00', 'Excellent', '2023-07-15 05:52:48');
INSERT INTO `cbse_student_subject_marks` (`id`, `cbse_exam_timetable_assessment_type_id`, `cbse_exam_timetable_id`, `cbse_exam_student_id`, `cbse_exam_assessment_type_id`, `is_absent`, `marks`, `note`, `created_at`) VALUES (874, 0, 31, 57, 2, 0, '75.00', 'Excellent', '2023-07-15 05:52:48');
INSERT INTO `cbse_student_subject_marks` (`id`, `cbse_exam_timetable_assessment_type_id`, `cbse_exam_timetable_id`, `cbse_exam_student_id`, `cbse_exam_assessment_type_id`, `is_absent`, `marks`, `note`, `created_at`) VALUES (875, 0, 31, 57, 3, 0, '20.00', 'Excellent', '2023-07-15 05:52:48');
INSERT INTO `cbse_student_subject_marks` (`id`, `cbse_exam_timetable_assessment_type_id`, `cbse_exam_timetable_id`, `cbse_exam_student_id`, `cbse_exam_assessment_type_id`, `is_absent`, `marks`, `note`, `created_at`) VALUES (876, 0, 31, 58, 1, 0, '99.00', 'Excellent', '2023-07-15 05:52:48');
INSERT INTO `cbse_student_subject_marks` (`id`, `cbse_exam_timetable_assessment_type_id`, `cbse_exam_timetable_id`, `cbse_exam_student_id`, `cbse_exam_assessment_type_id`, `is_absent`, `marks`, `note`, `created_at`) VALUES (877, 0, 31, 58, 2, 0, '75.00', 'Excellent', '2023-07-15 05:52:48');
INSERT INTO `cbse_student_subject_marks` (`id`, `cbse_exam_timetable_assessment_type_id`, `cbse_exam_timetable_id`, `cbse_exam_student_id`, `cbse_exam_assessment_type_id`, `is_absent`, `marks`, `note`, `created_at`) VALUES (878, 0, 31, 58, 3, 0, '20.00', 'Excellent', '2023-07-15 05:52:48');
INSERT INTO `cbse_student_subject_marks` (`id`, `cbse_exam_timetable_assessment_type_id`, `cbse_exam_timetable_id`, `cbse_exam_student_id`, `cbse_exam_assessment_type_id`, `is_absent`, `marks`, `note`, `created_at`) VALUES (879, 0, 31, 59, 1, 0, '56.00', '', '2023-07-15 05:52:48');
INSERT INTO `cbse_student_subject_marks` (`id`, `cbse_exam_timetable_assessment_type_id`, `cbse_exam_timetable_id`, `cbse_exam_student_id`, `cbse_exam_assessment_type_id`, `is_absent`, `marks`, `note`, `created_at`) VALUES (880, 0, 31, 59, 2, 0, '45.00', '', '2023-07-15 05:52:48');
INSERT INTO `cbse_student_subject_marks` (`id`, `cbse_exam_timetable_assessment_type_id`, `cbse_exam_timetable_id`, `cbse_exam_student_id`, `cbse_exam_assessment_type_id`, `is_absent`, `marks`, `note`, `created_at`) VALUES (881, 0, 31, 59, 3, 0, '20.00', '', '2023-07-15 05:52:48');
INSERT INTO `cbse_student_subject_marks` (`id`, `cbse_exam_timetable_assessment_type_id`, `cbse_exam_timetable_id`, `cbse_exam_student_id`, `cbse_exam_assessment_type_id`, `is_absent`, `marks`, `note`, `created_at`) VALUES (882, 0, 31, 60, 1, 0, '56.00', '', '2023-07-15 05:52:48');
INSERT INTO `cbse_student_subject_marks` (`id`, `cbse_exam_timetable_assessment_type_id`, `cbse_exam_timetable_id`, `cbse_exam_student_id`, `cbse_exam_assessment_type_id`, `is_absent`, `marks`, `note`, `created_at`) VALUES (883, 0, 31, 60, 2, 1, '0.00', '', '2023-07-15 05:52:48');
INSERT INTO `cbse_student_subject_marks` (`id`, `cbse_exam_timetable_assessment_type_id`, `cbse_exam_timetable_id`, `cbse_exam_student_id`, `cbse_exam_assessment_type_id`, `is_absent`, `marks`, `note`, `created_at`) VALUES (884, 0, 31, 60, 3, 0, '20.00', '', '2023-07-15 05:52:48');
INSERT INTO `cbse_student_subject_marks` (`id`, `cbse_exam_timetable_assessment_type_id`, `cbse_exam_timetable_id`, `cbse_exam_student_id`, `cbse_exam_assessment_type_id`, `is_absent`, `marks`, `note`, `created_at`) VALUES (885, 0, 31, 61, 1, 0, '63.00', '', '2023-07-15 05:52:48');
INSERT INTO `cbse_student_subject_marks` (`id`, `cbse_exam_timetable_assessment_type_id`, `cbse_exam_timetable_id`, `cbse_exam_student_id`, `cbse_exam_assessment_type_id`, `is_absent`, `marks`, `note`, `created_at`) VALUES (886, 0, 31, 61, 2, 0, '56.00', '', '2023-07-15 05:52:48');
INSERT INTO `cbse_student_subject_marks` (`id`, `cbse_exam_timetable_assessment_type_id`, `cbse_exam_timetable_id`, `cbse_exam_student_id`, `cbse_exam_assessment_type_id`, `is_absent`, `marks`, `note`, `created_at`) VALUES (887, 0, 31, 61, 3, 0, '10.00', '', '2023-07-15 05:52:48');
INSERT INTO `cbse_student_subject_marks` (`id`, `cbse_exam_timetable_assessment_type_id`, `cbse_exam_timetable_id`, `cbse_exam_student_id`, `cbse_exam_assessment_type_id`, `is_absent`, `marks`, `note`, `created_at`) VALUES (888, 0, 31, 62, 1, 0, '56.00', '', '2023-07-15 05:52:48');
INSERT INTO `cbse_student_subject_marks` (`id`, `cbse_exam_timetable_assessment_type_id`, `cbse_exam_timetable_id`, `cbse_exam_student_id`, `cbse_exam_assessment_type_id`, `is_absent`, `marks`, `note`, `created_at`) VALUES (889, 0, 31, 62, 2, 0, '67.00', '', '2023-07-15 05:52:48');
INSERT INTO `cbse_student_subject_marks` (`id`, `cbse_exam_timetable_assessment_type_id`, `cbse_exam_timetable_id`, `cbse_exam_student_id`, `cbse_exam_assessment_type_id`, `is_absent`, `marks`, `note`, `created_at`) VALUES (890, 0, 31, 62, 3, 0, '20.00', '', '2023-07-15 05:52:48');
INSERT INTO `cbse_student_subject_marks` (`id`, `cbse_exam_timetable_assessment_type_id`, `cbse_exam_timetable_id`, `cbse_exam_student_id`, `cbse_exam_assessment_type_id`, `is_absent`, `marks`, `note`, `created_at`) VALUES (891, 0, 31, 63, 1, 0, '34.00', '', '2023-07-15 05:52:48');
INSERT INTO `cbse_student_subject_marks` (`id`, `cbse_exam_timetable_assessment_type_id`, `cbse_exam_timetable_id`, `cbse_exam_student_id`, `cbse_exam_assessment_type_id`, `is_absent`, `marks`, `note`, `created_at`) VALUES (892, 0, 31, 63, 2, 0, '45.00', '', '2023-07-15 05:52:48');
INSERT INTO `cbse_student_subject_marks` (`id`, `cbse_exam_timetable_assessment_type_id`, `cbse_exam_timetable_id`, `cbse_exam_student_id`, `cbse_exam_assessment_type_id`, `is_absent`, `marks`, `note`, `created_at`) VALUES (893, 0, 31, 63, 3, 0, '17.00', '', '2023-07-15 05:52:48');
INSERT INTO `cbse_student_subject_marks` (`id`, `cbse_exam_timetable_assessment_type_id`, `cbse_exam_timetable_id`, `cbse_exam_student_id`, `cbse_exam_assessment_type_id`, `is_absent`, `marks`, `note`, `created_at`) VALUES (894, 0, 31, 64, 1, 0, '56.00', '', '2023-07-15 05:52:48');
INSERT INTO `cbse_student_subject_marks` (`id`, `cbse_exam_timetable_assessment_type_id`, `cbse_exam_timetable_id`, `cbse_exam_student_id`, `cbse_exam_assessment_type_id`, `is_absent`, `marks`, `note`, `created_at`) VALUES (895, 0, 31, 64, 2, 0, '75.00', '', '2023-07-15 05:52:48');
INSERT INTO `cbse_student_subject_marks` (`id`, `cbse_exam_timetable_assessment_type_id`, `cbse_exam_timetable_id`, `cbse_exam_student_id`, `cbse_exam_assessment_type_id`, `is_absent`, `marks`, `note`, `created_at`) VALUES (896, 0, 31, 64, 3, 0, '15.00', '', '2023-07-15 05:52:48');
INSERT INTO `cbse_student_subject_marks` (`id`, `cbse_exam_timetable_assessment_type_id`, `cbse_exam_timetable_id`, `cbse_exam_student_id`, `cbse_exam_assessment_type_id`, `is_absent`, `marks`, `note`, `created_at`) VALUES (897, 0, 31, 65, 1, 0, '34.00', '', '2023-07-15 05:52:48');
INSERT INTO `cbse_student_subject_marks` (`id`, `cbse_exam_timetable_assessment_type_id`, `cbse_exam_timetable_id`, `cbse_exam_student_id`, `cbse_exam_assessment_type_id`, `is_absent`, `marks`, `note`, `created_at`) VALUES (898, 0, 31, 65, 2, 0, '34.00', '', '2023-07-15 05:52:48');
INSERT INTO `cbse_student_subject_marks` (`id`, `cbse_exam_timetable_assessment_type_id`, `cbse_exam_timetable_id`, `cbse_exam_student_id`, `cbse_exam_assessment_type_id`, `is_absent`, `marks`, `note`, `created_at`) VALUES (899, 0, 31, 65, 3, 0, '20.00', '', '2023-07-15 05:52:48');
INSERT INTO `cbse_student_subject_marks` (`id`, `cbse_exam_timetable_assessment_type_id`, `cbse_exam_timetable_id`, `cbse_exam_student_id`, `cbse_exam_assessment_type_id`, `is_absent`, `marks`, `note`, `created_at`) VALUES (900, 0, 31, 66, 1, 0, '67.00', '', '2023-07-15 05:52:48');
INSERT INTO `cbse_student_subject_marks` (`id`, `cbse_exam_timetable_assessment_type_id`, `cbse_exam_timetable_id`, `cbse_exam_student_id`, `cbse_exam_assessment_type_id`, `is_absent`, `marks`, `note`, `created_at`) VALUES (901, 0, 31, 66, 2, 0, '56.00', '', '2023-07-15 05:52:48');
INSERT INTO `cbse_student_subject_marks` (`id`, `cbse_exam_timetable_assessment_type_id`, `cbse_exam_timetable_id`, `cbse_exam_student_id`, `cbse_exam_assessment_type_id`, `is_absent`, `marks`, `note`, `created_at`) VALUES (902, 0, 31, 66, 3, 0, '20.00', '', '2023-07-15 05:52:48');
INSERT INTO `cbse_student_subject_marks` (`id`, `cbse_exam_timetable_assessment_type_id`, `cbse_exam_timetable_id`, `cbse_exam_student_id`, `cbse_exam_assessment_type_id`, `is_absent`, `marks`, `note`, `created_at`) VALUES (903, 0, 31, 67, 1, 0, '34.00', '', '2023-07-15 05:52:48');
INSERT INTO `cbse_student_subject_marks` (`id`, `cbse_exam_timetable_assessment_type_id`, `cbse_exam_timetable_id`, `cbse_exam_student_id`, `cbse_exam_assessment_type_id`, `is_absent`, `marks`, `note`, `created_at`) VALUES (904, 0, 31, 67, 2, 0, '34.00', '', '2023-07-15 05:52:48');
INSERT INTO `cbse_student_subject_marks` (`id`, `cbse_exam_timetable_assessment_type_id`, `cbse_exam_timetable_id`, `cbse_exam_student_id`, `cbse_exam_assessment_type_id`, `is_absent`, `marks`, `note`, `created_at`) VALUES (905, 0, 31, 67, 3, 0, '20.00', '', '2023-07-15 05:52:48');
INSERT INTO `cbse_student_subject_marks` (`id`, `cbse_exam_timetable_assessment_type_id`, `cbse_exam_timetable_id`, `cbse_exam_student_id`, `cbse_exam_assessment_type_id`, `is_absent`, `marks`, `note`, `created_at`) VALUES (906, 0, 31, 68, 1, 0, '56.00', '', '2023-07-15 05:52:48');
INSERT INTO `cbse_student_subject_marks` (`id`, `cbse_exam_timetable_assessment_type_id`, `cbse_exam_timetable_id`, `cbse_exam_student_id`, `cbse_exam_assessment_type_id`, `is_absent`, `marks`, `note`, `created_at`) VALUES (907, 0, 31, 68, 2, 0, '56.00', '', '2023-07-15 05:52:48');
INSERT INTO `cbse_student_subject_marks` (`id`, `cbse_exam_timetable_assessment_type_id`, `cbse_exam_timetable_id`, `cbse_exam_student_id`, `cbse_exam_assessment_type_id`, `is_absent`, `marks`, `note`, `created_at`) VALUES (908, 0, 31, 68, 3, 1, '0.00', '', '2023-07-15 05:52:48');
INSERT INTO `cbse_student_subject_marks` (`id`, `cbse_exam_timetable_assessment_type_id`, `cbse_exam_timetable_id`, `cbse_exam_student_id`, `cbse_exam_assessment_type_id`, `is_absent`, `marks`, `note`, `created_at`) VALUES (909, 0, 28, 57, 1, 0, '88.00', 'Excellent', '2023-07-15 05:52:55');
INSERT INTO `cbse_student_subject_marks` (`id`, `cbse_exam_timetable_assessment_type_id`, `cbse_exam_timetable_id`, `cbse_exam_student_id`, `cbse_exam_assessment_type_id`, `is_absent`, `marks`, `note`, `created_at`) VALUES (910, 0, 28, 57, 2, 0, '54.00', 'Excellent', '2023-07-15 05:52:55');
INSERT INTO `cbse_student_subject_marks` (`id`, `cbse_exam_timetable_assessment_type_id`, `cbse_exam_timetable_id`, `cbse_exam_student_id`, `cbse_exam_assessment_type_id`, `is_absent`, `marks`, `note`, `created_at`) VALUES (911, 0, 28, 57, 3, 0, '12.00', 'Excellent', '2023-07-15 05:52:55');
INSERT INTO `cbse_student_subject_marks` (`id`, `cbse_exam_timetable_assessment_type_id`, `cbse_exam_timetable_id`, `cbse_exam_student_id`, `cbse_exam_assessment_type_id`, `is_absent`, `marks`, `note`, `created_at`) VALUES (912, 0, 28, 58, 1, 0, '90.00', 'Excellent', '2023-07-15 05:52:55');
INSERT INTO `cbse_student_subject_marks` (`id`, `cbse_exam_timetable_assessment_type_id`, `cbse_exam_timetable_id`, `cbse_exam_student_id`, `cbse_exam_assessment_type_id`, `is_absent`, `marks`, `note`, `created_at`) VALUES (913, 0, 28, 58, 2, 0, '67.00', 'Excellent', '2023-07-15 05:52:55');
INSERT INTO `cbse_student_subject_marks` (`id`, `cbse_exam_timetable_assessment_type_id`, `cbse_exam_timetable_id`, `cbse_exam_student_id`, `cbse_exam_assessment_type_id`, `is_absent`, `marks`, `note`, `created_at`) VALUES (914, 0, 28, 58, 3, 0, '12.00', 'Excellent', '2023-07-15 05:52:55');
INSERT INTO `cbse_student_subject_marks` (`id`, `cbse_exam_timetable_assessment_type_id`, `cbse_exam_timetable_id`, `cbse_exam_student_id`, `cbse_exam_assessment_type_id`, `is_absent`, `marks`, `note`, `created_at`) VALUES (915, 0, 28, 59, 1, 0, '78.00', '', '2023-07-15 05:52:55');
INSERT INTO `cbse_student_subject_marks` (`id`, `cbse_exam_timetable_assessment_type_id`, `cbse_exam_timetable_id`, `cbse_exam_student_id`, `cbse_exam_assessment_type_id`, `is_absent`, `marks`, `note`, `created_at`) VALUES (916, 0, 28, 59, 2, 0, '56.00', '', '2023-07-15 05:52:55');
INSERT INTO `cbse_student_subject_marks` (`id`, `cbse_exam_timetable_assessment_type_id`, `cbse_exam_timetable_id`, `cbse_exam_student_id`, `cbse_exam_assessment_type_id`, `is_absent`, `marks`, `note`, `created_at`) VALUES (917, 0, 28, 59, 3, 0, '14.00', '', '2023-07-15 05:52:55');
INSERT INTO `cbse_student_subject_marks` (`id`, `cbse_exam_timetable_assessment_type_id`, `cbse_exam_timetable_id`, `cbse_exam_student_id`, `cbse_exam_assessment_type_id`, `is_absent`, `marks`, `note`, `created_at`) VALUES (918, 0, 28, 60, 1, 0, '56.00', '', '2023-07-15 05:52:55');
INSERT INTO `cbse_student_subject_marks` (`id`, `cbse_exam_timetable_assessment_type_id`, `cbse_exam_timetable_id`, `cbse_exam_student_id`, `cbse_exam_assessment_type_id`, `is_absent`, `marks`, `note`, `created_at`) VALUES (919, 0, 28, 60, 2, 0, '56.00', '', '2023-07-15 05:52:55');
INSERT INTO `cbse_student_subject_marks` (`id`, `cbse_exam_timetable_assessment_type_id`, `cbse_exam_timetable_id`, `cbse_exam_student_id`, `cbse_exam_assessment_type_id`, `is_absent`, `marks`, `note`, `created_at`) VALUES (920, 0, 28, 60, 3, 0, '13.00', '', '2023-07-15 05:52:55');
INSERT INTO `cbse_student_subject_marks` (`id`, `cbse_exam_timetable_assessment_type_id`, `cbse_exam_timetable_id`, `cbse_exam_student_id`, `cbse_exam_assessment_type_id`, `is_absent`, `marks`, `note`, `created_at`) VALUES (921, 0, 28, 61, 1, 0, '78.00', '', '2023-07-15 05:52:55');
INSERT INTO `cbse_student_subject_marks` (`id`, `cbse_exam_timetable_assessment_type_id`, `cbse_exam_timetable_id`, `cbse_exam_student_id`, `cbse_exam_assessment_type_id`, `is_absent`, `marks`, `note`, `created_at`) VALUES (922, 0, 28, 61, 2, 0, '45.00', '', '2023-07-15 05:52:55');
INSERT INTO `cbse_student_subject_marks` (`id`, `cbse_exam_timetable_assessment_type_id`, `cbse_exam_timetable_id`, `cbse_exam_student_id`, `cbse_exam_assessment_type_id`, `is_absent`, `marks`, `note`, `created_at`) VALUES (923, 0, 28, 61, 3, 0, '15.00', '', '2023-07-15 05:52:55');
INSERT INTO `cbse_student_subject_marks` (`id`, `cbse_exam_timetable_assessment_type_id`, `cbse_exam_timetable_id`, `cbse_exam_student_id`, `cbse_exam_assessment_type_id`, `is_absent`, `marks`, `note`, `created_at`) VALUES (924, 0, 28, 62, 1, 0, '90.00', '', '2023-07-15 05:52:55');
INSERT INTO `cbse_student_subject_marks` (`id`, `cbse_exam_timetable_assessment_type_id`, `cbse_exam_timetable_id`, `cbse_exam_student_id`, `cbse_exam_assessment_type_id`, `is_absent`, `marks`, `note`, `created_at`) VALUES (925, 0, 28, 62, 2, 0, '34.00', '', '2023-07-15 05:52:55');
INSERT INTO `cbse_student_subject_marks` (`id`, `cbse_exam_timetable_assessment_type_id`, `cbse_exam_timetable_id`, `cbse_exam_student_id`, `cbse_exam_assessment_type_id`, `is_absent`, `marks`, `note`, `created_at`) VALUES (926, 0, 28, 62, 3, 0, '13.00', '', '2023-07-15 05:52:55');
INSERT INTO `cbse_student_subject_marks` (`id`, `cbse_exam_timetable_assessment_type_id`, `cbse_exam_timetable_id`, `cbse_exam_student_id`, `cbse_exam_assessment_type_id`, `is_absent`, `marks`, `note`, `created_at`) VALUES (927, 0, 28, 63, 1, 0, '78.00', '', '2023-07-15 05:52:55');
INSERT INTO `cbse_student_subject_marks` (`id`, `cbse_exam_timetable_assessment_type_id`, `cbse_exam_timetable_id`, `cbse_exam_student_id`, `cbse_exam_assessment_type_id`, `is_absent`, `marks`, `note`, `created_at`) VALUES (928, 0, 28, 63, 2, 0, '45.00', '', '2023-07-15 05:52:55');
INSERT INTO `cbse_student_subject_marks` (`id`, `cbse_exam_timetable_assessment_type_id`, `cbse_exam_timetable_id`, `cbse_exam_student_id`, `cbse_exam_assessment_type_id`, `is_absent`, `marks`, `note`, `created_at`) VALUES (929, 0, 28, 63, 3, 1, '0.00', '', '2023-07-15 05:52:55');
INSERT INTO `cbse_student_subject_marks` (`id`, `cbse_exam_timetable_assessment_type_id`, `cbse_exam_timetable_id`, `cbse_exam_student_id`, `cbse_exam_assessment_type_id`, `is_absent`, `marks`, `note`, `created_at`) VALUES (930, 0, 28, 64, 1, 1, '0.00', '', '2023-07-15 05:52:55');
INSERT INTO `cbse_student_subject_marks` (`id`, `cbse_exam_timetable_assessment_type_id`, `cbse_exam_timetable_id`, `cbse_exam_student_id`, `cbse_exam_assessment_type_id`, `is_absent`, `marks`, `note`, `created_at`) VALUES (931, 0, 28, 64, 2, 0, '34.00', '', '2023-07-15 05:52:55');
INSERT INTO `cbse_student_subject_marks` (`id`, `cbse_exam_timetable_assessment_type_id`, `cbse_exam_timetable_id`, `cbse_exam_student_id`, `cbse_exam_assessment_type_id`, `is_absent`, `marks`, `note`, `created_at`) VALUES (932, 0, 28, 64, 3, 0, '13.00', '', '2023-07-15 05:52:55');
INSERT INTO `cbse_student_subject_marks` (`id`, `cbse_exam_timetable_assessment_type_id`, `cbse_exam_timetable_id`, `cbse_exam_student_id`, `cbse_exam_assessment_type_id`, `is_absent`, `marks`, `note`, `created_at`) VALUES (933, 0, 28, 65, 1, 1, '0.00', '', '2023-07-15 05:52:55');
INSERT INTO `cbse_student_subject_marks` (`id`, `cbse_exam_timetable_assessment_type_id`, `cbse_exam_timetable_id`, `cbse_exam_student_id`, `cbse_exam_assessment_type_id`, `is_absent`, `marks`, `note`, `created_at`) VALUES (934, 0, 28, 65, 2, 0, '43.00', '', '2023-07-15 05:52:55');
INSERT INTO `cbse_student_subject_marks` (`id`, `cbse_exam_timetable_assessment_type_id`, `cbse_exam_timetable_id`, `cbse_exam_student_id`, `cbse_exam_assessment_type_id`, `is_absent`, `marks`, `note`, `created_at`) VALUES (935, 0, 28, 65, 3, 0, '12.00', '', '2023-07-15 05:52:55');
INSERT INTO `cbse_student_subject_marks` (`id`, `cbse_exam_timetable_assessment_type_id`, `cbse_exam_timetable_id`, `cbse_exam_student_id`, `cbse_exam_assessment_type_id`, `is_absent`, `marks`, `note`, `created_at`) VALUES (936, 0, 28, 66, 1, 0, '67.00', '', '2023-07-15 05:52:55');
INSERT INTO `cbse_student_subject_marks` (`id`, `cbse_exam_timetable_assessment_type_id`, `cbse_exam_timetable_id`, `cbse_exam_student_id`, `cbse_exam_assessment_type_id`, `is_absent`, `marks`, `note`, `created_at`) VALUES (937, 0, 28, 66, 2, 0, '45.00', '', '2023-07-15 05:52:55');
INSERT INTO `cbse_student_subject_marks` (`id`, `cbse_exam_timetable_assessment_type_id`, `cbse_exam_timetable_id`, `cbse_exam_student_id`, `cbse_exam_assessment_type_id`, `is_absent`, `marks`, `note`, `created_at`) VALUES (938, 0, 28, 66, 3, 0, '15.00', '', '2023-07-15 05:52:55');
INSERT INTO `cbse_student_subject_marks` (`id`, `cbse_exam_timetable_assessment_type_id`, `cbse_exam_timetable_id`, `cbse_exam_student_id`, `cbse_exam_assessment_type_id`, `is_absent`, `marks`, `note`, `created_at`) VALUES (939, 0, 28, 67, 1, 0, '45.00', '', '2023-07-15 05:52:55');
INSERT INTO `cbse_student_subject_marks` (`id`, `cbse_exam_timetable_assessment_type_id`, `cbse_exam_timetable_id`, `cbse_exam_student_id`, `cbse_exam_assessment_type_id`, `is_absent`, `marks`, `note`, `created_at`) VALUES (940, 0, 28, 67, 2, 0, '33.00', '', '2023-07-15 05:52:55');
INSERT INTO `cbse_student_subject_marks` (`id`, `cbse_exam_timetable_assessment_type_id`, `cbse_exam_timetable_id`, `cbse_exam_student_id`, `cbse_exam_assessment_type_id`, `is_absent`, `marks`, `note`, `created_at`) VALUES (941, 0, 28, 67, 3, 0, '12.00', '', '2023-07-15 05:52:55');
INSERT INTO `cbse_student_subject_marks` (`id`, `cbse_exam_timetable_assessment_type_id`, `cbse_exam_timetable_id`, `cbse_exam_student_id`, `cbse_exam_assessment_type_id`, `is_absent`, `marks`, `note`, `created_at`) VALUES (942, 0, 28, 68, 1, 0, '67.00', '', '2023-07-15 05:52:55');
INSERT INTO `cbse_student_subject_marks` (`id`, `cbse_exam_timetable_assessment_type_id`, `cbse_exam_timetable_id`, `cbse_exam_student_id`, `cbse_exam_assessment_type_id`, `is_absent`, `marks`, `note`, `created_at`) VALUES (943, 0, 28, 68, 2, 0, '56.00', '', '2023-07-15 05:52:55');
INSERT INTO `cbse_student_subject_marks` (`id`, `cbse_exam_timetable_assessment_type_id`, `cbse_exam_timetable_id`, `cbse_exam_student_id`, `cbse_exam_assessment_type_id`, `is_absent`, `marks`, `note`, `created_at`) VALUES (944, 0, 28, 68, 3, 0, '16.00', '', '2023-07-15 05:52:55');
INSERT INTO `cbse_student_subject_marks` (`id`, `cbse_exam_timetable_assessment_type_id`, `cbse_exam_timetable_id`, `cbse_exam_student_id`, `cbse_exam_assessment_type_id`, `is_absent`, `marks`, `note`, `created_at`) VALUES (1118, 0, 20, 47, 4, 0, '96.00', '', '2023-07-20 09:54:00');
INSERT INTO `cbse_student_subject_marks` (`id`, `cbse_exam_timetable_assessment_type_id`, `cbse_exam_timetable_id`, `cbse_exam_student_id`, `cbse_exam_assessment_type_id`, `is_absent`, `marks`, `note`, `created_at`) VALUES (1119, 0, 20, 47, 5, 0, '65.00', '', '2023-07-20 09:54:00');
INSERT INTO `cbse_student_subject_marks` (`id`, `cbse_exam_timetable_assessment_type_id`, `cbse_exam_timetable_id`, `cbse_exam_student_id`, `cbse_exam_assessment_type_id`, `is_absent`, `marks`, `note`, `created_at`) VALUES (1120, 0, 20, 48, 4, 0, '90.00', '', '2023-07-20 09:54:00');
INSERT INTO `cbse_student_subject_marks` (`id`, `cbse_exam_timetable_assessment_type_id`, `cbse_exam_timetable_id`, `cbse_exam_student_id`, `cbse_exam_assessment_type_id`, `is_absent`, `marks`, `note`, `created_at`) VALUES (1121, 0, 20, 48, 5, 0, '45.00', '', '2023-07-20 09:54:00');
INSERT INTO `cbse_student_subject_marks` (`id`, `cbse_exam_timetable_assessment_type_id`, `cbse_exam_timetable_id`, `cbse_exam_student_id`, `cbse_exam_assessment_type_id`, `is_absent`, `marks`, `note`, `created_at`) VALUES (1122, 0, 20, 49, 4, 0, '78.00', '', '2023-07-20 09:54:00');
INSERT INTO `cbse_student_subject_marks` (`id`, `cbse_exam_timetable_assessment_type_id`, `cbse_exam_timetable_id`, `cbse_exam_student_id`, `cbse_exam_assessment_type_id`, `is_absent`, `marks`, `note`, `created_at`) VALUES (1123, 0, 20, 49, 5, 0, '67.00', '', '2023-07-20 09:54:00');
INSERT INTO `cbse_student_subject_marks` (`id`, `cbse_exam_timetable_assessment_type_id`, `cbse_exam_timetable_id`, `cbse_exam_student_id`, `cbse_exam_assessment_type_id`, `is_absent`, `marks`, `note`, `created_at`) VALUES (1124, 0, 20, 50, 4, 0, '56.00', '', '2023-07-20 09:54:00');
INSERT INTO `cbse_student_subject_marks` (`id`, `cbse_exam_timetable_assessment_type_id`, `cbse_exam_timetable_id`, `cbse_exam_student_id`, `cbse_exam_assessment_type_id`, `is_absent`, `marks`, `note`, `created_at`) VALUES (1125, 0, 20, 50, 5, 0, '45.00', '', '2023-07-20 09:54:00');
INSERT INTO `cbse_student_subject_marks` (`id`, `cbse_exam_timetable_assessment_type_id`, `cbse_exam_timetable_id`, `cbse_exam_student_id`, `cbse_exam_assessment_type_id`, `is_absent`, `marks`, `note`, `created_at`) VALUES (1128, 0, 21, 47, 4, 0, '67.00', '', '2023-07-20 09:54:06');
INSERT INTO `cbse_student_subject_marks` (`id`, `cbse_exam_timetable_assessment_type_id`, `cbse_exam_timetable_id`, `cbse_exam_student_id`, `cbse_exam_assessment_type_id`, `is_absent`, `marks`, `note`, `created_at`) VALUES (1129, 0, 21, 47, 5, 0, '56.00', '', '2023-07-20 09:54:06');
INSERT INTO `cbse_student_subject_marks` (`id`, `cbse_exam_timetable_assessment_type_id`, `cbse_exam_timetable_id`, `cbse_exam_student_id`, `cbse_exam_assessment_type_id`, `is_absent`, `marks`, `note`, `created_at`) VALUES (1130, 0, 21, 48, 4, 0, '45.00', '', '2023-07-20 09:54:06');
INSERT INTO `cbse_student_subject_marks` (`id`, `cbse_exam_timetable_assessment_type_id`, `cbse_exam_timetable_id`, `cbse_exam_student_id`, `cbse_exam_assessment_type_id`, `is_absent`, `marks`, `note`, `created_at`) VALUES (1131, 0, 21, 48, 5, 0, '45.00', '', '2023-07-20 09:54:06');
INSERT INTO `cbse_student_subject_marks` (`id`, `cbse_exam_timetable_assessment_type_id`, `cbse_exam_timetable_id`, `cbse_exam_student_id`, `cbse_exam_assessment_type_id`, `is_absent`, `marks`, `note`, `created_at`) VALUES (1132, 0, 21, 49, 4, 0, '78.00', '', '2023-07-20 09:54:06');
INSERT INTO `cbse_student_subject_marks` (`id`, `cbse_exam_timetable_assessment_type_id`, `cbse_exam_timetable_id`, `cbse_exam_student_id`, `cbse_exam_assessment_type_id`, `is_absent`, `marks`, `note`, `created_at`) VALUES (1133, 0, 21, 49, 5, 0, '46.00', '', '2023-07-20 09:54:06');
INSERT INTO `cbse_student_subject_marks` (`id`, `cbse_exam_timetable_assessment_type_id`, `cbse_exam_timetable_id`, `cbse_exam_student_id`, `cbse_exam_assessment_type_id`, `is_absent`, `marks`, `note`, `created_at`) VALUES (1134, 0, 21, 50, 4, 0, '56.00', '', '2023-07-20 09:54:06');
INSERT INTO `cbse_student_subject_marks` (`id`, `cbse_exam_timetable_assessment_type_id`, `cbse_exam_timetable_id`, `cbse_exam_student_id`, `cbse_exam_assessment_type_id`, `is_absent`, `marks`, `note`, `created_at`) VALUES (1135, 0, 21, 50, 5, 0, '46.00', '', '2023-07-20 09:54:06');
INSERT INTO `cbse_student_subject_marks` (`id`, `cbse_exam_timetable_assessment_type_id`, `cbse_exam_timetable_id`, `cbse_exam_student_id`, `cbse_exam_assessment_type_id`, `is_absent`, `marks`, `note`, `created_at`) VALUES (1138, 0, 22, 47, 4, 0, '78.00', '', '2023-07-20 09:54:11');
INSERT INTO `cbse_student_subject_marks` (`id`, `cbse_exam_timetable_assessment_type_id`, `cbse_exam_timetable_id`, `cbse_exam_student_id`, `cbse_exam_assessment_type_id`, `is_absent`, `marks`, `note`, `created_at`) VALUES (1139, 0, 22, 47, 5, 0, '67.00', '', '2023-07-20 09:54:11');
INSERT INTO `cbse_student_subject_marks` (`id`, `cbse_exam_timetable_assessment_type_id`, `cbse_exam_timetable_id`, `cbse_exam_student_id`, `cbse_exam_assessment_type_id`, `is_absent`, `marks`, `note`, `created_at`) VALUES (1140, 0, 22, 48, 4, 0, '56.00', '', '2023-07-20 09:54:11');
INSERT INTO `cbse_student_subject_marks` (`id`, `cbse_exam_timetable_assessment_type_id`, `cbse_exam_timetable_id`, `cbse_exam_student_id`, `cbse_exam_assessment_type_id`, `is_absent`, `marks`, `note`, `created_at`) VALUES (1141, 0, 22, 48, 5, 0, '45.00', '', '2023-07-20 09:54:11');
INSERT INTO `cbse_student_subject_marks` (`id`, `cbse_exam_timetable_assessment_type_id`, `cbse_exam_timetable_id`, `cbse_exam_student_id`, `cbse_exam_assessment_type_id`, `is_absent`, `marks`, `note`, `created_at`) VALUES (1142, 0, 22, 49, 4, 0, '34.00', '', '2023-07-20 09:54:11');
INSERT INTO `cbse_student_subject_marks` (`id`, `cbse_exam_timetable_assessment_type_id`, `cbse_exam_timetable_id`, `cbse_exam_student_id`, `cbse_exam_assessment_type_id`, `is_absent`, `marks`, `note`, `created_at`) VALUES (1143, 0, 22, 49, 5, 0, '45.00', '', '2023-07-20 09:54:11');
INSERT INTO `cbse_student_subject_marks` (`id`, `cbse_exam_timetable_assessment_type_id`, `cbse_exam_timetable_id`, `cbse_exam_student_id`, `cbse_exam_assessment_type_id`, `is_absent`, `marks`, `note`, `created_at`) VALUES (1144, 0, 22, 50, 4, 0, '67.00', '', '2023-07-20 09:54:11');
INSERT INTO `cbse_student_subject_marks` (`id`, `cbse_exam_timetable_assessment_type_id`, `cbse_exam_timetable_id`, `cbse_exam_student_id`, `cbse_exam_assessment_type_id`, `is_absent`, `marks`, `note`, `created_at`) VALUES (1145, 0, 22, 50, 5, 0, '34.00', '', '2023-07-20 09:54:11');
INSERT INTO `cbse_student_subject_marks` (`id`, `cbse_exam_timetable_assessment_type_id`, `cbse_exam_timetable_id`, `cbse_exam_student_id`, `cbse_exam_assessment_type_id`, `is_absent`, `marks`, `note`, `created_at`) VALUES (1148, 0, 23, 47, 4, 0, '78.00', '', '2023-07-20 09:54:17');
INSERT INTO `cbse_student_subject_marks` (`id`, `cbse_exam_timetable_assessment_type_id`, `cbse_exam_timetable_id`, `cbse_exam_student_id`, `cbse_exam_assessment_type_id`, `is_absent`, `marks`, `note`, `created_at`) VALUES (1149, 0, 23, 47, 5, 0, '67.00', '', '2023-07-20 09:54:17');
INSERT INTO `cbse_student_subject_marks` (`id`, `cbse_exam_timetable_assessment_type_id`, `cbse_exam_timetable_id`, `cbse_exam_student_id`, `cbse_exam_assessment_type_id`, `is_absent`, `marks`, `note`, `created_at`) VALUES (1150, 0, 23, 48, 4, 0, '45.00', '', '2023-07-20 09:54:17');
INSERT INTO `cbse_student_subject_marks` (`id`, `cbse_exam_timetable_assessment_type_id`, `cbse_exam_timetable_id`, `cbse_exam_student_id`, `cbse_exam_assessment_type_id`, `is_absent`, `marks`, `note`, `created_at`) VALUES (1151, 0, 23, 48, 5, 0, '45.00', '', '2023-07-20 09:54:17');
INSERT INTO `cbse_student_subject_marks` (`id`, `cbse_exam_timetable_assessment_type_id`, `cbse_exam_timetable_id`, `cbse_exam_student_id`, `cbse_exam_assessment_type_id`, `is_absent`, `marks`, `note`, `created_at`) VALUES (1152, 0, 23, 49, 4, 0, '36.00', '', '2023-07-20 09:54:17');
INSERT INTO `cbse_student_subject_marks` (`id`, `cbse_exam_timetable_assessment_type_id`, `cbse_exam_timetable_id`, `cbse_exam_student_id`, `cbse_exam_assessment_type_id`, `is_absent`, `marks`, `note`, `created_at`) VALUES (1153, 0, 23, 49, 5, 0, '56.00', '', '2023-07-20 09:54:17');
INSERT INTO `cbse_student_subject_marks` (`id`, `cbse_exam_timetable_assessment_type_id`, `cbse_exam_timetable_id`, `cbse_exam_student_id`, `cbse_exam_assessment_type_id`, `is_absent`, `marks`, `note`, `created_at`) VALUES (1154, 0, 23, 50, 4, 0, '78.00', '', '2023-07-20 09:54:17');
INSERT INTO `cbse_student_subject_marks` (`id`, `cbse_exam_timetable_assessment_type_id`, `cbse_exam_timetable_id`, `cbse_exam_student_id`, `cbse_exam_assessment_type_id`, `is_absent`, `marks`, `note`, `created_at`) VALUES (1155, 0, 23, 50, 5, 0, '34.00', '', '2023-07-20 09:54:17');
INSERT INTO `cbse_student_subject_marks` (`id`, `cbse_exam_timetable_assessment_type_id`, `cbse_exam_timetable_id`, `cbse_exam_student_id`, `cbse_exam_assessment_type_id`, `is_absent`, `marks`, `note`, `created_at`) VALUES (1158, 0, 24, 52, 4, 0, '67.00', '', '2023-07-20 10:12:02');
INSERT INTO `cbse_student_subject_marks` (`id`, `cbse_exam_timetable_assessment_type_id`, `cbse_exam_timetable_id`, `cbse_exam_student_id`, `cbse_exam_assessment_type_id`, `is_absent`, `marks`, `note`, `created_at`) VALUES (1159, 0, 24, 52, 5, 1, '0.00', '', '2023-07-20 10:12:02');
INSERT INTO `cbse_student_subject_marks` (`id`, `cbse_exam_timetable_assessment_type_id`, `cbse_exam_timetable_id`, `cbse_exam_student_id`, `cbse_exam_assessment_type_id`, `is_absent`, `marks`, `note`, `created_at`) VALUES (1160, 0, 24, 53, 4, 0, '45.00', '', '2023-07-20 10:12:02');
INSERT INTO `cbse_student_subject_marks` (`id`, `cbse_exam_timetable_assessment_type_id`, `cbse_exam_timetable_id`, `cbse_exam_student_id`, `cbse_exam_assessment_type_id`, `is_absent`, `marks`, `note`, `created_at`) VALUES (1161, 0, 24, 53, 5, 0, '45.00', '', '2023-07-20 10:12:02');
INSERT INTO `cbse_student_subject_marks` (`id`, `cbse_exam_timetable_assessment_type_id`, `cbse_exam_timetable_id`, `cbse_exam_student_id`, `cbse_exam_assessment_type_id`, `is_absent`, `marks`, `note`, `created_at`) VALUES (1162, 0, 24, 54, 4, 0, '67.00', '', '2023-07-20 10:12:02');
INSERT INTO `cbse_student_subject_marks` (`id`, `cbse_exam_timetable_assessment_type_id`, `cbse_exam_timetable_id`, `cbse_exam_student_id`, `cbse_exam_assessment_type_id`, `is_absent`, `marks`, `note`, `created_at`) VALUES (1163, 0, 24, 54, 5, 0, '67.00', '', '2023-07-20 10:12:02');
INSERT INTO `cbse_student_subject_marks` (`id`, `cbse_exam_timetable_assessment_type_id`, `cbse_exam_timetable_id`, `cbse_exam_student_id`, `cbse_exam_assessment_type_id`, `is_absent`, `marks`, `note`, `created_at`) VALUES (1164, 0, 24, 55, 4, 0, '45.00', '', '2023-07-20 10:12:02');
INSERT INTO `cbse_student_subject_marks` (`id`, `cbse_exam_timetable_assessment_type_id`, `cbse_exam_timetable_id`, `cbse_exam_student_id`, `cbse_exam_assessment_type_id`, `is_absent`, `marks`, `note`, `created_at`) VALUES (1165, 0, 24, 55, 5, 0, '74.00', '', '2023-07-20 10:12:02');
INSERT INTO `cbse_student_subject_marks` (`id`, `cbse_exam_timetable_assessment_type_id`, `cbse_exam_timetable_id`, `cbse_exam_student_id`, `cbse_exam_assessment_type_id`, `is_absent`, `marks`, `note`, `created_at`) VALUES (1166, 0, 24, 75, 4, 0, '0.00', '', '2023-07-20 10:12:02');
INSERT INTO `cbse_student_subject_marks` (`id`, `cbse_exam_timetable_assessment_type_id`, `cbse_exam_timetable_id`, `cbse_exam_student_id`, `cbse_exam_assessment_type_id`, `is_absent`, `marks`, `note`, `created_at`) VALUES (1167, 0, 24, 75, 5, 0, '0.00', '', '2023-07-20 10:12:02');
INSERT INTO `cbse_student_subject_marks` (`id`, `cbse_exam_timetable_assessment_type_id`, `cbse_exam_timetable_id`, `cbse_exam_student_id`, `cbse_exam_assessment_type_id`, `is_absent`, `marks`, `note`, `created_at`) VALUES (1168, 0, 12, 37, 1, 0, '14.00', '', '2023-07-21 07:47:11');
INSERT INTO `cbse_student_subject_marks` (`id`, `cbse_exam_timetable_assessment_type_id`, `cbse_exam_timetable_id`, `cbse_exam_student_id`, `cbse_exam_assessment_type_id`, `is_absent`, `marks`, `note`, `created_at`) VALUES (1169, 0, 12, 37, 2, 0, '34.00', '', '2023-07-21 07:47:11');
INSERT INTO `cbse_student_subject_marks` (`id`, `cbse_exam_timetable_assessment_type_id`, `cbse_exam_timetable_id`, `cbse_exam_student_id`, `cbse_exam_assessment_type_id`, `is_absent`, `marks`, `note`, `created_at`) VALUES (1170, 0, 12, 37, 3, 0, '15.00', '', '2023-07-21 07:47:11');
INSERT INTO `cbse_student_subject_marks` (`id`, `cbse_exam_timetable_assessment_type_id`, `cbse_exam_timetable_id`, `cbse_exam_student_id`, `cbse_exam_assessment_type_id`, `is_absent`, `marks`, `note`, `created_at`) VALUES (1171, 0, 12, 38, 1, 0, '89.00', '', '2023-07-21 07:47:11');
INSERT INTO `cbse_student_subject_marks` (`id`, `cbse_exam_timetable_assessment_type_id`, `cbse_exam_timetable_id`, `cbse_exam_student_id`, `cbse_exam_assessment_type_id`, `is_absent`, `marks`, `note`, `created_at`) VALUES (1172, 0, 12, 38, 2, 0, '69.00', '', '2023-07-21 07:47:11');
INSERT INTO `cbse_student_subject_marks` (`id`, `cbse_exam_timetable_assessment_type_id`, `cbse_exam_timetable_id`, `cbse_exam_student_id`, `cbse_exam_assessment_type_id`, `is_absent`, `marks`, `note`, `created_at`) VALUES (1173, 0, 12, 38, 3, 0, '16.00', '', '2023-07-21 07:47:11');
INSERT INTO `cbse_student_subject_marks` (`id`, `cbse_exam_timetable_assessment_type_id`, `cbse_exam_timetable_id`, `cbse_exam_student_id`, `cbse_exam_assessment_type_id`, `is_absent`, `marks`, `note`, `created_at`) VALUES (1174, 0, 12, 39, 1, 0, '45.00', '', '2023-07-21 07:47:11');
INSERT INTO `cbse_student_subject_marks` (`id`, `cbse_exam_timetable_assessment_type_id`, `cbse_exam_timetable_id`, `cbse_exam_student_id`, `cbse_exam_assessment_type_id`, `is_absent`, `marks`, `note`, `created_at`) VALUES (1175, 0, 12, 39, 2, 0, '45.00', '', '2023-07-21 07:47:11');
INSERT INTO `cbse_student_subject_marks` (`id`, `cbse_exam_timetable_assessment_type_id`, `cbse_exam_timetable_id`, `cbse_exam_student_id`, `cbse_exam_assessment_type_id`, `is_absent`, `marks`, `note`, `created_at`) VALUES (1176, 0, 12, 39, 3, 0, '18.00', '', '2023-07-21 07:47:11');
INSERT INTO `cbse_student_subject_marks` (`id`, `cbse_exam_timetable_assessment_type_id`, `cbse_exam_timetable_id`, `cbse_exam_student_id`, `cbse_exam_assessment_type_id`, `is_absent`, `marks`, `note`, `created_at`) VALUES (1177, 0, 12, 40, 1, 0, '33.00', '', '2023-07-21 07:47:11');
INSERT INTO `cbse_student_subject_marks` (`id`, `cbse_exam_timetable_assessment_type_id`, `cbse_exam_timetable_id`, `cbse_exam_student_id`, `cbse_exam_assessment_type_id`, `is_absent`, `marks`, `note`, `created_at`) VALUES (1178, 0, 12, 40, 2, 0, '34.00', '', '2023-07-21 07:47:11');
INSERT INTO `cbse_student_subject_marks` (`id`, `cbse_exam_timetable_assessment_type_id`, `cbse_exam_timetable_id`, `cbse_exam_student_id`, `cbse_exam_assessment_type_id`, `is_absent`, `marks`, `note`, `created_at`) VALUES (1179, 0, 12, 40, 3, 0, '20.00', '', '2023-07-21 07:47:11');
INSERT INTO `cbse_student_subject_marks` (`id`, `cbse_exam_timetable_assessment_type_id`, `cbse_exam_timetable_id`, `cbse_exam_student_id`, `cbse_exam_assessment_type_id`, `is_absent`, `marks`, `note`, `created_at`) VALUES (1180, 0, 12, 76, 1, 0, '90.00', '', '2023-07-21 07:47:11');
INSERT INTO `cbse_student_subject_marks` (`id`, `cbse_exam_timetable_assessment_type_id`, `cbse_exam_timetable_id`, `cbse_exam_student_id`, `cbse_exam_assessment_type_id`, `is_absent`, `marks`, `note`, `created_at`) VALUES (1181, 0, 12, 76, 2, 0, '67.00', '', '2023-07-21 07:47:11');
INSERT INTO `cbse_student_subject_marks` (`id`, `cbse_exam_timetable_assessment_type_id`, `cbse_exam_timetable_id`, `cbse_exam_student_id`, `cbse_exam_assessment_type_id`, `is_absent`, `marks`, `note`, `created_at`) VALUES (1182, 0, 12, 76, 3, 0, '10.00', '', '2023-07-21 07:47:11');
INSERT INTO `cbse_student_subject_marks` (`id`, `cbse_exam_timetable_assessment_type_id`, `cbse_exam_timetable_id`, `cbse_exam_student_id`, `cbse_exam_assessment_type_id`, `is_absent`, `marks`, `note`, `created_at`) VALUES (1183, 0, 12, 77, 1, 0, '78.00', '', '2023-07-21 07:47:11');
INSERT INTO `cbse_student_subject_marks` (`id`, `cbse_exam_timetable_assessment_type_id`, `cbse_exam_timetable_id`, `cbse_exam_student_id`, `cbse_exam_assessment_type_id`, `is_absent`, `marks`, `note`, `created_at`) VALUES (1184, 0, 12, 77, 2, 0, '45.00', '', '2023-07-21 07:47:11');
INSERT INTO `cbse_student_subject_marks` (`id`, `cbse_exam_timetable_assessment_type_id`, `cbse_exam_timetable_id`, `cbse_exam_student_id`, `cbse_exam_assessment_type_id`, `is_absent`, `marks`, `note`, `created_at`) VALUES (1185, 0, 12, 77, 3, 0, '15.00', '', '2023-07-21 07:47:11');
INSERT INTO `cbse_student_subject_marks` (`id`, `cbse_exam_timetable_assessment_type_id`, `cbse_exam_timetable_id`, `cbse_exam_student_id`, `cbse_exam_assessment_type_id`, `is_absent`, `marks`, `note`, `created_at`) VALUES (1186, 0, 13, 37, 1, 0, '88.00', '', '2023-07-21 07:47:22');
INSERT INTO `cbse_student_subject_marks` (`id`, `cbse_exam_timetable_assessment_type_id`, `cbse_exam_timetable_id`, `cbse_exam_student_id`, `cbse_exam_assessment_type_id`, `is_absent`, `marks`, `note`, `created_at`) VALUES (1187, 0, 13, 37, 2, 0, '67.00', '', '2023-07-21 07:47:22');
INSERT INTO `cbse_student_subject_marks` (`id`, `cbse_exam_timetable_assessment_type_id`, `cbse_exam_timetable_id`, `cbse_exam_student_id`, `cbse_exam_assessment_type_id`, `is_absent`, `marks`, `note`, `created_at`) VALUES (1188, 0, 13, 37, 3, 0, '20.00', '', '2023-07-21 07:47:22');
INSERT INTO `cbse_student_subject_marks` (`id`, `cbse_exam_timetable_assessment_type_id`, `cbse_exam_timetable_id`, `cbse_exam_student_id`, `cbse_exam_assessment_type_id`, `is_absent`, `marks`, `note`, `created_at`) VALUES (1189, 0, 13, 38, 1, 0, '75.00', '', '2023-07-21 07:47:22');
INSERT INTO `cbse_student_subject_marks` (`id`, `cbse_exam_timetable_assessment_type_id`, `cbse_exam_timetable_id`, `cbse_exam_student_id`, `cbse_exam_assessment_type_id`, `is_absent`, `marks`, `note`, `created_at`) VALUES (1190, 0, 13, 38, 2, 0, '45.00', '', '2023-07-21 07:47:22');
INSERT INTO `cbse_student_subject_marks` (`id`, `cbse_exam_timetable_assessment_type_id`, `cbse_exam_timetable_id`, `cbse_exam_student_id`, `cbse_exam_assessment_type_id`, `is_absent`, `marks`, `note`, `created_at`) VALUES (1191, 0, 13, 38, 3, 0, '17.00', '', '2023-07-21 07:47:22');
INSERT INTO `cbse_student_subject_marks` (`id`, `cbse_exam_timetable_assessment_type_id`, `cbse_exam_timetable_id`, `cbse_exam_student_id`, `cbse_exam_assessment_type_id`, `is_absent`, `marks`, `note`, `created_at`) VALUES (1192, 0, 13, 39, 1, 0, '45.00', '', '2023-07-21 07:47:22');
INSERT INTO `cbse_student_subject_marks` (`id`, `cbse_exam_timetable_assessment_type_id`, `cbse_exam_timetable_id`, `cbse_exam_student_id`, `cbse_exam_assessment_type_id`, `is_absent`, `marks`, `note`, `created_at`) VALUES (1193, 0, 13, 39, 2, 0, '45.00', '', '2023-07-21 07:47:22');
INSERT INTO `cbse_student_subject_marks` (`id`, `cbse_exam_timetable_assessment_type_id`, `cbse_exam_timetable_id`, `cbse_exam_student_id`, `cbse_exam_assessment_type_id`, `is_absent`, `marks`, `note`, `created_at`) VALUES (1194, 0, 13, 39, 3, 0, '18.00', '', '2023-07-21 07:47:22');
INSERT INTO `cbse_student_subject_marks` (`id`, `cbse_exam_timetable_assessment_type_id`, `cbse_exam_timetable_id`, `cbse_exam_student_id`, `cbse_exam_assessment_type_id`, `is_absent`, `marks`, `note`, `created_at`) VALUES (1195, 0, 13, 40, 1, 1, '0.00', '', '2023-07-21 07:47:22');
INSERT INTO `cbse_student_subject_marks` (`id`, `cbse_exam_timetable_assessment_type_id`, `cbse_exam_timetable_id`, `cbse_exam_student_id`, `cbse_exam_assessment_type_id`, `is_absent`, `marks`, `note`, `created_at`) VALUES (1196, 0, 13, 40, 2, 0, '67.00', '', '2023-07-21 07:47:22');
INSERT INTO `cbse_student_subject_marks` (`id`, `cbse_exam_timetable_assessment_type_id`, `cbse_exam_timetable_id`, `cbse_exam_student_id`, `cbse_exam_assessment_type_id`, `is_absent`, `marks`, `note`, `created_at`) VALUES (1197, 0, 13, 40, 3, 0, '10.00', '', '2023-07-21 07:47:22');
INSERT INTO `cbse_student_subject_marks` (`id`, `cbse_exam_timetable_assessment_type_id`, `cbse_exam_timetable_id`, `cbse_exam_student_id`, `cbse_exam_assessment_type_id`, `is_absent`, `marks`, `note`, `created_at`) VALUES (1198, 0, 13, 76, 1, 0, '98.00', '', '2023-07-21 07:47:22');
INSERT INTO `cbse_student_subject_marks` (`id`, `cbse_exam_timetable_assessment_type_id`, `cbse_exam_timetable_id`, `cbse_exam_student_id`, `cbse_exam_assessment_type_id`, `is_absent`, `marks`, `note`, `created_at`) VALUES (1199, 0, 13, 76, 2, 0, '67.00', '', '2023-07-21 07:47:22');
INSERT INTO `cbse_student_subject_marks` (`id`, `cbse_exam_timetable_assessment_type_id`, `cbse_exam_timetable_id`, `cbse_exam_student_id`, `cbse_exam_assessment_type_id`, `is_absent`, `marks`, `note`, `created_at`) VALUES (1200, 0, 13, 76, 3, 0, '10.00', '', '2023-07-21 07:47:22');
INSERT INTO `cbse_student_subject_marks` (`id`, `cbse_exam_timetable_assessment_type_id`, `cbse_exam_timetable_id`, `cbse_exam_student_id`, `cbse_exam_assessment_type_id`, `is_absent`, `marks`, `note`, `created_at`) VALUES (1201, 0, 13, 77, 1, 0, '67.00', '', '2023-07-21 07:47:22');
INSERT INTO `cbse_student_subject_marks` (`id`, `cbse_exam_timetable_assessment_type_id`, `cbse_exam_timetable_id`, `cbse_exam_student_id`, `cbse_exam_assessment_type_id`, `is_absent`, `marks`, `note`, `created_at`) VALUES (1202, 0, 13, 77, 2, 0, '56.00', '', '2023-07-21 07:47:22');
INSERT INTO `cbse_student_subject_marks` (`id`, `cbse_exam_timetable_assessment_type_id`, `cbse_exam_timetable_id`, `cbse_exam_student_id`, `cbse_exam_assessment_type_id`, `is_absent`, `marks`, `note`, `created_at`) VALUES (1203, 0, 13, 77, 3, 0, '20.00', '', '2023-07-21 07:47:22');
INSERT INTO `cbse_student_subject_marks` (`id`, `cbse_exam_timetable_assessment_type_id`, `cbse_exam_timetable_id`, `cbse_exam_student_id`, `cbse_exam_assessment_type_id`, `is_absent`, `marks`, `note`, `created_at`) VALUES (1204, 0, 14, 37, 1, 0, '99.00', '', '2023-07-21 07:47:35');
INSERT INTO `cbse_student_subject_marks` (`id`, `cbse_exam_timetable_assessment_type_id`, `cbse_exam_timetable_id`, `cbse_exam_student_id`, `cbse_exam_assessment_type_id`, `is_absent`, `marks`, `note`, `created_at`) VALUES (1205, 0, 14, 37, 2, 0, '75.00', '', '2023-07-21 07:47:35');
INSERT INTO `cbse_student_subject_marks` (`id`, `cbse_exam_timetable_assessment_type_id`, `cbse_exam_timetable_id`, `cbse_exam_student_id`, `cbse_exam_assessment_type_id`, `is_absent`, `marks`, `note`, `created_at`) VALUES (1206, 0, 14, 37, 3, 0, '20.00', '', '2023-07-21 07:47:35');
INSERT INTO `cbse_student_subject_marks` (`id`, `cbse_exam_timetable_assessment_type_id`, `cbse_exam_timetable_id`, `cbse_exam_student_id`, `cbse_exam_assessment_type_id`, `is_absent`, `marks`, `note`, `created_at`) VALUES (1207, 0, 14, 38, 1, 0, '78.00', '', '2023-07-21 07:47:35');
INSERT INTO `cbse_student_subject_marks` (`id`, `cbse_exam_timetable_assessment_type_id`, `cbse_exam_timetable_id`, `cbse_exam_student_id`, `cbse_exam_assessment_type_id`, `is_absent`, `marks`, `note`, `created_at`) VALUES (1208, 0, 14, 38, 2, 0, '45.00', '', '2023-07-21 07:47:35');
INSERT INTO `cbse_student_subject_marks` (`id`, `cbse_exam_timetable_assessment_type_id`, `cbse_exam_timetable_id`, `cbse_exam_student_id`, `cbse_exam_assessment_type_id`, `is_absent`, `marks`, `note`, `created_at`) VALUES (1209, 0, 14, 38, 3, 0, '15.00', '', '2023-07-21 07:47:35');
INSERT INTO `cbse_student_subject_marks` (`id`, `cbse_exam_timetable_assessment_type_id`, `cbse_exam_timetable_id`, `cbse_exam_student_id`, `cbse_exam_assessment_type_id`, `is_absent`, `marks`, `note`, `created_at`) VALUES (1210, 0, 14, 39, 1, 0, '56.00', '', '2023-07-21 07:47:35');
INSERT INTO `cbse_student_subject_marks` (`id`, `cbse_exam_timetable_assessment_type_id`, `cbse_exam_timetable_id`, `cbse_exam_student_id`, `cbse_exam_assessment_type_id`, `is_absent`, `marks`, `note`, `created_at`) VALUES (1211, 0, 14, 39, 2, 0, '67.00', '', '2023-07-21 07:47:35');
INSERT INTO `cbse_student_subject_marks` (`id`, `cbse_exam_timetable_assessment_type_id`, `cbse_exam_timetable_id`, `cbse_exam_student_id`, `cbse_exam_assessment_type_id`, `is_absent`, `marks`, `note`, `created_at`) VALUES (1212, 0, 14, 39, 3, 0, '20.00', '', '2023-07-21 07:47:35');
INSERT INTO `cbse_student_subject_marks` (`id`, `cbse_exam_timetable_assessment_type_id`, `cbse_exam_timetable_id`, `cbse_exam_student_id`, `cbse_exam_assessment_type_id`, `is_absent`, `marks`, `note`, `created_at`) VALUES (1213, 0, 14, 40, 1, 0, '45.00', '', '2023-07-21 07:47:35');
INSERT INTO `cbse_student_subject_marks` (`id`, `cbse_exam_timetable_assessment_type_id`, `cbse_exam_timetable_id`, `cbse_exam_student_id`, `cbse_exam_assessment_type_id`, `is_absent`, `marks`, `note`, `created_at`) VALUES (1214, 0, 14, 40, 2, 0, '45.00', '', '2023-07-21 07:47:35');
INSERT INTO `cbse_student_subject_marks` (`id`, `cbse_exam_timetable_assessment_type_id`, `cbse_exam_timetable_id`, `cbse_exam_student_id`, `cbse_exam_assessment_type_id`, `is_absent`, `marks`, `note`, `created_at`) VALUES (1215, 0, 14, 40, 3, 0, '19.00', '', '2023-07-21 07:47:35');
INSERT INTO `cbse_student_subject_marks` (`id`, `cbse_exam_timetable_assessment_type_id`, `cbse_exam_timetable_id`, `cbse_exam_student_id`, `cbse_exam_assessment_type_id`, `is_absent`, `marks`, `note`, `created_at`) VALUES (1216, 0, 14, 76, 1, 0, '88.00', '', '2023-07-21 07:47:35');
INSERT INTO `cbse_student_subject_marks` (`id`, `cbse_exam_timetable_assessment_type_id`, `cbse_exam_timetable_id`, `cbse_exam_student_id`, `cbse_exam_assessment_type_id`, `is_absent`, `marks`, `note`, `created_at`) VALUES (1217, 0, 14, 76, 2, 0, '53.00', '', '2023-07-21 07:47:35');
INSERT INTO `cbse_student_subject_marks` (`id`, `cbse_exam_timetable_assessment_type_id`, `cbse_exam_timetable_id`, `cbse_exam_student_id`, `cbse_exam_assessment_type_id`, `is_absent`, `marks`, `note`, `created_at`) VALUES (1218, 0, 14, 76, 3, 0, '15.00', '', '2023-07-21 07:47:35');
INSERT INTO `cbse_student_subject_marks` (`id`, `cbse_exam_timetable_assessment_type_id`, `cbse_exam_timetable_id`, `cbse_exam_student_id`, `cbse_exam_assessment_type_id`, `is_absent`, `marks`, `note`, `created_at`) VALUES (1219, 0, 14, 77, 1, 0, '56.00', '', '2023-07-21 07:47:35');
INSERT INTO `cbse_student_subject_marks` (`id`, `cbse_exam_timetable_assessment_type_id`, `cbse_exam_timetable_id`, `cbse_exam_student_id`, `cbse_exam_assessment_type_id`, `is_absent`, `marks`, `note`, `created_at`) VALUES (1220, 0, 14, 77, 2, 0, '64.00', '', '2023-07-21 07:47:35');
INSERT INTO `cbse_student_subject_marks` (`id`, `cbse_exam_timetable_assessment_type_id`, `cbse_exam_timetable_id`, `cbse_exam_student_id`, `cbse_exam_assessment_type_id`, `is_absent`, `marks`, `note`, `created_at`) VALUES (1221, 0, 14, 77, 3, 0, '10.00', '', '2023-07-21 07:47:35');
INSERT INTO `cbse_student_subject_marks` (`id`, `cbse_exam_timetable_assessment_type_id`, `cbse_exam_timetable_id`, `cbse_exam_student_id`, `cbse_exam_assessment_type_id`, `is_absent`, `marks`, `note`, `created_at`) VALUES (1222, 0, 15, 37, 1, 0, '50.00', '', '2023-07-21 07:47:48');
INSERT INTO `cbse_student_subject_marks` (`id`, `cbse_exam_timetable_assessment_type_id`, `cbse_exam_timetable_id`, `cbse_exam_student_id`, `cbse_exam_assessment_type_id`, `is_absent`, `marks`, `note`, `created_at`) VALUES (1223, 0, 15, 37, 2, 0, '56.00', '', '2023-07-21 07:47:48');
INSERT INTO `cbse_student_subject_marks` (`id`, `cbse_exam_timetable_assessment_type_id`, `cbse_exam_timetable_id`, `cbse_exam_student_id`, `cbse_exam_assessment_type_id`, `is_absent`, `marks`, `note`, `created_at`) VALUES (1224, 0, 15, 37, 3, 0, '20.00', '', '2023-07-21 07:47:48');
INSERT INTO `cbse_student_subject_marks` (`id`, `cbse_exam_timetable_assessment_type_id`, `cbse_exam_timetable_id`, `cbse_exam_student_id`, `cbse_exam_assessment_type_id`, `is_absent`, `marks`, `note`, `created_at`) VALUES (1225, 0, 15, 38, 1, 0, '60.00', '', '2023-07-21 07:47:48');
INSERT INTO `cbse_student_subject_marks` (`id`, `cbse_exam_timetable_assessment_type_id`, `cbse_exam_timetable_id`, `cbse_exam_student_id`, `cbse_exam_assessment_type_id`, `is_absent`, `marks`, `note`, `created_at`) VALUES (1226, 0, 15, 38, 2, 0, '75.00', '', '2023-07-21 07:47:48');
INSERT INTO `cbse_student_subject_marks` (`id`, `cbse_exam_timetable_assessment_type_id`, `cbse_exam_timetable_id`, `cbse_exam_student_id`, `cbse_exam_assessment_type_id`, `is_absent`, `marks`, `note`, `created_at`) VALUES (1227, 0, 15, 38, 3, 0, '15.00', '', '2023-07-21 07:47:48');
INSERT INTO `cbse_student_subject_marks` (`id`, `cbse_exam_timetable_assessment_type_id`, `cbse_exam_timetable_id`, `cbse_exam_student_id`, `cbse_exam_assessment_type_id`, `is_absent`, `marks`, `note`, `created_at`) VALUES (1228, 0, 15, 39, 1, 0, '62.00', '', '2023-07-21 07:47:48');
INSERT INTO `cbse_student_subject_marks` (`id`, `cbse_exam_timetable_assessment_type_id`, `cbse_exam_timetable_id`, `cbse_exam_student_id`, `cbse_exam_assessment_type_id`, `is_absent`, `marks`, `note`, `created_at`) VALUES (1229, 0, 15, 39, 2, 0, '45.00', '', '2023-07-21 07:47:48');
INSERT INTO `cbse_student_subject_marks` (`id`, `cbse_exam_timetable_assessment_type_id`, `cbse_exam_timetable_id`, `cbse_exam_student_id`, `cbse_exam_assessment_type_id`, `is_absent`, `marks`, `note`, `created_at`) VALUES (1230, 0, 15, 39, 3, 0, '20.00', '', '2023-07-21 07:47:48');
INSERT INTO `cbse_student_subject_marks` (`id`, `cbse_exam_timetable_assessment_type_id`, `cbse_exam_timetable_id`, `cbse_exam_student_id`, `cbse_exam_assessment_type_id`, `is_absent`, `marks`, `note`, `created_at`) VALUES (1231, 0, 15, 40, 1, 0, '18.00', '', '2023-07-21 07:47:48');
INSERT INTO `cbse_student_subject_marks` (`id`, `cbse_exam_timetable_assessment_type_id`, `cbse_exam_timetable_id`, `cbse_exam_student_id`, `cbse_exam_assessment_type_id`, `is_absent`, `marks`, `note`, `created_at`) VALUES (1232, 0, 15, 40, 2, 0, '56.00', '', '2023-07-21 07:47:48');
INSERT INTO `cbse_student_subject_marks` (`id`, `cbse_exam_timetable_assessment_type_id`, `cbse_exam_timetable_id`, `cbse_exam_student_id`, `cbse_exam_assessment_type_id`, `is_absent`, `marks`, `note`, `created_at`) VALUES (1233, 0, 15, 40, 3, 0, '16.00', '', '2023-07-21 07:47:48');
INSERT INTO `cbse_student_subject_marks` (`id`, `cbse_exam_timetable_assessment_type_id`, `cbse_exam_timetable_id`, `cbse_exam_student_id`, `cbse_exam_assessment_type_id`, `is_absent`, `marks`, `note`, `created_at`) VALUES (1234, 0, 15, 76, 1, 0, '78.00', '', '2023-07-21 07:47:48');
INSERT INTO `cbse_student_subject_marks` (`id`, `cbse_exam_timetable_assessment_type_id`, `cbse_exam_timetable_id`, `cbse_exam_student_id`, `cbse_exam_assessment_type_id`, `is_absent`, `marks`, `note`, `created_at`) VALUES (1235, 0, 15, 76, 2, 0, '45.00', '', '2023-07-21 07:47:48');
INSERT INTO `cbse_student_subject_marks` (`id`, `cbse_exam_timetable_assessment_type_id`, `cbse_exam_timetable_id`, `cbse_exam_student_id`, `cbse_exam_assessment_type_id`, `is_absent`, `marks`, `note`, `created_at`) VALUES (1236, 0, 15, 76, 3, 0, '10.00', '', '2023-07-21 07:47:48');
INSERT INTO `cbse_student_subject_marks` (`id`, `cbse_exam_timetable_assessment_type_id`, `cbse_exam_timetable_id`, `cbse_exam_student_id`, `cbse_exam_assessment_type_id`, `is_absent`, `marks`, `note`, `created_at`) VALUES (1237, 0, 15, 77, 1, 0, '56.00', '', '2023-07-21 07:47:48');
INSERT INTO `cbse_student_subject_marks` (`id`, `cbse_exam_timetable_assessment_type_id`, `cbse_exam_timetable_id`, `cbse_exam_student_id`, `cbse_exam_assessment_type_id`, `is_absent`, `marks`, `note`, `created_at`) VALUES (1238, 0, 15, 77, 2, 0, '34.00', '', '2023-07-21 07:47:48');
INSERT INTO `cbse_student_subject_marks` (`id`, `cbse_exam_timetable_assessment_type_id`, `cbse_exam_timetable_id`, `cbse_exam_student_id`, `cbse_exam_assessment_type_id`, `is_absent`, `marks`, `note`, `created_at`) VALUES (1239, 0, 15, 77, 3, 0, '20.00', '', '2023-07-21 07:47:48');
INSERT INTO `cbse_student_subject_marks` (`id`, `cbse_exam_timetable_assessment_type_id`, `cbse_exam_timetable_id`, `cbse_exam_student_id`, `cbse_exam_assessment_type_id`, `is_absent`, `marks`, `note`, `created_at`) VALUES (1240, 0, 8, 26, 1, 0, '99.00', '', '2023-07-21 07:50:24');
INSERT INTO `cbse_student_subject_marks` (`id`, `cbse_exam_timetable_assessment_type_id`, `cbse_exam_timetable_id`, `cbse_exam_student_id`, `cbse_exam_assessment_type_id`, `is_absent`, `marks`, `note`, `created_at`) VALUES (1241, 0, 8, 26, 2, 0, '67.00', '', '2023-07-21 07:50:24');
INSERT INTO `cbse_student_subject_marks` (`id`, `cbse_exam_timetable_assessment_type_id`, `cbse_exam_timetable_id`, `cbse_exam_student_id`, `cbse_exam_assessment_type_id`, `is_absent`, `marks`, `note`, `created_at`) VALUES (1242, 0, 8, 26, 3, 0, '10.00', '', '2023-07-21 07:50:24');
INSERT INTO `cbse_student_subject_marks` (`id`, `cbse_exam_timetable_assessment_type_id`, `cbse_exam_timetable_id`, `cbse_exam_student_id`, `cbse_exam_assessment_type_id`, `is_absent`, `marks`, `note`, `created_at`) VALUES (1243, 0, 8, 27, 1, 0, '99.00', '', '2023-07-21 07:50:24');
INSERT INTO `cbse_student_subject_marks` (`id`, `cbse_exam_timetable_assessment_type_id`, `cbse_exam_timetable_id`, `cbse_exam_student_id`, `cbse_exam_assessment_type_id`, `is_absent`, `marks`, `note`, `created_at`) VALUES (1244, 0, 8, 27, 2, 0, '45.00', '', '2023-07-21 07:50:24');
INSERT INTO `cbse_student_subject_marks` (`id`, `cbse_exam_timetable_assessment_type_id`, `cbse_exam_timetable_id`, `cbse_exam_student_id`, `cbse_exam_assessment_type_id`, `is_absent`, `marks`, `note`, `created_at`) VALUES (1245, 0, 8, 27, 3, 0, '10.00', '', '2023-07-21 07:50:24');
INSERT INTO `cbse_student_subject_marks` (`id`, `cbse_exam_timetable_assessment_type_id`, `cbse_exam_timetable_id`, `cbse_exam_student_id`, `cbse_exam_assessment_type_id`, `is_absent`, `marks`, `note`, `created_at`) VALUES (1246, 0, 8, 28, 1, 0, '67.00', '', '2023-07-21 07:50:24');
INSERT INTO `cbse_student_subject_marks` (`id`, `cbse_exam_timetable_assessment_type_id`, `cbse_exam_timetable_id`, `cbse_exam_student_id`, `cbse_exam_assessment_type_id`, `is_absent`, `marks`, `note`, `created_at`) VALUES (1247, 0, 8, 28, 2, 1, '0.00', '', '2023-07-21 07:50:24');
INSERT INTO `cbse_student_subject_marks` (`id`, `cbse_exam_timetable_assessment_type_id`, `cbse_exam_timetable_id`, `cbse_exam_student_id`, `cbse_exam_assessment_type_id`, `is_absent`, `marks`, `note`, `created_at`) VALUES (1248, 0, 8, 28, 3, 0, '10.00', '', '2023-07-21 07:50:24');
INSERT INTO `cbse_student_subject_marks` (`id`, `cbse_exam_timetable_assessment_type_id`, `cbse_exam_timetable_id`, `cbse_exam_student_id`, `cbse_exam_assessment_type_id`, `is_absent`, `marks`, `note`, `created_at`) VALUES (1249, 0, 8, 29, 1, 0, '56.00', '', '2023-07-21 07:50:24');
INSERT INTO `cbse_student_subject_marks` (`id`, `cbse_exam_timetable_assessment_type_id`, `cbse_exam_timetable_id`, `cbse_exam_student_id`, `cbse_exam_assessment_type_id`, `is_absent`, `marks`, `note`, `created_at`) VALUES (1250, 0, 8, 29, 2, 0, '67.00', '', '2023-07-21 07:50:24');
INSERT INTO `cbse_student_subject_marks` (`id`, `cbse_exam_timetable_assessment_type_id`, `cbse_exam_timetable_id`, `cbse_exam_student_id`, `cbse_exam_assessment_type_id`, `is_absent`, `marks`, `note`, `created_at`) VALUES (1251, 0, 8, 29, 3, 0, '20.00', '', '2023-07-21 07:50:24');
INSERT INTO `cbse_student_subject_marks` (`id`, `cbse_exam_timetable_assessment_type_id`, `cbse_exam_timetable_id`, `cbse_exam_student_id`, `cbse_exam_assessment_type_id`, `is_absent`, `marks`, `note`, `created_at`) VALUES (1252, 0, 8, 30, 1, 0, '67.00', '', '2023-07-21 07:50:24');
INSERT INTO `cbse_student_subject_marks` (`id`, `cbse_exam_timetable_assessment_type_id`, `cbse_exam_timetable_id`, `cbse_exam_student_id`, `cbse_exam_assessment_type_id`, `is_absent`, `marks`, `note`, `created_at`) VALUES (1253, 0, 8, 30, 2, 0, '45.00', '', '2023-07-21 07:50:24');
INSERT INTO `cbse_student_subject_marks` (`id`, `cbse_exam_timetable_assessment_type_id`, `cbse_exam_timetable_id`, `cbse_exam_student_id`, `cbse_exam_assessment_type_id`, `is_absent`, `marks`, `note`, `created_at`) VALUES (1254, 0, 8, 30, 3, 0, '20.00', '', '2023-07-21 07:50:24');
INSERT INTO `cbse_student_subject_marks` (`id`, `cbse_exam_timetable_assessment_type_id`, `cbse_exam_timetable_id`, `cbse_exam_student_id`, `cbse_exam_assessment_type_id`, `is_absent`, `marks`, `note`, `created_at`) VALUES (1255, 0, 8, 31, 1, 0, '45.00', '', '2023-07-21 07:50:24');
INSERT INTO `cbse_student_subject_marks` (`id`, `cbse_exam_timetable_assessment_type_id`, `cbse_exam_timetable_id`, `cbse_exam_student_id`, `cbse_exam_assessment_type_id`, `is_absent`, `marks`, `note`, `created_at`) VALUES (1256, 0, 8, 31, 2, 0, '67.00', '', '2023-07-21 07:50:24');
INSERT INTO `cbse_student_subject_marks` (`id`, `cbse_exam_timetable_assessment_type_id`, `cbse_exam_timetable_id`, `cbse_exam_student_id`, `cbse_exam_assessment_type_id`, `is_absent`, `marks`, `note`, `created_at`) VALUES (1257, 0, 8, 31, 3, 0, '10.00', '', '2023-07-21 07:50:24');
INSERT INTO `cbse_student_subject_marks` (`id`, `cbse_exam_timetable_assessment_type_id`, `cbse_exam_timetable_id`, `cbse_exam_student_id`, `cbse_exam_assessment_type_id`, `is_absent`, `marks`, `note`, `created_at`) VALUES (1258, 0, 8, 32, 1, 0, '67.00', '', '2023-07-21 07:50:24');
INSERT INTO `cbse_student_subject_marks` (`id`, `cbse_exam_timetable_assessment_type_id`, `cbse_exam_timetable_id`, `cbse_exam_student_id`, `cbse_exam_assessment_type_id`, `is_absent`, `marks`, `note`, `created_at`) VALUES (1259, 0, 8, 32, 2, 0, '45.00', '', '2023-07-21 07:50:24');
INSERT INTO `cbse_student_subject_marks` (`id`, `cbse_exam_timetable_assessment_type_id`, `cbse_exam_timetable_id`, `cbse_exam_student_id`, `cbse_exam_assessment_type_id`, `is_absent`, `marks`, `note`, `created_at`) VALUES (1260, 0, 8, 32, 3, 0, '20.00', '', '2023-07-21 07:50:24');
INSERT INTO `cbse_student_subject_marks` (`id`, `cbse_exam_timetable_assessment_type_id`, `cbse_exam_timetable_id`, `cbse_exam_student_id`, `cbse_exam_assessment_type_id`, `is_absent`, `marks`, `note`, `created_at`) VALUES (1261, 0, 8, 33, 1, 0, '45.00', '', '2023-07-21 07:50:24');
INSERT INTO `cbse_student_subject_marks` (`id`, `cbse_exam_timetable_assessment_type_id`, `cbse_exam_timetable_id`, `cbse_exam_student_id`, `cbse_exam_assessment_type_id`, `is_absent`, `marks`, `note`, `created_at`) VALUES (1262, 0, 8, 33, 2, 0, '34.00', '', '2023-07-21 07:50:24');
INSERT INTO `cbse_student_subject_marks` (`id`, `cbse_exam_timetable_assessment_type_id`, `cbse_exam_timetable_id`, `cbse_exam_student_id`, `cbse_exam_assessment_type_id`, `is_absent`, `marks`, `note`, `created_at`) VALUES (1263, 0, 8, 33, 3, 0, '10.00', '', '2023-07-21 07:50:24');
INSERT INTO `cbse_student_subject_marks` (`id`, `cbse_exam_timetable_assessment_type_id`, `cbse_exam_timetable_id`, `cbse_exam_student_id`, `cbse_exam_assessment_type_id`, `is_absent`, `marks`, `note`, `created_at`) VALUES (1264, 0, 8, 34, 1, 0, '67.00', '', '2023-07-21 07:50:24');
INSERT INTO `cbse_student_subject_marks` (`id`, `cbse_exam_timetable_assessment_type_id`, `cbse_exam_timetable_id`, `cbse_exam_student_id`, `cbse_exam_assessment_type_id`, `is_absent`, `marks`, `note`, `created_at`) VALUES (1265, 0, 8, 34, 2, 1, '0.00', '', '2023-07-21 07:50:24');
INSERT INTO `cbse_student_subject_marks` (`id`, `cbse_exam_timetable_assessment_type_id`, `cbse_exam_timetable_id`, `cbse_exam_student_id`, `cbse_exam_assessment_type_id`, `is_absent`, `marks`, `note`, `created_at`) VALUES (1266, 0, 8, 34, 3, 0, '10.00', '', '2023-07-21 07:50:24');
INSERT INTO `cbse_student_subject_marks` (`id`, `cbse_exam_timetable_assessment_type_id`, `cbse_exam_timetable_id`, `cbse_exam_student_id`, `cbse_exam_assessment_type_id`, `is_absent`, `marks`, `note`, `created_at`) VALUES (1267, 0, 8, 35, 1, 0, '45.00', '', '2023-07-21 07:50:24');
INSERT INTO `cbse_student_subject_marks` (`id`, `cbse_exam_timetable_assessment_type_id`, `cbse_exam_timetable_id`, `cbse_exam_student_id`, `cbse_exam_assessment_type_id`, `is_absent`, `marks`, `note`, `created_at`) VALUES (1268, 0, 8, 35, 2, 1, '0.00', '', '2023-07-21 07:50:24');
INSERT INTO `cbse_student_subject_marks` (`id`, `cbse_exam_timetable_assessment_type_id`, `cbse_exam_timetable_id`, `cbse_exam_student_id`, `cbse_exam_assessment_type_id`, `is_absent`, `marks`, `note`, `created_at`) VALUES (1269, 0, 8, 35, 3, 0, '10.00', '', '2023-07-21 07:50:24');
INSERT INTO `cbse_student_subject_marks` (`id`, `cbse_exam_timetable_assessment_type_id`, `cbse_exam_timetable_id`, `cbse_exam_student_id`, `cbse_exam_assessment_type_id`, `is_absent`, `marks`, `note`, `created_at`) VALUES (1270, 0, 8, 78, 1, 0, '90.00', '', '2023-07-21 07:50:24');
INSERT INTO `cbse_student_subject_marks` (`id`, `cbse_exam_timetable_assessment_type_id`, `cbse_exam_timetable_id`, `cbse_exam_student_id`, `cbse_exam_assessment_type_id`, `is_absent`, `marks`, `note`, `created_at`) VALUES (1271, 0, 8, 78, 2, 0, '65.00', '', '2023-07-21 07:50:24');
INSERT INTO `cbse_student_subject_marks` (`id`, `cbse_exam_timetable_assessment_type_id`, `cbse_exam_timetable_id`, `cbse_exam_student_id`, `cbse_exam_assessment_type_id`, `is_absent`, `marks`, `note`, `created_at`) VALUES (1272, 0, 8, 78, 3, 0, '20.00', '', '2023-07-21 07:50:24');
INSERT INTO `cbse_student_subject_marks` (`id`, `cbse_exam_timetable_assessment_type_id`, `cbse_exam_timetable_id`, `cbse_exam_student_id`, `cbse_exam_assessment_type_id`, `is_absent`, `marks`, `note`, `created_at`) VALUES (1273, 0, 8, 79, 1, 0, '67.00', '', '2023-07-21 07:50:24');
INSERT INTO `cbse_student_subject_marks` (`id`, `cbse_exam_timetable_assessment_type_id`, `cbse_exam_timetable_id`, `cbse_exam_student_id`, `cbse_exam_assessment_type_id`, `is_absent`, `marks`, `note`, `created_at`) VALUES (1274, 0, 8, 79, 2, 0, '67.00', '', '2023-07-21 07:50:24');
INSERT INTO `cbse_student_subject_marks` (`id`, `cbse_exam_timetable_assessment_type_id`, `cbse_exam_timetable_id`, `cbse_exam_student_id`, `cbse_exam_assessment_type_id`, `is_absent`, `marks`, `note`, `created_at`) VALUES (1275, 0, 8, 79, 3, 0, '10.00', '', '2023-07-21 07:50:24');
INSERT INTO `cbse_student_subject_marks` (`id`, `cbse_exam_timetable_assessment_type_id`, `cbse_exam_timetable_id`, `cbse_exam_student_id`, `cbse_exam_assessment_type_id`, `is_absent`, `marks`, `note`, `created_at`) VALUES (1276, 0, 9, 26, 1, 0, '89.00', '', '2023-07-21 07:50:35');
INSERT INTO `cbse_student_subject_marks` (`id`, `cbse_exam_timetable_assessment_type_id`, `cbse_exam_timetable_id`, `cbse_exam_student_id`, `cbse_exam_assessment_type_id`, `is_absent`, `marks`, `note`, `created_at`) VALUES (1277, 0, 9, 26, 2, 0, '45.00', '', '2023-07-21 07:50:35');
INSERT INTO `cbse_student_subject_marks` (`id`, `cbse_exam_timetable_assessment_type_id`, `cbse_exam_timetable_id`, `cbse_exam_student_id`, `cbse_exam_assessment_type_id`, `is_absent`, `marks`, `note`, `created_at`) VALUES (1278, 0, 9, 26, 3, 0, '20.00', '', '2023-07-21 07:50:35');
INSERT INTO `cbse_student_subject_marks` (`id`, `cbse_exam_timetable_assessment_type_id`, `cbse_exam_timetable_id`, `cbse_exam_student_id`, `cbse_exam_assessment_type_id`, `is_absent`, `marks`, `note`, `created_at`) VALUES (1279, 0, 9, 27, 1, 0, '97.00', '', '2023-07-21 07:50:35');
INSERT INTO `cbse_student_subject_marks` (`id`, `cbse_exam_timetable_assessment_type_id`, `cbse_exam_timetable_id`, `cbse_exam_student_id`, `cbse_exam_assessment_type_id`, `is_absent`, `marks`, `note`, `created_at`) VALUES (1280, 0, 9, 27, 2, 0, '67.00', '', '2023-07-21 07:50:35');
INSERT INTO `cbse_student_subject_marks` (`id`, `cbse_exam_timetable_assessment_type_id`, `cbse_exam_timetable_id`, `cbse_exam_student_id`, `cbse_exam_assessment_type_id`, `is_absent`, `marks`, `note`, `created_at`) VALUES (1281, 0, 9, 27, 3, 0, '10.00', '', '2023-07-21 07:50:35');
INSERT INTO `cbse_student_subject_marks` (`id`, `cbse_exam_timetable_assessment_type_id`, `cbse_exam_timetable_id`, `cbse_exam_student_id`, `cbse_exam_assessment_type_id`, `is_absent`, `marks`, `note`, `created_at`) VALUES (1282, 0, 9, 28, 1, 0, '45.00', '', '2023-07-21 07:50:35');
INSERT INTO `cbse_student_subject_marks` (`id`, `cbse_exam_timetable_assessment_type_id`, `cbse_exam_timetable_id`, `cbse_exam_student_id`, `cbse_exam_assessment_type_id`, `is_absent`, `marks`, `note`, `created_at`) VALUES (1283, 0, 9, 28, 2, 0, '45.00', '', '2023-07-21 07:50:35');
INSERT INTO `cbse_student_subject_marks` (`id`, `cbse_exam_timetable_assessment_type_id`, `cbse_exam_timetable_id`, `cbse_exam_student_id`, `cbse_exam_assessment_type_id`, `is_absent`, `marks`, `note`, `created_at`) VALUES (1284, 0, 9, 28, 3, 0, '10.00', '', '2023-07-21 07:50:35');
INSERT INTO `cbse_student_subject_marks` (`id`, `cbse_exam_timetable_assessment_type_id`, `cbse_exam_timetable_id`, `cbse_exam_student_id`, `cbse_exam_assessment_type_id`, `is_absent`, `marks`, `note`, `created_at`) VALUES (1285, 0, 9, 29, 1, 0, '67.00', '', '2023-07-21 07:50:35');
INSERT INTO `cbse_student_subject_marks` (`id`, `cbse_exam_timetable_assessment_type_id`, `cbse_exam_timetable_id`, `cbse_exam_student_id`, `cbse_exam_assessment_type_id`, `is_absent`, `marks`, `note`, `created_at`) VALUES (1286, 0, 9, 29, 2, 0, '67.00', '', '2023-07-21 07:50:35');
INSERT INTO `cbse_student_subject_marks` (`id`, `cbse_exam_timetable_assessment_type_id`, `cbse_exam_timetable_id`, `cbse_exam_student_id`, `cbse_exam_assessment_type_id`, `is_absent`, `marks`, `note`, `created_at`) VALUES (1287, 0, 9, 29, 3, 0, '20.00', '', '2023-07-21 07:50:35');
INSERT INTO `cbse_student_subject_marks` (`id`, `cbse_exam_timetable_assessment_type_id`, `cbse_exam_timetable_id`, `cbse_exam_student_id`, `cbse_exam_assessment_type_id`, `is_absent`, `marks`, `note`, `created_at`) VALUES (1288, 0, 9, 30, 1, 0, '67.00', '', '2023-07-21 07:50:35');
INSERT INTO `cbse_student_subject_marks` (`id`, `cbse_exam_timetable_assessment_type_id`, `cbse_exam_timetable_id`, `cbse_exam_student_id`, `cbse_exam_assessment_type_id`, `is_absent`, `marks`, `note`, `created_at`) VALUES (1289, 0, 9, 30, 2, 0, '45.00', '', '2023-07-21 07:50:35');
INSERT INTO `cbse_student_subject_marks` (`id`, `cbse_exam_timetable_assessment_type_id`, `cbse_exam_timetable_id`, `cbse_exam_student_id`, `cbse_exam_assessment_type_id`, `is_absent`, `marks`, `note`, `created_at`) VALUES (1290, 0, 9, 30, 3, 0, '10.00', '', '2023-07-21 07:50:35');
INSERT INTO `cbse_student_subject_marks` (`id`, `cbse_exam_timetable_assessment_type_id`, `cbse_exam_timetable_id`, `cbse_exam_student_id`, `cbse_exam_assessment_type_id`, `is_absent`, `marks`, `note`, `created_at`) VALUES (1291, 0, 9, 31, 1, 0, '56.00', '', '2023-07-21 07:50:35');
INSERT INTO `cbse_student_subject_marks` (`id`, `cbse_exam_timetable_assessment_type_id`, `cbse_exam_timetable_id`, `cbse_exam_student_id`, `cbse_exam_assessment_type_id`, `is_absent`, `marks`, `note`, `created_at`) VALUES (1292, 0, 9, 31, 2, 1, '0.00', '', '2023-07-21 07:50:35');
INSERT INTO `cbse_student_subject_marks` (`id`, `cbse_exam_timetable_assessment_type_id`, `cbse_exam_timetable_id`, `cbse_exam_student_id`, `cbse_exam_assessment_type_id`, `is_absent`, `marks`, `note`, `created_at`) VALUES (1293, 0, 9, 31, 3, 0, '10.00', '', '2023-07-21 07:50:35');
INSERT INTO `cbse_student_subject_marks` (`id`, `cbse_exam_timetable_assessment_type_id`, `cbse_exam_timetable_id`, `cbse_exam_student_id`, `cbse_exam_assessment_type_id`, `is_absent`, `marks`, `note`, `created_at`) VALUES (1294, 0, 9, 32, 1, 0, '45.00', '', '2023-07-21 07:50:35');
INSERT INTO `cbse_student_subject_marks` (`id`, `cbse_exam_timetable_assessment_type_id`, `cbse_exam_timetable_id`, `cbse_exam_student_id`, `cbse_exam_assessment_type_id`, `is_absent`, `marks`, `note`, `created_at`) VALUES (1295, 0, 9, 32, 2, 0, '66.00', '', '2023-07-21 07:50:35');
INSERT INTO `cbse_student_subject_marks` (`id`, `cbse_exam_timetable_assessment_type_id`, `cbse_exam_timetable_id`, `cbse_exam_student_id`, `cbse_exam_assessment_type_id`, `is_absent`, `marks`, `note`, `created_at`) VALUES (1296, 0, 9, 32, 3, 0, '20.00', '', '2023-07-21 07:50:35');
INSERT INTO `cbse_student_subject_marks` (`id`, `cbse_exam_timetable_assessment_type_id`, `cbse_exam_timetable_id`, `cbse_exam_student_id`, `cbse_exam_assessment_type_id`, `is_absent`, `marks`, `note`, `created_at`) VALUES (1297, 0, 9, 33, 1, 0, '67.00', '', '2023-07-21 07:50:35');
INSERT INTO `cbse_student_subject_marks` (`id`, `cbse_exam_timetable_assessment_type_id`, `cbse_exam_timetable_id`, `cbse_exam_student_id`, `cbse_exam_assessment_type_id`, `is_absent`, `marks`, `note`, `created_at`) VALUES (1298, 0, 9, 33, 2, 0, '45.00', '', '2023-07-21 07:50:35');
INSERT INTO `cbse_student_subject_marks` (`id`, `cbse_exam_timetable_assessment_type_id`, `cbse_exam_timetable_id`, `cbse_exam_student_id`, `cbse_exam_assessment_type_id`, `is_absent`, `marks`, `note`, `created_at`) VALUES (1299, 0, 9, 33, 3, 0, '10.00', '', '2023-07-21 07:50:35');
INSERT INTO `cbse_student_subject_marks` (`id`, `cbse_exam_timetable_assessment_type_id`, `cbse_exam_timetable_id`, `cbse_exam_student_id`, `cbse_exam_assessment_type_id`, `is_absent`, `marks`, `note`, `created_at`) VALUES (1300, 0, 9, 34, 1, 0, '45.00', '', '2023-07-21 07:50:35');
INSERT INTO `cbse_student_subject_marks` (`id`, `cbse_exam_timetable_assessment_type_id`, `cbse_exam_timetable_id`, `cbse_exam_student_id`, `cbse_exam_assessment_type_id`, `is_absent`, `marks`, `note`, `created_at`) VALUES (1301, 0, 9, 34, 2, 0, '45.00', '', '2023-07-21 07:50:35');
INSERT INTO `cbse_student_subject_marks` (`id`, `cbse_exam_timetable_assessment_type_id`, `cbse_exam_timetable_id`, `cbse_exam_student_id`, `cbse_exam_assessment_type_id`, `is_absent`, `marks`, `note`, `created_at`) VALUES (1302, 0, 9, 34, 3, 0, '10.00', '', '2023-07-21 07:50:35');
INSERT INTO `cbse_student_subject_marks` (`id`, `cbse_exam_timetable_assessment_type_id`, `cbse_exam_timetable_id`, `cbse_exam_student_id`, `cbse_exam_assessment_type_id`, `is_absent`, `marks`, `note`, `created_at`) VALUES (1303, 0, 9, 35, 1, 0, '67.00', '', '2023-07-21 07:50:35');
INSERT INTO `cbse_student_subject_marks` (`id`, `cbse_exam_timetable_assessment_type_id`, `cbse_exam_timetable_id`, `cbse_exam_student_id`, `cbse_exam_assessment_type_id`, `is_absent`, `marks`, `note`, `created_at`) VALUES (1304, 0, 9, 35, 2, 0, '56.00', '', '2023-07-21 07:50:35');
INSERT INTO `cbse_student_subject_marks` (`id`, `cbse_exam_timetable_assessment_type_id`, `cbse_exam_timetable_id`, `cbse_exam_student_id`, `cbse_exam_assessment_type_id`, `is_absent`, `marks`, `note`, `created_at`) VALUES (1305, 0, 9, 35, 3, 0, '10.00', '', '2023-07-21 07:50:35');
INSERT INTO `cbse_student_subject_marks` (`id`, `cbse_exam_timetable_assessment_type_id`, `cbse_exam_timetable_id`, `cbse_exam_student_id`, `cbse_exam_assessment_type_id`, `is_absent`, `marks`, `note`, `created_at`) VALUES (1306, 0, 9, 78, 1, 0, '67.00', '', '2023-07-21 07:50:35');
INSERT INTO `cbse_student_subject_marks` (`id`, `cbse_exam_timetable_assessment_type_id`, `cbse_exam_timetable_id`, `cbse_exam_student_id`, `cbse_exam_assessment_type_id`, `is_absent`, `marks`, `note`, `created_at`) VALUES (1307, 0, 9, 78, 2, 0, '56.00', '', '2023-07-21 07:50:35');
INSERT INTO `cbse_student_subject_marks` (`id`, `cbse_exam_timetable_assessment_type_id`, `cbse_exam_timetable_id`, `cbse_exam_student_id`, `cbse_exam_assessment_type_id`, `is_absent`, `marks`, `note`, `created_at`) VALUES (1308, 0, 9, 78, 3, 0, '10.00', '', '2023-07-21 07:50:35');
INSERT INTO `cbse_student_subject_marks` (`id`, `cbse_exam_timetable_assessment_type_id`, `cbse_exam_timetable_id`, `cbse_exam_student_id`, `cbse_exam_assessment_type_id`, `is_absent`, `marks`, `note`, `created_at`) VALUES (1309, 0, 9, 79, 1, 0, '88.00', '', '2023-07-21 07:50:35');
INSERT INTO `cbse_student_subject_marks` (`id`, `cbse_exam_timetable_assessment_type_id`, `cbse_exam_timetable_id`, `cbse_exam_student_id`, `cbse_exam_assessment_type_id`, `is_absent`, `marks`, `note`, `created_at`) VALUES (1310, 0, 9, 79, 2, 0, '67.00', '', '2023-07-21 07:50:35');
INSERT INTO `cbse_student_subject_marks` (`id`, `cbse_exam_timetable_assessment_type_id`, `cbse_exam_timetable_id`, `cbse_exam_student_id`, `cbse_exam_assessment_type_id`, `is_absent`, `marks`, `note`, `created_at`) VALUES (1311, 0, 9, 79, 3, 0, '20.00', '', '2023-07-21 07:50:35');
INSERT INTO `cbse_student_subject_marks` (`id`, `cbse_exam_timetable_assessment_type_id`, `cbse_exam_timetable_id`, `cbse_exam_student_id`, `cbse_exam_assessment_type_id`, `is_absent`, `marks`, `note`, `created_at`) VALUES (1312, 0, 10, 26, 1, 0, '90.00', '', '2023-07-21 07:50:51');
INSERT INTO `cbse_student_subject_marks` (`id`, `cbse_exam_timetable_assessment_type_id`, `cbse_exam_timetable_id`, `cbse_exam_student_id`, `cbse_exam_assessment_type_id`, `is_absent`, `marks`, `note`, `created_at`) VALUES (1313, 0, 10, 26, 2, 0, '67.00', '', '2023-07-21 07:50:51');
INSERT INTO `cbse_student_subject_marks` (`id`, `cbse_exam_timetable_assessment_type_id`, `cbse_exam_timetable_id`, `cbse_exam_student_id`, `cbse_exam_assessment_type_id`, `is_absent`, `marks`, `note`, `created_at`) VALUES (1314, 0, 10, 26, 3, 0, '15.00', '', '2023-07-21 07:50:51');
INSERT INTO `cbse_student_subject_marks` (`id`, `cbse_exam_timetable_assessment_type_id`, `cbse_exam_timetable_id`, `cbse_exam_student_id`, `cbse_exam_assessment_type_id`, `is_absent`, `marks`, `note`, `created_at`) VALUES (1315, 0, 10, 27, 1, 0, '90.00', '', '2023-07-21 07:50:51');
INSERT INTO `cbse_student_subject_marks` (`id`, `cbse_exam_timetable_assessment_type_id`, `cbse_exam_timetable_id`, `cbse_exam_student_id`, `cbse_exam_assessment_type_id`, `is_absent`, `marks`, `note`, `created_at`) VALUES (1316, 0, 10, 27, 2, 0, '45.00', '', '2023-07-21 07:50:51');
INSERT INTO `cbse_student_subject_marks` (`id`, `cbse_exam_timetable_assessment_type_id`, `cbse_exam_timetable_id`, `cbse_exam_student_id`, `cbse_exam_assessment_type_id`, `is_absent`, `marks`, `note`, `created_at`) VALUES (1317, 0, 10, 27, 3, 0, '10.00', '', '2023-07-21 07:50:51');
INSERT INTO `cbse_student_subject_marks` (`id`, `cbse_exam_timetable_assessment_type_id`, `cbse_exam_timetable_id`, `cbse_exam_student_id`, `cbse_exam_assessment_type_id`, `is_absent`, `marks`, `note`, `created_at`) VALUES (1318, 0, 10, 28, 1, 0, '78.00', '', '2023-07-21 07:50:51');
INSERT INTO `cbse_student_subject_marks` (`id`, `cbse_exam_timetable_assessment_type_id`, `cbse_exam_timetable_id`, `cbse_exam_student_id`, `cbse_exam_assessment_type_id`, `is_absent`, `marks`, `note`, `created_at`) VALUES (1319, 0, 10, 28, 2, 0, '56.00', '', '2023-07-21 07:50:51');
INSERT INTO `cbse_student_subject_marks` (`id`, `cbse_exam_timetable_assessment_type_id`, `cbse_exam_timetable_id`, `cbse_exam_student_id`, `cbse_exam_assessment_type_id`, `is_absent`, `marks`, `note`, `created_at`) VALUES (1320, 0, 10, 28, 3, 0, '20.00', '', '2023-07-21 07:50:51');
INSERT INTO `cbse_student_subject_marks` (`id`, `cbse_exam_timetable_assessment_type_id`, `cbse_exam_timetable_id`, `cbse_exam_student_id`, `cbse_exam_assessment_type_id`, `is_absent`, `marks`, `note`, `created_at`) VALUES (1321, 0, 10, 29, 1, 0, '56.00', '', '2023-07-21 07:50:51');
INSERT INTO `cbse_student_subject_marks` (`id`, `cbse_exam_timetable_assessment_type_id`, `cbse_exam_timetable_id`, `cbse_exam_student_id`, `cbse_exam_assessment_type_id`, `is_absent`, `marks`, `note`, `created_at`) VALUES (1322, 0, 10, 29, 2, 0, '45.00', '', '2023-07-21 07:50:51');
INSERT INTO `cbse_student_subject_marks` (`id`, `cbse_exam_timetable_assessment_type_id`, `cbse_exam_timetable_id`, `cbse_exam_student_id`, `cbse_exam_assessment_type_id`, `is_absent`, `marks`, `note`, `created_at`) VALUES (1323, 0, 10, 29, 3, 0, '10.00', '', '2023-07-21 07:50:51');
INSERT INTO `cbse_student_subject_marks` (`id`, `cbse_exam_timetable_assessment_type_id`, `cbse_exam_timetable_id`, `cbse_exam_student_id`, `cbse_exam_assessment_type_id`, `is_absent`, `marks`, `note`, `created_at`) VALUES (1324, 0, 10, 30, 1, 0, '78.00', '', '2023-07-21 07:50:51');
INSERT INTO `cbse_student_subject_marks` (`id`, `cbse_exam_timetable_assessment_type_id`, `cbse_exam_timetable_id`, `cbse_exam_student_id`, `cbse_exam_assessment_type_id`, `is_absent`, `marks`, `note`, `created_at`) VALUES (1325, 0, 10, 30, 2, 0, '67.00', '', '2023-07-21 07:50:51');
INSERT INTO `cbse_student_subject_marks` (`id`, `cbse_exam_timetable_assessment_type_id`, `cbse_exam_timetable_id`, `cbse_exam_student_id`, `cbse_exam_assessment_type_id`, `is_absent`, `marks`, `note`, `created_at`) VALUES (1326, 0, 10, 30, 3, 0, '15.00', '', '2023-07-21 07:50:51');
INSERT INTO `cbse_student_subject_marks` (`id`, `cbse_exam_timetable_assessment_type_id`, `cbse_exam_timetable_id`, `cbse_exam_student_id`, `cbse_exam_assessment_type_id`, `is_absent`, `marks`, `note`, `created_at`) VALUES (1327, 0, 10, 31, 1, 0, '45.00', '', '2023-07-21 07:50:51');
INSERT INTO `cbse_student_subject_marks` (`id`, `cbse_exam_timetable_assessment_type_id`, `cbse_exam_timetable_id`, `cbse_exam_student_id`, `cbse_exam_assessment_type_id`, `is_absent`, `marks`, `note`, `created_at`) VALUES (1328, 0, 10, 31, 2, 0, '45.00', '', '2023-07-21 07:50:51');
INSERT INTO `cbse_student_subject_marks` (`id`, `cbse_exam_timetable_assessment_type_id`, `cbse_exam_timetable_id`, `cbse_exam_student_id`, `cbse_exam_assessment_type_id`, `is_absent`, `marks`, `note`, `created_at`) VALUES (1329, 0, 10, 31, 3, 0, '10.00', '', '2023-07-21 07:50:51');
INSERT INTO `cbse_student_subject_marks` (`id`, `cbse_exam_timetable_assessment_type_id`, `cbse_exam_timetable_id`, `cbse_exam_student_id`, `cbse_exam_assessment_type_id`, `is_absent`, `marks`, `note`, `created_at`) VALUES (1330, 0, 10, 32, 1, 0, '67.00', '', '2023-07-21 07:50:51');
INSERT INTO `cbse_student_subject_marks` (`id`, `cbse_exam_timetable_assessment_type_id`, `cbse_exam_timetable_id`, `cbse_exam_student_id`, `cbse_exam_assessment_type_id`, `is_absent`, `marks`, `note`, `created_at`) VALUES (1331, 0, 10, 32, 2, 0, '67.00', '', '2023-07-21 07:50:51');
INSERT INTO `cbse_student_subject_marks` (`id`, `cbse_exam_timetable_assessment_type_id`, `cbse_exam_timetable_id`, `cbse_exam_student_id`, `cbse_exam_assessment_type_id`, `is_absent`, `marks`, `note`, `created_at`) VALUES (1332, 0, 10, 32, 3, 0, '14.00', '', '2023-07-21 07:50:51');
INSERT INTO `cbse_student_subject_marks` (`id`, `cbse_exam_timetable_assessment_type_id`, `cbse_exam_timetable_id`, `cbse_exam_student_id`, `cbse_exam_assessment_type_id`, `is_absent`, `marks`, `note`, `created_at`) VALUES (1333, 0, 10, 33, 1, 0, '78.00', '', '2023-07-21 07:50:51');
INSERT INTO `cbse_student_subject_marks` (`id`, `cbse_exam_timetable_assessment_type_id`, `cbse_exam_timetable_id`, `cbse_exam_student_id`, `cbse_exam_assessment_type_id`, `is_absent`, `marks`, `note`, `created_at`) VALUES (1334, 0, 10, 33, 2, 0, '45.00', '', '2023-07-21 07:50:51');
INSERT INTO `cbse_student_subject_marks` (`id`, `cbse_exam_timetable_assessment_type_id`, `cbse_exam_timetable_id`, `cbse_exam_student_id`, `cbse_exam_assessment_type_id`, `is_absent`, `marks`, `note`, `created_at`) VALUES (1335, 0, 10, 33, 3, 0, '10.00', '', '2023-07-21 07:50:51');
INSERT INTO `cbse_student_subject_marks` (`id`, `cbse_exam_timetable_assessment_type_id`, `cbse_exam_timetable_id`, `cbse_exam_student_id`, `cbse_exam_assessment_type_id`, `is_absent`, `marks`, `note`, `created_at`) VALUES (1336, 0, 10, 34, 1, 0, '45.00', '', '2023-07-21 07:50:51');
INSERT INTO `cbse_student_subject_marks` (`id`, `cbse_exam_timetable_assessment_type_id`, `cbse_exam_timetable_id`, `cbse_exam_student_id`, `cbse_exam_assessment_type_id`, `is_absent`, `marks`, `note`, `created_at`) VALUES (1337, 0, 10, 34, 2, 0, '34.00', '', '2023-07-21 07:50:51');
INSERT INTO `cbse_student_subject_marks` (`id`, `cbse_exam_timetable_assessment_type_id`, `cbse_exam_timetable_id`, `cbse_exam_student_id`, `cbse_exam_assessment_type_id`, `is_absent`, `marks`, `note`, `created_at`) VALUES (1338, 0, 10, 34, 3, 1, '0.00', '', '2023-07-21 07:50:51');
INSERT INTO `cbse_student_subject_marks` (`id`, `cbse_exam_timetable_assessment_type_id`, `cbse_exam_timetable_id`, `cbse_exam_student_id`, `cbse_exam_assessment_type_id`, `is_absent`, `marks`, `note`, `created_at`) VALUES (1339, 0, 10, 35, 1, 0, '67.00', '', '2023-07-21 07:50:51');
INSERT INTO `cbse_student_subject_marks` (`id`, `cbse_exam_timetable_assessment_type_id`, `cbse_exam_timetable_id`, `cbse_exam_student_id`, `cbse_exam_assessment_type_id`, `is_absent`, `marks`, `note`, `created_at`) VALUES (1340, 0, 10, 35, 2, 0, '55.00', '', '2023-07-21 07:50:51');
INSERT INTO `cbse_student_subject_marks` (`id`, `cbse_exam_timetable_assessment_type_id`, `cbse_exam_timetable_id`, `cbse_exam_student_id`, `cbse_exam_assessment_type_id`, `is_absent`, `marks`, `note`, `created_at`) VALUES (1341, 0, 10, 35, 3, 0, '10.00', '', '2023-07-21 07:50:51');
INSERT INTO `cbse_student_subject_marks` (`id`, `cbse_exam_timetable_assessment_type_id`, `cbse_exam_timetable_id`, `cbse_exam_student_id`, `cbse_exam_assessment_type_id`, `is_absent`, `marks`, `note`, `created_at`) VALUES (1342, 0, 10, 78, 1, 0, '76.00', '', '2023-07-21 07:50:51');
INSERT INTO `cbse_student_subject_marks` (`id`, `cbse_exam_timetable_assessment_type_id`, `cbse_exam_timetable_id`, `cbse_exam_student_id`, `cbse_exam_assessment_type_id`, `is_absent`, `marks`, `note`, `created_at`) VALUES (1343, 0, 10, 78, 2, 0, '67.00', '', '2023-07-21 07:50:51');
INSERT INTO `cbse_student_subject_marks` (`id`, `cbse_exam_timetable_assessment_type_id`, `cbse_exam_timetable_id`, `cbse_exam_student_id`, `cbse_exam_assessment_type_id`, `is_absent`, `marks`, `note`, `created_at`) VALUES (1344, 0, 10, 78, 3, 0, '15.00', '', '2023-07-21 07:50:51');
INSERT INTO `cbse_student_subject_marks` (`id`, `cbse_exam_timetable_assessment_type_id`, `cbse_exam_timetable_id`, `cbse_exam_student_id`, `cbse_exam_assessment_type_id`, `is_absent`, `marks`, `note`, `created_at`) VALUES (1345, 0, 10, 79, 1, 0, '45.00', '', '2023-07-21 07:50:51');
INSERT INTO `cbse_student_subject_marks` (`id`, `cbse_exam_timetable_assessment_type_id`, `cbse_exam_timetable_id`, `cbse_exam_student_id`, `cbse_exam_assessment_type_id`, `is_absent`, `marks`, `note`, `created_at`) VALUES (1346, 0, 10, 79, 2, 0, '34.00', '', '2023-07-21 07:50:51');
INSERT INTO `cbse_student_subject_marks` (`id`, `cbse_exam_timetable_assessment_type_id`, `cbse_exam_timetable_id`, `cbse_exam_student_id`, `cbse_exam_assessment_type_id`, `is_absent`, `marks`, `note`, `created_at`) VALUES (1347, 0, 10, 79, 3, 0, '20.00', '', '2023-07-21 07:50:51');
INSERT INTO `cbse_student_subject_marks` (`id`, `cbse_exam_timetable_assessment_type_id`, `cbse_exam_timetable_id`, `cbse_exam_student_id`, `cbse_exam_assessment_type_id`, `is_absent`, `marks`, `note`, `created_at`) VALUES (1348, 0, 11, 26, 1, 0, '99.00', '', '2023-07-21 07:51:04');
INSERT INTO `cbse_student_subject_marks` (`id`, `cbse_exam_timetable_assessment_type_id`, `cbse_exam_timetable_id`, `cbse_exam_student_id`, `cbse_exam_assessment_type_id`, `is_absent`, `marks`, `note`, `created_at`) VALUES (1349, 0, 11, 26, 2, 0, '67.00', '', '2023-07-21 07:51:04');
INSERT INTO `cbse_student_subject_marks` (`id`, `cbse_exam_timetable_assessment_type_id`, `cbse_exam_timetable_id`, `cbse_exam_student_id`, `cbse_exam_assessment_type_id`, `is_absent`, `marks`, `note`, `created_at`) VALUES (1350, 0, 11, 26, 3, 0, '10.00', '', '2023-07-21 07:51:04');
INSERT INTO `cbse_student_subject_marks` (`id`, `cbse_exam_timetable_assessment_type_id`, `cbse_exam_timetable_id`, `cbse_exam_student_id`, `cbse_exam_assessment_type_id`, `is_absent`, `marks`, `note`, `created_at`) VALUES (1351, 0, 11, 27, 1, 0, '78.00', '', '2023-07-21 07:51:04');
INSERT INTO `cbse_student_subject_marks` (`id`, `cbse_exam_timetable_assessment_type_id`, `cbse_exam_timetable_id`, `cbse_exam_student_id`, `cbse_exam_assessment_type_id`, `is_absent`, `marks`, `note`, `created_at`) VALUES (1352, 0, 11, 27, 2, 0, '45.00', '', '2023-07-21 07:51:04');
INSERT INTO `cbse_student_subject_marks` (`id`, `cbse_exam_timetable_assessment_type_id`, `cbse_exam_timetable_id`, `cbse_exam_student_id`, `cbse_exam_assessment_type_id`, `is_absent`, `marks`, `note`, `created_at`) VALUES (1353, 0, 11, 27, 3, 0, '20.00', '', '2023-07-21 07:51:04');
INSERT INTO `cbse_student_subject_marks` (`id`, `cbse_exam_timetable_assessment_type_id`, `cbse_exam_timetable_id`, `cbse_exam_student_id`, `cbse_exam_assessment_type_id`, `is_absent`, `marks`, `note`, `created_at`) VALUES (1354, 0, 11, 28, 1, 0, '56.00', '', '2023-07-21 07:51:04');
INSERT INTO `cbse_student_subject_marks` (`id`, `cbse_exam_timetable_assessment_type_id`, `cbse_exam_timetable_id`, `cbse_exam_student_id`, `cbse_exam_assessment_type_id`, `is_absent`, `marks`, `note`, `created_at`) VALUES (1355, 0, 11, 28, 2, 0, '67.00', '', '2023-07-21 07:51:04');
INSERT INTO `cbse_student_subject_marks` (`id`, `cbse_exam_timetable_assessment_type_id`, `cbse_exam_timetable_id`, `cbse_exam_student_id`, `cbse_exam_assessment_type_id`, `is_absent`, `marks`, `note`, `created_at`) VALUES (1356, 0, 11, 28, 3, 0, '10.00', '', '2023-07-21 07:51:04');
INSERT INTO `cbse_student_subject_marks` (`id`, `cbse_exam_timetable_assessment_type_id`, `cbse_exam_timetable_id`, `cbse_exam_student_id`, `cbse_exam_assessment_type_id`, `is_absent`, `marks`, `note`, `created_at`) VALUES (1357, 0, 11, 29, 1, 0, '67.00', '', '2023-07-21 07:51:04');
INSERT INTO `cbse_student_subject_marks` (`id`, `cbse_exam_timetable_assessment_type_id`, `cbse_exam_timetable_id`, `cbse_exam_student_id`, `cbse_exam_assessment_type_id`, `is_absent`, `marks`, `note`, `created_at`) VALUES (1358, 0, 11, 29, 2, 0, '45.00', '', '2023-07-21 07:51:04');
INSERT INTO `cbse_student_subject_marks` (`id`, `cbse_exam_timetable_assessment_type_id`, `cbse_exam_timetable_id`, `cbse_exam_student_id`, `cbse_exam_assessment_type_id`, `is_absent`, `marks`, `note`, `created_at`) VALUES (1359, 0, 11, 29, 3, 0, '20.00', '', '2023-07-21 07:51:04');
INSERT INTO `cbse_student_subject_marks` (`id`, `cbse_exam_timetable_assessment_type_id`, `cbse_exam_timetable_id`, `cbse_exam_student_id`, `cbse_exam_assessment_type_id`, `is_absent`, `marks`, `note`, `created_at`) VALUES (1360, 0, 11, 30, 1, 0, '45.00', '', '2023-07-21 07:51:04');
INSERT INTO `cbse_student_subject_marks` (`id`, `cbse_exam_timetable_assessment_type_id`, `cbse_exam_timetable_id`, `cbse_exam_student_id`, `cbse_exam_assessment_type_id`, `is_absent`, `marks`, `note`, `created_at`) VALUES (1361, 0, 11, 30, 2, 0, '67.00', '', '2023-07-21 07:51:04');
INSERT INTO `cbse_student_subject_marks` (`id`, `cbse_exam_timetable_assessment_type_id`, `cbse_exam_timetable_id`, `cbse_exam_student_id`, `cbse_exam_assessment_type_id`, `is_absent`, `marks`, `note`, `created_at`) VALUES (1362, 0, 11, 30, 3, 0, '10.00', '', '2023-07-21 07:51:04');
INSERT INTO `cbse_student_subject_marks` (`id`, `cbse_exam_timetable_assessment_type_id`, `cbse_exam_timetable_id`, `cbse_exam_student_id`, `cbse_exam_assessment_type_id`, `is_absent`, `marks`, `note`, `created_at`) VALUES (1363, 0, 11, 31, 1, 0, '56.00', '', '2023-07-21 07:51:04');
INSERT INTO `cbse_student_subject_marks` (`id`, `cbse_exam_timetable_assessment_type_id`, `cbse_exam_timetable_id`, `cbse_exam_student_id`, `cbse_exam_assessment_type_id`, `is_absent`, `marks`, `note`, `created_at`) VALUES (1364, 0, 11, 31, 2, 0, '45.00', '', '2023-07-21 07:51:04');
INSERT INTO `cbse_student_subject_marks` (`id`, `cbse_exam_timetable_assessment_type_id`, `cbse_exam_timetable_id`, `cbse_exam_student_id`, `cbse_exam_assessment_type_id`, `is_absent`, `marks`, `note`, `created_at`) VALUES (1365, 0, 11, 31, 3, 0, '10.00', '', '2023-07-21 07:51:04');
INSERT INTO `cbse_student_subject_marks` (`id`, `cbse_exam_timetable_assessment_type_id`, `cbse_exam_timetable_id`, `cbse_exam_student_id`, `cbse_exam_assessment_type_id`, `is_absent`, `marks`, `note`, `created_at`) VALUES (1366, 0, 11, 32, 1, 0, '34.00', '', '2023-07-21 07:51:04');
INSERT INTO `cbse_student_subject_marks` (`id`, `cbse_exam_timetable_assessment_type_id`, `cbse_exam_timetable_id`, `cbse_exam_student_id`, `cbse_exam_assessment_type_id`, `is_absent`, `marks`, `note`, `created_at`) VALUES (1367, 0, 11, 32, 2, 0, '65.00', '', '2023-07-21 07:51:04');
INSERT INTO `cbse_student_subject_marks` (`id`, `cbse_exam_timetable_assessment_type_id`, `cbse_exam_timetable_id`, `cbse_exam_student_id`, `cbse_exam_assessment_type_id`, `is_absent`, `marks`, `note`, `created_at`) VALUES (1368, 0, 11, 32, 3, 1, '0.00', '', '2023-07-21 07:51:04');
INSERT INTO `cbse_student_subject_marks` (`id`, `cbse_exam_timetable_assessment_type_id`, `cbse_exam_timetable_id`, `cbse_exam_student_id`, `cbse_exam_assessment_type_id`, `is_absent`, `marks`, `note`, `created_at`) VALUES (1369, 0, 11, 33, 1, 1, '0.00', '', '2023-07-21 07:51:04');
INSERT INTO `cbse_student_subject_marks` (`id`, `cbse_exam_timetable_assessment_type_id`, `cbse_exam_timetable_id`, `cbse_exam_student_id`, `cbse_exam_assessment_type_id`, `is_absent`, `marks`, `note`, `created_at`) VALUES (1370, 0, 11, 33, 2, 0, '56.00', '', '2023-07-21 07:51:04');
INSERT INTO `cbse_student_subject_marks` (`id`, `cbse_exam_timetable_assessment_type_id`, `cbse_exam_timetable_id`, `cbse_exam_student_id`, `cbse_exam_assessment_type_id`, `is_absent`, `marks`, `note`, `created_at`) VALUES (1371, 0, 11, 33, 3, 0, '10.00', '', '2023-07-21 07:51:04');
INSERT INTO `cbse_student_subject_marks` (`id`, `cbse_exam_timetable_assessment_type_id`, `cbse_exam_timetable_id`, `cbse_exam_student_id`, `cbse_exam_assessment_type_id`, `is_absent`, `marks`, `note`, `created_at`) VALUES (1372, 0, 11, 34, 1, 1, '0.00', '', '2023-07-21 07:51:04');
INSERT INTO `cbse_student_subject_marks` (`id`, `cbse_exam_timetable_assessment_type_id`, `cbse_exam_timetable_id`, `cbse_exam_student_id`, `cbse_exam_assessment_type_id`, `is_absent`, `marks`, `note`, `created_at`) VALUES (1373, 0, 11, 34, 2, 0, '34.00', '', '2023-07-21 07:51:04');
INSERT INTO `cbse_student_subject_marks` (`id`, `cbse_exam_timetable_assessment_type_id`, `cbse_exam_timetable_id`, `cbse_exam_student_id`, `cbse_exam_assessment_type_id`, `is_absent`, `marks`, `note`, `created_at`) VALUES (1374, 0, 11, 34, 3, 0, '10.00', '', '2023-07-21 07:51:04');
INSERT INTO `cbse_student_subject_marks` (`id`, `cbse_exam_timetable_assessment_type_id`, `cbse_exam_timetable_id`, `cbse_exam_student_id`, `cbse_exam_assessment_type_id`, `is_absent`, `marks`, `note`, `created_at`) VALUES (1375, 0, 11, 35, 1, 0, '78.00', '', '2023-07-21 07:51:04');
INSERT INTO `cbse_student_subject_marks` (`id`, `cbse_exam_timetable_assessment_type_id`, `cbse_exam_timetable_id`, `cbse_exam_student_id`, `cbse_exam_assessment_type_id`, `is_absent`, `marks`, `note`, `created_at`) VALUES (1376, 0, 11, 35, 2, 0, '67.00', '', '2023-07-21 07:51:04');
INSERT INTO `cbse_student_subject_marks` (`id`, `cbse_exam_timetable_assessment_type_id`, `cbse_exam_timetable_id`, `cbse_exam_student_id`, `cbse_exam_assessment_type_id`, `is_absent`, `marks`, `note`, `created_at`) VALUES (1377, 0, 11, 35, 3, 0, '20.00', '', '2023-07-21 07:51:04');
INSERT INTO `cbse_student_subject_marks` (`id`, `cbse_exam_timetable_assessment_type_id`, `cbse_exam_timetable_id`, `cbse_exam_student_id`, `cbse_exam_assessment_type_id`, `is_absent`, `marks`, `note`, `created_at`) VALUES (1378, 0, 11, 78, 1, 0, '67.00', '', '2023-07-21 07:51:04');
INSERT INTO `cbse_student_subject_marks` (`id`, `cbse_exam_timetable_assessment_type_id`, `cbse_exam_timetable_id`, `cbse_exam_student_id`, `cbse_exam_assessment_type_id`, `is_absent`, `marks`, `note`, `created_at`) VALUES (1379, 0, 11, 78, 2, 0, '64.00', '', '2023-07-21 07:51:04');
INSERT INTO `cbse_student_subject_marks` (`id`, `cbse_exam_timetable_assessment_type_id`, `cbse_exam_timetable_id`, `cbse_exam_student_id`, `cbse_exam_assessment_type_id`, `is_absent`, `marks`, `note`, `created_at`) VALUES (1380, 0, 11, 78, 3, 0, '20.00', '', '2023-07-21 07:51:04');
INSERT INTO `cbse_student_subject_marks` (`id`, `cbse_exam_timetable_assessment_type_id`, `cbse_exam_timetable_id`, `cbse_exam_student_id`, `cbse_exam_assessment_type_id`, `is_absent`, `marks`, `note`, `created_at`) VALUES (1381, 0, 11, 79, 1, 0, '34.00', '', '2023-07-21 07:51:04');
INSERT INTO `cbse_student_subject_marks` (`id`, `cbse_exam_timetable_assessment_type_id`, `cbse_exam_timetable_id`, `cbse_exam_student_id`, `cbse_exam_assessment_type_id`, `is_absent`, `marks`, `note`, `created_at`) VALUES (1382, 0, 11, 79, 2, 0, '55.00', '', '2023-07-21 07:51:04');
INSERT INTO `cbse_student_subject_marks` (`id`, `cbse_exam_timetable_assessment_type_id`, `cbse_exam_timetable_id`, `cbse_exam_student_id`, `cbse_exam_assessment_type_id`, `is_absent`, `marks`, `note`, `created_at`) VALUES (1383, 0, 11, 79, 3, 0, '10.00', '', '2023-07-21 07:51:04');
INSERT INTO `cbse_student_subject_marks` (`id`, `cbse_exam_timetable_assessment_type_id`, `cbse_exam_timetable_id`, `cbse_exam_student_id`, `cbse_exam_assessment_type_id`, `is_absent`, `marks`, `note`, `created_at`) VALUES (1384, 0, 32, 80, 4, 0, '99.00', '', '2023-08-05 07:35:15');
INSERT INTO `cbse_student_subject_marks` (`id`, `cbse_exam_timetable_assessment_type_id`, `cbse_exam_timetable_id`, `cbse_exam_student_id`, `cbse_exam_assessment_type_id`, `is_absent`, `marks`, `note`, `created_at`) VALUES (1385, 0, 32, 80, 5, 0, '74.00', '', '2023-08-05 07:35:15');
INSERT INTO `cbse_student_subject_marks` (`id`, `cbse_exam_timetable_assessment_type_id`, `cbse_exam_timetable_id`, `cbse_exam_student_id`, `cbse_exam_assessment_type_id`, `is_absent`, `marks`, `note`, `created_at`) VALUES (1386, 0, 32, 81, 4, 0, '99.00', '', '2023-08-05 07:35:15');
INSERT INTO `cbse_student_subject_marks` (`id`, `cbse_exam_timetable_assessment_type_id`, `cbse_exam_timetable_id`, `cbse_exam_student_id`, `cbse_exam_assessment_type_id`, `is_absent`, `marks`, `note`, `created_at`) VALUES (1387, 0, 32, 81, 5, 0, '74.00', '', '2023-08-05 07:35:15');
INSERT INTO `cbse_student_subject_marks` (`id`, `cbse_exam_timetable_assessment_type_id`, `cbse_exam_timetable_id`, `cbse_exam_student_id`, `cbse_exam_assessment_type_id`, `is_absent`, `marks`, `note`, `created_at`) VALUES (1388, 0, 32, 82, 4, 0, '89.00', '', '2023-08-05 07:35:15');
INSERT INTO `cbse_student_subject_marks` (`id`, `cbse_exam_timetable_assessment_type_id`, `cbse_exam_timetable_id`, `cbse_exam_student_id`, `cbse_exam_assessment_type_id`, `is_absent`, `marks`, `note`, `created_at`) VALUES (1389, 0, 32, 82, 5, 0, '45.00', '', '2023-08-05 07:35:15');
INSERT INTO `cbse_student_subject_marks` (`id`, `cbse_exam_timetable_assessment_type_id`, `cbse_exam_timetable_id`, `cbse_exam_student_id`, `cbse_exam_assessment_type_id`, `is_absent`, `marks`, `note`, `created_at`) VALUES (1390, 0, 32, 83, 4, 0, '56.00', '', '2023-08-05 07:35:15');
INSERT INTO `cbse_student_subject_marks` (`id`, `cbse_exam_timetable_assessment_type_id`, `cbse_exam_timetable_id`, `cbse_exam_student_id`, `cbse_exam_assessment_type_id`, `is_absent`, `marks`, `note`, `created_at`) VALUES (1391, 0, 32, 83, 5, 0, '67.00', '', '2023-08-05 07:35:15');
INSERT INTO `cbse_student_subject_marks` (`id`, `cbse_exam_timetable_assessment_type_id`, `cbse_exam_timetable_id`, `cbse_exam_student_id`, `cbse_exam_assessment_type_id`, `is_absent`, `marks`, `note`, `created_at`) VALUES (1392, 0, 32, 84, 4, 0, '78.00', '', '2023-08-05 07:35:15');
INSERT INTO `cbse_student_subject_marks` (`id`, `cbse_exam_timetable_assessment_type_id`, `cbse_exam_timetable_id`, `cbse_exam_student_id`, `cbse_exam_assessment_type_id`, `is_absent`, `marks`, `note`, `created_at`) VALUES (1393, 0, 32, 84, 5, 0, '34.00', '', '2023-08-05 07:35:15');
INSERT INTO `cbse_student_subject_marks` (`id`, `cbse_exam_timetable_assessment_type_id`, `cbse_exam_timetable_id`, `cbse_exam_student_id`, `cbse_exam_assessment_type_id`, `is_absent`, `marks`, `note`, `created_at`) VALUES (1394, 0, 32, 85, 4, 0, '45.00', '', '2023-08-05 07:35:15');
INSERT INTO `cbse_student_subject_marks` (`id`, `cbse_exam_timetable_assessment_type_id`, `cbse_exam_timetable_id`, `cbse_exam_student_id`, `cbse_exam_assessment_type_id`, `is_absent`, `marks`, `note`, `created_at`) VALUES (1395, 0, 32, 85, 5, 1, '0.00', '', '2023-08-05 07:35:15');
INSERT INTO `cbse_student_subject_marks` (`id`, `cbse_exam_timetable_assessment_type_id`, `cbse_exam_timetable_id`, `cbse_exam_student_id`, `cbse_exam_assessment_type_id`, `is_absent`, `marks`, `note`, `created_at`) VALUES (1396, 0, 32, 86, 4, 0, '67.00', '', '2023-08-05 07:35:15');
INSERT INTO `cbse_student_subject_marks` (`id`, `cbse_exam_timetable_assessment_type_id`, `cbse_exam_timetable_id`, `cbse_exam_student_id`, `cbse_exam_assessment_type_id`, `is_absent`, `marks`, `note`, `created_at`) VALUES (1397, 0, 32, 86, 5, 0, '45.00', '', '2023-08-05 07:35:15');
INSERT INTO `cbse_student_subject_marks` (`id`, `cbse_exam_timetable_assessment_type_id`, `cbse_exam_timetable_id`, `cbse_exam_student_id`, `cbse_exam_assessment_type_id`, `is_absent`, `marks`, `note`, `created_at`) VALUES (1398, 0, 32, 87, 4, 0, '78.00', '', '2023-08-05 07:35:15');
INSERT INTO `cbse_student_subject_marks` (`id`, `cbse_exam_timetable_assessment_type_id`, `cbse_exam_timetable_id`, `cbse_exam_student_id`, `cbse_exam_assessment_type_id`, `is_absent`, `marks`, `note`, `created_at`) VALUES (1399, 0, 32, 87, 5, 0, '56.00', '', '2023-08-05 07:35:15');
INSERT INTO `cbse_student_subject_marks` (`id`, `cbse_exam_timetable_assessment_type_id`, `cbse_exam_timetable_id`, `cbse_exam_student_id`, `cbse_exam_assessment_type_id`, `is_absent`, `marks`, `note`, `created_at`) VALUES (1400, 0, 32, 88, 4, 0, '56.00', '', '2023-08-05 07:35:15');
INSERT INTO `cbse_student_subject_marks` (`id`, `cbse_exam_timetable_assessment_type_id`, `cbse_exam_timetable_id`, `cbse_exam_student_id`, `cbse_exam_assessment_type_id`, `is_absent`, `marks`, `note`, `created_at`) VALUES (1401, 0, 32, 88, 5, 0, '53.00', '', '2023-08-05 07:35:15');
INSERT INTO `cbse_student_subject_marks` (`id`, `cbse_exam_timetable_assessment_type_id`, `cbse_exam_timetable_id`, `cbse_exam_student_id`, `cbse_exam_assessment_type_id`, `is_absent`, `marks`, `note`, `created_at`) VALUES (1402, 0, 32, 89, 4, 0, '44.00', '', '2023-08-05 07:35:15');
INSERT INTO `cbse_student_subject_marks` (`id`, `cbse_exam_timetable_assessment_type_id`, `cbse_exam_timetable_id`, `cbse_exam_student_id`, `cbse_exam_assessment_type_id`, `is_absent`, `marks`, `note`, `created_at`) VALUES (1403, 0, 32, 89, 5, 0, '75.00', '', '2023-08-05 07:35:15');
INSERT INTO `cbse_student_subject_marks` (`id`, `cbse_exam_timetable_assessment_type_id`, `cbse_exam_timetable_id`, `cbse_exam_student_id`, `cbse_exam_assessment_type_id`, `is_absent`, `marks`, `note`, `created_at`) VALUES (1404, 0, 32, 90, 4, 0, '34.00', '', '2023-08-05 07:35:15');
INSERT INTO `cbse_student_subject_marks` (`id`, `cbse_exam_timetable_assessment_type_id`, `cbse_exam_timetable_id`, `cbse_exam_student_id`, `cbse_exam_assessment_type_id`, `is_absent`, `marks`, `note`, `created_at`) VALUES (1405, 0, 32, 90, 5, 0, '45.00', '', '2023-08-05 07:35:15');
INSERT INTO `cbse_student_subject_marks` (`id`, `cbse_exam_timetable_assessment_type_id`, `cbse_exam_timetable_id`, `cbse_exam_student_id`, `cbse_exam_assessment_type_id`, `is_absent`, `marks`, `note`, `created_at`) VALUES (1406, 0, 32, 91, 4, 0, '56.00', '', '2023-08-05 07:35:15');
INSERT INTO `cbse_student_subject_marks` (`id`, `cbse_exam_timetable_assessment_type_id`, `cbse_exam_timetable_id`, `cbse_exam_student_id`, `cbse_exam_assessment_type_id`, `is_absent`, `marks`, `note`, `created_at`) VALUES (1407, 0, 32, 91, 5, 0, '34.00', '', '2023-08-05 07:35:15');
INSERT INTO `cbse_student_subject_marks` (`id`, `cbse_exam_timetable_assessment_type_id`, `cbse_exam_timetable_id`, `cbse_exam_student_id`, `cbse_exam_assessment_type_id`, `is_absent`, `marks`, `note`, `created_at`) VALUES (1408, 0, 32, 92, 4, 0, '75.00', '', '2023-08-05 07:35:15');
INSERT INTO `cbse_student_subject_marks` (`id`, `cbse_exam_timetable_assessment_type_id`, `cbse_exam_timetable_id`, `cbse_exam_student_id`, `cbse_exam_assessment_type_id`, `is_absent`, `marks`, `note`, `created_at`) VALUES (1409, 0, 32, 92, 5, 0, '45.00', '', '2023-08-05 07:35:15');
INSERT INTO `cbse_student_subject_marks` (`id`, `cbse_exam_timetable_assessment_type_id`, `cbse_exam_timetable_id`, `cbse_exam_student_id`, `cbse_exam_assessment_type_id`, `is_absent`, `marks`, `note`, `created_at`) VALUES (1410, 0, 33, 80, 4, 0, '56.00', '', '2023-08-05 07:36:08');
INSERT INTO `cbse_student_subject_marks` (`id`, `cbse_exam_timetable_assessment_type_id`, `cbse_exam_timetable_id`, `cbse_exam_student_id`, `cbse_exam_assessment_type_id`, `is_absent`, `marks`, `note`, `created_at`) VALUES (1411, 0, 33, 80, 5, 0, '45.00', '', '2023-08-05 07:36:08');
INSERT INTO `cbse_student_subject_marks` (`id`, `cbse_exam_timetable_assessment_type_id`, `cbse_exam_timetable_id`, `cbse_exam_student_id`, `cbse_exam_assessment_type_id`, `is_absent`, `marks`, `note`, `created_at`) VALUES (1412, 0, 33, 81, 4, 0, '90.00', 'Good', '2023-08-05 07:36:08');
INSERT INTO `cbse_student_subject_marks` (`id`, `cbse_exam_timetable_assessment_type_id`, `cbse_exam_timetable_id`, `cbse_exam_student_id`, `cbse_exam_assessment_type_id`, `is_absent`, `marks`, `note`, `created_at`) VALUES (1413, 0, 33, 81, 5, 0, '45.00', 'Good', '2023-08-05 07:36:08');
INSERT INTO `cbse_student_subject_marks` (`id`, `cbse_exam_timetable_assessment_type_id`, `cbse_exam_timetable_id`, `cbse_exam_student_id`, `cbse_exam_assessment_type_id`, `is_absent`, `marks`, `note`, `created_at`) VALUES (1414, 0, 33, 82, 4, 0, '67.00', '', '2023-08-05 07:36:08');
INSERT INTO `cbse_student_subject_marks` (`id`, `cbse_exam_timetable_assessment_type_id`, `cbse_exam_timetable_id`, `cbse_exam_student_id`, `cbse_exam_assessment_type_id`, `is_absent`, `marks`, `note`, `created_at`) VALUES (1415, 0, 33, 82, 5, 0, '67.00', '', '2023-08-05 07:36:08');
INSERT INTO `cbse_student_subject_marks` (`id`, `cbse_exam_timetable_assessment_type_id`, `cbse_exam_timetable_id`, `cbse_exam_student_id`, `cbse_exam_assessment_type_id`, `is_absent`, `marks`, `note`, `created_at`) VALUES (1416, 0, 33, 83, 4, 0, '45.00', '', '2023-08-05 07:36:08');
INSERT INTO `cbse_student_subject_marks` (`id`, `cbse_exam_timetable_assessment_type_id`, `cbse_exam_timetable_id`, `cbse_exam_student_id`, `cbse_exam_assessment_type_id`, `is_absent`, `marks`, `note`, `created_at`) VALUES (1417, 0, 33, 83, 5, 0, '56.00', '', '2023-08-05 07:36:08');
INSERT INTO `cbse_student_subject_marks` (`id`, `cbse_exam_timetable_assessment_type_id`, `cbse_exam_timetable_id`, `cbse_exam_student_id`, `cbse_exam_assessment_type_id`, `is_absent`, `marks`, `note`, `created_at`) VALUES (1418, 0, 33, 84, 4, 0, '67.00', '', '2023-08-05 07:36:08');
INSERT INTO `cbse_student_subject_marks` (`id`, `cbse_exam_timetable_assessment_type_id`, `cbse_exam_timetable_id`, `cbse_exam_student_id`, `cbse_exam_assessment_type_id`, `is_absent`, `marks`, `note`, `created_at`) VALUES (1419, 0, 33, 84, 5, 0, '44.00', '', '2023-08-05 07:36:08');
INSERT INTO `cbse_student_subject_marks` (`id`, `cbse_exam_timetable_assessment_type_id`, `cbse_exam_timetable_id`, `cbse_exam_student_id`, `cbse_exam_assessment_type_id`, `is_absent`, `marks`, `note`, `created_at`) VALUES (1420, 0, 33, 85, 4, 0, '56.00', '', '2023-08-05 07:36:08');
INSERT INTO `cbse_student_subject_marks` (`id`, `cbse_exam_timetable_assessment_type_id`, `cbse_exam_timetable_id`, `cbse_exam_student_id`, `cbse_exam_assessment_type_id`, `is_absent`, `marks`, `note`, `created_at`) VALUES (1421, 0, 33, 85, 5, 1, '0.00', '', '2023-08-05 07:36:08');
INSERT INTO `cbse_student_subject_marks` (`id`, `cbse_exam_timetable_assessment_type_id`, `cbse_exam_timetable_id`, `cbse_exam_student_id`, `cbse_exam_assessment_type_id`, `is_absent`, `marks`, `note`, `created_at`) VALUES (1422, 0, 33, 86, 4, 0, '45.00', '', '2023-08-05 07:36:08');
INSERT INTO `cbse_student_subject_marks` (`id`, `cbse_exam_timetable_assessment_type_id`, `cbse_exam_timetable_id`, `cbse_exam_student_id`, `cbse_exam_assessment_type_id`, `is_absent`, `marks`, `note`, `created_at`) VALUES (1423, 0, 33, 86, 5, 1, '0.00', '', '2023-08-05 07:36:08');
INSERT INTO `cbse_student_subject_marks` (`id`, `cbse_exam_timetable_assessment_type_id`, `cbse_exam_timetable_id`, `cbse_exam_student_id`, `cbse_exam_assessment_type_id`, `is_absent`, `marks`, `note`, `created_at`) VALUES (1424, 0, 33, 87, 4, 0, '67.00', '', '2023-08-05 07:36:08');
INSERT INTO `cbse_student_subject_marks` (`id`, `cbse_exam_timetable_assessment_type_id`, `cbse_exam_timetable_id`, `cbse_exam_student_id`, `cbse_exam_assessment_type_id`, `is_absent`, `marks`, `note`, `created_at`) VALUES (1425, 0, 33, 87, 5, 0, '34.00', '', '2023-08-05 07:36:08');
INSERT INTO `cbse_student_subject_marks` (`id`, `cbse_exam_timetable_assessment_type_id`, `cbse_exam_timetable_id`, `cbse_exam_student_id`, `cbse_exam_assessment_type_id`, `is_absent`, `marks`, `note`, `created_at`) VALUES (1426, 0, 33, 88, 4, 0, '45.00', '', '2023-08-05 07:36:08');
INSERT INTO `cbse_student_subject_marks` (`id`, `cbse_exam_timetable_assessment_type_id`, `cbse_exam_timetable_id`, `cbse_exam_student_id`, `cbse_exam_assessment_type_id`, `is_absent`, `marks`, `note`, `created_at`) VALUES (1427, 0, 33, 88, 5, 0, '23.00', '', '2023-08-05 07:36:08');
INSERT INTO `cbse_student_subject_marks` (`id`, `cbse_exam_timetable_assessment_type_id`, `cbse_exam_timetable_id`, `cbse_exam_student_id`, `cbse_exam_assessment_type_id`, `is_absent`, `marks`, `note`, `created_at`) VALUES (1428, 0, 33, 89, 4, 0, '67.00', '', '2023-08-05 07:36:08');
INSERT INTO `cbse_student_subject_marks` (`id`, `cbse_exam_timetable_assessment_type_id`, `cbse_exam_timetable_id`, `cbse_exam_student_id`, `cbse_exam_assessment_type_id`, `is_absent`, `marks`, `note`, `created_at`) VALUES (1429, 0, 33, 89, 5, 0, '34.00', '', '2023-08-05 07:36:08');
INSERT INTO `cbse_student_subject_marks` (`id`, `cbse_exam_timetable_assessment_type_id`, `cbse_exam_timetable_id`, `cbse_exam_student_id`, `cbse_exam_assessment_type_id`, `is_absent`, `marks`, `note`, `created_at`) VALUES (1430, 0, 33, 90, 4, 0, '45.00', '', '2023-08-05 07:36:08');
INSERT INTO `cbse_student_subject_marks` (`id`, `cbse_exam_timetable_assessment_type_id`, `cbse_exam_timetable_id`, `cbse_exam_student_id`, `cbse_exam_assessment_type_id`, `is_absent`, `marks`, `note`, `created_at`) VALUES (1431, 0, 33, 90, 5, 1, '0.00', '', '2023-08-05 07:36:08');
INSERT INTO `cbse_student_subject_marks` (`id`, `cbse_exam_timetable_assessment_type_id`, `cbse_exam_timetable_id`, `cbse_exam_student_id`, `cbse_exam_assessment_type_id`, `is_absent`, `marks`, `note`, `created_at`) VALUES (1432, 0, 33, 91, 4, 0, '78.00', '', '2023-08-05 07:36:08');
INSERT INTO `cbse_student_subject_marks` (`id`, `cbse_exam_timetable_assessment_type_id`, `cbse_exam_timetable_id`, `cbse_exam_student_id`, `cbse_exam_assessment_type_id`, `is_absent`, `marks`, `note`, `created_at`) VALUES (1433, 0, 33, 91, 5, 0, '34.00', '', '2023-08-05 07:36:08');
INSERT INTO `cbse_student_subject_marks` (`id`, `cbse_exam_timetable_assessment_type_id`, `cbse_exam_timetable_id`, `cbse_exam_student_id`, `cbse_exam_assessment_type_id`, `is_absent`, `marks`, `note`, `created_at`) VALUES (1434, 0, 33, 92, 4, 0, '45.00', '', '2023-08-05 07:36:08');
INSERT INTO `cbse_student_subject_marks` (`id`, `cbse_exam_timetable_assessment_type_id`, `cbse_exam_timetable_id`, `cbse_exam_student_id`, `cbse_exam_assessment_type_id`, `is_absent`, `marks`, `note`, `created_at`) VALUES (1435, 0, 33, 92, 5, 0, '12.00', '', '2023-08-05 07:36:08');
INSERT INTO `cbse_student_subject_marks` (`id`, `cbse_exam_timetable_assessment_type_id`, `cbse_exam_timetable_id`, `cbse_exam_student_id`, `cbse_exam_assessment_type_id`, `is_absent`, `marks`, `note`, `created_at`) VALUES (1462, 0, 35, 80, 4, 0, '89.00', '', '2023-08-05 07:37:27');
INSERT INTO `cbse_student_subject_marks` (`id`, `cbse_exam_timetable_assessment_type_id`, `cbse_exam_timetable_id`, `cbse_exam_student_id`, `cbse_exam_assessment_type_id`, `is_absent`, `marks`, `note`, `created_at`) VALUES (1463, 0, 35, 80, 5, 0, '56.00', '', '2023-08-05 07:37:27');
INSERT INTO `cbse_student_subject_marks` (`id`, `cbse_exam_timetable_assessment_type_id`, `cbse_exam_timetable_id`, `cbse_exam_student_id`, `cbse_exam_assessment_type_id`, `is_absent`, `marks`, `note`, `created_at`) VALUES (1464, 0, 35, 81, 4, 0, '97.00', '', '2023-08-05 07:37:27');
INSERT INTO `cbse_student_subject_marks` (`id`, `cbse_exam_timetable_assessment_type_id`, `cbse_exam_timetable_id`, `cbse_exam_student_id`, `cbse_exam_assessment_type_id`, `is_absent`, `marks`, `note`, `created_at`) VALUES (1465, 0, 35, 81, 5, 0, '45.00', '', '2023-08-05 07:37:27');
INSERT INTO `cbse_student_subject_marks` (`id`, `cbse_exam_timetable_assessment_type_id`, `cbse_exam_timetable_id`, `cbse_exam_student_id`, `cbse_exam_assessment_type_id`, `is_absent`, `marks`, `note`, `created_at`) VALUES (1466, 0, 35, 82, 4, 0, '56.00', '', '2023-08-05 07:37:27');
INSERT INTO `cbse_student_subject_marks` (`id`, `cbse_exam_timetable_assessment_type_id`, `cbse_exam_timetable_id`, `cbse_exam_student_id`, `cbse_exam_assessment_type_id`, `is_absent`, `marks`, `note`, `created_at`) VALUES (1467, 0, 35, 82, 5, 0, '67.00', '', '2023-08-05 07:37:27');
INSERT INTO `cbse_student_subject_marks` (`id`, `cbse_exam_timetable_assessment_type_id`, `cbse_exam_timetable_id`, `cbse_exam_student_id`, `cbse_exam_assessment_type_id`, `is_absent`, `marks`, `note`, `created_at`) VALUES (1468, 0, 35, 83, 4, 1, '0.00', '', '2023-08-05 07:37:27');
INSERT INTO `cbse_student_subject_marks` (`id`, `cbse_exam_timetable_assessment_type_id`, `cbse_exam_timetable_id`, `cbse_exam_student_id`, `cbse_exam_assessment_type_id`, `is_absent`, `marks`, `note`, `created_at`) VALUES (1469, 0, 35, 83, 5, 0, '67.00', '', '2023-08-05 07:37:27');
INSERT INTO `cbse_student_subject_marks` (`id`, `cbse_exam_timetable_assessment_type_id`, `cbse_exam_timetable_id`, `cbse_exam_student_id`, `cbse_exam_assessment_type_id`, `is_absent`, `marks`, `note`, `created_at`) VALUES (1470, 0, 35, 84, 4, 0, '45.00', '', '2023-08-05 07:37:27');
INSERT INTO `cbse_student_subject_marks` (`id`, `cbse_exam_timetable_assessment_type_id`, `cbse_exam_timetable_id`, `cbse_exam_student_id`, `cbse_exam_assessment_type_id`, `is_absent`, `marks`, `note`, `created_at`) VALUES (1471, 0, 35, 84, 5, 0, '67.00', '', '2023-08-05 07:37:27');
INSERT INTO `cbse_student_subject_marks` (`id`, `cbse_exam_timetable_assessment_type_id`, `cbse_exam_timetable_id`, `cbse_exam_student_id`, `cbse_exam_assessment_type_id`, `is_absent`, `marks`, `note`, `created_at`) VALUES (1472, 0, 35, 85, 4, 0, '34.00', '', '2023-08-05 07:37:27');
INSERT INTO `cbse_student_subject_marks` (`id`, `cbse_exam_timetable_assessment_type_id`, `cbse_exam_timetable_id`, `cbse_exam_student_id`, `cbse_exam_assessment_type_id`, `is_absent`, `marks`, `note`, `created_at`) VALUES (1473, 0, 35, 85, 5, 0, '45.00', '', '2023-08-05 07:37:27');
INSERT INTO `cbse_student_subject_marks` (`id`, `cbse_exam_timetable_assessment_type_id`, `cbse_exam_timetable_id`, `cbse_exam_student_id`, `cbse_exam_assessment_type_id`, `is_absent`, `marks`, `note`, `created_at`) VALUES (1474, 0, 35, 86, 4, 0, '65.00', '', '2023-08-05 07:37:27');
INSERT INTO `cbse_student_subject_marks` (`id`, `cbse_exam_timetable_assessment_type_id`, `cbse_exam_timetable_id`, `cbse_exam_student_id`, `cbse_exam_assessment_type_id`, `is_absent`, `marks`, `note`, `created_at`) VALUES (1475, 0, 35, 86, 5, 0, '67.00', '', '2023-08-05 07:37:27');
INSERT INTO `cbse_student_subject_marks` (`id`, `cbse_exam_timetable_assessment_type_id`, `cbse_exam_timetable_id`, `cbse_exam_student_id`, `cbse_exam_assessment_type_id`, `is_absent`, `marks`, `note`, `created_at`) VALUES (1476, 0, 35, 87, 4, 0, '45.00', '', '2023-08-05 07:37:27');
INSERT INTO `cbse_student_subject_marks` (`id`, `cbse_exam_timetable_assessment_type_id`, `cbse_exam_timetable_id`, `cbse_exam_student_id`, `cbse_exam_assessment_type_id`, `is_absent`, `marks`, `note`, `created_at`) VALUES (1477, 0, 35, 87, 5, 0, '67.00', '', '2023-08-05 07:37:27');
INSERT INTO `cbse_student_subject_marks` (`id`, `cbse_exam_timetable_assessment_type_id`, `cbse_exam_timetable_id`, `cbse_exam_student_id`, `cbse_exam_assessment_type_id`, `is_absent`, `marks`, `note`, `created_at`) VALUES (1478, 0, 35, 88, 4, 0, '67.00', '', '2023-08-05 07:37:27');
INSERT INTO `cbse_student_subject_marks` (`id`, `cbse_exam_timetable_assessment_type_id`, `cbse_exam_timetable_id`, `cbse_exam_student_id`, `cbse_exam_assessment_type_id`, `is_absent`, `marks`, `note`, `created_at`) VALUES (1479, 0, 35, 88, 5, 0, '45.00', '', '2023-08-05 07:37:27');
INSERT INTO `cbse_student_subject_marks` (`id`, `cbse_exam_timetable_assessment_type_id`, `cbse_exam_timetable_id`, `cbse_exam_student_id`, `cbse_exam_assessment_type_id`, `is_absent`, `marks`, `note`, `created_at`) VALUES (1480, 0, 35, 89, 4, 0, '45.00', '', '2023-08-05 07:37:27');
INSERT INTO `cbse_student_subject_marks` (`id`, `cbse_exam_timetable_assessment_type_id`, `cbse_exam_timetable_id`, `cbse_exam_student_id`, `cbse_exam_assessment_type_id`, `is_absent`, `marks`, `note`, `created_at`) VALUES (1481, 0, 35, 89, 5, 0, '45.00', '', '2023-08-05 07:37:27');
INSERT INTO `cbse_student_subject_marks` (`id`, `cbse_exam_timetable_assessment_type_id`, `cbse_exam_timetable_id`, `cbse_exam_student_id`, `cbse_exam_assessment_type_id`, `is_absent`, `marks`, `note`, `created_at`) VALUES (1482, 0, 35, 90, 4, 0, '67.00', '', '2023-08-05 07:37:27');
INSERT INTO `cbse_student_subject_marks` (`id`, `cbse_exam_timetable_assessment_type_id`, `cbse_exam_timetable_id`, `cbse_exam_student_id`, `cbse_exam_assessment_type_id`, `is_absent`, `marks`, `note`, `created_at`) VALUES (1483, 0, 35, 90, 5, 0, '45.00', '', '2023-08-05 07:37:27');
INSERT INTO `cbse_student_subject_marks` (`id`, `cbse_exam_timetable_assessment_type_id`, `cbse_exam_timetable_id`, `cbse_exam_student_id`, `cbse_exam_assessment_type_id`, `is_absent`, `marks`, `note`, `created_at`) VALUES (1484, 0, 35, 91, 4, 0, '67.00', '', '2023-08-05 07:37:27');
INSERT INTO `cbse_student_subject_marks` (`id`, `cbse_exam_timetable_assessment_type_id`, `cbse_exam_timetable_id`, `cbse_exam_student_id`, `cbse_exam_assessment_type_id`, `is_absent`, `marks`, `note`, `created_at`) VALUES (1485, 0, 35, 91, 5, 1, '0.00', '', '2023-08-05 07:37:27');
INSERT INTO `cbse_student_subject_marks` (`id`, `cbse_exam_timetable_assessment_type_id`, `cbse_exam_timetable_id`, `cbse_exam_student_id`, `cbse_exam_assessment_type_id`, `is_absent`, `marks`, `note`, `created_at`) VALUES (1486, 0, 35, 92, 4, 0, '45.00', '', '2023-08-05 07:37:27');
INSERT INTO `cbse_student_subject_marks` (`id`, `cbse_exam_timetable_assessment_type_id`, `cbse_exam_timetable_id`, `cbse_exam_student_id`, `cbse_exam_assessment_type_id`, `is_absent`, `marks`, `note`, `created_at`) VALUES (1487, 0, 35, 92, 5, 0, '56.00', '', '2023-08-05 07:37:27');
INSERT INTO `cbse_student_subject_marks` (`id`, `cbse_exam_timetable_assessment_type_id`, `cbse_exam_timetable_id`, `cbse_exam_student_id`, `cbse_exam_assessment_type_id`, `is_absent`, `marks`, `note`, `created_at`) VALUES (1488, 0, 34, 80, 4, 0, '88.00', '', '2023-08-05 07:37:37');
INSERT INTO `cbse_student_subject_marks` (`id`, `cbse_exam_timetable_assessment_type_id`, `cbse_exam_timetable_id`, `cbse_exam_student_id`, `cbse_exam_assessment_type_id`, `is_absent`, `marks`, `note`, `created_at`) VALUES (1489, 0, 34, 80, 5, 0, '75.00', '', '2023-08-05 07:37:37');
INSERT INTO `cbse_student_subject_marks` (`id`, `cbse_exam_timetable_assessment_type_id`, `cbse_exam_timetable_id`, `cbse_exam_student_id`, `cbse_exam_assessment_type_id`, `is_absent`, `marks`, `note`, `created_at`) VALUES (1490, 0, 34, 81, 4, 0, '89.00', 'Good', '2023-08-05 07:37:37');
INSERT INTO `cbse_student_subject_marks` (`id`, `cbse_exam_timetable_assessment_type_id`, `cbse_exam_timetable_id`, `cbse_exam_student_id`, `cbse_exam_assessment_type_id`, `is_absent`, `marks`, `note`, `created_at`) VALUES (1491, 0, 34, 81, 5, 0, '75.00', 'Good', '2023-08-05 07:37:37');
INSERT INTO `cbse_student_subject_marks` (`id`, `cbse_exam_timetable_assessment_type_id`, `cbse_exam_timetable_id`, `cbse_exam_student_id`, `cbse_exam_assessment_type_id`, `is_absent`, `marks`, `note`, `created_at`) VALUES (1492, 0, 34, 82, 4, 0, '67.00', '', '2023-08-05 07:37:37');
INSERT INTO `cbse_student_subject_marks` (`id`, `cbse_exam_timetable_assessment_type_id`, `cbse_exam_timetable_id`, `cbse_exam_student_id`, `cbse_exam_assessment_type_id`, `is_absent`, `marks`, `note`, `created_at`) VALUES (1493, 0, 34, 82, 5, 0, '67.00', '', '2023-08-05 07:37:37');
INSERT INTO `cbse_student_subject_marks` (`id`, `cbse_exam_timetable_assessment_type_id`, `cbse_exam_timetable_id`, `cbse_exam_student_id`, `cbse_exam_assessment_type_id`, `is_absent`, `marks`, `note`, `created_at`) VALUES (1494, 0, 34, 83, 4, 1, '0.00', '', '2023-08-05 07:37:37');
INSERT INTO `cbse_student_subject_marks` (`id`, `cbse_exam_timetable_assessment_type_id`, `cbse_exam_timetable_id`, `cbse_exam_student_id`, `cbse_exam_assessment_type_id`, `is_absent`, `marks`, `note`, `created_at`) VALUES (1495, 0, 34, 83, 5, 0, '56.00', '', '2023-08-05 07:37:37');
INSERT INTO `cbse_student_subject_marks` (`id`, `cbse_exam_timetable_assessment_type_id`, `cbse_exam_timetable_id`, `cbse_exam_student_id`, `cbse_exam_assessment_type_id`, `is_absent`, `marks`, `note`, `created_at`) VALUES (1496, 0, 34, 84, 4, 0, '56.00', '', '2023-08-05 07:37:37');
INSERT INTO `cbse_student_subject_marks` (`id`, `cbse_exam_timetable_assessment_type_id`, `cbse_exam_timetable_id`, `cbse_exam_student_id`, `cbse_exam_assessment_type_id`, `is_absent`, `marks`, `note`, `created_at`) VALUES (1497, 0, 34, 84, 5, 0, '34.00', '', '2023-08-05 07:37:37');
INSERT INTO `cbse_student_subject_marks` (`id`, `cbse_exam_timetable_assessment_type_id`, `cbse_exam_timetable_id`, `cbse_exam_student_id`, `cbse_exam_assessment_type_id`, `is_absent`, `marks`, `note`, `created_at`) VALUES (1498, 0, 34, 85, 4, 0, '67.00', '', '2023-08-05 07:37:37');
INSERT INTO `cbse_student_subject_marks` (`id`, `cbse_exam_timetable_assessment_type_id`, `cbse_exam_timetable_id`, `cbse_exam_student_id`, `cbse_exam_assessment_type_id`, `is_absent`, `marks`, `note`, `created_at`) VALUES (1499, 0, 34, 85, 5, 0, '67.00', '', '2023-08-05 07:37:37');
INSERT INTO `cbse_student_subject_marks` (`id`, `cbse_exam_timetable_assessment_type_id`, `cbse_exam_timetable_id`, `cbse_exam_student_id`, `cbse_exam_assessment_type_id`, `is_absent`, `marks`, `note`, `created_at`) VALUES (1500, 0, 34, 86, 4, 0, '34.00', '', '2023-08-05 07:37:37');
INSERT INTO `cbse_student_subject_marks` (`id`, `cbse_exam_timetable_assessment_type_id`, `cbse_exam_timetable_id`, `cbse_exam_student_id`, `cbse_exam_assessment_type_id`, `is_absent`, `marks`, `note`, `created_at`) VALUES (1501, 0, 34, 86, 5, 0, '45.00', '', '2023-08-05 07:37:37');
INSERT INTO `cbse_student_subject_marks` (`id`, `cbse_exam_timetable_assessment_type_id`, `cbse_exam_timetable_id`, `cbse_exam_student_id`, `cbse_exam_assessment_type_id`, `is_absent`, `marks`, `note`, `created_at`) VALUES (1502, 0, 34, 87, 4, 0, '56.00', '', '2023-08-05 07:37:37');
INSERT INTO `cbse_student_subject_marks` (`id`, `cbse_exam_timetable_assessment_type_id`, `cbse_exam_timetable_id`, `cbse_exam_student_id`, `cbse_exam_assessment_type_id`, `is_absent`, `marks`, `note`, `created_at`) VALUES (1503, 0, 34, 87, 5, 0, '56.00', '', '2023-08-05 07:37:37');
INSERT INTO `cbse_student_subject_marks` (`id`, `cbse_exam_timetable_assessment_type_id`, `cbse_exam_timetable_id`, `cbse_exam_student_id`, `cbse_exam_assessment_type_id`, `is_absent`, `marks`, `note`, `created_at`) VALUES (1504, 0, 34, 88, 4, 0, '67.00', '', '2023-08-05 07:37:37');
INSERT INTO `cbse_student_subject_marks` (`id`, `cbse_exam_timetable_assessment_type_id`, `cbse_exam_timetable_id`, `cbse_exam_student_id`, `cbse_exam_assessment_type_id`, `is_absent`, `marks`, `note`, `created_at`) VALUES (1505, 0, 34, 88, 5, 0, '56.00', '', '2023-08-05 07:37:37');
INSERT INTO `cbse_student_subject_marks` (`id`, `cbse_exam_timetable_assessment_type_id`, `cbse_exam_timetable_id`, `cbse_exam_student_id`, `cbse_exam_assessment_type_id`, `is_absent`, `marks`, `note`, `created_at`) VALUES (1506, 0, 34, 89, 4, 0, '45.00', '', '2023-08-05 07:37:37');
INSERT INTO `cbse_student_subject_marks` (`id`, `cbse_exam_timetable_assessment_type_id`, `cbse_exam_timetable_id`, `cbse_exam_student_id`, `cbse_exam_assessment_type_id`, `is_absent`, `marks`, `note`, `created_at`) VALUES (1507, 0, 34, 89, 5, 0, '56.00', '', '2023-08-05 07:37:37');
INSERT INTO `cbse_student_subject_marks` (`id`, `cbse_exam_timetable_assessment_type_id`, `cbse_exam_timetable_id`, `cbse_exam_student_id`, `cbse_exam_assessment_type_id`, `is_absent`, `marks`, `note`, `created_at`) VALUES (1508, 0, 34, 90, 4, 0, '78.00', '', '2023-08-05 07:37:37');
INSERT INTO `cbse_student_subject_marks` (`id`, `cbse_exam_timetable_assessment_type_id`, `cbse_exam_timetable_id`, `cbse_exam_student_id`, `cbse_exam_assessment_type_id`, `is_absent`, `marks`, `note`, `created_at`) VALUES (1509, 0, 34, 90, 5, 0, '45.00', '', '2023-08-05 07:37:37');
INSERT INTO `cbse_student_subject_marks` (`id`, `cbse_exam_timetable_assessment_type_id`, `cbse_exam_timetable_id`, `cbse_exam_student_id`, `cbse_exam_assessment_type_id`, `is_absent`, `marks`, `note`, `created_at`) VALUES (1510, 0, 34, 91, 4, 0, '56.00', '', '2023-08-05 07:37:37');
INSERT INTO `cbse_student_subject_marks` (`id`, `cbse_exam_timetable_assessment_type_id`, `cbse_exam_timetable_id`, `cbse_exam_student_id`, `cbse_exam_assessment_type_id`, `is_absent`, `marks`, `note`, `created_at`) VALUES (1511, 0, 34, 91, 5, 0, '67.00', '', '2023-08-05 07:37:37');
INSERT INTO `cbse_student_subject_marks` (`id`, `cbse_exam_timetable_assessment_type_id`, `cbse_exam_timetable_id`, `cbse_exam_student_id`, `cbse_exam_assessment_type_id`, `is_absent`, `marks`, `note`, `created_at`) VALUES (1512, 0, 34, 92, 4, 0, '78.00', '', '2023-08-05 07:37:37');
INSERT INTO `cbse_student_subject_marks` (`id`, `cbse_exam_timetable_assessment_type_id`, `cbse_exam_timetable_id`, `cbse_exam_student_id`, `cbse_exam_assessment_type_id`, `is_absent`, `marks`, `note`, `created_at`) VALUES (1513, 0, 34, 92, 5, 0, '65.00', '', '2023-08-05 07:37:37');
INSERT INTO `cbse_student_subject_marks` (`id`, `cbse_exam_timetable_assessment_type_id`, `cbse_exam_timetable_id`, `cbse_exam_student_id`, `cbse_exam_assessment_type_id`, `is_absent`, `marks`, `note`, `created_at`) VALUES (1559, 0, 39, 108, 1, 0, '90.00', 'Good', '2023-09-06 06:24:16');
INSERT INTO `cbse_student_subject_marks` (`id`, `cbse_exam_timetable_assessment_type_id`, `cbse_exam_timetable_id`, `cbse_exam_student_id`, `cbse_exam_assessment_type_id`, `is_absent`, `marks`, `note`, `created_at`) VALUES (1560, 0, 39, 108, 2, 0, '45.00', 'Good', '2023-09-06 06:24:16');
INSERT INTO `cbse_student_subject_marks` (`id`, `cbse_exam_timetable_assessment_type_id`, `cbse_exam_timetable_id`, `cbse_exam_student_id`, `cbse_exam_assessment_type_id`, `is_absent`, `marks`, `note`, `created_at`) VALUES (1561, 0, 39, 108, 3, 0, '12.00', 'Good', '2023-09-06 06:24:16');
INSERT INTO `cbse_student_subject_marks` (`id`, `cbse_exam_timetable_assessment_type_id`, `cbse_exam_timetable_id`, `cbse_exam_student_id`, `cbse_exam_assessment_type_id`, `is_absent`, `marks`, `note`, `created_at`) VALUES (1562, 0, 39, 109, 1, 0, '77.00', '', '2023-09-06 06:24:16');
INSERT INTO `cbse_student_subject_marks` (`id`, `cbse_exam_timetable_assessment_type_id`, `cbse_exam_timetable_id`, `cbse_exam_student_id`, `cbse_exam_assessment_type_id`, `is_absent`, `marks`, `note`, `created_at`) VALUES (1563, 0, 39, 109, 2, 0, '23.00', '', '2023-09-06 06:24:16');
INSERT INTO `cbse_student_subject_marks` (`id`, `cbse_exam_timetable_assessment_type_id`, `cbse_exam_timetable_id`, `cbse_exam_student_id`, `cbse_exam_assessment_type_id`, `is_absent`, `marks`, `note`, `created_at`) VALUES (1564, 0, 39, 109, 3, 1, '0.00', '', '2023-09-06 06:24:16');
INSERT INTO `cbse_student_subject_marks` (`id`, `cbse_exam_timetable_assessment_type_id`, `cbse_exam_timetable_id`, `cbse_exam_student_id`, `cbse_exam_assessment_type_id`, `is_absent`, `marks`, `note`, `created_at`) VALUES (1565, 0, 39, 110, 1, 0, '99.00', 'Very Good', '2023-09-06 06:24:16');
INSERT INTO `cbse_student_subject_marks` (`id`, `cbse_exam_timetable_assessment_type_id`, `cbse_exam_timetable_id`, `cbse_exam_student_id`, `cbse_exam_assessment_type_id`, `is_absent`, `marks`, `note`, `created_at`) VALUES (1566, 0, 39, 110, 2, 0, '67.00', 'Very Good', '2023-09-06 06:24:16');
INSERT INTO `cbse_student_subject_marks` (`id`, `cbse_exam_timetable_assessment_type_id`, `cbse_exam_timetable_id`, `cbse_exam_student_id`, `cbse_exam_assessment_type_id`, `is_absent`, `marks`, `note`, `created_at`) VALUES (1567, 0, 39, 110, 3, 0, '17.00', 'Very Good', '2023-09-06 06:24:16');
INSERT INTO `cbse_student_subject_marks` (`id`, `cbse_exam_timetable_assessment_type_id`, `cbse_exam_timetable_id`, `cbse_exam_student_id`, `cbse_exam_assessment_type_id`, `is_absent`, `marks`, `note`, `created_at`) VALUES (1568, 0, 39, 111, 1, 0, '67.00', 'Good', '2023-09-06 06:24:16');
INSERT INTO `cbse_student_subject_marks` (`id`, `cbse_exam_timetable_assessment_type_id`, `cbse_exam_timetable_id`, `cbse_exam_student_id`, `cbse_exam_assessment_type_id`, `is_absent`, `marks`, `note`, `created_at`) VALUES (1569, 0, 39, 111, 2, 0, '45.00', 'Good', '2023-09-06 06:24:16');
INSERT INTO `cbse_student_subject_marks` (`id`, `cbse_exam_timetable_assessment_type_id`, `cbse_exam_timetable_id`, `cbse_exam_student_id`, `cbse_exam_assessment_type_id`, `is_absent`, `marks`, `note`, `created_at`) VALUES (1570, 0, 39, 111, 3, 1, '0.00', 'Good', '2023-09-06 06:24:16');
INSERT INTO `cbse_student_subject_marks` (`id`, `cbse_exam_timetable_assessment_type_id`, `cbse_exam_timetable_id`, `cbse_exam_student_id`, `cbse_exam_assessment_type_id`, `is_absent`, `marks`, `note`, `created_at`) VALUES (1571, 0, 39, 112, 1, 0, '56.00', 'Good', '2023-09-06 06:24:16');
INSERT INTO `cbse_student_subject_marks` (`id`, `cbse_exam_timetable_assessment_type_id`, `cbse_exam_timetable_id`, `cbse_exam_student_id`, `cbse_exam_assessment_type_id`, `is_absent`, `marks`, `note`, `created_at`) VALUES (1572, 0, 39, 112, 2, 0, '23.00', 'Good', '2023-09-06 06:24:16');
INSERT INTO `cbse_student_subject_marks` (`id`, `cbse_exam_timetable_assessment_type_id`, `cbse_exam_timetable_id`, `cbse_exam_student_id`, `cbse_exam_assessment_type_id`, `is_absent`, `marks`, `note`, `created_at`) VALUES (1573, 0, 39, 112, 3, 0, '12.00', 'Good', '2023-09-06 06:24:16');
INSERT INTO `cbse_student_subject_marks` (`id`, `cbse_exam_timetable_assessment_type_id`, `cbse_exam_timetable_id`, `cbse_exam_student_id`, `cbse_exam_assessment_type_id`, `is_absent`, `marks`, `note`, `created_at`) VALUES (1574, 0, 39, 113, 1, 0, '78.00', '', '2023-09-06 06:24:16');
INSERT INTO `cbse_student_subject_marks` (`id`, `cbse_exam_timetable_assessment_type_id`, `cbse_exam_timetable_id`, `cbse_exam_student_id`, `cbse_exam_assessment_type_id`, `is_absent`, `marks`, `note`, `created_at`) VALUES (1575, 0, 39, 113, 2, 1, '0.00', '', '2023-09-06 06:24:16');
INSERT INTO `cbse_student_subject_marks` (`id`, `cbse_exam_timetable_assessment_type_id`, `cbse_exam_timetable_id`, `cbse_exam_student_id`, `cbse_exam_assessment_type_id`, `is_absent`, `marks`, `note`, `created_at`) VALUES (1576, 0, 39, 113, 3, 0, '11.00', '', '2023-09-06 06:24:16');
INSERT INTO `cbse_student_subject_marks` (`id`, `cbse_exam_timetable_assessment_type_id`, `cbse_exam_timetable_id`, `cbse_exam_student_id`, `cbse_exam_assessment_type_id`, `is_absent`, `marks`, `note`, `created_at`) VALUES (1577, 0, 39, 114, 1, 0, '56.00', 'Good', '2023-09-06 06:24:16');
INSERT INTO `cbse_student_subject_marks` (`id`, `cbse_exam_timetable_assessment_type_id`, `cbse_exam_timetable_id`, `cbse_exam_student_id`, `cbse_exam_assessment_type_id`, `is_absent`, `marks`, `note`, `created_at`) VALUES (1578, 0, 39, 114, 2, 0, '45.00', 'Good', '2023-09-06 06:24:16');
INSERT INTO `cbse_student_subject_marks` (`id`, `cbse_exam_timetable_assessment_type_id`, `cbse_exam_timetable_id`, `cbse_exam_student_id`, `cbse_exam_assessment_type_id`, `is_absent`, `marks`, `note`, `created_at`) VALUES (1579, 0, 39, 114, 3, 0, '14.00', 'Good', '2023-09-06 06:24:16');
INSERT INTO `cbse_student_subject_marks` (`id`, `cbse_exam_timetable_assessment_type_id`, `cbse_exam_timetable_id`, `cbse_exam_student_id`, `cbse_exam_assessment_type_id`, `is_absent`, `marks`, `note`, `created_at`) VALUES (1580, 0, 39, 115, 1, 0, '78.00', '', '2023-09-06 06:24:16');
INSERT INTO `cbse_student_subject_marks` (`id`, `cbse_exam_timetable_assessment_type_id`, `cbse_exam_timetable_id`, `cbse_exam_student_id`, `cbse_exam_assessment_type_id`, `is_absent`, `marks`, `note`, `created_at`) VALUES (1581, 0, 39, 115, 2, 0, '34.00', '', '2023-09-06 06:24:16');
INSERT INTO `cbse_student_subject_marks` (`id`, `cbse_exam_timetable_assessment_type_id`, `cbse_exam_timetable_id`, `cbse_exam_student_id`, `cbse_exam_assessment_type_id`, `is_absent`, `marks`, `note`, `created_at`) VALUES (1582, 0, 39, 115, 3, 0, '10.00', '', '2023-09-06 06:24:16');
INSERT INTO `cbse_student_subject_marks` (`id`, `cbse_exam_timetable_assessment_type_id`, `cbse_exam_timetable_id`, `cbse_exam_student_id`, `cbse_exam_assessment_type_id`, `is_absent`, `marks`, `note`, `created_at`) VALUES (1583, 0, 39, 116, 1, 0, '56.00', 'Keep hard working', '2023-09-06 06:24:16');
INSERT INTO `cbse_student_subject_marks` (`id`, `cbse_exam_timetable_assessment_type_id`, `cbse_exam_timetable_id`, `cbse_exam_student_id`, `cbse_exam_assessment_type_id`, `is_absent`, `marks`, `note`, `created_at`) VALUES (1584, 0, 39, 116, 2, 0, '54.00', 'Keep hard working', '2023-09-06 06:24:16');
INSERT INTO `cbse_student_subject_marks` (`id`, `cbse_exam_timetable_assessment_type_id`, `cbse_exam_timetable_id`, `cbse_exam_student_id`, `cbse_exam_assessment_type_id`, `is_absent`, `marks`, `note`, `created_at`) VALUES (1585, 0, 39, 116, 3, 0, '10.00', 'Keep hard working', '2023-09-06 06:24:16');
INSERT INTO `cbse_student_subject_marks` (`id`, `cbse_exam_timetable_assessment_type_id`, `cbse_exam_timetable_id`, `cbse_exam_student_id`, `cbse_exam_assessment_type_id`, `is_absent`, `marks`, `note`, `created_at`) VALUES (1586, 0, 39, 117, 1, 1, '0.00', '', '2023-09-06 06:24:16');
INSERT INTO `cbse_student_subject_marks` (`id`, `cbse_exam_timetable_assessment_type_id`, `cbse_exam_timetable_id`, `cbse_exam_student_id`, `cbse_exam_assessment_type_id`, `is_absent`, `marks`, `note`, `created_at`) VALUES (1587, 0, 39, 117, 2, 0, '34.00', '', '2023-09-06 06:24:16');
INSERT INTO `cbse_student_subject_marks` (`id`, `cbse_exam_timetable_assessment_type_id`, `cbse_exam_timetable_id`, `cbse_exam_student_id`, `cbse_exam_assessment_type_id`, `is_absent`, `marks`, `note`, `created_at`) VALUES (1588, 0, 39, 117, 3, 0, '10.00', '', '2023-09-06 06:24:16');
INSERT INTO `cbse_student_subject_marks` (`id`, `cbse_exam_timetable_assessment_type_id`, `cbse_exam_timetable_id`, `cbse_exam_student_id`, `cbse_exam_assessment_type_id`, `is_absent`, `marks`, `note`, `created_at`) VALUES (1589, 0, 39, 118, 1, 0, '67.00', '', '2023-09-06 06:24:16');
INSERT INTO `cbse_student_subject_marks` (`id`, `cbse_exam_timetable_assessment_type_id`, `cbse_exam_timetable_id`, `cbse_exam_student_id`, `cbse_exam_assessment_type_id`, `is_absent`, `marks`, `note`, `created_at`) VALUES (1590, 0, 39, 118, 2, 0, '56.00', '', '2023-09-06 06:24:16');
INSERT INTO `cbse_student_subject_marks` (`id`, `cbse_exam_timetable_assessment_type_id`, `cbse_exam_timetable_id`, `cbse_exam_student_id`, `cbse_exam_assessment_type_id`, `is_absent`, `marks`, `note`, `created_at`) VALUES (1591, 0, 39, 118, 3, 0, '10.00', '', '2023-09-06 06:24:16');
INSERT INTO `cbse_student_subject_marks` (`id`, `cbse_exam_timetable_assessment_type_id`, `cbse_exam_timetable_id`, `cbse_exam_student_id`, `cbse_exam_assessment_type_id`, `is_absent`, `marks`, `note`, `created_at`) VALUES (1592, 0, 39, 119, 1, 0, '34.00', '', '2023-09-06 06:24:16');
INSERT INTO `cbse_student_subject_marks` (`id`, `cbse_exam_timetable_assessment_type_id`, `cbse_exam_timetable_id`, `cbse_exam_student_id`, `cbse_exam_assessment_type_id`, `is_absent`, `marks`, `note`, `created_at`) VALUES (1593, 0, 39, 119, 2, 0, '45.00', '', '2023-09-06 06:24:16');
INSERT INTO `cbse_student_subject_marks` (`id`, `cbse_exam_timetable_assessment_type_id`, `cbse_exam_timetable_id`, `cbse_exam_student_id`, `cbse_exam_assessment_type_id`, `is_absent`, `marks`, `note`, `created_at`) VALUES (1594, 0, 39, 119, 3, 0, '15.00', '', '2023-09-06 06:24:16');
INSERT INTO `cbse_student_subject_marks` (`id`, `cbse_exam_timetable_assessment_type_id`, `cbse_exam_timetable_id`, `cbse_exam_student_id`, `cbse_exam_assessment_type_id`, `is_absent`, `marks`, `note`, `created_at`) VALUES (1595, 0, 39, 120, 1, 0, '23.00', '', '2023-09-06 06:24:16');
INSERT INTO `cbse_student_subject_marks` (`id`, `cbse_exam_timetable_assessment_type_id`, `cbse_exam_timetable_id`, `cbse_exam_student_id`, `cbse_exam_assessment_type_id`, `is_absent`, `marks`, `note`, `created_at`) VALUES (1596, 0, 39, 120, 2, 0, '67.00', '', '2023-09-06 06:24:16');
INSERT INTO `cbse_student_subject_marks` (`id`, `cbse_exam_timetable_assessment_type_id`, `cbse_exam_timetable_id`, `cbse_exam_student_id`, `cbse_exam_assessment_type_id`, `is_absent`, `marks`, `note`, `created_at`) VALUES (1597, 0, 39, 120, 3, 0, '10.00', '', '2023-09-06 06:24:16');
INSERT INTO `cbse_student_subject_marks` (`id`, `cbse_exam_timetable_assessment_type_id`, `cbse_exam_timetable_id`, `cbse_exam_student_id`, `cbse_exam_assessment_type_id`, `is_absent`, `marks`, `note`, `created_at`) VALUES (1598, 0, 39, 121, 1, 0, '67.00', '', '2023-09-06 06:24:16');
INSERT INTO `cbse_student_subject_marks` (`id`, `cbse_exam_timetable_assessment_type_id`, `cbse_exam_timetable_id`, `cbse_exam_student_id`, `cbse_exam_assessment_type_id`, `is_absent`, `marks`, `note`, `created_at`) VALUES (1599, 0, 39, 121, 2, 0, '45.00', '', '2023-09-06 06:24:16');
INSERT INTO `cbse_student_subject_marks` (`id`, `cbse_exam_timetable_assessment_type_id`, `cbse_exam_timetable_id`, `cbse_exam_student_id`, `cbse_exam_assessment_type_id`, `is_absent`, `marks`, `note`, `created_at`) VALUES (1600, 0, 39, 121, 3, 0, '10.00', '', '2023-09-06 06:24:16');
INSERT INTO `cbse_student_subject_marks` (`id`, `cbse_exam_timetable_assessment_type_id`, `cbse_exam_timetable_id`, `cbse_exam_student_id`, `cbse_exam_assessment_type_id`, `is_absent`, `marks`, `note`, `created_at`) VALUES (1601, 0, 39, 122, 1, 0, '56.00', '', '2023-09-06 06:24:16');
INSERT INTO `cbse_student_subject_marks` (`id`, `cbse_exam_timetable_assessment_type_id`, `cbse_exam_timetable_id`, `cbse_exam_student_id`, `cbse_exam_assessment_type_id`, `is_absent`, `marks`, `note`, `created_at`) VALUES (1602, 0, 39, 122, 2, 1, '0.00', '', '2023-09-06 06:24:16');
INSERT INTO `cbse_student_subject_marks` (`id`, `cbse_exam_timetable_assessment_type_id`, `cbse_exam_timetable_id`, `cbse_exam_student_id`, `cbse_exam_assessment_type_id`, `is_absent`, `marks`, `note`, `created_at`) VALUES (1603, 0, 39, 122, 3, 0, '10.00', '', '2023-09-06 06:24:16');
INSERT INTO `cbse_student_subject_marks` (`id`, `cbse_exam_timetable_assessment_type_id`, `cbse_exam_timetable_id`, `cbse_exam_student_id`, `cbse_exam_assessment_type_id`, `is_absent`, `marks`, `note`, `created_at`) VALUES (1604, 0, 39, 123, 1, 0, '78.00', '', '2023-09-06 06:24:16');
INSERT INTO `cbse_student_subject_marks` (`id`, `cbse_exam_timetable_assessment_type_id`, `cbse_exam_timetable_id`, `cbse_exam_student_id`, `cbse_exam_assessment_type_id`, `is_absent`, `marks`, `note`, `created_at`) VALUES (1605, 0, 39, 123, 2, 0, '56.00', '', '2023-09-06 06:24:16');
INSERT INTO `cbse_student_subject_marks` (`id`, `cbse_exam_timetable_assessment_type_id`, `cbse_exam_timetable_id`, `cbse_exam_student_id`, `cbse_exam_assessment_type_id`, `is_absent`, `marks`, `note`, `created_at`) VALUES (1606, 0, 39, 123, 3, 0, '10.00', '', '2023-09-06 06:24:16');
INSERT INTO `cbse_student_subject_marks` (`id`, `cbse_exam_timetable_assessment_type_id`, `cbse_exam_timetable_id`, `cbse_exam_student_id`, `cbse_exam_assessment_type_id`, `is_absent`, `marks`, `note`, `created_at`) VALUES (1607, 0, 39, 124, 1, 0, '45.00', '', '2023-09-06 06:24:16');
INSERT INTO `cbse_student_subject_marks` (`id`, `cbse_exam_timetable_assessment_type_id`, `cbse_exam_timetable_id`, `cbse_exam_student_id`, `cbse_exam_assessment_type_id`, `is_absent`, `marks`, `note`, `created_at`) VALUES (1608, 0, 39, 124, 2, 0, '34.00', '', '2023-09-06 06:24:16');
INSERT INTO `cbse_student_subject_marks` (`id`, `cbse_exam_timetable_assessment_type_id`, `cbse_exam_timetable_id`, `cbse_exam_student_id`, `cbse_exam_assessment_type_id`, `is_absent`, `marks`, `note`, `created_at`) VALUES (1609, 0, 39, 124, 3, 0, '10.00', '', '2023-09-06 06:24:16');
INSERT INTO `cbse_student_subject_marks` (`id`, `cbse_exam_timetable_assessment_type_id`, `cbse_exam_timetable_id`, `cbse_exam_student_id`, `cbse_exam_assessment_type_id`, `is_absent`, `marks`, `note`, `created_at`) VALUES (1610, 0, 40, 108, 1, 0, '90.00', '', '2023-09-06 06:26:27');
INSERT INTO `cbse_student_subject_marks` (`id`, `cbse_exam_timetable_assessment_type_id`, `cbse_exam_timetable_id`, `cbse_exam_student_id`, `cbse_exam_assessment_type_id`, `is_absent`, `marks`, `note`, `created_at`) VALUES (1611, 0, 40, 108, 2, 0, '56.00', '', '2023-09-06 06:26:27');
INSERT INTO `cbse_student_subject_marks` (`id`, `cbse_exam_timetable_assessment_type_id`, `cbse_exam_timetable_id`, `cbse_exam_student_id`, `cbse_exam_assessment_type_id`, `is_absent`, `marks`, `note`, `created_at`) VALUES (1612, 0, 40, 108, 3, 0, '15.00', '', '2023-09-06 06:26:27');
INSERT INTO `cbse_student_subject_marks` (`id`, `cbse_exam_timetable_assessment_type_id`, `cbse_exam_timetable_id`, `cbse_exam_student_id`, `cbse_exam_assessment_type_id`, `is_absent`, `marks`, `note`, `created_at`) VALUES (1613, 0, 40, 109, 1, 0, '89.00', '', '2023-09-06 06:26:27');
INSERT INTO `cbse_student_subject_marks` (`id`, `cbse_exam_timetable_assessment_type_id`, `cbse_exam_timetable_id`, `cbse_exam_student_id`, `cbse_exam_assessment_type_id`, `is_absent`, `marks`, `note`, `created_at`) VALUES (1614, 0, 40, 109, 2, 0, '45.00', '', '2023-09-06 06:26:27');
INSERT INTO `cbse_student_subject_marks` (`id`, `cbse_exam_timetable_assessment_type_id`, `cbse_exam_timetable_id`, `cbse_exam_student_id`, `cbse_exam_assessment_type_id`, `is_absent`, `marks`, `note`, `created_at`) VALUES (1615, 0, 40, 109, 3, 0, '16.00', '', '2023-09-06 06:26:27');
INSERT INTO `cbse_student_subject_marks` (`id`, `cbse_exam_timetable_assessment_type_id`, `cbse_exam_timetable_id`, `cbse_exam_student_id`, `cbse_exam_assessment_type_id`, `is_absent`, `marks`, `note`, `created_at`) VALUES (1616, 0, 40, 110, 1, 0, '97.00', 'Good', '2023-09-06 06:26:27');
INSERT INTO `cbse_student_subject_marks` (`id`, `cbse_exam_timetable_assessment_type_id`, `cbse_exam_timetable_id`, `cbse_exam_student_id`, `cbse_exam_assessment_type_id`, `is_absent`, `marks`, `note`, `created_at`) VALUES (1617, 0, 40, 110, 2, 0, '67.00', 'Good', '2023-09-06 06:26:27');
INSERT INTO `cbse_student_subject_marks` (`id`, `cbse_exam_timetable_assessment_type_id`, `cbse_exam_timetable_id`, `cbse_exam_student_id`, `cbse_exam_assessment_type_id`, `is_absent`, `marks`, `note`, `created_at`) VALUES (1618, 0, 40, 110, 3, 0, '18.00', 'Good', '2023-09-06 06:26:27');
INSERT INTO `cbse_student_subject_marks` (`id`, `cbse_exam_timetable_assessment_type_id`, `cbse_exam_timetable_id`, `cbse_exam_student_id`, `cbse_exam_assessment_type_id`, `is_absent`, `marks`, `note`, `created_at`) VALUES (1619, 0, 40, 111, 1, 0, '56.00', '', '2023-09-06 06:26:27');
INSERT INTO `cbse_student_subject_marks` (`id`, `cbse_exam_timetable_assessment_type_id`, `cbse_exam_timetable_id`, `cbse_exam_student_id`, `cbse_exam_assessment_type_id`, `is_absent`, `marks`, `note`, `created_at`) VALUES (1620, 0, 40, 111, 2, 0, '45.00', '', '2023-09-06 06:26:27');
INSERT INTO `cbse_student_subject_marks` (`id`, `cbse_exam_timetable_assessment_type_id`, `cbse_exam_timetable_id`, `cbse_exam_student_id`, `cbse_exam_assessment_type_id`, `is_absent`, `marks`, `note`, `created_at`) VALUES (1621, 0, 40, 111, 3, 0, '10.00', '', '2023-09-06 06:26:27');
INSERT INTO `cbse_student_subject_marks` (`id`, `cbse_exam_timetable_assessment_type_id`, `cbse_exam_timetable_id`, `cbse_exam_student_id`, `cbse_exam_assessment_type_id`, `is_absent`, `marks`, `note`, `created_at`) VALUES (1622, 0, 40, 112, 1, 0, '45.00', 'Keep hard working', '2023-09-06 06:26:27');
INSERT INTO `cbse_student_subject_marks` (`id`, `cbse_exam_timetable_assessment_type_id`, `cbse_exam_timetable_id`, `cbse_exam_student_id`, `cbse_exam_assessment_type_id`, `is_absent`, `marks`, `note`, `created_at`) VALUES (1623, 0, 40, 112, 2, 0, '34.00', 'Keep hard working', '2023-09-06 06:26:27');
INSERT INTO `cbse_student_subject_marks` (`id`, `cbse_exam_timetable_assessment_type_id`, `cbse_exam_timetable_id`, `cbse_exam_student_id`, `cbse_exam_assessment_type_id`, `is_absent`, `marks`, `note`, `created_at`) VALUES (1624, 0, 40, 112, 3, 0, '10.00', 'Keep hard working', '2023-09-06 06:26:27');
INSERT INTO `cbse_student_subject_marks` (`id`, `cbse_exam_timetable_assessment_type_id`, `cbse_exam_timetable_id`, `cbse_exam_student_id`, `cbse_exam_assessment_type_id`, `is_absent`, `marks`, `note`, `created_at`) VALUES (1625, 0, 40, 113, 1, 0, '67.00', '', '2023-09-06 06:26:27');
INSERT INTO `cbse_student_subject_marks` (`id`, `cbse_exam_timetable_assessment_type_id`, `cbse_exam_timetable_id`, `cbse_exam_student_id`, `cbse_exam_assessment_type_id`, `is_absent`, `marks`, `note`, `created_at`) VALUES (1626, 0, 40, 113, 2, 0, '67.00', '', '2023-09-06 06:26:27');
INSERT INTO `cbse_student_subject_marks` (`id`, `cbse_exam_timetable_assessment_type_id`, `cbse_exam_timetable_id`, `cbse_exam_student_id`, `cbse_exam_assessment_type_id`, `is_absent`, `marks`, `note`, `created_at`) VALUES (1627, 0, 40, 113, 3, 1, '0.00', '', '2023-09-06 06:26:27');
INSERT INTO `cbse_student_subject_marks` (`id`, `cbse_exam_timetable_assessment_type_id`, `cbse_exam_timetable_id`, `cbse_exam_student_id`, `cbse_exam_assessment_type_id`, `is_absent`, `marks`, `note`, `created_at`) VALUES (1628, 0, 40, 114, 1, 0, '34.00', '', '2023-09-06 06:26:27');
INSERT INTO `cbse_student_subject_marks` (`id`, `cbse_exam_timetable_assessment_type_id`, `cbse_exam_timetable_id`, `cbse_exam_student_id`, `cbse_exam_assessment_type_id`, `is_absent`, `marks`, `note`, `created_at`) VALUES (1629, 0, 40, 114, 2, 0, '23.00', '', '2023-09-06 06:26:27');
INSERT INTO `cbse_student_subject_marks` (`id`, `cbse_exam_timetable_assessment_type_id`, `cbse_exam_timetable_id`, `cbse_exam_student_id`, `cbse_exam_assessment_type_id`, `is_absent`, `marks`, `note`, `created_at`) VALUES (1630, 0, 40, 114, 3, 1, '0.00', '', '2023-09-06 06:26:27');
INSERT INTO `cbse_student_subject_marks` (`id`, `cbse_exam_timetable_assessment_type_id`, `cbse_exam_timetable_id`, `cbse_exam_student_id`, `cbse_exam_assessment_type_id`, `is_absent`, `marks`, `note`, `created_at`) VALUES (1631, 0, 40, 115, 1, 0, '56.00', '', '2023-09-06 06:26:27');
INSERT INTO `cbse_student_subject_marks` (`id`, `cbse_exam_timetable_assessment_type_id`, `cbse_exam_timetable_id`, `cbse_exam_student_id`, `cbse_exam_assessment_type_id`, `is_absent`, `marks`, `note`, `created_at`) VALUES (1632, 0, 40, 115, 2, 0, '45.00', '', '2023-09-06 06:26:27');
INSERT INTO `cbse_student_subject_marks` (`id`, `cbse_exam_timetable_assessment_type_id`, `cbse_exam_timetable_id`, `cbse_exam_student_id`, `cbse_exam_assessment_type_id`, `is_absent`, `marks`, `note`, `created_at`) VALUES (1633, 0, 40, 115, 3, 0, '10.00', '', '2023-09-06 06:26:27');
INSERT INTO `cbse_student_subject_marks` (`id`, `cbse_exam_timetable_assessment_type_id`, `cbse_exam_timetable_id`, `cbse_exam_student_id`, `cbse_exam_assessment_type_id`, `is_absent`, `marks`, `note`, `created_at`) VALUES (1634, 0, 40, 116, 1, 0, '34.00', '', '2023-09-06 06:26:27');
INSERT INTO `cbse_student_subject_marks` (`id`, `cbse_exam_timetable_assessment_type_id`, `cbse_exam_timetable_id`, `cbse_exam_student_id`, `cbse_exam_assessment_type_id`, `is_absent`, `marks`, `note`, `created_at`) VALUES (1635, 0, 40, 116, 2, 0, '45.00', '', '2023-09-06 06:26:27');
INSERT INTO `cbse_student_subject_marks` (`id`, `cbse_exam_timetable_assessment_type_id`, `cbse_exam_timetable_id`, `cbse_exam_student_id`, `cbse_exam_assessment_type_id`, `is_absent`, `marks`, `note`, `created_at`) VALUES (1636, 0, 40, 116, 3, 0, '5.00', '', '2023-09-06 06:26:27');
INSERT INTO `cbse_student_subject_marks` (`id`, `cbse_exam_timetable_assessment_type_id`, `cbse_exam_timetable_id`, `cbse_exam_student_id`, `cbse_exam_assessment_type_id`, `is_absent`, `marks`, `note`, `created_at`) VALUES (1637, 0, 40, 117, 1, 0, '56.00', '', '2023-09-06 06:26:27');
INSERT INTO `cbse_student_subject_marks` (`id`, `cbse_exam_timetable_assessment_type_id`, `cbse_exam_timetable_id`, `cbse_exam_student_id`, `cbse_exam_assessment_type_id`, `is_absent`, `marks`, `note`, `created_at`) VALUES (1638, 0, 40, 117, 2, 0, '23.00', '', '2023-09-06 06:26:27');
INSERT INTO `cbse_student_subject_marks` (`id`, `cbse_exam_timetable_assessment_type_id`, `cbse_exam_timetable_id`, `cbse_exam_student_id`, `cbse_exam_assessment_type_id`, `is_absent`, `marks`, `note`, `created_at`) VALUES (1639, 0, 40, 117, 3, 0, '10.00', '', '2023-09-06 06:26:27');
INSERT INTO `cbse_student_subject_marks` (`id`, `cbse_exam_timetable_assessment_type_id`, `cbse_exam_timetable_id`, `cbse_exam_student_id`, `cbse_exam_assessment_type_id`, `is_absent`, `marks`, `note`, `created_at`) VALUES (1640, 0, 40, 118, 1, 0, '78.00', '', '2023-09-06 06:26:27');
INSERT INTO `cbse_student_subject_marks` (`id`, `cbse_exam_timetable_assessment_type_id`, `cbse_exam_timetable_id`, `cbse_exam_student_id`, `cbse_exam_assessment_type_id`, `is_absent`, `marks`, `note`, `created_at`) VALUES (1641, 0, 40, 118, 2, 0, '56.00', '', '2023-09-06 06:26:27');
INSERT INTO `cbse_student_subject_marks` (`id`, `cbse_exam_timetable_assessment_type_id`, `cbse_exam_timetable_id`, `cbse_exam_student_id`, `cbse_exam_assessment_type_id`, `is_absent`, `marks`, `note`, `created_at`) VALUES (1642, 0, 40, 118, 3, 0, '10.00', '', '2023-09-06 06:26:27');
INSERT INTO `cbse_student_subject_marks` (`id`, `cbse_exam_timetable_assessment_type_id`, `cbse_exam_timetable_id`, `cbse_exam_student_id`, `cbse_exam_assessment_type_id`, `is_absent`, `marks`, `note`, `created_at`) VALUES (1643, 0, 40, 119, 1, 0, '67.00', '', '2023-09-06 06:26:27');
INSERT INTO `cbse_student_subject_marks` (`id`, `cbse_exam_timetable_assessment_type_id`, `cbse_exam_timetable_id`, `cbse_exam_student_id`, `cbse_exam_assessment_type_id`, `is_absent`, `marks`, `note`, `created_at`) VALUES (1644, 0, 40, 119, 2, 0, '45.00', '', '2023-09-06 06:26:27');
INSERT INTO `cbse_student_subject_marks` (`id`, `cbse_exam_timetable_assessment_type_id`, `cbse_exam_timetable_id`, `cbse_exam_student_id`, `cbse_exam_assessment_type_id`, `is_absent`, `marks`, `note`, `created_at`) VALUES (1645, 0, 40, 119, 3, 0, '14.00', '', '2023-09-06 06:26:27');
INSERT INTO `cbse_student_subject_marks` (`id`, `cbse_exam_timetable_assessment_type_id`, `cbse_exam_timetable_id`, `cbse_exam_student_id`, `cbse_exam_assessment_type_id`, `is_absent`, `marks`, `note`, `created_at`) VALUES (1646, 0, 40, 120, 1, 1, '0.00', '', '2023-09-06 06:26:27');
INSERT INTO `cbse_student_subject_marks` (`id`, `cbse_exam_timetable_assessment_type_id`, `cbse_exam_timetable_id`, `cbse_exam_student_id`, `cbse_exam_assessment_type_id`, `is_absent`, `marks`, `note`, `created_at`) VALUES (1647, 0, 40, 120, 2, 0, '63.00', '', '2023-09-06 06:26:27');
INSERT INTO `cbse_student_subject_marks` (`id`, `cbse_exam_timetable_assessment_type_id`, `cbse_exam_timetable_id`, `cbse_exam_student_id`, `cbse_exam_assessment_type_id`, `is_absent`, `marks`, `note`, `created_at`) VALUES (1648, 0, 40, 120, 3, 0, '15.00', '', '2023-09-06 06:26:27');
INSERT INTO `cbse_student_subject_marks` (`id`, `cbse_exam_timetable_assessment_type_id`, `cbse_exam_timetable_id`, `cbse_exam_student_id`, `cbse_exam_assessment_type_id`, `is_absent`, `marks`, `note`, `created_at`) VALUES (1649, 0, 40, 121, 1, 0, '34.00', '', '2023-09-06 06:26:27');
INSERT INTO `cbse_student_subject_marks` (`id`, `cbse_exam_timetable_assessment_type_id`, `cbse_exam_timetable_id`, `cbse_exam_student_id`, `cbse_exam_assessment_type_id`, `is_absent`, `marks`, `note`, `created_at`) VALUES (1650, 0, 40, 121, 2, 0, '34.00', '', '2023-09-06 06:26:27');
INSERT INTO `cbse_student_subject_marks` (`id`, `cbse_exam_timetable_assessment_type_id`, `cbse_exam_timetable_id`, `cbse_exam_student_id`, `cbse_exam_assessment_type_id`, `is_absent`, `marks`, `note`, `created_at`) VALUES (1651, 0, 40, 121, 3, 0, '16.00', '', '2023-09-06 06:26:27');
INSERT INTO `cbse_student_subject_marks` (`id`, `cbse_exam_timetable_assessment_type_id`, `cbse_exam_timetable_id`, `cbse_exam_student_id`, `cbse_exam_assessment_type_id`, `is_absent`, `marks`, `note`, `created_at`) VALUES (1652, 0, 40, 122, 1, 0, '67.00', '', '2023-09-06 06:26:27');
INSERT INTO `cbse_student_subject_marks` (`id`, `cbse_exam_timetable_assessment_type_id`, `cbse_exam_timetable_id`, `cbse_exam_student_id`, `cbse_exam_assessment_type_id`, `is_absent`, `marks`, `note`, `created_at`) VALUES (1653, 0, 40, 122, 2, 0, '34.00', '', '2023-09-06 06:26:27');
INSERT INTO `cbse_student_subject_marks` (`id`, `cbse_exam_timetable_assessment_type_id`, `cbse_exam_timetable_id`, `cbse_exam_student_id`, `cbse_exam_assessment_type_id`, `is_absent`, `marks`, `note`, `created_at`) VALUES (1654, 0, 40, 122, 3, 0, '10.00', '', '2023-09-06 06:26:27');
INSERT INTO `cbse_student_subject_marks` (`id`, `cbse_exam_timetable_assessment_type_id`, `cbse_exam_timetable_id`, `cbse_exam_student_id`, `cbse_exam_assessment_type_id`, `is_absent`, `marks`, `note`, `created_at`) VALUES (1655, 0, 40, 123, 1, 1, '0.00', '', '2023-09-06 06:26:27');
INSERT INTO `cbse_student_subject_marks` (`id`, `cbse_exam_timetable_assessment_type_id`, `cbse_exam_timetable_id`, `cbse_exam_student_id`, `cbse_exam_assessment_type_id`, `is_absent`, `marks`, `note`, `created_at`) VALUES (1656, 0, 40, 123, 2, 0, '56.00', '', '2023-09-06 06:26:27');
INSERT INTO `cbse_student_subject_marks` (`id`, `cbse_exam_timetable_assessment_type_id`, `cbse_exam_timetable_id`, `cbse_exam_student_id`, `cbse_exam_assessment_type_id`, `is_absent`, `marks`, `note`, `created_at`) VALUES (1657, 0, 40, 123, 3, 0, '10.00', '', '2023-09-06 06:26:27');
