
CREATE TABLE `homework_evaluation` (
  `id` int NOT NULL AUTO_INCREMENT,
  `homework_id` int NOT NULL,
  `student_id` int DEFAULT NULL,
  `student_session_id` int DEFAULT NULL,
  `marks` float(10,2) DEFAULT NULL,
  `note` varchar(255) NOT NULL,
  `date` date NOT NULL,
  `status` varchar(100) NOT NULL,
  `created_at` timestamp NOT NULL DEFAULT CURRENT_TIMESTAMP ON UPDATE CURRENT_TIMESTAMP,
  PRIMARY KEY (`id`),
  KEY `homework_id` (`homework_id`),
  KEY `student_id` (`student_id`),
  KEY `student_session_id` (`student_session_id`),
  CONSTRAINT `homework_evaluation_ibfk_1` FOREIGN KEY (`homework_id`) REFERENCES `homework` (`id`) ON DELETE CASCADE,
  CONSTRAINT `homework_evaluation_ibfk_2` FOREIGN KEY (`student_id`) REFERENCES `students` (`id`) ON DELETE CASCADE,
  CONSTRAINT `homework_evaluation_ibfk_3` FOREIGN KEY (`student_session_id`) REFERENCES `student_session` (`id`) ON DELETE CASCADE
) ENGINE=InnoDB AUTO_INCREMENT=270 DEFAULT CHARSET=utf8mb3;

INSERT INTO `homework_evaluation` (`id`, `homework_id`, `student_id`, `student_session_id`, `marks`, `note`, `date`, `status`, `created_at`) VALUES (1, 12, NULL, 1, NULL, '', '0000-00-00', 'Complete', '2023-01-18 06:07:18');
INSERT INTO `homework_evaluation` (`id`, `homework_id`, `student_id`, `student_session_id`, `marks`, `note`, `date`, `status`, `created_at`) VALUES (2, 3, NULL, 1, NULL, '', '0000-00-00', 'Complete', '2023-01-18 06:07:18');
INSERT INTO `homework_evaluation` (`id`, `homework_id`, `student_id`, `student_session_id`, `marks`, `note`, `date`, `status`, `created_at`) VALUES (3, 10, NULL, 17, NULL, '', '0000-00-00', 'Complete', '2023-01-18 06:07:18');
INSERT INTO `homework_evaluation` (`id`, `homework_id`, `student_id`, `student_session_id`, `marks`, `note`, `date`, `status`, `created_at`) VALUES (4, 10, NULL, 15, NULL, '', '0000-00-00', 'Complete', '2023-01-18 06:07:18');
INSERT INTO `homework_evaluation` (`id`, `homework_id`, `student_id`, `student_session_id`, `marks`, `note`, `date`, `status`, `created_at`) VALUES (5, 10, NULL, 13, NULL, '', '0000-00-00', 'Complete', '2023-01-18 06:07:18');
INSERT INTO `homework_evaluation` (`id`, `homework_id`, `student_id`, `student_session_id`, `marks`, `note`, `date`, `status`, `created_at`) VALUES (6, 10, NULL, 4, NULL, '', '0000-00-00', 'Complete', '2023-01-18 06:07:18');
INSERT INTO `homework_evaluation` (`id`, `homework_id`, `student_id`, `student_session_id`, `marks`, `note`, `date`, `status`, `created_at`) VALUES (7, 10, NULL, 2, NULL, '', '0000-00-00', 'Complete', '2023-01-18 06:07:18');
INSERT INTO `homework_evaluation` (`id`, `homework_id`, `student_id`, `student_session_id`, `marks`, `note`, `date`, `status`, `created_at`) VALUES (8, 10, NULL, 1, NULL, '', '0000-00-00', 'Complete', '2023-01-18 06:07:18');
INSERT INTO `homework_evaluation` (`id`, `homework_id`, `student_id`, `student_session_id`, `marks`, `note`, `date`, `status`, `created_at`) VALUES (9, 13, NULL, 1, NULL, '', '0000-00-00', 'Complete', '2023-01-18 06:07:18');
INSERT INTO `homework_evaluation` (`id`, `homework_id`, `student_id`, `student_session_id`, `marks`, `note`, `date`, `status`, `created_at`) VALUES (10, 19, NULL, 19, NULL, '', '0000-00-00', 'Complete', '2023-01-18 06:07:18');
INSERT INTO `homework_evaluation` (`id`, `homework_id`, `student_id`, `student_session_id`, `marks`, `note`, `date`, `status`, `created_at`) VALUES (11, 19, NULL, 18, NULL, '', '0000-00-00', 'Complete', '2023-01-18 06:07:18');
INSERT INTO `homework_evaluation` (`id`, `homework_id`, `student_id`, `student_session_id`, `marks`, `note`, `date`, `status`, `created_at`) VALUES (12, 19, NULL, 17, NULL, '', '0000-00-00', 'Complete', '2023-01-18 06:07:18');
INSERT INTO `homework_evaluation` (`id`, `homework_id`, `student_id`, `student_session_id`, `marks`, `note`, `date`, `status`, `created_at`) VALUES (13, 19, NULL, 15, NULL, '', '0000-00-00', 'Complete', '2023-01-18 06:07:18');
INSERT INTO `homework_evaluation` (`id`, `homework_id`, `student_id`, `student_session_id`, `marks`, `note`, `date`, `status`, `created_at`) VALUES (14, 19, NULL, 13, NULL, '', '0000-00-00', 'Complete', '2023-01-18 06:07:18');
INSERT INTO `homework_evaluation` (`id`, `homework_id`, `student_id`, `student_session_id`, `marks`, `note`, `date`, `status`, `created_at`) VALUES (15, 19, NULL, 12, NULL, '', '0000-00-00', 'Complete', '2023-01-18 06:07:18');
INSERT INTO `homework_evaluation` (`id`, `homework_id`, `student_id`, `student_session_id`, `marks`, `note`, `date`, `status`, `created_at`) VALUES (16, 19, NULL, 10, NULL, '', '0000-00-00', 'Complete', '2023-01-18 06:07:18');
INSERT INTO `homework_evaluation` (`id`, `homework_id`, `student_id`, `student_session_id`, `marks`, `note`, `date`, `status`, `created_at`) VALUES (17, 19, NULL, 8, NULL, '', '0000-00-00', 'Complete', '2023-01-18 06:07:18');
INSERT INTO `homework_evaluation` (`id`, `homework_id`, `student_id`, `student_session_id`, `marks`, `note`, `date`, `status`, `created_at`) VALUES (18, 19, NULL, 7, NULL, '', '0000-00-00', 'Complete', '2023-01-18 06:07:18');
INSERT INTO `homework_evaluation` (`id`, `homework_id`, `student_id`, `student_session_id`, `marks`, `note`, `date`, `status`, `created_at`) VALUES (19, 16, NULL, 19, NULL, '', '0000-00-00', 'Complete', '2023-01-18 06:07:18');
INSERT INTO `homework_evaluation` (`id`, `homework_id`, `student_id`, `student_session_id`, `marks`, `note`, `date`, `status`, `created_at`) VALUES (20, 16, NULL, 18, NULL, '', '0000-00-00', 'Complete', '2023-01-18 06:07:18');
INSERT INTO `homework_evaluation` (`id`, `homework_id`, `student_id`, `student_session_id`, `marks`, `note`, `date`, `status`, `created_at`) VALUES (21, 16, NULL, 17, NULL, '', '0000-00-00', 'Complete', '2023-01-18 06:07:18');
INSERT INTO `homework_evaluation` (`id`, `homework_id`, `student_id`, `student_session_id`, `marks`, `note`, `date`, `status`, `created_at`) VALUES (22, 21, NULL, 1, NULL, '', '0000-00-00', 'Complete', '2023-01-18 06:07:18');
INSERT INTO `homework_evaluation` (`id`, `homework_id`, `student_id`, `student_session_id`, `marks`, `note`, `date`, `status`, `created_at`) VALUES (24, 14, NULL, 1, NULL, '', '0000-00-00', 'Complete', '2023-01-18 06:07:18');
INSERT INTO `homework_evaluation` (`id`, `homework_id`, `student_id`, `student_session_id`, `marks`, `note`, `date`, `status`, `created_at`) VALUES (25, 30, NULL, 1, NULL, '', '0000-00-00', 'Complete', '2023-01-18 06:07:18');
INSERT INTO `homework_evaluation` (`id`, `homework_id`, `student_id`, `student_session_id`, `marks`, `note`, `date`, `status`, `created_at`) VALUES (26, 27, NULL, 14, NULL, '', '0000-00-00', 'Complete', '2023-01-18 06:07:18');
INSERT INTO `homework_evaluation` (`id`, `homework_id`, `student_id`, `student_session_id`, `marks`, `note`, `date`, `status`, `created_at`) VALUES (27, 27, NULL, 5, NULL, '', '0000-00-00', 'Complete', '2023-01-18 06:07:18');
INSERT INTO `homework_evaluation` (`id`, `homework_id`, `student_id`, `student_session_id`, `marks`, `note`, `date`, `status`, `created_at`) VALUES (28, 27, NULL, 3, NULL, '', '0000-00-00', 'Complete', '2023-01-18 06:07:18');
INSERT INTO `homework_evaluation` (`id`, `homework_id`, `student_id`, `student_session_id`, `marks`, `note`, `date`, `status`, `created_at`) VALUES (29, 37, NULL, 14, NULL, '', '0000-00-00', 'Complete', '2023-01-18 06:07:18');
INSERT INTO `homework_evaluation` (`id`, `homework_id`, `student_id`, `student_session_id`, `marks`, `note`, `date`, `status`, `created_at`) VALUES (30, 37, NULL, 5, NULL, '', '0000-00-00', 'Complete', '2023-01-18 06:07:18');
INSERT INTO `homework_evaluation` (`id`, `homework_id`, `student_id`, `student_session_id`, `marks`, `note`, `date`, `status`, `created_at`) VALUES (31, 34, NULL, 1, NULL, '', '0000-00-00', 'Complete', '2023-01-18 06:07:18');
INSERT INTO `homework_evaluation` (`id`, `homework_id`, `student_id`, `student_session_id`, `marks`, `note`, `date`, `status`, `created_at`) VALUES (32, 40, NULL, 25, NULL, '', '0000-00-00', 'Complete', '2023-01-18 06:07:18');
INSERT INTO `homework_evaluation` (`id`, `homework_id`, `student_id`, `student_session_id`, `marks`, `note`, `date`, `status`, `created_at`) VALUES (33, 40, NULL, 24, NULL, '', '0000-00-00', 'Complete', '2023-01-18 06:07:18');
INSERT INTO `homework_evaluation` (`id`, `homework_id`, `student_id`, `student_session_id`, `marks`, `note`, `date`, `status`, `created_at`) VALUES (34, 40, NULL, 23, NULL, '', '0000-00-00', 'Complete', '2023-01-18 06:07:18');
INSERT INTO `homework_evaluation` (`id`, `homework_id`, `student_id`, `student_session_id`, `marks`, `note`, `date`, `status`, `created_at`) VALUES (35, 40, NULL, 22, NULL, '', '0000-00-00', 'Complete', '2023-01-18 06:07:18');
INSERT INTO `homework_evaluation` (`id`, `homework_id`, `student_id`, `student_session_id`, `marks`, `note`, `date`, `status`, `created_at`) VALUES (36, 26, NULL, 25, NULL, '', '0000-00-00', 'Complete', '2023-01-18 06:07:18');
INSERT INTO `homework_evaluation` (`id`, `homework_id`, `student_id`, `student_session_id`, `marks`, `note`, `date`, `status`, `created_at`) VALUES (37, 26, NULL, 24, NULL, '', '0000-00-00', 'Complete', '2023-01-18 06:07:18');
INSERT INTO `homework_evaluation` (`id`, `homework_id`, `student_id`, `student_session_id`, `marks`, `note`, `date`, `status`, `created_at`) VALUES (38, 28, NULL, 23, NULL, '', '0000-00-00', 'Complete', '2023-01-18 06:07:18');
INSERT INTO `homework_evaluation` (`id`, `homework_id`, `student_id`, `student_session_id`, `marks`, `note`, `date`, `status`, `created_at`) VALUES (39, 28, NULL, 10, NULL, '', '0000-00-00', 'Complete', '2023-01-18 06:07:18');
INSERT INTO `homework_evaluation` (`id`, `homework_id`, `student_id`, `student_session_id`, `marks`, `note`, `date`, `status`, `created_at`) VALUES (40, 28, NULL, 8, NULL, '', '0000-00-00', 'Complete', '2023-01-18 06:07:18');
INSERT INTO `homework_evaluation` (`id`, `homework_id`, `student_id`, `student_session_id`, `marks`, `note`, `date`, `status`, `created_at`) VALUES (41, 1, NULL, 25, NULL, '', '0000-00-00', 'Complete', '2023-01-18 06:07:18');
INSERT INTO `homework_evaluation` (`id`, `homework_id`, `student_id`, `student_session_id`, `marks`, `note`, `date`, `status`, `created_at`) VALUES (42, 1, NULL, 24, NULL, '', '0000-00-00', 'Complete', '2023-01-18 06:07:18');
INSERT INTO `homework_evaluation` (`id`, `homework_id`, `student_id`, `student_session_id`, `marks`, `note`, `date`, `status`, `created_at`) VALUES (43, 1, NULL, 23, NULL, '', '0000-00-00', 'Complete', '2023-01-18 06:07:18');
INSERT INTO `homework_evaluation` (`id`, `homework_id`, `student_id`, `student_session_id`, `marks`, `note`, `date`, `status`, `created_at`) VALUES (44, 1, NULL, 22, NULL, '', '0000-00-00', 'Complete', '2023-01-18 06:07:18');
INSERT INTO `homework_evaluation` (`id`, `homework_id`, `student_id`, `student_session_id`, `marks`, `note`, `date`, `status`, `created_at`) VALUES (45, 1, NULL, 21, NULL, '', '0000-00-00', 'Complete', '2023-01-18 06:07:18');
INSERT INTO `homework_evaluation` (`id`, `homework_id`, `student_id`, `student_session_id`, `marks`, `note`, `date`, `status`, `created_at`) VALUES (46, 1, NULL, 20, NULL, '', '0000-00-00', 'Complete', '2023-01-18 06:07:18');
INSERT INTO `homework_evaluation` (`id`, `homework_id`, `student_id`, `student_session_id`, `marks`, `note`, `date`, `status`, `created_at`) VALUES (47, 1, NULL, 19, NULL, '', '0000-00-00', 'Complete', '2023-01-18 06:07:18');
INSERT INTO `homework_evaluation` (`id`, `homework_id`, `student_id`, `student_session_id`, `marks`, `note`, `date`, `status`, `created_at`) VALUES (48, 1, NULL, 18, NULL, '', '0000-00-00', 'Complete', '2023-01-18 06:07:18');
INSERT INTO `homework_evaluation` (`id`, `homework_id`, `student_id`, `student_session_id`, `marks`, `note`, `date`, `status`, `created_at`) VALUES (49, 1, NULL, 17, NULL, '', '0000-00-00', 'Complete', '2023-01-18 06:07:18');
INSERT INTO `homework_evaluation` (`id`, `homework_id`, `student_id`, `student_session_id`, `marks`, `note`, `date`, `status`, `created_at`) VALUES (50, 1, NULL, 15, NULL, '', '0000-00-00', 'Complete', '2023-01-18 06:07:18');
INSERT INTO `homework_evaluation` (`id`, `homework_id`, `student_id`, `student_session_id`, `marks`, `note`, `date`, `status`, `created_at`) VALUES (51, 1, NULL, 13, NULL, '', '0000-00-00', 'Complete', '2023-01-18 06:07:18');
INSERT INTO `homework_evaluation` (`id`, `homework_id`, `student_id`, `student_session_id`, `marks`, `note`, `date`, `status`, `created_at`) VALUES (52, 1, NULL, 12, NULL, '', '0000-00-00', 'Complete', '2023-01-18 06:07:18');
INSERT INTO `homework_evaluation` (`id`, `homework_id`, `student_id`, `student_session_id`, `marks`, `note`, `date`, `status`, `created_at`) VALUES (53, 1, NULL, 10, NULL, '', '0000-00-00', 'Complete', '2023-01-18 06:07:18');
INSERT INTO `homework_evaluation` (`id`, `homework_id`, `student_id`, `student_session_id`, `marks`, `note`, `date`, `status`, `created_at`) VALUES (54, 1, NULL, 1, NULL, '', '0000-00-00', 'Complete', '2023-01-18 06:07:18');
INSERT INTO `homework_evaluation` (`id`, `homework_id`, `student_id`, `student_session_id`, `marks`, `note`, `date`, `status`, `created_at`) VALUES (55, 50, NULL, 1, NULL, '', '0000-00-00', 'Complete', '2023-01-18 06:07:18');
INSERT INTO `homework_evaluation` (`id`, `homework_id`, `student_id`, `student_session_id`, `marks`, `note`, `date`, `status`, `created_at`) VALUES (56, 49, NULL, 1, NULL, '', '0000-00-00', 'Complete', '2023-01-18 06:07:18');
INSERT INTO `homework_evaluation` (`id`, `homework_id`, `student_id`, `student_session_id`, `marks`, `note`, `date`, `status`, `created_at`) VALUES (58, 69, NULL, 25, NULL, '', '0000-00-00', 'Complete', '2023-01-18 06:07:18');
INSERT INTO `homework_evaluation` (`id`, `homework_id`, `student_id`, `student_session_id`, `marks`, `note`, `date`, `status`, `created_at`) VALUES (59, 69, NULL, 24, NULL, '', '0000-00-00', 'Complete', '2023-01-18 06:07:18');
INSERT INTO `homework_evaluation` (`id`, `homework_id`, `student_id`, `student_session_id`, `marks`, `note`, `date`, `status`, `created_at`) VALUES (60, 69, NULL, 22, NULL, '', '0000-00-00', 'Complete', '2023-01-18 06:07:18');
INSERT INTO `homework_evaluation` (`id`, `homework_id`, `student_id`, `student_session_id`, `marks`, `note`, `date`, `status`, `created_at`) VALUES (61, 69, NULL, 21, NULL, '', '0000-00-00', 'Complete', '2023-01-18 06:07:18');
INSERT INTO `homework_evaluation` (`id`, `homework_id`, `student_id`, `student_session_id`, `marks`, `note`, `date`, `status`, `created_at`) VALUES (62, 69, NULL, 20, NULL, '', '0000-00-00', 'Complete', '2023-01-18 06:07:18');
INSERT INTO `homework_evaluation` (`id`, `homework_id`, `student_id`, `student_session_id`, `marks`, `note`, `date`, `status`, `created_at`) VALUES (63, 69, NULL, 1, NULL, '', '0000-00-00', 'Complete', '2023-01-18 06:07:18');
INSERT INTO `homework_evaluation` (`id`, `homework_id`, `student_id`, `student_session_id`, `marks`, `note`, `date`, `status`, `created_at`) VALUES (64, 63, NULL, 1, NULL, '', '0000-00-00', 'Complete', '2023-01-18 06:07:18');
INSERT INTO `homework_evaluation` (`id`, `homework_id`, `student_id`, `student_session_id`, `marks`, `note`, `date`, `status`, `created_at`) VALUES (65, 66, NULL, 1, NULL, '', '0000-00-00', 'Complete', '2023-01-18 06:07:18');
INSERT INTO `homework_evaluation` (`id`, `homework_id`, `student_id`, `student_session_id`, `marks`, `note`, `date`, `status`, `created_at`) VALUES (66, 63, NULL, 24, NULL, '', '0000-00-00', 'Complete', '2023-01-18 06:07:18');
INSERT INTO `homework_evaluation` (`id`, `homework_id`, `student_id`, `student_session_id`, `marks`, `note`, `date`, `status`, `created_at`) VALUES (67, 63, NULL, 22, NULL, '', '0000-00-00', 'Complete', '2023-01-18 06:07:18');
INSERT INTO `homework_evaluation` (`id`, `homework_id`, `student_id`, `student_session_id`, `marks`, `note`, `date`, `status`, `created_at`) VALUES (68, 63, NULL, 20, NULL, '', '0000-00-00', 'Complete', '2023-01-18 06:07:18');
INSERT INTO `homework_evaluation` (`id`, `homework_id`, `student_id`, `student_session_id`, `marks`, `note`, `date`, `status`, `created_at`) VALUES (69, 96, NULL, 40, NULL, '', '0000-00-00', 'Complete', '2023-01-18 06:07:18');
INSERT INTO `homework_evaluation` (`id`, `homework_id`, `student_id`, `student_session_id`, `marks`, `note`, `date`, `status`, `created_at`) VALUES (70, 106, NULL, 44, NULL, '', '0000-00-00', 'Complete', '2023-01-18 06:07:18');
INSERT INTO `homework_evaluation` (`id`, `homework_id`, `student_id`, `student_session_id`, `marks`, `note`, `date`, `status`, `created_at`) VALUES (71, 109, NULL, 47, NULL, '', '0000-00-00', 'Complete', '2023-01-18 06:07:18');
INSERT INTO `homework_evaluation` (`id`, `homework_id`, `student_id`, `student_session_id`, `marks`, `note`, `date`, `status`, `created_at`) VALUES (72, 112, NULL, 50, NULL, '', '0000-00-00', 'Complete', '2023-01-18 06:07:18');
INSERT INTO `homework_evaluation` (`id`, `homework_id`, `student_id`, `student_session_id`, `marks`, `note`, `date`, `status`, `created_at`) VALUES (73, 112, NULL, 48, NULL, '', '0000-00-00', 'Complete', '2023-01-18 06:07:18');
INSERT INTO `homework_evaluation` (`id`, `homework_id`, `student_id`, `student_session_id`, `marks`, `note`, `date`, `status`, `created_at`) VALUES (74, 108, NULL, 44, NULL, '', '0000-00-00', 'Complete', '2023-01-18 06:07:18');
INSERT INTO `homework_evaluation` (`id`, `homework_id`, `student_id`, `student_session_id`, `marks`, `note`, `date`, `status`, `created_at`) VALUES (75, 103, NULL, 43, NULL, '', '0000-00-00', 'Complete', '2023-01-18 06:07:18');
INSERT INTO `homework_evaluation` (`id`, `homework_id`, `student_id`, `student_session_id`, `marks`, `note`, `date`, `status`, `created_at`) VALUES (76, 96, NULL, 42, NULL, '', '0000-00-00', 'Complete', '2023-01-18 06:07:18');
INSERT INTO `homework_evaluation` (`id`, `homework_id`, `student_id`, `student_session_id`, `marks`, `note`, `date`, `status`, `created_at`) VALUES (77, 96, NULL, 41, NULL, '', '0000-00-00', 'Complete', '2023-01-18 06:07:18');
INSERT INTO `homework_evaluation` (`id`, `homework_id`, `student_id`, `student_session_id`, `marks`, `note`, `date`, `status`, `created_at`) VALUES (78, 96, NULL, 39, NULL, '', '0000-00-00', 'Complete', '2023-01-18 06:07:18');
INSERT INTO `homework_evaluation` (`id`, `homework_id`, `student_id`, `student_session_id`, `marks`, `note`, `date`, `status`, `created_at`) VALUES (79, 96, NULL, 31, NULL, '', '0000-00-00', 'Complete', '2023-01-18 06:07:18');
INSERT INTO `homework_evaluation` (`id`, `homework_id`, `student_id`, `student_session_id`, `marks`, `note`, `date`, `status`, `created_at`) VALUES (80, 96, NULL, 30, NULL, '', '0000-00-00', 'Complete', '2023-01-18 06:07:18');
INSERT INTO `homework_evaluation` (`id`, `homework_id`, `student_id`, `student_session_id`, `marks`, `note`, `date`, `status`, `created_at`) VALUES (81, 96, NULL, 26, NULL, '', '0000-00-00', 'Complete', '2023-01-18 06:07:18');
INSERT INTO `homework_evaluation` (`id`, `homework_id`, `student_id`, `student_session_id`, `marks`, `note`, `date`, `status`, `created_at`) VALUES (82, 123, NULL, 26, NULL, '', '0000-00-00', 'Complete', '2023-01-18 06:07:18');
INSERT INTO `homework_evaluation` (`id`, `homework_id`, `student_id`, `student_session_id`, `marks`, `note`, `date`, `status`, `created_at`) VALUES (83, 149, NULL, 26, NULL, '', '0000-00-00', 'Complete', '2023-01-18 06:07:18');
INSERT INTO `homework_evaluation` (`id`, `homework_id`, `student_id`, `student_session_id`, `marks`, `note`, `date`, `status`, `created_at`) VALUES (84, 156, NULL, 26, NULL, '', '0000-00-00', 'Complete', '2023-01-18 06:07:18');
INSERT INTO `homework_evaluation` (`id`, `homework_id`, `student_id`, `student_session_id`, `marks`, `note`, `date`, `status`, `created_at`) VALUES (85, 159, NULL, 33, NULL, '', '0000-00-00', 'Complete', '2023-01-18 06:07:18');
INSERT INTO `homework_evaluation` (`id`, `homework_id`, `student_id`, `student_session_id`, `marks`, `note`, `date`, `status`, `created_at`) VALUES (86, 160, NULL, 26, NULL, '', '0000-00-00', 'Complete', '2023-01-18 06:07:18');
INSERT INTO `homework_evaluation` (`id`, `homework_id`, `student_id`, `student_session_id`, `marks`, `note`, `date`, `status`, `created_at`) VALUES (87, 172, NULL, 26, NULL, '', '0000-00-00', 'Complete', '2023-01-18 06:07:18');
INSERT INTO `homework_evaluation` (`id`, `homework_id`, `student_id`, `student_session_id`, `marks`, `note`, `date`, `status`, `created_at`) VALUES (88, 171, NULL, 33, NULL, '', '0000-00-00', 'Complete', '2023-01-18 06:07:18');
INSERT INTO `homework_evaluation` (`id`, `homework_id`, `student_id`, `student_session_id`, `marks`, `note`, `date`, `status`, `created_at`) VALUES (89, 172, NULL, 27, NULL, '', '0000-00-00', 'Complete', '2023-01-18 06:07:18');
INSERT INTO `homework_evaluation` (`id`, `homework_id`, `student_id`, `student_session_id`, `marks`, `note`, `date`, `status`, `created_at`) VALUES (90, 184, NULL, 49, NULL, '', '0000-00-00', 'Complete', '2023-01-18 06:07:18');
INSERT INTO `homework_evaluation` (`id`, `homework_id`, `student_id`, `student_session_id`, `marks`, `note`, `date`, `status`, `created_at`) VALUES (91, 184, NULL, 38, NULL, '', '0000-00-00', 'Complete', '2023-01-18 06:07:18');
INSERT INTO `homework_evaluation` (`id`, `homework_id`, `student_id`, `student_session_id`, `marks`, `note`, `date`, `status`, `created_at`) VALUES (92, 184, NULL, 33, NULL, '', '0000-00-00', 'Complete', '2023-01-18 06:07:18');
INSERT INTO `homework_evaluation` (`id`, `homework_id`, `student_id`, `student_session_id`, `marks`, `note`, `date`, `status`, `created_at`) VALUES (93, 185, NULL, 30, NULL, '', '0000-00-00', 'Complete', '2023-01-18 06:07:18');
INSERT INTO `homework_evaluation` (`id`, `homework_id`, `student_id`, `student_session_id`, `marks`, `note`, `date`, `status`, `created_at`) VALUES (94, 185, NULL, 28, NULL, '', '0000-00-00', 'Complete', '2023-01-18 06:07:18');
INSERT INTO `homework_evaluation` (`id`, `homework_id`, `student_id`, `student_session_id`, `marks`, `note`, `date`, `status`, `created_at`) VALUES (95, 185, NULL, 27, NULL, '', '0000-00-00', 'Complete', '2023-01-18 06:07:18');
INSERT INTO `homework_evaluation` (`id`, `homework_id`, `student_id`, `student_session_id`, `marks`, `note`, `date`, `status`, `created_at`) VALUES (96, 185, NULL, 26, NULL, '', '0000-00-00', 'Complete', '2023-01-18 06:07:18');
INSERT INTO `homework_evaluation` (`id`, `homework_id`, `student_id`, `student_session_id`, `marks`, `note`, `date`, `status`, `created_at`) VALUES (97, 216, NULL, 46, NULL, '', '0000-00-00', 'Complete', '2023-01-18 06:07:18');
INSERT INTO `homework_evaluation` (`id`, `homework_id`, `student_id`, `student_session_id`, `marks`, `note`, `date`, `status`, `created_at`) VALUES (98, 216, NULL, 45, NULL, '', '0000-00-00', 'Complete', '2023-01-18 06:07:18');
INSERT INTO `homework_evaluation` (`id`, `homework_id`, `student_id`, `student_session_id`, `marks`, `note`, `date`, `status`, `created_at`) VALUES (99, 216, NULL, 44, NULL, '', '0000-00-00', 'Complete', '2023-01-18 06:07:18');
INSERT INTO `homework_evaluation` (`id`, `homework_id`, `student_id`, `student_session_id`, `marks`, `note`, `date`, `status`, `created_at`) VALUES (100, 210, NULL, 68, NULL, '', '0000-00-00', 'Complete', '2023-01-18 06:07:18');
INSERT INTO `homework_evaluation` (`id`, `homework_id`, `student_id`, `student_session_id`, `marks`, `note`, `date`, `status`, `created_at`) VALUES (101, 210, NULL, 66, NULL, '', '0000-00-00', 'Complete', '2023-01-18 06:07:18');
INSERT INTO `homework_evaluation` (`id`, `homework_id`, `student_id`, `student_session_id`, `marks`, `note`, `date`, `status`, `created_at`) VALUES (103, 210, NULL, 64, NULL, '', '0000-00-00', 'Complete', '2023-01-18 06:07:18');
INSERT INTO `homework_evaluation` (`id`, `homework_id`, `student_id`, `student_session_id`, `marks`, `note`, `date`, `status`, `created_at`) VALUES (104, 210, NULL, 63, NULL, '', '0000-00-00', 'Complete', '2023-01-18 06:07:18');
INSERT INTO `homework_evaluation` (`id`, `homework_id`, `student_id`, `student_session_id`, `marks`, `note`, `date`, `status`, `created_at`) VALUES (105, 210, NULL, 61, NULL, '', '0000-00-00', 'Complete', '2023-01-18 06:07:18');
INSERT INTO `homework_evaluation` (`id`, `homework_id`, `student_id`, `student_session_id`, `marks`, `note`, `date`, `status`, `created_at`) VALUES (106, 210, NULL, 60, NULL, '', '0000-00-00', 'Complete', '2023-01-18 06:07:18');
INSERT INTO `homework_evaluation` (`id`, `homework_id`, `student_id`, `student_session_id`, `marks`, `note`, `date`, `status`, `created_at`) VALUES (107, 210, NULL, 59, NULL, '', '0000-00-00', 'Complete', '2023-01-18 06:07:18');
INSERT INTO `homework_evaluation` (`id`, `homework_id`, `student_id`, `student_session_id`, `marks`, `note`, `date`, `status`, `created_at`) VALUES (108, 210, NULL, 58, NULL, '', '0000-00-00', 'Complete', '2023-01-18 06:07:18');
INSERT INTO `homework_evaluation` (`id`, `homework_id`, `student_id`, `student_session_id`, `marks`, `note`, `date`, `status`, `created_at`) VALUES (111, 210, NULL, 38, NULL, '', '0000-00-00', 'Complete', '2023-01-18 06:07:18');
INSERT INTO `homework_evaluation` (`id`, `homework_id`, `student_id`, `student_session_id`, `marks`, `note`, `date`, `status`, `created_at`) VALUES (112, 210, NULL, 33, NULL, '', '0000-00-00', 'Complete', '2023-01-18 06:07:18');
INSERT INTO `homework_evaluation` (`id`, `homework_id`, `student_id`, `student_session_id`, `marks`, `note`, `date`, `status`, `created_at`) VALUES (113, 212, NULL, 53, NULL, '', '0000-00-00', 'Complete', '2023-01-18 06:07:18');
INSERT INTO `homework_evaluation` (`id`, `homework_id`, `student_id`, `student_session_id`, `marks`, `note`, `date`, `status`, `created_at`) VALUES (114, 201, NULL, 53, NULL, '', '0000-00-00', 'Complete', '2023-01-18 06:07:18');
INSERT INTO `homework_evaluation` (`id`, `homework_id`, `student_id`, `student_session_id`, `marks`, `note`, `date`, `status`, `created_at`) VALUES (115, 221, NULL, 62, NULL, '', '0000-00-00', 'Complete', '2023-01-18 06:07:18');
INSERT INTO `homework_evaluation` (`id`, `homework_id`, `student_id`, `student_session_id`, `marks`, `note`, `date`, `status`, `created_at`) VALUES (116, 221, NULL, 42, NULL, '', '0000-00-00', 'Complete', '2023-01-18 06:07:18');
INSERT INTO `homework_evaluation` (`id`, `homework_id`, `student_id`, `student_session_id`, `marks`, `note`, `date`, `status`, `created_at`) VALUES (117, 221, NULL, 41, NULL, '', '0000-00-00', 'Complete', '2023-01-18 06:07:18');
INSERT INTO `homework_evaluation` (`id`, `homework_id`, `student_id`, `student_session_id`, `marks`, `note`, `date`, `status`, `created_at`) VALUES (118, 221, NULL, 40, NULL, '', '0000-00-00', 'Complete', '2023-01-18 06:07:18');
INSERT INTO `homework_evaluation` (`id`, `homework_id`, `student_id`, `student_session_id`, `marks`, `note`, `date`, `status`, `created_at`) VALUES (119, 221, NULL, 39, NULL, '', '0000-00-00', 'Complete', '2023-01-18 06:07:18');
INSERT INTO `homework_evaluation` (`id`, `homework_id`, `student_id`, `student_session_id`, `marks`, `note`, `date`, `status`, `created_at`) VALUES (120, 221, NULL, 37, NULL, '', '0000-00-00', 'Complete', '2023-01-18 06:07:18');
INSERT INTO `homework_evaluation` (`id`, `homework_id`, `student_id`, `student_session_id`, `marks`, `note`, `date`, `status`, `created_at`) VALUES (121, 221, NULL, 36, NULL, '', '0000-00-00', 'Complete', '2023-01-18 06:07:18');
INSERT INTO `homework_evaluation` (`id`, `homework_id`, `student_id`, `student_session_id`, `marks`, `note`, `date`, `status`, `created_at`) VALUES (122, 221, NULL, 35, NULL, '', '0000-00-00', 'Complete', '2023-01-18 06:07:18');
INSERT INTO `homework_evaluation` (`id`, `homework_id`, `student_id`, `student_session_id`, `marks`, `note`, `date`, `status`, `created_at`) VALUES (123, 221, NULL, 34, NULL, '', '0000-00-00', 'Complete', '2023-01-18 06:07:18');
INSERT INTO `homework_evaluation` (`id`, `homework_id`, `student_id`, `student_session_id`, `marks`, `note`, `date`, `status`, `created_at`) VALUES (124, 221, NULL, 32, NULL, '', '0000-00-00', 'Complete', '2023-01-18 06:07:18');
INSERT INTO `homework_evaluation` (`id`, `homework_id`, `student_id`, `student_session_id`, `marks`, `note`, `date`, `status`, `created_at`) VALUES (125, 221, NULL, 31, NULL, '', '0000-00-00', 'Complete', '2023-01-18 06:07:18');
INSERT INTO `homework_evaluation` (`id`, `homework_id`, `student_id`, `student_session_id`, `marks`, `note`, `date`, `status`, `created_at`) VALUES (126, 221, NULL, 30, NULL, '', '0000-00-00', 'Complete', '2023-01-18 06:07:18');
INSERT INTO `homework_evaluation` (`id`, `homework_id`, `student_id`, `student_session_id`, `marks`, `note`, `date`, `status`, `created_at`) VALUES (127, 221, NULL, 29, NULL, '', '0000-00-00', 'Complete', '2023-01-18 06:07:18');
INSERT INTO `homework_evaluation` (`id`, `homework_id`, `student_id`, `student_session_id`, `marks`, `note`, `date`, `status`, `created_at`) VALUES (128, 221, NULL, 28, NULL, '', '0000-00-00', 'Complete', '2023-01-18 06:07:18');
INSERT INTO `homework_evaluation` (`id`, `homework_id`, `student_id`, `student_session_id`, `marks`, `note`, `date`, `status`, `created_at`) VALUES (129, 221, NULL, 27, NULL, '', '0000-00-00', 'Complete', '2023-01-18 06:07:18');
INSERT INTO `homework_evaluation` (`id`, `homework_id`, `student_id`, `student_session_id`, `marks`, `note`, `date`, `status`, `created_at`) VALUES (130, 221, NULL, 26, NULL, '', '0000-00-00', 'Complete', '2023-01-18 06:07:18');
INSERT INTO `homework_evaluation` (`id`, `homework_id`, `student_id`, `student_session_id`, `marks`, `note`, `date`, `status`, `created_at`) VALUES (131, 207, NULL, 67, NULL, '', '0000-00-00', 'Complete', '2023-01-18 06:07:18');
INSERT INTO `homework_evaluation` (`id`, `homework_id`, `student_id`, `student_session_id`, `marks`, `note`, `date`, `status`, `created_at`) VALUES (132, 207, NULL, 50, NULL, '', '0000-00-00', 'Complete', '2023-01-18 06:07:18');
INSERT INTO `homework_evaluation` (`id`, `homework_id`, `student_id`, `student_session_id`, `marks`, `note`, `date`, `status`, `created_at`) VALUES (133, 207, NULL, 48, NULL, '', '0000-00-00', 'Complete', '2023-01-18 06:07:18');
INSERT INTO `homework_evaluation` (`id`, `homework_id`, `student_id`, `student_session_id`, `marks`, `note`, `date`, `status`, `created_at`) VALUES (134, 205, NULL, 46, NULL, '', '0000-00-00', 'Complete', '2023-01-18 06:07:18');
INSERT INTO `homework_evaluation` (`id`, `homework_id`, `student_id`, `student_session_id`, `marks`, `note`, `date`, `status`, `created_at`) VALUES (135, 205, NULL, 45, NULL, '', '0000-00-00', 'Complete', '2023-01-18 06:07:18');
INSERT INTO `homework_evaluation` (`id`, `homework_id`, `student_id`, `student_session_id`, `marks`, `note`, `date`, `status`, `created_at`) VALUES (136, 205, NULL, 44, NULL, '', '0000-00-00', 'Complete', '2023-01-18 06:07:18');
INSERT INTO `homework_evaluation` (`id`, `homework_id`, `student_id`, `student_session_id`, `marks`, `note`, `date`, `status`, `created_at`) VALUES (137, 206, NULL, 47, NULL, '', '0000-00-00', 'Complete', '2023-01-18 06:07:18');
INSERT INTO `homework_evaluation` (`id`, `homework_id`, `student_id`, `student_session_id`, `marks`, `note`, `date`, `status`, `created_at`) VALUES (138, 217, NULL, 47, NULL, '', '0000-00-00', 'Complete', '2023-01-18 06:07:18');
INSERT INTO `homework_evaluation` (`id`, `homework_id`, `student_id`, `student_session_id`, `marks`, `note`, `date`, `status`, `created_at`) VALUES (139, 193, NULL, 47, NULL, '', '0000-00-00', 'Complete', '2023-01-18 06:07:18');
INSERT INTO `homework_evaluation` (`id`, `homework_id`, `student_id`, `student_session_id`, `marks`, `note`, `date`, `status`, `created_at`) VALUES (140, 222, NULL, 62, NULL, '', '0000-00-00', 'Complete', '2023-01-18 06:07:18');
INSERT INTO `homework_evaluation` (`id`, `homework_id`, `student_id`, `student_session_id`, `marks`, `note`, `date`, `status`, `created_at`) VALUES (141, 222, NULL, 28, NULL, '', '0000-00-00', 'Complete', '2023-01-18 06:07:18');
INSERT INTO `homework_evaluation` (`id`, `homework_id`, `student_id`, `student_session_id`, `marks`, `note`, `date`, `status`, `created_at`) VALUES (142, 222, NULL, 27, NULL, '', '0000-00-00', 'Complete', '2023-01-18 06:07:18');
INSERT INTO `homework_evaluation` (`id`, `homework_id`, `student_id`, `student_session_id`, `marks`, `note`, `date`, `status`, `created_at`) VALUES (143, 222, NULL, 26, NULL, '', '0000-00-00', 'Complete', '2023-01-18 06:07:18');
INSERT INTO `homework_evaluation` (`id`, `homework_id`, `student_id`, `student_session_id`, `marks`, `note`, `date`, `status`, `created_at`) VALUES (144, 229, NULL, 38, NULL, '', '0000-00-00', 'Complete', '2023-01-18 06:07:18');
INSERT INTO `homework_evaluation` (`id`, `homework_id`, `student_id`, `student_session_id`, `marks`, `note`, `date`, `status`, `created_at`) VALUES (145, 229, NULL, 33, NULL, '', '0000-00-00', 'Complete', '2023-01-18 06:07:18');
INSERT INTO `homework_evaluation` (`id`, `homework_id`, `student_id`, `student_session_id`, `marks`, `note`, `date`, `status`, `created_at`) VALUES (147, 223, NULL, 26, NULL, '', '0000-00-00', 'Complete', '2023-01-18 06:07:18');
INSERT INTO `homework_evaluation` (`id`, `homework_id`, `student_id`, `student_session_id`, `marks`, `note`, `date`, `status`, `created_at`) VALUES (148, 251, NULL, 27, NULL, '', '0000-00-00', 'Complete', '2023-01-18 06:07:18');
INSERT INTO `homework_evaluation` (`id`, `homework_id`, `student_id`, `student_session_id`, `marks`, `note`, `date`, `status`, `created_at`) VALUES (149, 251, NULL, 26, NULL, '', '0000-00-00', 'Complete', '2023-01-18 06:07:18');
INSERT INTO `homework_evaluation` (`id`, `homework_id`, `student_id`, `student_session_id`, `marks`, `note`, `date`, `status`, `created_at`) VALUES (150, 259, 47, 73, '25.00', 'keep hard practice', '2023-01-18', 'Complete', '2023-01-18 09:19:37');
INSERT INTO `homework_evaluation` (`id`, `homework_id`, `student_id`, `student_session_id`, `marks`, `note`, `date`, `status`, `created_at`) VALUES (151, 264, 2, 27, '25.00', 'Keep Hard Work , Good', '2023-02-02', 'Complete', '2023-02-02 09:39:00');
INSERT INTO `homework_evaluation` (`id`, `homework_id`, `student_id`, `student_session_id`, `marks`, `note`, `date`, `status`, `created_at`) VALUES (152, 264, 1, 26, '45.00', 'Keep Hard Work,Good', '2023-02-02', 'Complete', '2023-02-02 09:39:00');
INSERT INTO `homework_evaluation` (`id`, `homework_id`, `student_id`, `student_session_id`, `marks`, `note`, `date`, `status`, `created_at`) VALUES (153, 271, 1, 26, '56.00', '', '2023-02-04', 'Complete', '2023-02-04 11:52:38');
INSERT INTO `homework_evaluation` (`id`, `homework_id`, `student_id`, `student_session_id`, `marks`, `note`, `date`, `status`, `created_at`) VALUES (154, 261, 42, 68, NULL, '', '2023-02-06', 'Complete', '2023-02-06 13:03:23');
INSERT INTO `homework_evaluation` (`id`, `homework_id`, `student_id`, `student_session_id`, `marks`, `note`, `date`, `status`, `created_at`) VALUES (155, 266, 46, 72, '25.00', '', '2023-02-08', 'Complete', '2023-02-08 07:41:06');
INSERT INTO `homework_evaluation` (`id`, `homework_id`, `student_id`, `student_session_id`, `marks`, `note`, `date`, `status`, `created_at`) VALUES (156, 259, 1, 26, NULL, '', '2023-01-18', 'Complete', '2023-02-08 07:42:59');
INSERT INTO `homework_evaluation` (`id`, `homework_id`, `student_id`, `student_session_id`, `marks`, `note`, `date`, `status`, `created_at`) VALUES (157, 223, 46, 72, NULL, '', '2022-12-08', 'Complete', '2023-02-08 07:48:43');
INSERT INTO `homework_evaluation` (`id`, `homework_id`, `student_id`, `student_session_id`, `marks`, `note`, `date`, `status`, `created_at`) VALUES (158, 273, 1, 26, NULL, 'good', '2023-02-14', 'Complete', '2023-02-14 11:35:27');
INSERT INTO `homework_evaluation` (`id`, `homework_id`, `student_id`, `student_session_id`, `marks`, `note`, `date`, `status`, `created_at`) VALUES (159, 277, 1, 26, '50.00', 'done', '2023-02-21', 'Complete', '2023-02-21 09:26:35');
INSERT INTO `homework_evaluation` (`id`, `homework_id`, `student_id`, `student_session_id`, `marks`, `note`, `date`, `status`, `created_at`) VALUES (160, 288, 4, 28, '50.00', 'keep hard work', '2023-03-06', 'Complete', '2023-03-06 12:13:36');
INSERT INTO `homework_evaluation` (`id`, `homework_id`, `student_id`, `student_session_id`, `marks`, `note`, `date`, `status`, `created_at`) VALUES (161, 288, 1, 26, NULL, 'keep hard work', '2023-03-06', 'Complete', '2023-03-06 11:56:37');
INSERT INTO `homework_evaluation` (`id`, `homework_id`, `student_id`, `student_session_id`, `marks`, `note`, `date`, `status`, `created_at`) VALUES (162, 290, 1, 26, '20.00', 'remark', '2023-03-13', 'Complete', '2023-03-13 13:05:53');
INSERT INTO `homework_evaluation` (`id`, `homework_id`, `student_id`, `student_session_id`, `marks`, `note`, `date`, `status`, `created_at`) VALUES (163, 242, 4, 28, NULL, '', '2023-03-14', 'Complete', '2023-03-14 12:27:02');
INSERT INTO `homework_evaluation` (`id`, `homework_id`, `student_id`, `student_session_id`, `marks`, `note`, `date`, `status`, `created_at`) VALUES (164, 292, 4, 28, '25.00', '', '2023-03-14', 'Complete', '2023-03-14 12:28:32');
INSERT INTO `homework_evaluation` (`id`, `homework_id`, `student_id`, `student_session_id`, `marks`, `note`, `date`, `status`, `created_at`) VALUES (165, 293, 4, 28, '35.00', 'keep hard work', '2023-03-16', 'Complete', '2023-03-16 05:34:02');
INSERT INTO `homework_evaluation` (`id`, `homework_id`, `student_id`, `student_session_id`, `marks`, `note`, `date`, `status`, `created_at`) VALUES (166, 291, 46, 72, '25.00', 'good', '2023-03-16', 'Complete', '2023-03-16 05:35:31');
INSERT INTO `homework_evaluation` (`id`, `homework_id`, `student_id`, `student_session_id`, `marks`, `note`, `date`, `status`, `created_at`) VALUES (167, 296, 4, 28, '35.00', 'keep hard working', '2023-03-17', 'Complete', '2023-03-17 09:10:45');
INSERT INTO `homework_evaluation` (`id`, `homework_id`, `student_id`, `student_session_id`, `marks`, `note`, `date`, `status`, `created_at`) VALUES (168, 299, 4, 28, '35.00', 'keep good', '2023-03-21', 'Complete', '2023-03-21 06:21:18');
INSERT INTO `homework_evaluation` (`id`, `homework_id`, `student_id`, `student_session_id`, `marks`, `note`, `date`, `status`, `created_at`) VALUES (169, 300, 1, 26, '50.00', 'good', '2023-03-23', 'Complete', '2023-03-23 07:43:44');
INSERT INTO `homework_evaluation` (`id`, `homework_id`, `student_id`, `student_session_id`, `marks`, `note`, `date`, `status`, `created_at`) VALUES (170, 304, 1, 26, '62.00', 'WELL DONE', '2023-03-23', 'Complete', '2023-03-23 08:00:02');
INSERT INTO `homework_evaluation` (`id`, `homework_id`, `student_id`, `student_session_id`, `marks`, `note`, `date`, `status`, `created_at`) VALUES (171, 305, 1, 26, '69.00', 'ALL THE BEST FOR FUTURE', '2023-03-23', 'Complete', '2023-03-23 08:09:13');
INSERT INTO `homework_evaluation` (`id`, `homework_id`, `student_id`, `student_session_id`, `marks`, `note`, `date`, `status`, `created_at`) VALUES (172, 306, 1, 26, '85.00', '', '2023-03-23', 'Complete', '2023-03-23 10:01:00');
INSERT INTO `homework_evaluation` (`id`, `homework_id`, `student_id`, `student_session_id`, `marks`, `note`, `date`, `status`, `created_at`) VALUES (173, 314, 46, 105, '35.00', 'keep hard working', '2023-04-01', 'Complete', '2023-04-01 06:06:17');
INSERT INTO `homework_evaluation` (`id`, `homework_id`, `student_id`, `student_session_id`, `marks`, `note`, `date`, `status`, `created_at`) VALUES (174, 314, 44, 104, '40.00', 'keep hard working', '2023-04-01', 'Complete', '2023-04-01 06:06:17');
INSERT INTO `homework_evaluation` (`id`, `homework_id`, `student_id`, `student_session_id`, `marks`, `note`, `date`, `status`, `created_at`) VALUES (175, 314, 1, 88, '45.00', 'keep hard working', '2023-04-01', 'Complete', '2023-04-01 06:06:17');
INSERT INTO `homework_evaluation` (`id`, `homework_id`, `student_id`, `student_session_id`, `marks`, `note`, `date`, `status`, `created_at`) VALUES (176, 315, 1, 88, '49.00', 'very good.', '2023-04-03', 'Complete', '2023-04-03 07:31:29');
INSERT INTO `homework_evaluation` (`id`, `homework_id`, `student_id`, `student_session_id`, `marks`, `note`, `date`, `status`, `created_at`) VALUES (177, 323, 1, 88, '35.00', 'Good', '2023-05-02', 'Complete', '2023-05-02 09:18:17');
INSERT INTO `homework_evaluation` (`id`, `homework_id`, `student_id`, `student_session_id`, `marks`, `note`, `date`, `status`, `created_at`) VALUES (178, 325, 1, 88, '40.00', 'Keep Hard working ,improve your handwriting.', '2023-05-02', 'Complete', '2023-05-02 09:19:52');
INSERT INTO `homework_evaluation` (`id`, `homework_id`, `student_id`, `student_session_id`, `marks`, `note`, `date`, `status`, `created_at`) VALUES (179, 344, 1, 88, '30.00', 'Keep hard working', '2023-06-02', 'Complete', '2023-06-02 06:49:13');
INSERT INTO `homework_evaluation` (`id`, `homework_id`, `student_id`, `student_session_id`, `marks`, `note`, `date`, `status`, `created_at`) VALUES (180, 346, 17, 97, '20.00', 'GOOD', '2023-06-06', 'Complete', '2023-06-06 05:00:57');
INSERT INTO `homework_evaluation` (`id`, `homework_id`, `student_id`, `student_session_id`, `marks`, `note`, `date`, `status`, `created_at`) VALUES (181, 346, 6, 91, '30.00', 'GOOD', '2023-06-06', 'Complete', '2023-06-06 05:00:57');
INSERT INTO `homework_evaluation` (`id`, `homework_id`, `student_id`, `student_session_id`, `marks`, `note`, `date`, `status`, `created_at`) VALUES (182, 346, 1, 88, '25.00', 'GOOD', '2023-06-06', 'Complete', '2023-06-06 05:00:57');
INSERT INTO `homework_evaluation` (`id`, `homework_id`, `student_id`, `student_session_id`, `marks`, `note`, `date`, `status`, `created_at`) VALUES (183, 353, 24, 102, '35.00', 'GOOD', '2023-06-06', 'Complete', '2023-06-06 05:01:25');
INSERT INTO `homework_evaluation` (`id`, `homework_id`, `student_id`, `student_session_id`, `marks`, `note`, `date`, `status`, `created_at`) VALUES (184, 353, 11, 107, '35.00', 'GOOD', '2023-06-06', 'Complete', '2023-06-06 05:01:25');
INSERT INTO `homework_evaluation` (`id`, `homework_id`, `student_id`, `student_session_id`, `marks`, `note`, `date`, `status`, `created_at`) VALUES (185, 353, 4, 90, '40.00', 'GOOD', '2023-06-06', 'Complete', '2023-06-06 05:01:25');
INSERT INTO `homework_evaluation` (`id`, `homework_id`, `student_id`, `student_session_id`, `marks`, `note`, `date`, `status`, `created_at`) VALUES (186, 361, 2, 89, '30.00', 'Keep hard working', '2023-07-07', 'Complete', '2023-07-07 07:04:38');
INSERT INTO `homework_evaluation` (`id`, `homework_id`, `student_id`, `student_session_id`, `marks`, `note`, `date`, `status`, `created_at`) VALUES (187, 361, 1, 88, '32.00', 'Keep hard working', '2023-07-07', 'Complete', '2023-07-07 07:04:38');
INSERT INTO `homework_evaluation` (`id`, `homework_id`, `student_id`, `student_session_id`, `marks`, `note`, `date`, `status`, `created_at`) VALUES (188, 372, 17, 97, '20.00', 'Keep Hard working', '2023-08-07', 'Complete', '2023-08-07 04:34:58');
INSERT INTO `homework_evaluation` (`id`, `homework_id`, `student_id`, `student_session_id`, `marks`, `note`, `date`, `status`, `created_at`) VALUES (189, 372, 15, 96, '25.00', 'Keep Hard working', '2023-08-07', 'Complete', '2023-08-07 04:34:58');
INSERT INTO `homework_evaluation` (`id`, `homework_id`, `student_id`, `student_session_id`, `marks`, `note`, `date`, `status`, `created_at`) VALUES (190, 372, 6, 91, '30.00', 'Keep Hard working', '2023-08-07', 'Complete', '2023-08-07 04:34:58');
INSERT INTO `homework_evaluation` (`id`, `homework_id`, `student_id`, `student_session_id`, `marks`, `note`, `date`, `status`, `created_at`) VALUES (191, 372, 1, 88, '35.00', 'Very Good', '2023-08-07', 'Complete', '2023-08-07 04:34:58');
INSERT INTO `homework_evaluation` (`id`, `homework_id`, `student_id`, `student_session_id`, `marks`, `note`, `date`, `status`, `created_at`) VALUES (192, 377, 15, 96, '40.00', '', '2023-08-07', 'Complete', '2023-08-07 04:35:37');
INSERT INTO `homework_evaluation` (`id`, `homework_id`, `student_id`, `student_session_id`, `marks`, `note`, `date`, `status`, `created_at`) VALUES (193, 377, 6, 91, '30.00', 'Keep Hard working', '2023-08-07', 'Complete', '2023-08-07 04:35:37');
INSERT INTO `homework_evaluation` (`id`, `homework_id`, `student_id`, `student_session_id`, `marks`, `note`, `date`, `status`, `created_at`) VALUES (194, 377, 1, 88, '45.00', 'Very Good', '2023-08-07', 'Complete', '2023-08-07 04:35:37');
INSERT INTO `homework_evaluation` (`id`, `homework_id`, `student_id`, `student_session_id`, `marks`, `note`, `date`, `status`, `created_at`) VALUES (195, 376, 15, 96, '30.00', 'Keep Hard working', '2023-08-07', 'Complete', '2023-08-07 04:36:23');
INSERT INTO `homework_evaluation` (`id`, `homework_id`, `student_id`, `student_session_id`, `marks`, `note`, `date`, `status`, `created_at`) VALUES (196, 376, 6, 91, '40.00', 'Keep Hard working', '2023-08-07', 'Complete', '2023-08-07 04:36:23');
INSERT INTO `homework_evaluation` (`id`, `homework_id`, `student_id`, `student_session_id`, `marks`, `note`, `date`, `status`, `created_at`) VALUES (197, 376, 1, 88, '45.00', 'GOOD', '2023-08-07', 'Complete', '2023-08-07 04:36:23');
INSERT INTO `homework_evaluation` (`id`, `homework_id`, `student_id`, `student_session_id`, `marks`, `note`, `date`, `status`, `created_at`) VALUES (198, 389, 18, 98, NULL, 'Keep hard working', '2023-09-05', 'Complete', '2023-09-05 09:51:34');
INSERT INTO `homework_evaluation` (`id`, `homework_id`, `student_id`, `student_session_id`, `marks`, `note`, `date`, `status`, `created_at`) VALUES (199, 389, 15, 96, '30.00', 'Good', '2023-09-05', 'Complete', '2023-09-05 09:51:34');
INSERT INTO `homework_evaluation` (`id`, `homework_id`, `student_id`, `student_session_id`, `marks`, `note`, `date`, `status`, `created_at`) VALUES (200, 389, 13, 95, '35.00', 'Very Good', '2023-09-05', 'Complete', '2023-09-05 09:51:34');
INSERT INTO `homework_evaluation` (`id`, `homework_id`, `student_id`, `student_session_id`, `marks`, `note`, `date`, `status`, `created_at`) VALUES (201, 389, 8, 93, '50.00', 'Very Good', '2023-09-05', 'Complete', '2023-09-05 09:51:34');
INSERT INTO `homework_evaluation` (`id`, `homework_id`, `student_id`, `student_session_id`, `marks`, `note`, `date`, `status`, `created_at`) VALUES (202, 389, 7, 92, '30.00', 'Good', '2023-09-05', 'Complete', '2023-09-05 09:51:34');
INSERT INTO `homework_evaluation` (`id`, `homework_id`, `student_id`, `student_session_id`, `marks`, `note`, `date`, `status`, `created_at`) VALUES (203, 389, 2, 89, '35.00', 'Good', '2023-09-05', 'Complete', '2023-09-05 09:51:34');
INSERT INTO `homework_evaluation` (`id`, `homework_id`, `student_id`, `student_session_id`, `marks`, `note`, `date`, `status`, `created_at`) VALUES (204, 389, 1, 88, '30.00', 'Excellent', '2023-09-05', 'Complete', '2023-09-05 09:51:34');
INSERT INTO `homework_evaluation` (`id`, `homework_id`, `student_id`, `student_session_id`, `marks`, `note`, `date`, `status`, `created_at`) VALUES (205, 392, 8, 93, NULL, 'keep hard working', '2023-09-05', 'Complete', '2023-09-05 09:52:11');
INSERT INTO `homework_evaluation` (`id`, `homework_id`, `student_id`, `student_session_id`, `marks`, `note`, `date`, `status`, `created_at`) VALUES (206, 392, 7, 92, '30.00', 'Good', '2023-09-05', 'Complete', '2023-09-05 09:52:11');
INSERT INTO `homework_evaluation` (`id`, `homework_id`, `student_id`, `student_session_id`, `marks`, `note`, `date`, `status`, `created_at`) VALUES (207, 392, 2, 89, '35.00', 'very  Good', '2023-09-05', 'Complete', '2023-09-05 09:52:11');
INSERT INTO `homework_evaluation` (`id`, `homework_id`, `student_id`, `student_session_id`, `marks`, `note`, `date`, `status`, `created_at`) VALUES (208, 392, 1, 88, '30.00', 'Good', '2023-09-05', 'Complete', '2023-09-05 09:52:11');
INSERT INTO `homework_evaluation` (`id`, `homework_id`, `student_id`, `student_session_id`, `marks`, `note`, `date`, `status`, `created_at`) VALUES (209, 410, 46, 105, '30.00', 'Keep Hard working.', '2023-10-04', 'Complete', '2023-10-04 04:56:02');
INSERT INTO `homework_evaluation` (`id`, `homework_id`, `student_id`, `student_session_id`, `marks`, `note`, `date`, `status`, `created_at`) VALUES (210, 410, 23, 101, '35.00', 'Keep Hard working.', '2023-10-04', 'Complete', '2023-10-04 04:56:02');
INSERT INTO `homework_evaluation` (`id`, `homework_id`, `student_id`, `student_session_id`, `marks`, `note`, `date`, `status`, `created_at`) VALUES (211, 410, 8, 93, '45.00', 'Good', '2023-10-04', 'Complete', '2023-10-04 04:56:02');
INSERT INTO `homework_evaluation` (`id`, `homework_id`, `student_id`, `student_session_id`, `marks`, `note`, `date`, `status`, `created_at`) VALUES (212, 410, 1, 88, '50.00', 'Good', '2023-10-04', 'Complete', '2023-10-04 04:56:02');
INSERT INTO `homework_evaluation` (`id`, `homework_id`, `student_id`, `student_session_id`, `marks`, `note`, `date`, `status`, `created_at`) VALUES (213, 413, 46, 105, '40.00', 'Good', '2023-10-04', 'Complete', '2023-10-04 04:56:29');
INSERT INTO `homework_evaluation` (`id`, `homework_id`, `student_id`, `student_session_id`, `marks`, `note`, `date`, `status`, `created_at`) VALUES (214, 413, 2, 89, '45.00', 'Good', '2023-10-04', 'Complete', '2023-10-04 04:56:29');
INSERT INTO `homework_evaluation` (`id`, `homework_id`, `student_id`, `student_session_id`, `marks`, `note`, `date`, `status`, `created_at`) VALUES (215, 413, 1, 88, '45.00', 'Good', '2023-10-04', 'Complete', '2023-10-04 04:56:29');
INSERT INTO `homework_evaluation` (`id`, `homework_id`, `student_id`, `student_session_id`, `marks`, `note`, `date`, `status`, `created_at`) VALUES (216, 434, 10, 94, '30.00', 'Keep Hard working', '2023-11-01', 'Complete', '2023-11-01 08:13:12');
INSERT INTO `homework_evaluation` (`id`, `homework_id`, `student_id`, `student_session_id`, `marks`, `note`, `date`, `status`, `created_at`) VALUES (217, 434, 1, 88, '40.00', 'Good', '2023-11-01', 'Complete', '2023-11-01 08:13:12');
INSERT INTO `homework_evaluation` (`id`, `homework_id`, `student_id`, `student_session_id`, `marks`, `note`, `date`, `status`, `created_at`) VALUES (218, 434, 15, 96, '20.00', '', '2023-11-01', 'Complete', '2023-11-02 09:26:27');
INSERT INTO `homework_evaluation` (`id`, `homework_id`, `student_id`, `student_session_id`, `marks`, `note`, `date`, `status`, `created_at`) VALUES (219, 434, 13, 95, '50.00', '', '2023-11-01', 'Complete', '2023-11-02 09:26:27');
INSERT INTO `homework_evaluation` (`id`, `homework_id`, `student_id`, `student_session_id`, `marks`, `note`, `date`, `status`, `created_at`) VALUES (220, 442, 10, 94, '20.00', '', '2023-11-14', 'Complete', '2023-11-02 09:27:05');
INSERT INTO `homework_evaluation` (`id`, `homework_id`, `student_id`, `student_session_id`, `marks`, `note`, `date`, `status`, `created_at`) VALUES (221, 442, 1, 88, '30.00', 'Good', '2023-11-14', 'Complete', '2023-11-02 09:27:05');
INSERT INTO `homework_evaluation` (`id`, `homework_id`, `student_id`, `student_session_id`, `marks`, `note`, `date`, `status`, `created_at`) VALUES (222, 454, 18, 98, '32.00', 'Good', '2023-12-04', 'Complete', '2023-12-04 12:14:48');
INSERT INTO `homework_evaluation` (`id`, `homework_id`, `student_id`, `student_session_id`, `marks`, `note`, `date`, `status`, `created_at`) VALUES (223, 454, 2, 89, '30.00', 'Good', '2023-12-04', 'Complete', '2023-12-04 12:14:48');
INSERT INTO `homework_evaluation` (`id`, `homework_id`, `student_id`, `student_session_id`, `marks`, `note`, `date`, `status`, `created_at`) VALUES (224, 454, 1, 88, '40.00', 'Good', '2023-12-04', 'Complete', '2023-12-04 12:14:48');
INSERT INTO `homework_evaluation` (`id`, `homework_id`, `student_id`, `student_session_id`, `marks`, `note`, `date`, `status`, `created_at`) VALUES (225, 459, 10, 94, '35.00', 'Good', '2023-12-21', 'Complete', '2023-12-04 12:18:52');
INSERT INTO `homework_evaluation` (`id`, `homework_id`, `student_id`, `student_session_id`, `marks`, `note`, `date`, `status`, `created_at`) VALUES (226, 459, 1, 88, '40.00', 'Good', '2023-12-21', 'Complete', '2023-12-04 12:18:52');
INSERT INTO `homework_evaluation` (`id`, `homework_id`, `student_id`, `student_session_id`, `marks`, `note`, `date`, `status`, `created_at`) VALUES (227, 475, 7, 92, '35.00', 'Good', '2024-01-04', 'Complete', '2024-01-04 12:44:42');
INSERT INTO `homework_evaluation` (`id`, `homework_id`, `student_id`, `student_session_id`, `marks`, `note`, `date`, `status`, `created_at`) VALUES (228, 475, 2, 89, '30.00', 'Good', '2024-01-04', 'Complete', '2024-01-04 12:44:42');
INSERT INTO `homework_evaluation` (`id`, `homework_id`, `student_id`, `student_session_id`, `marks`, `note`, `date`, `status`, `created_at`) VALUES (229, 475, 1, 88, '40.00', 'Very Good', '2024-01-04', 'Complete', '2024-01-04 12:44:42');
INSERT INTO `homework_evaluation` (`id`, `homework_id`, `student_id`, `student_session_id`, `marks`, `note`, `date`, `status`, `created_at`) VALUES (230, 476, 2, 89, '20.00', 'Good', '2024-01-04', 'Complete', '2024-01-04 12:44:19');
INSERT INTO `homework_evaluation` (`id`, `homework_id`, `student_id`, `student_session_id`, `marks`, `note`, `date`, `status`, `created_at`) VALUES (231, 476, 1, 88, '25.00', 'Very Good', '2024-01-04', 'Complete', '2024-01-04 12:44:19');
INSERT INTO `homework_evaluation` (`id`, `homework_id`, `student_id`, `student_session_id`, `marks`, `note`, `date`, `status`, `created_at`) VALUES (232, 527, 1, 88, '45.00', 'Very Good', '2024-02-05', 'Complete', '2024-02-03 05:53:22');
INSERT INTO `homework_evaluation` (`id`, `homework_id`, `student_id`, `student_session_id`, `marks`, `note`, `date`, `status`, `created_at`) VALUES (233, 527, 2, 89, '30.00', 'Good', '2024-02-05', 'Complete', '2024-02-03 05:54:06');
INSERT INTO `homework_evaluation` (`id`, `homework_id`, `student_id`, `student_session_id`, `marks`, `note`, `date`, `status`, `created_at`) VALUES (234, 527, 18, 98, '30.00', 'Good', '2024-02-05', 'Complete', '2024-02-03 06:00:01');
INSERT INTO `homework_evaluation` (`id`, `homework_id`, `student_id`, `student_session_id`, `marks`, `note`, `date`, `status`, `created_at`) VALUES (235, 527, 10, 94, '35.00', 'Keep Hard Working', '2024-02-05', 'Complete', '2024-02-03 06:00:01');
INSERT INTO `homework_evaluation` (`id`, `homework_id`, `student_id`, `student_session_id`, `marks`, `note`, `date`, `status`, `created_at`) VALUES (236, 529, 1, 88, '35.00', '', '2024-03-04', 'Complete', '2024-03-04 06:13:35');
INSERT INTO `homework_evaluation` (`id`, `homework_id`, `student_id`, `student_session_id`, `marks`, `note`, `date`, `status`, `created_at`) VALUES (238, 534, 18, 98, '30.00', '', '2024-03-15', 'Complete', '2024-03-05 05:01:40');
INSERT INTO `homework_evaluation` (`id`, `homework_id`, `student_id`, `student_session_id`, `marks`, `note`, `date`, `status`, `created_at`) VALUES (247, 551, 2, 153, '25.00', '', '2024-04-03', 'Complete', '2024-04-04 04:35:36');
INSERT INTO `homework_evaluation` (`id`, `homework_id`, `student_id`, `student_session_id`, `marks`, `note`, `date`, `status`, `created_at`) VALUES (248, 551, 1, 152, '35.00', '', '2024-04-03', 'Complete', '2024-04-04 04:35:36');
INSERT INTO `homework_evaluation` (`id`, `homework_id`, `student_id`, `student_session_id`, `marks`, `note`, `date`, `status`, `created_at`) VALUES (249, 550, 71, 166, '25.00', '', '2024-04-03', 'Complete', '2024-04-04 04:35:13');
INSERT INTO `homework_evaluation` (`id`, `homework_id`, `student_id`, `student_session_id`, `marks`, `note`, `date`, `status`, `created_at`) VALUES (250, 550, 15, 158, '30.00', '', '2024-04-03', 'Complete', '2024-04-04 04:35:13');
INSERT INTO `homework_evaluation` (`id`, `homework_id`, `student_id`, `student_session_id`, `marks`, `note`, `date`, `status`, `created_at`) VALUES (251, 550, 7, 155, '25.00', '', '2024-04-03', 'Complete', '2024-04-04 04:35:13');
INSERT INTO `homework_evaluation` (`id`, `homework_id`, `student_id`, `student_session_id`, `marks`, `note`, `date`, `status`, `created_at`) VALUES (254, 549, 71, 166, '20.00', '', '2024-04-19', 'Complete', '2024-04-04 04:35:03');
INSERT INTO `homework_evaluation` (`id`, `homework_id`, `student_id`, `student_session_id`, `marks`, `note`, `date`, `status`, `created_at`) VALUES (255, 549, 15, 158, '25.00', '', '2024-04-19', 'Complete', '2024-04-04 04:35:03');
INSERT INTO `homework_evaluation` (`id`, `homework_id`, `student_id`, `student_session_id`, `marks`, `note`, `date`, `status`, `created_at`) VALUES (256, 549, 7, 155, '35.00', '', '2024-04-19', 'Complete', '2024-04-04 04:35:03');
INSERT INTO `homework_evaluation` (`id`, `homework_id`, `student_id`, `student_session_id`, `marks`, `note`, `date`, `status`, `created_at`) VALUES (257, 549, 2, 153, '30.00', '', '2024-04-19', 'Complete', '2024-04-04 04:35:03');
INSERT INTO `homework_evaluation` (`id`, `homework_id`, `student_id`, `student_session_id`, `marks`, `note`, `date`, `status`, `created_at`) VALUES (258, 549, 1, 152, '37.00', '', '2024-04-19', 'Complete', '2024-04-04 04:35:03');
INSERT INTO `homework_evaluation` (`id`, `homework_id`, `student_id`, `student_session_id`, `marks`, `note`, `date`, `status`, `created_at`) VALUES (259, 548, 71, 166, '35.00', ' Good', '2024-04-25', 'Complete', '2024-04-04 04:34:38');
INSERT INTO `homework_evaluation` (`id`, `homework_id`, `student_id`, `student_session_id`, `marks`, `note`, `date`, `status`, `created_at`) VALUES (260, 548, 15, 158, '30.00', ' Good', '2024-04-25', 'Complete', '2024-04-04 04:34:38');
INSERT INTO `homework_evaluation` (`id`, `homework_id`, `student_id`, `student_session_id`, `marks`, `note`, `date`, `status`, `created_at`) VALUES (261, 548, 7, 155, '30.00', '', '2024-04-25', 'Complete', '2024-04-04 04:34:38');
INSERT INTO `homework_evaluation` (`id`, `homework_id`, `student_id`, `student_session_id`, `marks`, `note`, `date`, `status`, `created_at`) VALUES (262, 548, 2, 153, '20.00', '', '2024-04-25', 'Complete', '2024-04-04 04:34:38');
INSERT INTO `homework_evaluation` (`id`, `homework_id`, `student_id`, `student_session_id`, `marks`, `note`, `date`, `status`, `created_at`) VALUES (264, 547, 71, 166, '25.00', '', '2024-04-30', 'Complete', '2024-04-04 04:34:14');
INSERT INTO `homework_evaluation` (`id`, `homework_id`, `student_id`, `student_session_id`, `marks`, `note`, `date`, `status`, `created_at`) VALUES (265, 547, 15, 158, NULL, 'keep hard working', '2024-04-30', 'Complete', '2024-04-04 04:34:14');
INSERT INTO `homework_evaluation` (`id`, `homework_id`, `student_id`, `student_session_id`, `marks`, `note`, `date`, `status`, `created_at`) VALUES (266, 547, 7, 155, '25.00', ' Good', '2024-04-30', 'Complete', '2024-04-04 04:34:14');
INSERT INTO `homework_evaluation` (`id`, `homework_id`, `student_id`, `student_session_id`, `marks`, `note`, `date`, `status`, `created_at`) VALUES (267, 547, 2, 153, '30.00', ' Good', '2024-04-30', 'Complete', '2024-04-04 04:34:14');
INSERT INTO `homework_evaluation` (`id`, `homework_id`, `student_id`, `student_session_id`, `marks`, `note`, `date`, `status`, `created_at`) VALUES (268, 547, 1, 152, '35.00', 'Very Good', '2024-04-30', 'Complete', '2024-04-04 04:34:14');
INSERT INTO `homework_evaluation` (`id`, `homework_id`, `student_id`, `student_session_id`, `marks`, `note`, `date`, `status`, `created_at`) VALUES (269, 553, 4, 180, '25.00', '', '2024-04-05', 'Complete', '2024-04-04 04:34:45');


#
# TABLE STRUCTURE FOR: hostel
#


CREATE TABLE `hostel` (
  `id` int NOT NULL AUTO_INCREMENT,
  `hostel_name` varchar(100) DEFAULT NULL,
  `type` varchar(50) DEFAULT NULL,
  `address` text,
  `intake` int DEFAULT NULL,
  `description` text,
  `is_active` varchar(255) DEFAULT 'no',
  `created_at` timestamp NOT NULL DEFAULT CURRENT_TIMESTAMP ON UPDATE CURRENT_TIMESTAMP,
  `updated_at` date DEFAULT NULL,
  PRIMARY KEY (`id`)
) ENGINE=InnoDB AUTO_INCREMENT=5 DEFAULT CHARSET=utf8mb3;

INSERT INTO `hostel` (`id`, `hostel_name`, `type`, `address`, `intake`, `description`, `is_active`, `created_at`, `updated_at`) VALUES (1, 'Boys Hostel 101', 'Boys', 'School Campus', 200, '', 'no', '2021-03-22 12:26:47', NULL);
INSERT INTO `hostel` (`id`, `hostel_name`, `type`, `address`, `intake`, `description`, `is_active`, `created_at`, `updated_at`) VALUES (2, 'Boys Hostel 102', 'Boys', 'School Campus', 200, '', 'no', '2021-03-22 12:27:06', NULL);
INSERT INTO `hostel` (`id`, `hostel_name`, `type`, `address`, `intake`, `description`, `is_active`, `created_at`, `updated_at`) VALUES (3, 'Girls Hostel 103', 'Girls', 'School Campus ', 150, '', 'no', '2021-03-22 12:28:01', NULL);
INSERT INTO `hostel` (`id`, `hostel_name`, `type`, `address`, `intake`, `description`, `is_active`, `created_at`, `updated_at`) VALUES (4, 'Girls Hostel 104', 'Girls', 'School Campus', 150, '', 'no', '2021-03-22 12:27:55', NULL);


#
# TABLE STRUCTURE FOR: hostel_rooms
#


CREATE TABLE `hostel_rooms` (
  `id` int NOT NULL AUTO_INCREMENT,
  `hostel_id` int DEFAULT NULL,
  `room_type_id` int DEFAULT NULL,
  `room_no` varchar(200) DEFAULT NULL,
  `no_of_bed` int DEFAULT NULL,
  `cost_per_bed` float(10,2) DEFAULT '0.00',
  `title` varchar(200) DEFAULT NULL,
  `description` text,
  `created_at` timestamp NOT NULL DEFAULT CURRENT_TIMESTAMP ON UPDATE CURRENT_TIMESTAMP,
  PRIMARY KEY (`id`),
  KEY `hostel_id` (`hostel_id`),
  KEY `room_type_id` (`room_type_id`),
  CONSTRAINT `hostel_rooms_ibfk_1` FOREIGN KEY (`hostel_id`) REFERENCES `hostel` (`id`) ON DELETE CASCADE,
  CONSTRAINT `hostel_rooms_ibfk_2` FOREIGN KEY (`room_type_id`) REFERENCES `room_types` (`id`) ON DELETE CASCADE
) ENGINE=InnoDB AUTO_INCREMENT=9 DEFAULT CHARSET=utf8mb3;

INSERT INTO `hostel_rooms` (`id`, `hostel_id`, `room_type_id`, `room_no`, `no_of_bed`, `cost_per_bed`, `title`, `description`, `created_at`) VALUES (1, 1, 1, 'B1', 1, '300.00', NULL, '', '2021-03-22 12:29:21');
INSERT INTO `hostel_rooms` (`id`, `hostel_id`, `room_type_id`, `room_no`, `no_of_bed`, `cost_per_bed`, `title`, `description`, `created_at`) VALUES (2, 2, 2, 'B2', 2, '1000.00', NULL, '', '2021-03-22 12:29:54');
INSERT INTO `hostel_rooms` (`id`, `hostel_id`, `room_type_id`, `room_no`, `no_of_bed`, `cost_per_bed`, `title`, `description`, `created_at`) VALUES (3, 1, 1, 'B3', 1, '500.00', NULL, '', '2021-03-22 12:31:47');
INSERT INTO `hostel_rooms` (`id`, `hostel_id`, `room_type_id`, `room_no`, `no_of_bed`, `cost_per_bed`, `title`, `description`, `created_at`) VALUES (4, 2, 4, 'B4', 1, '1200.00', NULL, '', '2021-03-22 12:31:57');
INSERT INTO `hostel_rooms` (`id`, `hostel_id`, `room_type_id`, `room_no`, `no_of_bed`, `cost_per_bed`, `title`, `description`, `created_at`) VALUES (5, 1, 1, 'G1', 1, '340.00', NULL, '', '2021-03-22 12:31:05');
INSERT INTO `hostel_rooms` (`id`, `hostel_id`, `room_type_id`, `room_no`, `no_of_bed`, `cost_per_bed`, `title`, `description`, `created_at`) VALUES (6, 4, 1, 'G2', 1, '300.00', NULL, '', '2021-03-22 12:31:26');
INSERT INTO `hostel_rooms` (`id`, `hostel_id`, `room_type_id`, `room_no`, `no_of_bed`, `cost_per_bed`, `title`, `description`, `created_at`) VALUES (7, 3, 2, 'G3', 2, '500.00', NULL, '', '2021-03-22 12:32:14');
INSERT INTO `hostel_rooms` (`id`, `hostel_id`, `room_type_id`, `room_no`, `no_of_bed`, `cost_per_bed`, `title`, `description`, `created_at`) VALUES (8, 4, 3, 'G4', 2, '300.00', NULL, '', '2021-03-22 12:32:28');


#
# TABLE STRUCTURE FOR: id_card
#


CREATE TABLE `id_card` (
  `id` int NOT NULL AUTO_INCREMENT,
  `title` varchar(100) NOT NULL,
  `school_name` varchar(100) NOT NULL,
  `school_address` varchar(500) NOT NULL,
  `background` varchar(100) NOT NULL,
  `logo` varchar(100) NOT NULL,
  `sign_image` varchar(100) NOT NULL,
  `enable_vertical_card` int NOT NULL DEFAULT '0',
  `header_color` varchar(100) NOT NULL,
  `enable_admission_no` tinyint(1) NOT NULL COMMENT '0=disable,1=enable',
  `enable_student_name` tinyint(1) NOT NULL COMMENT '0=disable,1=enable',
  `enable_class` tinyint(1) NOT NULL COMMENT '0=disable,1=enable',
  `enable_fathers_name` tinyint(1) NOT NULL COMMENT '0=disable,1=enable',
  `enable_mothers_name` tinyint(1) NOT NULL COMMENT '0=disable,1=enable',
  `enable_address` tinyint(1) NOT NULL COMMENT '0=disable,1=enable',
  `enable_phone` tinyint(1) NOT NULL COMMENT '0=disable,1=enable',
  `enable_dob` tinyint(1) NOT NULL COMMENT '0=disable,1=enable',
  `enable_blood_group` tinyint(1) NOT NULL COMMENT '0=disable,1=enable',
  `enable_student_barcode` tinyint NOT NULL DEFAULT '1' COMMENT '0=disable,1=enable',
  `status` tinyint(1) NOT NULL COMMENT '0=disable,1=enable',
  PRIMARY KEY (`id`)
) ENGINE=InnoDB AUTO_INCREMENT=5 DEFAULT CHARSET=utf8mb3;

INSERT INTO `id_card` (`id`, `title`, `school_name`, `school_address`, `background`, `logo`, `sign_image`, `enable_vertical_card`, `header_color`, `enable_admission_no`, `enable_student_name`, `enable_class`, `enable_fathers_name`, `enable_mothers_name`, `enable_address`, `enable_phone`, `enable_dob`, `enable_blood_group`, `enable_student_barcode`, `status`) VALUES (1, 'Sample Student Identity Card', 'Mount Carmel School', '110 Kings Street, CA  Phone: 456542 Email: mount@gmail.com', '1712302301-868869147660fa8ddd3c6c!background1.png', '1712302323-1392041957660fa8f3e00c4!front_logo-.png', 'samplesign12.png', 0, '#595959', 1, 1, 1, 1, 1, 1, 1, 1, 1, 1, 1);
INSERT INTO `id_card` (`id`, `title`, `school_name`, `school_address`, `background`, `logo`, `sign_image`, `enable_vertical_card`, `header_color`, `enable_admission_no`, `enable_student_name`, `enable_class`, `enable_fathers_name`, `enable_mothers_name`, `enable_address`, `enable_phone`, `enable_dob`, `enable_blood_group`, `enable_student_barcode`, `status`) VALUES (2, 'Sample Student Identity Card Vertical', 'Mount Carmel School', '110 Kings Street, CA  Phone: 456542 Email: mount@gmail.com', 'samplebackground12.png', 'samplelogo12.png', 'samplesign12.png', 1, '#595959', 1, 1, 1, 1, 0, 1, 1, 1, 1, 1, 1);
INSERT INTO `id_card` (`id`, `title`, `school_name`, `school_address`, `background`, `logo`, `sign_image`, `enable_vertical_card`, `header_color`, `enable_admission_no`, `enable_student_name`, `enable_class`, `enable_fathers_name`, `enable_mothers_name`, `enable_address`, `enable_phone`, `enable_dob`, `enable_blood_group`, `enable_student_barcode`, `status`) VALUES (4, 'New Sample Student Identity Card', 'Mount Carmel School', '110 Kings Street, CA  Phone: 456542 Email: mount@gmail.com', '1709622792-115415361265e6c6082ddee!background1.png', '1709622792-16375570265e6c6082df2b!19.png', '1709622792-12906823165e6c6082dfd4!66.png', 0, '#000000', 1, 1, 1, 1, 1, 1, 1, 1, 1, 1, 1);


#
# TABLE STRUCTURE FOR: income
#


CREATE TABLE `income` (
  `id` int NOT NULL AUTO_INCREMENT,
  `income_head_id` int DEFAULT NULL,
  `name` varchar(50) DEFAULT NULL,
  `invoice_no` varchar(200) DEFAULT NULL,
  `date` date DEFAULT NULL,
  `amount` float(10,2) DEFAULT '0.00',
  `note` text,
  `is_active` varchar(255) DEFAULT 'yes',
  `documents` varchar(255) DEFAULT NULL,
  `is_deleted` varchar(255) DEFAULT 'no',
  `created_at` timestamp NOT NULL DEFAULT CURRENT_TIMESTAMP ON UPDATE CURRENT_TIMESTAMP,
  `updated_at` date DEFAULT NULL,
  PRIMARY KEY (`id`),
  KEY `income_head_id` (`income_head_id`),
  CONSTRAINT `income_ibfk_1` FOREIGN KEY (`income_head_id`) REFERENCES `income_head` (`id`) ON DELETE CASCADE
) ENGINE=InnoDB AUTO_INCREMENT=262 DEFAULT CHARSET=utf8mb3;

INSERT INTO `income` (`id`, `income_head_id`, `name`, `invoice_no`, `date`, `amount`, `note`, `is_active`, `documents`, `is_deleted`, `created_at`, `updated_at`) VALUES (160, 1, 'School Fund', '3222', '2023-02-10', '150.00', 'School Fund', 'yes', NULL, 'no', '2023-02-02 07:31:21', NULL);
INSERT INTO `income` (`id`, `income_head_id`, `name`, `invoice_no`, `date`, `amount`, `note`, `is_active`, `documents`, `is_deleted`, `created_at`, `updated_at`) VALUES (161, 4, 'NCERT Books', '5433', '2023-02-15', '200.00', '', 'yes', NULL, 'no', '2023-02-02 07:31:39', NULL);
INSERT INTO `income` (`id`, `income_head_id`, `name`, `invoice_no`, `date`, `amount`, `note`, `is_active`, `documents`, `is_deleted`, `created_at`, `updated_at`) VALUES (162, 5, 'Staff Uniform', '3222', '2023-02-20', '150.00', 'A school uniform is a uniform worn by students primarily for a school or otherwise an educational institution.	', 'yes', NULL, 'no', '2023-02-02 07:32:06', NULL);
INSERT INTO `income` (`id`, `income_head_id`, `name`, `invoice_no`, `date`, `amount`, `note`, `is_active`, `documents`, `is_deleted`, `created_at`, `updated_at`) VALUES (164, 3, 'School Function', '3434', '2023-02-28', '100.00', '', 'yes', NULL, 'no', '2023-02-02 07:33:30', NULL);
INSERT INTO `income` (`id`, `income_head_id`, `name`, `invoice_no`, `date`, `amount`, `note`, `is_active`, `documents`, `is_deleted`, `created_at`, `updated_at`) VALUES (166, 1, 'School Donation', '342', '2023-03-10', '150.00', 'Donation fee is fee which you have to give to make you eligible for admission e.g. there are many management quota seats so for admission.', 'yes', NULL, 'no', '2023-03-14 07:03:27', NULL);
INSERT INTO `income` (`id`, `income_head_id`, `name`, `invoice_no`, `date`, `amount`, `note`, `is_active`, `documents`, `is_deleted`, `created_at`, `updated_at`) VALUES (167, 4, 'New Books', '342', '2023-03-15', '199.00', 'NCRT Books are essential materials for students of all classes.', 'yes', NULL, 'no', '2023-03-14 07:03:52', NULL);
INSERT INTO `income` (`id`, `income_head_id`, `name`, `invoice_no`, `date`, `amount`, `note`, `is_active`, `documents`, `is_deleted`, `created_at`, `updated_at`) VALUES (168, 5, 'Student Uniform Dress', '423', '2023-03-06', '150.00', 'Dress codes teach women, from a young age, that their bodies are to be hidden.', 'yes', NULL, 'no', '2023-03-14 07:06:16', NULL);
INSERT INTO `income` (`id`, `income_head_id`, `name`, `invoice_no`, `date`, `amount`, `note`, `is_active`, `documents`, `is_deleted`, `created_at`, `updated_at`) VALUES (169, 3, 'Personal Insurance', '5345', '2023-03-20', '100.00', '', 'yes', NULL, 'no', '2023-03-14 07:08:42', NULL);
INSERT INTO `income` (`id`, `income_head_id`, `name`, `invoice_no`, `date`, `amount`, `note`, `is_active`, `documents`, `is_deleted`, `created_at`, `updated_at`) VALUES (170, 2, 'Bulding Rent', '3434', '2023-03-24', '100.00', '', 'yes', NULL, 'no', '2023-03-14 07:10:08', NULL);
INSERT INTO `income` (`id`, `income_head_id`, `name`, `invoice_no`, `date`, `amount`, `note`, `is_active`, `documents`, `is_deleted`, `created_at`, `updated_at`) VALUES (171, 1, 'School Donation', '42', '2023-04-01', '200.00', 'Donation fee is fee which you have to give to make you eligible for admission e.g. there are many management quota seats so for admission.', 'yes', NULL, 'no', '2023-03-29 11:22:14', NULL);
INSERT INTO `income` (`id`, `income_head_id`, `name`, `invoice_no`, `date`, `amount`, `note`, `is_active`, `documents`, `is_deleted`, `created_at`, `updated_at`) VALUES (172, 4, 'New Books', '365', '2023-04-05', '150.00', ' NCRT Books are essential materials for students of all classes.', 'yes', NULL, 'no', '2023-03-29 11:23:14', NULL);
INSERT INTO `income` (`id`, `income_head_id`, `name`, `invoice_no`, `date`, `amount`, `note`, `is_active`, `documents`, `is_deleted`, `created_at`, `updated_at`) VALUES (173, 5, 'Staff Uniform', '322', '2023-04-10', '150.00', 'A school uniform is a uniform worn by students primarily for a school or otherwise an educational institution.', 'yes', NULL, 'no', '2023-03-29 11:24:01', NULL);
INSERT INTO `income` (`id`, `income_head_id`, `name`, `invoice_no`, `date`, `amount`, `note`, `is_active`, `documents`, `is_deleted`, `created_at`, `updated_at`) VALUES (174, 3, 'Online Class', '521', '2023-04-15', '200.00', 'Miscellaneous fees are charges that are separate from tuition that can be selected.', 'yes', NULL, 'no', '2023-03-29 11:29:45', NULL);
INSERT INTO `income` (`id`, `income_head_id`, `name`, `invoice_no`, `date`, `amount`, `note`, `is_active`, `documents`, `is_deleted`, `created_at`, `updated_at`) VALUES (175, 2, 'School Building rent', '566', '2023-04-20', '150.00', '', 'yes', NULL, 'no', '2023-03-29 11:33:52', NULL);
INSERT INTO `income` (`id`, `income_head_id`, `name`, `invoice_no`, `date`, `amount`, `note`, `is_active`, `documents`, `is_deleted`, `created_at`, `updated_at`) VALUES (176, 1, 'School Fees', '787', '2023-03-25', '150.00', '', 'yes', NULL, 'no', '2023-03-29 11:34:27', NULL);
INSERT INTO `income` (`id`, `income_head_id`, `name`, `invoice_no`, `date`, `amount`, `note`, `is_active`, `documents`, `is_deleted`, `created_at`, `updated_at`) VALUES (177, 5, 'Student Uniform', '321', '2023-04-30', '100.00', '', 'yes', NULL, 'no', '2023-03-29 11:35:02', NULL);
INSERT INTO `income` (`id`, `income_head_id`, `name`, `invoice_no`, `date`, `amount`, `note`, `is_active`, `documents`, `is_deleted`, `created_at`, `updated_at`) VALUES (178, 4, 'NCRT Books', '3021', '2023-05-01', '200.00', 'NCRT Books are essential materials for students of all classes.', 'yes', NULL, 'no', '2023-05-01 06:13:15', NULL);
INSERT INTO `income` (`id`, `income_head_id`, `name`, `invoice_no`, `date`, `amount`, `note`, `is_active`, `documents`, `is_deleted`, `created_at`, `updated_at`) VALUES (179, 1, 'School Fees Donation', '3022', '2023-05-05', '250.00', 'Donation fee is fee which you have to give to make you eligible for admission e.g. there are many management quota seats so for admission.	', 'yes', NULL, 'no', '2023-05-01 06:14:20', NULL);
INSERT INTO `income` (`id`, `income_head_id`, `name`, `invoice_no`, `date`, `amount`, `note`, `is_active`, `documents`, `is_deleted`, `created_at`, `updated_at`) VALUES (180, 5, 'Student Uniform', '2503', '2023-05-10', '150.00', 'A school uniform is a uniform worn by students primarily for a school or otherwise an educational institution.', 'yes', NULL, 'no', '2023-05-01 06:15:06', NULL);
INSERT INTO `income` (`id`, `income_head_id`, `name`, `invoice_no`, `date`, `amount`, `note`, `is_active`, `documents`, `is_deleted`, `created_at`, `updated_at`) VALUES (181, 3, 'Online class', '0210', '2023-05-15', '150.00', 'Miscellaneous fees are charges that are separate from tuition that can be selected.', 'yes', NULL, 'no', '2023-05-01 06:20:48', NULL);
INSERT INTO `income` (`id`, `income_head_id`, `name`, `invoice_no`, `date`, `amount`, `note`, `is_active`, `documents`, `is_deleted`, `created_at`, `updated_at`) VALUES (182, 5, 'Staff Uniform', '85210', '2023-05-20', '150.00', 'A school uniform is a uniform worn by students primarily for a school or otherwise an educational institution.', 'yes', NULL, 'no', '2023-05-01 06:21:33', NULL);
INSERT INTO `income` (`id`, `income_head_id`, `name`, `invoice_no`, `date`, `amount`, `note`, `is_active`, `documents`, `is_deleted`, `created_at`, `updated_at`) VALUES (183, 2, 'Shcool Building Rent', '00145', '2023-05-25', '200.00', 'Donation fee is fee which you have to give to make you eligible for admission e.g. there are many management quota seats so for admission', 'yes', NULL, 'no', '2023-05-01 06:22:36', NULL);
INSERT INTO `income` (`id`, `income_head_id`, `name`, `invoice_no`, `date`, `amount`, `note`, `is_active`, `documents`, `is_deleted`, `created_at`, `updated_at`) VALUES (184, 3, 'School Function', '65220', '2023-05-31', '200.00', 'Community health seminars present the latest and best information on health topics that matter to you and your family.', 'yes', NULL, 'no', '2023-05-01 06:25:49', NULL);
INSERT INTO `income` (`id`, `income_head_id`, `name`, `invoice_no`, `date`, `amount`, `note`, `is_active`, `documents`, `is_deleted`, `created_at`, `updated_at`) VALUES (185, 3, 'Online class', '342', '2023-06-01', '150.00', 'Miscellaneous fees are charges that are separate from tuition that can be selected.', 'yes', NULL, 'no', '2023-06-01 06:47:04', NULL);
INSERT INTO `income` (`id`, `income_head_id`, `name`, `invoice_no`, `date`, `amount`, `note`, `is_active`, `documents`, `is_deleted`, `created_at`, `updated_at`) VALUES (186, 4, 'NCRT Books', '2311', '2023-06-05', '200.00', 'NCRT Books are essential materials for students of all classes.', 'yes', NULL, 'no', '2023-06-01 06:47:56', NULL);
INSERT INTO `income` (`id`, `income_head_id`, `name`, `invoice_no`, `date`, `amount`, `note`, `is_active`, `documents`, `is_deleted`, `created_at`, `updated_at`) VALUES (187, 1, 'School Fees Donation', '6766', '2023-06-10', '200.00', '	Donation fee is fee which you have to give to make you eligible for admission e.g. there are many management quota seats so for admission', 'yes', NULL, 'no', '2023-06-01 06:49:05', NULL);
INSERT INTO `income` (`id`, `income_head_id`, `name`, `invoice_no`, `date`, `amount`, `note`, `is_active`, `documents`, `is_deleted`, `created_at`, `updated_at`) VALUES (188, 5, 'Student Uniform', '3422', '2023-06-15', '150.00', 'A school uniform is a uniform worn by students primarily for a school or otherwise an educational institution.', 'yes', NULL, 'no', '2023-06-01 06:49:47', NULL);
INSERT INTO `income` (`id`, `income_head_id`, `name`, `invoice_no`, `date`, `amount`, `note`, `is_active`, `documents`, `is_deleted`, `created_at`, `updated_at`) VALUES (189, 2, 'School Building Rent', '896', '2023-06-20', '100.00', '', 'yes', NULL, 'no', '2023-06-01 06:52:02', NULL);
INSERT INTO `income` (`id`, `income_head_id`, `name`, `invoice_no`, `date`, `amount`, `note`, `is_active`, `documents`, `is_deleted`, `created_at`, `updated_at`) VALUES (190, 3, 'School Function', '4533', '2023-06-25', '100.00', '', 'yes', NULL, 'no', '2023-06-01 06:52:40', NULL);
INSERT INTO `income` (`id`, `income_head_id`, `name`, `invoice_no`, `date`, `amount`, `note`, `is_active`, `documents`, `is_deleted`, `created_at`, `updated_at`) VALUES (191, 5, 'Staff Uniform', '9966', '2023-06-30', '100.00', 'A school uniform is a uniform worn by students primarily for a school or otherwise an educational institution.', 'yes', NULL, 'no', '2023-06-01 07:01:45', NULL);
INSERT INTO `income` (`id`, `income_head_id`, `name`, `invoice_no`, `date`, `amount`, `note`, `is_active`, `documents`, `is_deleted`, `created_at`, `updated_at`) VALUES (192, 4, 'NCRT Books', '231', '2023-07-01', '200.00', 'NCRT Books are essential materials for students of all classes.', 'yes', NULL, 'no', '2023-07-07 07:37:53', NULL);
INSERT INTO `income` (`id`, `income_head_id`, `name`, `invoice_no`, `date`, `amount`, `note`, `is_active`, `documents`, `is_deleted`, `created_at`, `updated_at`) VALUES (193, 3, 'School Events', '5463', '2023-07-05', '150.00', 'Community health seminars present the latest and best information on health topics', 'yes', NULL, 'no', '2023-07-07 07:38:20', NULL);
INSERT INTO `income` (`id`, `income_head_id`, `name`, `invoice_no`, `date`, `amount`, `note`, `is_active`, `documents`, `is_deleted`, `created_at`, `updated_at`) VALUES (194, 1, 'Monthly School  Fees', '457657', '2023-07-10', '250.00', 'Donation fee is fee which you have to give to make you eligible for admission e.g.', 'yes', NULL, 'no', '2023-07-07 07:38:59', NULL);
INSERT INTO `income` (`id`, `income_head_id`, `name`, `invoice_no`, `date`, `amount`, `note`, `is_active`, `documents`, `is_deleted`, `created_at`, `updated_at`) VALUES (195, 5, 'Student Uniform', '4422', '2023-07-15', '150.00', 'A school uniform is a uniform worn by students primarily for a school or otherwise .', 'yes', NULL, 'no', '2023-07-07 07:39:49', NULL);
INSERT INTO `income` (`id`, `income_head_id`, `name`, `invoice_no`, `date`, `amount`, `note`, `is_active`, `documents`, `is_deleted`, `created_at`, `updated_at`) VALUES (196, 3, 'online Classes Preparation', '3456', '2023-07-20', '200.00', 'Miscellaneous fees are charges that are separate from tuition that can be selected.', 'yes', NULL, 'no', '2023-07-07 07:40:43', NULL);
INSERT INTO `income` (`id`, `income_head_id`, `name`, `invoice_no`, `date`, `amount`, `note`, `is_active`, `documents`, `is_deleted`, `created_at`, `updated_at`) VALUES (197, 2, 'School Building Rent', '64332', '2023-07-25', '200.00', 'Rent means an amount agreed to by the Company or the Former Member Representative, as applicable.\r\n', 'yes', NULL, 'no', '2023-07-07 07:41:25', NULL);
INSERT INTO `income` (`id`, `income_head_id`, `name`, `invoice_no`, `date`, `amount`, `note`, `is_active`, `documents`, `is_deleted`, `created_at`, `updated_at`) VALUES (198, 1, 'School Donation', '3620', '2023-07-31', '150.00', '	Donation fee is fee which you have to give to make you eligible for admission e.g. there are many management quota seats so for admission.', 'yes', NULL, 'no', '2023-07-07 07:42:34', NULL);
INSERT INTO `income` (`id`, `income_head_id`, `name`, `invoice_no`, `date`, `amount`, `note`, `is_active`, `documents`, `is_deleted`, `created_at`, `updated_at`) VALUES (199, 2, 'School Building', '4854', '2023-08-01', '250.00', 'Rent means an amount agreed to by the Company or the Former Member Representative, as applicable,	', 'yes', NULL, 'no', '2023-08-04 13:21:32', NULL);
INSERT INTO `income` (`id`, `income_head_id`, `name`, `invoice_no`, `date`, `amount`, `note`, `is_active`, `documents`, `is_deleted`, `created_at`, `updated_at`) VALUES (200, 3, 'Special School Activites', '5512', '2023-08-05', '200.00', 'School events are special educational activities beyond the lessons of the classroom. Students of St.', 'yes', NULL, 'no', '2023-08-04 13:23:40', NULL);
INSERT INTO `income` (`id`, `income_head_id`, `name`, `invoice_no`, `date`, `amount`, `note`, `is_active`, `documents`, `is_deleted`, `created_at`, `updated_at`) VALUES (201, 4, 'NCRT Books', '5842', '2023-08-10', '200.00', 'NCRT Books are essential materials for students of all classes', 'yes', NULL, 'no', '2023-08-05 05:20:53', NULL);
INSERT INTO `income` (`id`, `income_head_id`, `name`, `invoice_no`, `date`, `amount`, `note`, `is_active`, `documents`, `is_deleted`, `created_at`, `updated_at`) VALUES (202, 5, 'Staff Uniform', '54621', '2023-08-15', '230.00', '	A school uniform is a uniform worn by students primarily for a school or otherwise an educational institution.', 'yes', NULL, 'no', '2023-08-05 05:22:15', NULL);
INSERT INTO `income` (`id`, `income_head_id`, `name`, `invoice_no`, `date`, `amount`, `note`, `is_active`, `documents`, `is_deleted`, `created_at`, `updated_at`) VALUES (203, 1, 'School Fees Donation', '84843215', '2023-08-21', '250.00', 'Donation fee is fee which you have to give to make you eligible for admission e.g. there are many management quota seats so for admission', 'yes', NULL, 'no', '2023-08-05 05:24:54', NULL);
INSERT INTO `income` (`id`, `income_head_id`, `name`, `invoice_no`, `date`, `amount`, `note`, `is_active`, `documents`, `is_deleted`, `created_at`, `updated_at`) VALUES (204, 2, 'Shcool Building Rent', '44821', '2023-08-25', '250.00', 'Donation fee is fee which you have to give to make you eligible for admission e.g. there are many management quota seats so for admission', 'yes', NULL, 'no', '2023-08-05 05:32:11', NULL);
INSERT INTO `income` (`id`, `income_head_id`, `name`, `invoice_no`, `date`, `amount`, `note`, `is_active`, `documents`, `is_deleted`, `created_at`, `updated_at`) VALUES (205, 3, 'School Function', '5985', '2023-08-31', '300.00', '	Community health seminars present the latest and best information on health topics that matter to you and your family.', 'yes', NULL, 'no', '2023-08-05 05:33:07', NULL);
INSERT INTO `income` (`id`, `income_head_id`, `name`, `invoice_no`, `date`, `amount`, `note`, `is_active`, `documents`, `is_deleted`, `created_at`, `updated_at`) VALUES (206, 2, 'School Building Rent', '422', '2023-09-01', '200.00', 'Rent means an amount agreed to by the Company or the Former Member Representative, as applicable,	', 'yes', NULL, 'no', '2023-09-05 06:27:14', NULL);
INSERT INTO `income` (`id`, `income_head_id`, `name`, `invoice_no`, `date`, `amount`, `note`, `is_active`, `documents`, `is_deleted`, `created_at`, `updated_at`) VALUES (207, 3, 'Teacher Day Program celebration', '3432', '2023-09-05', '250.00', 'Teacher Day Program celebration', 'yes', NULL, 'no', '2023-09-05 06:27:50', NULL);
INSERT INTO `income` (`id`, `income_head_id`, `name`, `invoice_no`, `date`, `amount`, `note`, `is_active`, `documents`, `is_deleted`, `created_at`, `updated_at`) VALUES (208, 1, 'School Fees', '34222', '2023-09-10', '200.00', 'Donation fee is fee which you have to give to make you eligible for admission e.g', 'yes', NULL, 'no', '2023-09-05 06:28:35', NULL);
INSERT INTO `income` (`id`, `income_head_id`, `name`, `invoice_no`, `date`, `amount`, `note`, `is_active`, `documents`, `is_deleted`, `created_at`, `updated_at`) VALUES (209, 4, 'New Books Sells', '7685', '2023-09-15', '150.00', 'NCRT Books are essential materials for students of all classes.', 'yes', NULL, 'no', '2023-09-05 06:29:07', NULL);
INSERT INTO `income` (`id`, `income_head_id`, `name`, `invoice_no`, `date`, `amount`, `note`, `is_active`, `documents`, `is_deleted`, `created_at`, `updated_at`) VALUES (210, 5, 'Student Uniforms', '67564', '2023-09-20', '150.00', '	A school uniform is a uniform worn by students primarily for a school or otherwise an educational institution', 'yes', NULL, 'no', '2023-09-05 06:32:53', NULL);
INSERT INTO `income` (`id`, `income_head_id`, `name`, `invoice_no`, `date`, `amount`, `note`, `is_active`, `documents`, `is_deleted`, `created_at`, `updated_at`) VALUES (211, 3, 'School Function', '78975', '2023-09-25', '150.00', 'School Function', 'yes', NULL, 'no', '2023-09-05 06:33:20', NULL);
INSERT INTO `income` (`id`, `income_head_id`, `name`, `invoice_no`, `date`, `amount`, `note`, `is_active`, `documents`, `is_deleted`, `created_at`, `updated_at`) VALUES (212, 1, 'Monthly School Fees', '5654', '2023-09-30', '200.00', 'Donation fee is fee which you have to give to make you eligible for admission e.g', 'yes', NULL, 'no', '2023-09-05 06:33:57', NULL);
INSERT INTO `income` (`id`, `income_head_id`, `name`, `invoice_no`, `date`, `amount`, `note`, `is_active`, `documents`, `is_deleted`, `created_at`, `updated_at`) VALUES (213, 1, 'School Fees', '435', '2023-10-01', '250.00', 'Donation fee is fee which you have to give to make you eligible for admission e.g.', 'yes', NULL, 'no', '2023-10-03 05:06:54', NULL);
INSERT INTO `income` (`id`, `income_head_id`, `name`, `invoice_no`, `date`, `amount`, `note`, `is_active`, `documents`, `is_deleted`, `created_at`, `updated_at`) VALUES (214, 4, 'New Books Salls', '5646', '2023-10-05', '200.00', 'NCRT Books are essential materials for students of all classes.', 'yes', NULL, 'no', '2023-10-03 05:10:10', NULL);
INSERT INTO `income` (`id`, `income_head_id`, `name`, `invoice_no`, `date`, `amount`, `note`, `is_active`, `documents`, `is_deleted`, `created_at`, `updated_at`) VALUES (215, 3, 'School Function', '6757', '2023-10-10', '200.00', 'Community health seminars present the latest and best information on health topics that matter to you and your family.', 'yes', NULL, 'no', '2023-10-03 05:10:40', NULL);
INSERT INTO `income` (`id`, `income_head_id`, `name`, `invoice_no`, `date`, `amount`, `note`, `is_active`, `documents`, `is_deleted`, `created_at`, `updated_at`) VALUES (216, 2, 'School Building Rent', '2312', '2023-10-15', '150.00', 'Rent means an amount agreed to by the Company or the Former Member Representative, as applicable,', 'yes', NULL, 'no', '2023-10-03 05:14:39', NULL);
INSERT INTO `income` (`id`, `income_head_id`, `name`, `invoice_no`, `date`, `amount`, `note`, `is_active`, `documents`, `is_deleted`, `created_at`, `updated_at`) VALUES (217, 3, 'Online Classes Preparation', '674', '2023-10-20', '200.00', 'Miscellaneous fees are charges that are separate from tuition that can be selected.', 'yes', NULL, 'no', '2023-10-03 05:16:56', NULL);
INSERT INTO `income` (`id`, `income_head_id`, `name`, `invoice_no`, `date`, `amount`, `note`, `is_active`, `documents`, `is_deleted`, `created_at`, `updated_at`) VALUES (218, 1, 'Child Poverty Food Bank', '6546', '2023-10-25', '150.00', 'Child Poverty Food Bank', 'yes', NULL, 'no', '2023-10-03 05:20:54', NULL);
INSERT INTO `income` (`id`, `income_head_id`, `name`, `invoice_no`, `date`, `amount`, `note`, `is_active`, `documents`, `is_deleted`, `created_at`, `updated_at`) VALUES (219, 5, 'Student Uniforms', '65757', '2023-10-31', '200.00', 'Student Uniforms', 'yes', NULL, 'no', '2023-10-03 05:23:32', NULL);
INSERT INTO `income` (`id`, `income_head_id`, `name`, `invoice_no`, `date`, `amount`, `note`, `is_active`, `documents`, `is_deleted`, `created_at`, `updated_at`) VALUES (220, 4, 'NCERT Books', '3421', '2023-11-01', '200.00', 'NCERT Solutions for Class 1 English Marigold Workbook Pdf, Worksheets, Notes​, Questions and Answers are solved by experts of LearnCBSE', 'yes', NULL, 'no', '2023-11-01 09:54:35', NULL);
INSERT INTO `income` (`id`, `income_head_id`, `name`, `invoice_no`, `date`, `amount`, `note`, `is_active`, `documents`, `is_deleted`, `created_at`, `updated_at`) VALUES (221, 3, 'personal auto policy insurance', '36220', '2023-11-06', '150.00', 'A personal auto policy is insurance on your personal vehicle. It may include liability, medical payment coverage, comprehensive, or collision coverage, depending on your policy', 'yes', NULL, 'no', '2023-11-01 09:55:51', NULL);
INSERT INTO `income` (`id`, `income_head_id`, `name`, `invoice_no`, `date`, `amount`, `note`, `is_active`, `documents`, `is_deleted`, `created_at`, `updated_at`) VALUES (222, 5, 'Class 1st Uniform Collection', '232', '2023-11-10', '200.00', 'Class 1st Uniform Collection', 'yes', NULL, 'no', '2023-11-01 09:56:29', NULL);
INSERT INTO `income` (`id`, `income_head_id`, `name`, `invoice_no`, `date`, `amount`, `note`, `is_active`, `documents`, `is_deleted`, `created_at`, `updated_at`) VALUES (223, 2, 'School Rent', '231', '2023-11-15', '200.00', 'Set in the East Village of New York City, Rent School Edition is about falling in love, finding your voice and living for today. ', 'yes', NULL, 'no', '2023-11-01 09:57:14', NULL);
INSERT INTO `income` (`id`, `income_head_id`, `name`, `invoice_no`, `date`, `amount`, `note`, `is_active`, `documents`, `is_deleted`, `created_at`, `updated_at`) VALUES (224, 1, 'School Fund', '432', '2023-11-20', '150.00', 'School Fund', 'yes', NULL, 'no', '2023-11-01 09:58:21', NULL);
INSERT INTO `income` (`id`, `income_head_id`, `name`, `invoice_no`, `date`, `amount`, `note`, `is_active`, `documents`, `is_deleted`, `created_at`, `updated_at`) VALUES (225, 3, 'SCHOOL MAINTENANCE PROGRAMME', '321', '2023-11-25', '150.00', 'Maintenance is a continuous operation to keep the school building, furniture, and equipment in the best form for normal use', 'yes', NULL, 'no', '2023-11-01 09:59:28', NULL);
INSERT INTO `income` (`id`, `income_head_id`, `name`, `invoice_no`, `date`, `amount`, `note`, `is_active`, `documents`, `is_deleted`, `created_at`, `updated_at`) VALUES (226, 2, 'School Bus Ren', '3434', '2023-11-30', '250.00', 'School Bus Ren', 'yes', NULL, 'no', '2023-11-01 10:10:43', NULL);
INSERT INTO `income` (`id`, `income_head_id`, `name`, `invoice_no`, `date`, `amount`, `note`, `is_active`, `documents`, `is_deleted`, `created_at`, `updated_at`) VALUES (227, 1, 'School Fund', '5242', '2023-12-01', '120.00', 'Donation fee is fee which you have to give to make you eligible for admission', 'yes', NULL, 'no', '2023-12-01 12:37:42', NULL);
INSERT INTO `income` (`id`, `income_head_id`, `name`, `invoice_no`, `date`, `amount`, `note`, `is_active`, `documents`, `is_deleted`, `created_at`, `updated_at`) VALUES (228, 2, 'School Building Rent', '2152', '2023-12-05', '130.00', 'Rent means an amount agreed to by the Company.', 'yes', NULL, 'no', '2023-12-01 12:42:05', NULL);
INSERT INTO `income` (`id`, `income_head_id`, `name`, `invoice_no`, `date`, `amount`, `note`, `is_active`, `documents`, `is_deleted`, `created_at`, `updated_at`) VALUES (229, 3, 'School Health Programme', '546', '2023-12-11', '140.00', 'The School Health Programme under AYUSHMAN BHARAT is a joint collaborative programme between the Ministry of Health.', 'yes', NULL, 'no', '2023-12-01 12:43:46', NULL);
INSERT INTO `income` (`id`, `income_head_id`, `name`, `invoice_no`, `date`, `amount`, `note`, `is_active`, `documents`, `is_deleted`, `created_at`, `updated_at`) VALUES (230, 4, 'CBSE New Books', '5478', '2023-12-15', '150.00', 'Sales book is a book of original entry or a subsidiary book that is used to record the credit sales of the goods.', 'yes', NULL, 'no', '2023-12-01 12:47:28', NULL);
INSERT INTO `income` (`id`, `income_head_id`, `name`, `invoice_no`, `date`, `amount`, `note`, `is_active`, `documents`, `is_deleted`, `created_at`, `updated_at`) VALUES (231, 5, 'Student Uniform', '8710', '2023-12-20', '130.00', 'Dress codes teach women, from a young age, that their bodies are to be hidden.', 'yes', NULL, 'no', '2023-12-01 12:49:21', NULL);
INSERT INTO `income` (`id`, `income_head_id`, `name`, `invoice_no`, `date`, `amount`, `note`, `is_active`, `documents`, `is_deleted`, `created_at`, `updated_at`) VALUES (232, 1, 'School Donation', '5415', '2023-12-25', '140.00', 'Donation fee is fee which you have to give to make you eligible for admission e.g. there are many management quota seats so for admission.', 'yes', NULL, 'no', '2023-12-01 12:53:15', NULL);
INSERT INTO `income` (`id`, `income_head_id`, `name`, `invoice_no`, `date`, `amount`, `note`, `is_active`, `documents`, `is_deleted`, `created_at`, `updated_at`) VALUES (233, 2, 'School Monthly Rent', '4804', '2023-12-30', '150.00', 'Rent means an amount agreed to by the Company or the Former Member Representative, as applicable, and Parent, equal to the sum of (i) the fair market rental value (to be calculated taking into account the fact that the Company', 'yes', NULL, 'no', '2023-12-01 12:54:35', NULL);
INSERT INTO `income` (`id`, `income_head_id`, `name`, `invoice_no`, `date`, `amount`, `note`, `is_active`, `documents`, `is_deleted`, `created_at`, `updated_at`) VALUES (234, 3, 'NCC Camp', '52165', '2024-01-01', '150.00', 'The National Cadet Corps (NCC) is a youth development movement. It has enormous potential for nation building', 'yes', NULL, 'no', '2024-01-04 06:14:27', NULL);
INSERT INTO `income` (`id`, `income_head_id`, `name`, `invoice_no`, `date`, `amount`, `note`, `is_active`, `documents`, `is_deleted`, `created_at`, `updated_at`) VALUES (235, 4, 'ICSE Books', '5215', '2024-01-05', '130.00', 'ICSE Books are essential materials for students of all classes. The ICSE textbooks work as instruction manuals for students during their studies. These ICSE Board books work as a guide for students as well as for teachers.', 'yes', NULL, 'no', '2024-01-04 06:15:42', NULL);
INSERT INTO `income` (`id`, `income_head_id`, `name`, `invoice_no`, `date`, `amount`, `note`, `is_active`, `documents`, `is_deleted`, `created_at`, `updated_at`) VALUES (236, 5, 'Staff Uniforms', '323', '2024-01-10', '120.00', 'Dress codes are used to communicate to employees what the organization considers appropriate work attire. ', 'yes', NULL, 'no', '2024-02-02 09:29:50', NULL);
INSERT INTO `income` (`id`, `income_head_id`, `name`, `invoice_no`, `date`, `amount`, `note`, `is_active`, `documents`, `is_deleted`, `created_at`, `updated_at`) VALUES (237, 1, 'School Donation', '65652', '2024-01-15', '140.00', 'Donation fee is fee which you have to give to make you eligible for admission e.g. there are many management quota seats so for admission into this you have to give to take admission if you haven\'t passed or cleared their cutoff and admission fee i', 'yes', NULL, 'no', '2024-01-04 06:20:09', NULL);
INSERT INTO `income` (`id`, `income_head_id`, `name`, `invoice_no`, `date`, `amount`, `note`, `is_active`, `documents`, `is_deleted`, `created_at`, `updated_at`) VALUES (238, 2, 'School Rent', '35215', '2024-01-20', '150.00', '	Rental Flats in Velammal Matriculation West School - Searching 1 BHK Houses,Flats, Apartments for Rent in Velammal Matriculation West School, Chennai', 'yes', NULL, 'no', '2024-01-04 06:21:44', NULL);
INSERT INTO `income` (`id`, `income_head_id`, `name`, `invoice_no`, `date`, `amount`, `note`, `is_active`, `documents`, `is_deleted`, `created_at`, `updated_at`) VALUES (239, 3, 'Food Deliver', '4558', '2024-01-25', '120.00', 'The National School Lunch Program (NSLP) is typically the Nation\'s second largest food and nutrition assistance program.', 'yes', NULL, 'no', '2024-01-04 06:22:44', NULL);
INSERT INTO `income` (`id`, `income_head_id`, `name`, `invoice_no`, `date`, `amount`, `note`, `is_active`, `documents`, `is_deleted`, `created_at`, `updated_at`) VALUES (240, 4, 'New Book Distribution', '2152', '2024-01-31', '130.00', ' Distribution refers to the process and logistics of making your book available to the customer. ', 'yes', NULL, 'no', '2024-02-02 09:21:16', NULL);
INSERT INTO `income` (`id`, `income_head_id`, `name`, `invoice_no`, `date`, `amount`, `note`, `is_active`, `documents`, `is_deleted`, `created_at`, `updated_at`) VALUES (241, 1, 'School Donation', '65462', '2024-02-01', '150.00', 'Donation fee is fee which you have to give to make you eligible for admission e.g. there are many management quota seats so for admission.', 'yes', NULL, 'no', '2024-02-02 09:15:35', NULL);
INSERT INTO `income` (`id`, `income_head_id`, `name`, `invoice_no`, `date`, `amount`, `note`, `is_active`, `documents`, `is_deleted`, `created_at`, `updated_at`) VALUES (242, 5, 'Student Uniforms', '784', '2024-02-05', '250.00', 'A school uniform is a uniform worn by students primarily for a school or otherwise an educational.', 'yes', NULL, 'no', '2024-02-02 09:16:47', NULL);
INSERT INTO `income` (`id`, `income_head_id`, `name`, `invoice_no`, `date`, `amount`, `note`, `is_active`, `documents`, `is_deleted`, `created_at`, `updated_at`) VALUES (243, 2, 'School Building Rent', '7673', '2024-02-10', '200.00', 'Rent means an amount agreed to by the Company.', 'yes', NULL, 'no', '2024-02-02 09:17:32', NULL);
INSERT INTO `income` (`id`, `income_head_id`, `name`, `invoice_no`, `date`, `amount`, `note`, `is_active`, `documents`, `is_deleted`, `created_at`, `updated_at`) VALUES (244, 3, 'National Cadet Corps (NCC)', '7875', '2024-02-15', '250.00', 'The National Cadet Corps (NCC) is a youth development movement. It has enormous potential for nation building.', 'yes', NULL, 'no', '2024-02-02 09:20:19', NULL);
INSERT INTO `income` (`id`, `income_head_id`, `name`, `invoice_no`, `date`, `amount`, `note`, `is_active`, `documents`, `is_deleted`, `created_at`, `updated_at`) VALUES (245, 3, 'Mid Day Food Deliver', '23423', '2024-02-20', '200.00', 'The National School Lunch Program (NSLP) is typically the Nation\'s second largest food.', 'yes', NULL, 'no', '2024-02-02 09:24:32', NULL);
INSERT INTO `income` (`id`, `income_head_id`, `name`, `invoice_no`, `date`, `amount`, `note`, `is_active`, `documents`, `is_deleted`, `created_at`, `updated_at`) VALUES (246, 4, 'CBSE Books', '3544', '2024-02-25', '250.00', 'Distribution refers to the process and logistics of making your book available to the customer.', 'yes', NULL, 'no', '2024-02-02 09:28:14', NULL);
INSERT INTO `income` (`id`, `income_head_id`, `name`, `invoice_no`, `date`, `amount`, `note`, `is_active`, `documents`, `is_deleted`, `created_at`, `updated_at`) VALUES (247, 5, 'Staff Uniforms', '5453', '2024-02-28', '150.00', 'Staff Uniforms', 'yes', NULL, 'no', '2024-02-02 09:42:06', NULL);
INSERT INTO `income` (`id`, `income_head_id`, `name`, `invoice_no`, `date`, `amount`, `note`, `is_active`, `documents`, `is_deleted`, `created_at`, `updated_at`) VALUES (248, 5, 'Student uniform', '4535', '2024-03-01', '200.00', 'A school uniform is a uniform worn by students primarily for a school.', 'yes', NULL, 'no', '2024-03-02 11:37:33', NULL);
INSERT INTO `income` (`id`, `income_head_id`, `name`, `invoice_no`, `date`, `amount`, `note`, `is_active`, `documents`, `is_deleted`, `created_at`, `updated_at`) VALUES (249, 3, 'Mid Meal Food', '5345', '2024-03-05', '250.00', 'The National School Lunch Program (NSLP) is typically the Nation\'s second largest food.', 'yes', NULL, 'no', '2024-03-02 11:38:30', NULL);
INSERT INTO `income` (`id`, `income_head_id`, `name`, `invoice_no`, `date`, `amount`, `note`, `is_active`, `documents`, `is_deleted`, `created_at`, `updated_at`) VALUES (250, 2, 'School Building Rent', '453', '2024-03-10', '150.00', 'Rent means an amount agreed to by the Company.', 'yes', NULL, 'no', '2024-03-02 11:39:13', NULL);
INSERT INTO `income` (`id`, `income_head_id`, `name`, `invoice_no`, `date`, `amount`, `note`, `is_active`, `documents`, `is_deleted`, `created_at`, `updated_at`) VALUES (251, 1, 'School Fees', '342', '2024-03-15', '150.00', 'Donation fee is fee which you have to give to make you eligible for admission e.g.', 'yes', NULL, 'no', '2024-03-02 11:39:45', NULL);
INSERT INTO `income` (`id`, `income_head_id`, `name`, `invoice_no`, `date`, `amount`, `note`, `is_active`, `documents`, `is_deleted`, `created_at`, `updated_at`) VALUES (252, 4, 'CBSE New Books', '8978', '2024-03-20', '150.00', 'Sales book is a book of original entry or a subsidiary book.', 'yes', NULL, 'no', '2024-03-02 11:40:44', NULL);
INSERT INTO `income` (`id`, `income_head_id`, `name`, `invoice_no`, `date`, `amount`, `note`, `is_active`, `documents`, `is_deleted`, `created_at`, `updated_at`) VALUES (253, 3, 'School Camp', '5435', '2024-03-25', '200.00', 'SChool Camp', 'yes', NULL, 'no', '2024-03-02 11:41:54', NULL);
INSERT INTO `income` (`id`, `income_head_id`, `name`, `invoice_no`, `date`, `amount`, `note`, `is_active`, `documents`, `is_deleted`, `created_at`, `updated_at`) VALUES (254, 1, 'School Donation', '6456', '2024-03-30', '150.00', 'Donation fee is fee which you have to give to make you eligible for admission e.g. there are many management quota seats so for admission.', 'yes', NULL, 'no', '2024-03-02 11:42:41', NULL);
INSERT INTO `income` (`id`, `income_head_id`, `name`, `invoice_no`, `date`, `amount`, `note`, `is_active`, `documents`, `is_deleted`, `created_at`, `updated_at`) VALUES (255, 2, 'School Monthly Rent', '5652', '2024-04-01', '150.00', 'Rent means an amount agreed to by the Company or the Former Member Representative, as applicable, and Parent, equal to the sum of (i) the fair market rental value (to be calculated taking into account the fact that the Company', 'yes', NULL, 'no', '2024-04-03 06:22:57', NULL);
INSERT INTO `income` (`id`, `income_head_id`, `name`, `invoice_no`, `date`, `amount`, `note`, `is_active`, `documents`, `is_deleted`, `created_at`, `updated_at`) VALUES (256, 3, 'Online Class', '5612', '2024-04-05', '200.00', 'Miscellaneous fees are charges that are separate from tuition that can be selected.', 'yes', NULL, 'no', '2024-04-03 06:29:12', NULL);
INSERT INTO `income` (`id`, `income_head_id`, `name`, `invoice_no`, `date`, `amount`, `note`, `is_active`, `documents`, `is_deleted`, `created_at`, `updated_at`) VALUES (257, 4, 'New Books', '16252', '2024-04-10', '180.00', 'NCRT Books are essential materials for students of all classes.', 'yes', NULL, 'no', '2024-04-03 06:40:03', NULL);
INSERT INTO `income` (`id`, `income_head_id`, `name`, `invoice_no`, `date`, `amount`, `note`, `is_active`, `documents`, `is_deleted`, `created_at`, `updated_at`) VALUES (258, 5, 'Student Uniform Dress', '5182', '2024-04-15', '150.00', 'Dress codes teach women, from a young age, that their bodies are to be hidden.', 'yes', NULL, 'no', '2024-04-03 06:49:25', NULL);
INSERT INTO `income` (`id`, `income_head_id`, `name`, `invoice_no`, `date`, `amount`, `note`, `is_active`, `documents`, `is_deleted`, `created_at`, `updated_at`) VALUES (259, 1, 'School Donation', '5626', '2024-04-20', '200.00', 'Donation fee is fee which you have to give to make you eligible for admission e.g. there are many management quota seats so for admission.', 'yes', NULL, 'no', '2024-04-03 06:53:06', NULL);
INSERT INTO `income` (`id`, `income_head_id`, `name`, `invoice_no`, `date`, `amount`, `note`, `is_active`, `documents`, `is_deleted`, `created_at`, `updated_at`) VALUES (260, 2, 'Shcool Building Rent', '15101', '2024-04-25', '180.00', 'Donation fee is fee which you have to give to make you eligible for admission e.g. there are many management quota seats so for admission', 'yes', NULL, 'no', '2024-04-03 06:52:52', NULL);
INSERT INTO `income` (`id`, `income_head_id`, `name`, `invoice_no`, `date`, `amount`, `note`, `is_active`, `documents`, `is_deleted`, `created_at`, `updated_at`) VALUES (261, 3, 'School Function', '32615', '2024-04-30', '200.00', 'Community health seminars present the latest and best information on health topics that matter to you and your family.', 'yes', NULL, 'no', '2024-04-03 06:54:12', NULL);


#
# TABLE STRUCTURE FOR: income_head
#


CREATE TABLE `income_head` (
  `id` int NOT NULL AUTO_INCREMENT,
  `income_category` varchar(255) DEFAULT NULL,
  `description` varchar(255) DEFAULT NULL,
  `is_active` varchar(255) NOT NULL DEFAULT 'yes',
  `is_deleted` varchar(255) NOT NULL DEFAULT 'no',
  `created_at` timestamp NOT NULL DEFAULT CURRENT_TIMESTAMP ON UPDATE CURRENT_TIMESTAMP,
  `updated_at` date DEFAULT NULL,
  PRIMARY KEY (`id`)
) ENGINE=InnoDB AUTO_INCREMENT=6 DEFAULT CHARSET=utf8mb3;

INSERT INTO `income_head` (`id`, `income_category`, `description`, `is_active`, `is_deleted`, `created_at`, `updated_at`) VALUES (1, 'Donation', '', 'yes', 'no', '2021-03-22 13:31:37', NULL);
INSERT INTO `income_head` (`id`, `income_category`, `description`, `is_active`, `is_deleted`, `created_at`, `updated_at`) VALUES (2, 'Rent', '', 'yes', 'no', '2021-03-22 13:31:46', NULL);
INSERT INTO `income_head` (`id`, `income_category`, `description`, `is_active`, `is_deleted`, `created_at`, `updated_at`) VALUES (3, 'Miscellaneous', '', 'yes', 'no', '2021-03-22 13:31:52', NULL);
INSERT INTO `income_head` (`id`, `income_category`, `description`, `is_active`, `is_deleted`, `created_at`, `updated_at`) VALUES (4, 'Book Sale', '', 'yes', 'no', '2021-03-22 13:31:58', NULL);
INSERT INTO `income_head` (`id`, `income_category`, `description`, `is_active`, `is_deleted`, `created_at`, `updated_at`) VALUES (5, 'Uniform Sale', '', 'yes', 'no', '2021-03-22 13:32:04', NULL);


#
# TABLE STRUCTURE FOR: item
#


CREATE TABLE `item` (
  `id` int NOT NULL AUTO_INCREMENT,
  `item_category_id` int DEFAULT NULL,
  `item_store_id` int DEFAULT NULL,
  `item_supplier_id` int DEFAULT NULL,
  `name` varchar(255) NOT NULL,
  `unit` varchar(100) NOT NULL,
  `item_photo` varchar(225) DEFAULT NULL,
  `description` text NOT NULL,
  `quantity` int NOT NULL,
  `date` date DEFAULT NULL,
  `created_at` timestamp NOT NULL DEFAULT CURRENT_TIMESTAMP ON UPDATE CURRENT_TIMESTAMP,
  `updated_at` date DEFAULT NULL,
  PRIMARY KEY (`id`),
  KEY `item_category_id` (`item_category_id`),
  KEY `item_store_id` (`item_store_id`),
  KEY `item_supplier_id` (`item_supplier_id`),
  CONSTRAINT `item_ibfk_1` FOREIGN KEY (`item_category_id`) REFERENCES `item_category` (`id`) ON DELETE CASCADE,
  CONSTRAINT `item_ibfk_2` FOREIGN KEY (`item_store_id`) REFERENCES `item_store` (`id`) ON DELETE CASCADE,
  CONSTRAINT `item_ibfk_3` FOREIGN KEY (`item_supplier_id`) REFERENCES `item_supplier` (`id`) ON DELETE CASCADE
) ENGINE=InnoDB AUTO_INCREMENT=13 DEFAULT CHARSET=utf8mb3;

INSERT INTO `item` (`id`, `item_category_id`, `item_store_id`, `item_supplier_id`, `name`, `unit`, `item_photo`, `description`, `quantity`, `date`, `created_at`, `updated_at`) VALUES (1, 1, NULL, NULL, 'Cricket Bat', '100', NULL, '', 0, '0000-00-00', '2022-10-03 06:57:13', NULL);
INSERT INTO `item` (`id`, `item_category_id`, `item_store_id`, `item_supplier_id`, `name`, `unit`, `item_photo`, `description`, `quantity`, `date`, `created_at`, `updated_at`) VALUES (2, 2, NULL, NULL, 'Uniform', '150', NULL, '', 0, '0000-00-00', '2021-03-23 07:09:50', NULL);
INSERT INTO `item` (`id`, `item_category_id`, `item_store_id`, `item_supplier_id`, `name`, `unit`, `item_photo`, `description`, `quantity`, `date`, `created_at`, `updated_at`) VALUES (3, 3, NULL, NULL, 'Table chair', '50', NULL, '', 0, '0000-00-00', '2022-10-03 06:57:06', NULL);
INSERT INTO `item` (`id`, `item_category_id`, `item_store_id`, `item_supplier_id`, `name`, `unit`, `item_photo`, `description`, `quantity`, `date`, `created_at`, `updated_at`) VALUES (4, 2, NULL, NULL, 'Staff Unform', '50', NULL, '', 0, '0000-00-00', '2021-12-01 07:52:44', NULL);
INSERT INTO `item` (`id`, `item_category_id`, `item_store_id`, `item_supplier_id`, `name`, `unit`, `item_photo`, `description`, `quantity`, `date`, `created_at`, `updated_at`) VALUES (5, 3, NULL, NULL, 'Benches', '50', NULL, '', 0, '0000-00-00', '2021-12-01 07:53:16', NULL);
INSERT INTO `item` (`id`, `item_category_id`, `item_store_id`, `item_supplier_id`, `name`, `unit`, `item_photo`, `description`, `quantity`, `date`, `created_at`, `updated_at`) VALUES (6, 1, NULL, NULL, 'Football', '50', NULL, '', 0, '0000-00-00', '2021-12-01 08:47:11', NULL);
INSERT INTO `item` (`id`, `item_category_id`, `item_store_id`, `item_supplier_id`, `name`, `unit`, `item_photo`, `description`, `quantity`, `date`, `created_at`, `updated_at`) VALUES (7, 4, NULL, NULL, 'Class Board', '50', NULL, '', 0, '0000-00-00', '2021-12-01 09:00:07', NULL);
INSERT INTO `item` (`id`, `item_category_id`, `item_store_id`, `item_supplier_id`, `name`, `unit`, `item_photo`, `description`, `quantity`, `date`, `created_at`, `updated_at`) VALUES (8, 3, NULL, NULL, 'Desk', '100', NULL, '', 0, '0000-00-00', '2023-01-18 11:43:06', NULL);
INSERT INTO `item` (`id`, `item_category_id`, `item_store_id`, `item_supplier_id`, `name`, `unit`, `item_photo`, `description`, `quantity`, `date`, `created_at`, `updated_at`) VALUES (9, 5, NULL, NULL, 'Lab Equipment', '100', NULL, '', 0, '0000-00-00', '2022-09-02 05:11:44', NULL);
INSERT INTO `item` (`id`, `item_category_id`, `item_store_id`, `item_supplier_id`, `name`, `unit`, `item_photo`, `description`, `quantity`, `date`, `created_at`, `updated_at`) VALUES (10, 4, NULL, NULL, 'Notebooks', '100', NULL, '', 0, NULL, '2024-04-03 11:24:51', NULL);
INSERT INTO `item` (`id`, `item_category_id`, `item_store_id`, `item_supplier_id`, `name`, `unit`, `item_photo`, `description`, `quantity`, `date`, `created_at`, `updated_at`) VALUES (11, 5, NULL, NULL, 'Projectors', '100', NULL, '', 0, NULL, '2024-04-03 11:25:58', NULL);
INSERT INTO `item` (`id`, `item_category_id`, `item_store_id`, `item_supplier_id`, `name`, `unit`, `item_photo`, `description`, `quantity`, `date`, `created_at`, `updated_at`) VALUES (12, 4, NULL, NULL, 'Paper and Pencils', '100', NULL, '', 0, NULL, '2024-04-03 11:26:57', NULL);


#
# TABLE STRUCTURE FOR: item_category
#


CREATE TABLE `item_category` (
  `id` int NOT NULL AUTO_INCREMENT,
  `item_category` varchar(255) NOT NULL,
  `is_active` varchar(255) NOT NULL DEFAULT 'yes',
  `description` varchar(255) NOT NULL,
  `created_at` timestamp NOT NULL DEFAULT CURRENT_TIMESTAMP ON UPDATE CURRENT_TIMESTAMP,
  `updated_at` date DEFAULT NULL,
  PRIMARY KEY (`id`)
) ENGINE=InnoDB AUTO_INCREMENT=6 DEFAULT CHARSET=utf8mb3;

INSERT INTO `item_category` (`id`, `item_category`, `is_active`, `description`, `created_at`, `updated_at`) VALUES (1, 'Sports', 'yes', '', '2021-03-23 07:09:00', NULL);
INSERT INTO `item_category` (`id`, `item_category`, `is_active`, `description`, `created_at`, `updated_at`) VALUES (2, 'Staff Dress', 'yes', '', '2021-03-23 07:09:04', NULL);
INSERT INTO `item_category` (`id`, `item_category`, `is_active`, `description`, `created_at`, `updated_at`) VALUES (3, 'Furniture', 'yes', '', '2021-03-23 07:09:11', NULL);
INSERT INTO `item_category` (`id`, `item_category`, `is_active`, `description`, `created_at`, `updated_at`) VALUES (4, 'Books Stationery', 'yes', '', '2021-12-01 08:59:17', NULL);
INSERT INTO `item_category` (`id`, `item_category`, `is_active`, `description`, `created_at`, `updated_at`) VALUES (5, 'Chemistry Lab Apparatus', 'yes', 'Chemistry Lab Apparatus', '2022-09-02 05:09:31', NULL);


#
# TABLE STRUCTURE FOR: item_issue
#


CREATE TABLE `item_issue` (
  `id` int NOT NULL AUTO_INCREMENT,
  `issue_type` varchar(15) DEFAULT NULL,
  `issue_to` int NOT NULL,
  `issue_by` int DEFAULT NULL,
  `issue_date` date DEFAULT NULL,
  `return_date` date DEFAULT NULL,
  `item_category_id` int DEFAULT NULL,
  `item_id` int DEFAULT NULL,
  `quantity` int NOT NULL,
  `note` text NOT NULL,
  `is_returned` int NOT NULL DEFAULT '1',
  `created_at` timestamp NOT NULL DEFAULT CURRENT_TIMESTAMP ON UPDATE CURRENT_TIMESTAMP,
  `is_active` varchar(10) DEFAULT 'no',
  PRIMARY KEY (`id`),
  KEY `item_id` (`item_id`),
  KEY `item_category_id` (`item_category_id`),
  KEY `issue_to` (`issue_to`),
  KEY `issue_by` (`issue_by`),
  CONSTRAINT `item_issue_ibfk_1` FOREIGN KEY (`item_id`) REFERENCES `item` (`id`) ON DELETE CASCADE,
  CONSTRAINT `item_issue_ibfk_2` FOREIGN KEY (`item_category_id`) REFERENCES `item_category` (`id`) ON DELETE CASCADE,
  CONSTRAINT `item_issue_ibfk_3` FOREIGN KEY (`issue_to`) REFERENCES `staff` (`id`) ON DELETE CASCADE,
  CONSTRAINT `item_issue_ibfk_4` FOREIGN KEY (`issue_by`) REFERENCES `staff` (`id`) ON DELETE CASCADE
) ENGINE=InnoDB AUTO_INCREMENT=183 DEFAULT CHARSET=utf8mb3;

INSERT INTO `item_issue` (`id`, `issue_type`, `issue_to`, `issue_by`, `issue_date`, `return_date`, `item_category_id`, `item_id`, `quantity`, `note`, `is_returned`, `created_at`, `is_active`) VALUES (11, '2', 5, NULL, '2021-08-03', '2021-08-06', 3, 3, 1, '', 1, '2023-01-18 06:07:18', 'no');
INSERT INTO `item_issue` (`id`, `issue_type`, `issue_to`, `issue_by`, `issue_date`, `return_date`, `item_category_id`, `item_id`, `quantity`, `note`, `is_returned`, `created_at`, `is_active`) VALUES (15, '2', 2, NULL, '2021-10-07', '2022-06-01', 2, 2, 1, '', 0, '2023-01-18 06:07:18', 'no');
INSERT INTO `item_issue` (`id`, `issue_type`, `issue_to`, `issue_by`, `issue_date`, `return_date`, `item_category_id`, `item_id`, `quantity`, `note`, `is_returned`, `created_at`, `is_active`) VALUES (17, '3', 6, NULL, '2021-11-11', '2022-01-05', 3, 3, 2, '', 0, '2023-01-18 06:07:18', 'no');
INSERT INTO `item_issue` (`id`, `issue_type`, `issue_to`, `issue_by`, `issue_date`, `return_date`, `item_category_id`, `item_id`, `quantity`, `note`, `is_returned`, `created_at`, `is_active`) VALUES (19, '3', 6, NULL, '2021-12-01', '2021-12-01', 2, 4, 5, '', 0, '2023-01-18 06:07:18', 'no');
INSERT INTO `item_issue` (`id`, `issue_type`, `issue_to`, `issue_by`, `issue_date`, `return_date`, `item_category_id`, `item_id`, `quantity`, `note`, `is_returned`, `created_at`, `is_active`) VALUES (20, '4', 3, NULL, '2021-12-01', '2021-12-04', 2, 2, 5, '', 1, '2023-01-18 06:07:18', 'no');
INSERT INTO `item_issue` (`id`, `issue_type`, `issue_to`, `issue_by`, `issue_date`, `return_date`, `item_category_id`, `item_id`, `quantity`, `note`, `is_returned`, `created_at`, `is_active`) VALUES (21, '4', 3, NULL, '2021-12-10', '2022-01-05', 4, 7, 10, '', 0, '2023-01-18 06:07:18', 'no');
INSERT INTO `item_issue` (`id`, `issue_type`, `issue_to`, `issue_by`, `issue_date`, `return_date`, `item_category_id`, `item_id`, `quantity`, `note`, `is_returned`, `created_at`, `is_active`) VALUES (23, '3', 6, NULL, '2021-12-20', '2021-12-25', 3, 3, 1, '', 1, '2023-01-18 06:07:18', 'no');
INSERT INTO `item_issue` (`id`, `issue_type`, `issue_to`, `issue_by`, `issue_date`, `return_date`, `item_category_id`, `item_id`, `quantity`, `note`, `is_returned`, `created_at`, `is_active`) VALUES (24, '6', 7, NULL, '2021-12-25', '2021-12-01', 4, 7, 10, '', 0, '2023-01-18 06:07:18', 'no');
INSERT INTO `item_issue` (`id`, `issue_type`, `issue_to`, `issue_by`, `issue_date`, `return_date`, `item_category_id`, `item_id`, `quantity`, `note`, `is_returned`, `created_at`, `is_active`) VALUES (25, '2', 5, NULL, '2021-12-25', '2021-12-30', 3, 5, 5, '', 1, '2023-01-18 06:07:18', 'no');
INSERT INTO `item_issue` (`id`, `issue_type`, `issue_to`, `issue_by`, `issue_date`, `return_date`, `item_category_id`, `item_id`, `quantity`, `note`, `is_returned`, `created_at`, `is_active`) VALUES (27, '2', 2, NULL, '2021-12-07', '2022-01-05', 2, 2, 1, '', 0, '2023-01-18 06:07:18', 'no');
INSERT INTO `item_issue` (`id`, `issue_type`, `issue_to`, `issue_by`, `issue_date`, `return_date`, `item_category_id`, `item_id`, `quantity`, `note`, `is_returned`, `created_at`, `is_active`) VALUES (28, '3', 6, NULL, '2021-12-15', '2022-12-03', 2, 2, 1, '', 0, '2023-01-18 06:07:18', 'no');
INSERT INTO `item_issue` (`id`, `issue_type`, `issue_to`, `issue_by`, `issue_date`, `return_date`, `item_category_id`, `item_id`, `quantity`, `note`, `is_returned`, `created_at`, `is_active`) VALUES (29, '4', 3, NULL, '2021-12-16', '2021-12-22', 3, 3, 1, '', 1, '2023-01-18 06:07:18', 'no');
INSERT INTO `item_issue` (`id`, `issue_type`, `issue_to`, `issue_by`, `issue_date`, `return_date`, `item_category_id`, `item_id`, `quantity`, `note`, `is_returned`, `created_at`, `is_active`) VALUES (30, '4', 3, NULL, '2021-12-15', '2022-01-05', 3, 5, 2, '', 0, '2023-01-18 06:07:18', 'no');
INSERT INTO `item_issue` (`id`, `issue_type`, `issue_to`, `issue_by`, `issue_date`, `return_date`, `item_category_id`, `item_id`, `quantity`, `note`, `is_returned`, `created_at`, `is_active`) VALUES (33, '2', 2, NULL, '2022-01-20', '2022-03-30', 2, 2, 2, '', 0, '2023-01-18 06:07:18', 'no');
INSERT INTO `item_issue` (`id`, `issue_type`, `issue_to`, `issue_by`, `issue_date`, `return_date`, `item_category_id`, `item_id`, `quantity`, `note`, `is_returned`, `created_at`, `is_active`) VALUES (35, '2', 2, NULL, '2022-01-06', '2022-01-11', 2, 2, 2, '', 1, '2023-01-18 06:07:18', 'no');
INSERT INTO `item_issue` (`id`, `issue_type`, `issue_to`, `issue_by`, `issue_date`, `return_date`, `item_category_id`, `item_id`, `quantity`, `note`, `is_returned`, `created_at`, `is_active`) VALUES (37, '2', 2, NULL, '2022-01-12', '2022-01-19', 2, 2, 1, '', 1, '2023-01-18 06:07:18', 'no');
INSERT INTO `item_issue` (`id`, `issue_type`, `issue_to`, `issue_by`, `issue_date`, `return_date`, `item_category_id`, `item_id`, `quantity`, `note`, `is_returned`, `created_at`, `is_active`) VALUES (38, '2', 2, NULL, '2022-02-01', '2022-02-01', 2, 2, 5, '', 0, '2023-01-18 06:07:18', 'no');
INSERT INTO `item_issue` (`id`, `issue_type`, `issue_to`, `issue_by`, `issue_date`, `return_date`, `item_category_id`, `item_id`, `quantity`, `note`, `is_returned`, `created_at`, `is_active`) VALUES (44, '2', 2, NULL, '2022-02-21', '2022-03-04', 4, 7, 10, '', 0, '2023-01-18 06:07:18', 'no');
INSERT INTO `item_issue` (`id`, `issue_type`, `issue_to`, `issue_by`, `issue_date`, `return_date`, `item_category_id`, `item_id`, `quantity`, `note`, `is_returned`, `created_at`, `is_active`) VALUES (45, '2', 5, NULL, '2022-02-24', '2022-02-26', 1, 6, 5, '', 1, '2023-01-18 06:07:18', 'no');
INSERT INTO `item_issue` (`id`, `issue_type`, `issue_to`, `issue_by`, `issue_date`, `return_date`, `item_category_id`, `item_id`, `quantity`, `note`, `is_returned`, `created_at`, `is_active`) VALUES (46, '4', 3, NULL, '2022-02-25', '2022-02-28', 3, 5, 5, '', 1, '2023-01-18 06:07:18', 'no');
INSERT INTO `item_issue` (`id`, `issue_type`, `issue_to`, `issue_by`, `issue_date`, `return_date`, `item_category_id`, `item_id`, `quantity`, `note`, `is_returned`, `created_at`, `is_active`) VALUES (47, '6', 7, NULL, '2022-03-21', '2022-03-25', 2, 2, 2, '', 1, '2023-01-18 06:07:18', 'no');
INSERT INTO `item_issue` (`id`, `issue_type`, `issue_to`, `issue_by`, `issue_date`, `return_date`, `item_category_id`, `item_id`, `quantity`, `note`, `is_returned`, `created_at`, `is_active`) VALUES (50, '3', 6, NULL, '2022-03-04', '2022-03-08', 2, 4, 2, '', 1, '2023-01-18 06:07:18', 'no');
INSERT INTO `item_issue` (`id`, `issue_type`, `issue_to`, `issue_by`, `issue_date`, `return_date`, `item_category_id`, `item_id`, `quantity`, `note`, `is_returned`, `created_at`, `is_active`) VALUES (51, '3', 6, NULL, '2022-03-04', '2022-03-07', 2, 2, 5, '', 1, '2023-01-18 06:07:18', 'no');
INSERT INTO `item_issue` (`id`, `issue_type`, `issue_to`, `issue_by`, `issue_date`, `return_date`, `item_category_id`, `item_id`, `quantity`, `note`, `is_returned`, `created_at`, `is_active`) VALUES (54, '3', 6, NULL, '2022-04-05', '2022-04-09', 3, 3, 2, '', 1, '2023-01-18 06:07:18', 'no');
INSERT INTO `item_issue` (`id`, `issue_type`, `issue_to`, `issue_by`, `issue_date`, `return_date`, `item_category_id`, `item_id`, `quantity`, `note`, `is_returned`, `created_at`, `is_active`) VALUES (55, '2', 2, NULL, '2022-04-18', '2022-04-21', 4, 7, 5, '', 1, '2023-01-18 06:07:18', 'no');
INSERT INTO `item_issue` (`id`, `issue_type`, `issue_to`, `issue_by`, `issue_date`, `return_date`, `item_category_id`, `item_id`, `quantity`, `note`, `is_returned`, `created_at`, `is_active`) VALUES (58, '6', 7, NULL, '2022-04-08', '2022-04-19', 3, 5, 2, '', 1, '2023-01-18 06:07:18', 'no');
INSERT INTO `item_issue` (`id`, `issue_type`, `issue_to`, `issue_by`, `issue_date`, `return_date`, `item_category_id`, `item_id`, `quantity`, `note`, `is_returned`, `created_at`, `is_active`) VALUES (62, '3', 6, NULL, '2022-05-13', '2022-05-18', 2, 2, 2, '', 1, '2023-01-18 06:07:18', 'no');
INSERT INTO `item_issue` (`id`, `issue_type`, `issue_to`, `issue_by`, `issue_date`, `return_date`, `item_category_id`, `item_id`, `quantity`, `note`, `is_returned`, `created_at`, `is_active`) VALUES (63, '3', 6, NULL, '2022-05-18', '2022-05-21', 3, 3, 2, '', 1, '2023-01-18 06:07:18', 'no');
INSERT INTO `item_issue` (`id`, `issue_type`, `issue_to`, `issue_by`, `issue_date`, `return_date`, `item_category_id`, `item_id`, `quantity`, `note`, `is_returned`, `created_at`, `is_active`) VALUES (64, '2', 2, NULL, '2022-05-12', '2022-05-16', 3, 3, 2, '', 1, '2023-01-18 06:07:18', 'no');
INSERT INTO `item_issue` (`id`, `issue_type`, `issue_to`, `issue_by`, `issue_date`, `return_date`, `item_category_id`, `item_id`, `quantity`, `note`, `is_returned`, `created_at`, `is_active`) VALUES (65, '2', 2, NULL, '2022-05-17', '2022-05-19', 3, 3, 1, '', 1, '2023-01-18 06:07:18', 'no');
INSERT INTO `item_issue` (`id`, `issue_type`, `issue_to`, `issue_by`, `issue_date`, `return_date`, `item_category_id`, `item_id`, `quantity`, `note`, `is_returned`, `created_at`, `is_active`) VALUES (66, '2', 2, NULL, '2022-05-18', '2022-05-21', 2, 4, 2, '', 1, '2023-01-18 06:07:18', 'no');
INSERT INTO `item_issue` (`id`, `issue_type`, `issue_to`, `issue_by`, `issue_date`, `return_date`, `item_category_id`, `item_id`, `quantity`, `note`, `is_returned`, `created_at`, `is_active`) VALUES (68, '3', 6, NULL, '2022-06-06', '2022-06-10', 2, 4, 1, '', 1, '2023-01-18 06:07:18', 'no');
INSERT INTO `item_issue` (`id`, `issue_type`, `issue_to`, `issue_by`, `issue_date`, `return_date`, `item_category_id`, `item_id`, `quantity`, `note`, `is_returned`, `created_at`, `is_active`) VALUES (69, '6', 7, NULL, '2022-06-10', '2022-06-15', 3, 3, 2, '', 1, '2023-01-18 06:07:18', 'no');
INSERT INTO `item_issue` (`id`, `issue_type`, `issue_to`, `issue_by`, `issue_date`, `return_date`, `item_category_id`, `item_id`, `quantity`, `note`, `is_returned`, `created_at`, `is_active`) VALUES (70, '7', 1, NULL, '2022-06-21', '2022-06-25', 3, 3, 1, '', 1, '2023-01-18 06:07:18', 'no');
INSERT INTO `item_issue` (`id`, `issue_type`, `issue_to`, `issue_by`, `issue_date`, `return_date`, `item_category_id`, `item_id`, `quantity`, `note`, `is_returned`, `created_at`, `is_active`) VALUES (71, '7', 1, NULL, '2022-06-22', '2022-06-29', 3, 3, 1, '', 1, '2023-01-18 06:07:18', 'no');
INSERT INTO `item_issue` (`id`, `issue_type`, `issue_to`, `issue_by`, `issue_date`, `return_date`, `item_category_id`, `item_id`, `quantity`, `note`, `is_returned`, `created_at`, `is_active`) VALUES (73, '2', 5, NULL, '2022-07-08', '2022-07-12', 2, 4, 5, '', 1, '2023-01-18 06:07:18', 'no');
INSERT INTO `item_issue` (`id`, `issue_type`, `issue_to`, `issue_by`, `issue_date`, `return_date`, `item_category_id`, `item_id`, `quantity`, `note`, `is_returned`, `created_at`, `is_active`) VALUES (74, '6', 7, NULL, '2022-07-15', '2022-07-20', 3, 3, 2, '', 1, '2023-01-18 06:07:18', 'no');
INSERT INTO `item_issue` (`id`, `issue_type`, `issue_to`, `issue_by`, `issue_date`, `return_date`, `item_category_id`, `item_id`, `quantity`, `note`, `is_returned`, `created_at`, `is_active`) VALUES (75, '2', 2, NULL, '2022-07-01', '2022-07-04', 1, 1, 2, '', 0, '2023-01-18 06:07:18', 'no');
INSERT INTO `item_issue` (`id`, `issue_type`, `issue_to`, `issue_by`, `issue_date`, `return_date`, `item_category_id`, `item_id`, `quantity`, `note`, `is_returned`, `created_at`, `is_active`) VALUES (76, '3', 6, NULL, '2022-07-05', '2022-07-10', 2, 2, 1, '', 1, '2023-01-18 06:07:18', 'no');
INSERT INTO `item_issue` (`id`, `issue_type`, `issue_to`, `issue_by`, `issue_date`, `return_date`, `item_category_id`, `item_id`, `quantity`, `note`, `is_returned`, `created_at`, `is_active`) VALUES (77, '2', 2, NULL, '2022-08-01', '2022-08-02', 3, 8, 1, '', 0, '2023-01-18 06:07:18', 'no');
INSERT INTO `item_issue` (`id`, `issue_type`, `issue_to`, `issue_by`, `issue_date`, `return_date`, `item_category_id`, `item_id`, `quantity`, `note`, `is_returned`, `created_at`, `is_active`) VALUES (78, '3', 6, NULL, '2022-08-05', '2022-08-15', 4, 7, 2, '', 1, '2023-01-18 06:07:18', 'no');
INSERT INTO `item_issue` (`id`, `issue_type`, `issue_to`, `issue_by`, `issue_date`, `return_date`, `item_category_id`, `item_id`, `quantity`, `note`, `is_returned`, `created_at`, `is_active`) VALUES (79, '4', 3, NULL, '2022-08-15', '2022-08-20', 4, 7, 4, '', 1, '2023-01-18 06:07:18', 'no');
INSERT INTO `item_issue` (`id`, `issue_type`, `issue_to`, `issue_by`, `issue_date`, `return_date`, `item_category_id`, `item_id`, `quantity`, `note`, `is_returned`, `created_at`, `is_active`) VALUES (80, '6', 7, NULL, '2022-08-20', '2022-08-25', 2, 2, 2, '', 1, '2023-01-18 06:07:18', 'no');
INSERT INTO `item_issue` (`id`, `issue_type`, `issue_to`, `issue_by`, `issue_date`, `return_date`, `item_category_id`, `item_id`, `quantity`, `note`, `is_returned`, `created_at`, `is_active`) VALUES (81, '1', 4, NULL, '2022-09-02', '2022-09-02', 5, 9, 2, '', 0, '2023-01-18 06:07:18', 'no');
INSERT INTO `item_issue` (`id`, `issue_type`, `issue_to`, `issue_by`, `issue_date`, `return_date`, `item_category_id`, `item_id`, `quantity`, `note`, `is_returned`, `created_at`, `is_active`) VALUES (82, '2', 5, NULL, '2022-09-05', '2022-09-20', 2, 2, 5, '', 1, '2023-01-18 06:07:18', 'no');
INSERT INTO `item_issue` (`id`, `issue_type`, `issue_to`, `issue_by`, `issue_date`, `return_date`, `item_category_id`, `item_id`, `quantity`, `note`, `is_returned`, `created_at`, `is_active`) VALUES (83, '4', 3, NULL, '2022-09-10', '2022-09-02', 4, 7, 5, '', 0, '2023-01-18 06:07:18', 'no');
INSERT INTO `item_issue` (`id`, `issue_type`, `issue_to`, `issue_by`, `issue_date`, `return_date`, `item_category_id`, `item_id`, `quantity`, `note`, `is_returned`, `created_at`, `is_active`) VALUES (84, '2', 2, NULL, '2022-09-20', '2022-09-26', 3, 5, 5, '', 1, '2023-01-18 06:07:18', 'no');
INSERT INTO `item_issue` (`id`, `issue_type`, `issue_to`, `issue_by`, `issue_date`, `return_date`, `item_category_id`, `item_id`, `quantity`, `note`, `is_returned`, `created_at`, `is_active`) VALUES (85, '2', 5, NULL, '2022-10-01', '2022-10-03', 5, 9, 2, '', 0, '2023-01-18 06:07:18', 'no');
INSERT INTO `item_issue` (`id`, `issue_type`, `issue_to`, `issue_by`, `issue_date`, `return_date`, `item_category_id`, `item_id`, `quantity`, `note`, `is_returned`, `created_at`, `is_active`) VALUES (86, '4', 3, NULL, '2022-10-05', '2022-10-10', 4, 7, 2, '', 1, '2023-01-18 06:07:18', 'no');
INSERT INTO `item_issue` (`id`, `issue_type`, `issue_to`, `issue_by`, `issue_date`, `return_date`, `item_category_id`, `item_id`, `quantity`, `note`, `is_returned`, `created_at`, `is_active`) VALUES (87, '6', 7, NULL, '2022-10-15', '2022-10-20', 3, 8, 1, '', 1, '2023-01-18 06:07:18', 'no');
INSERT INTO `item_issue` (`id`, `issue_type`, `issue_to`, `issue_by`, `issue_date`, `return_date`, `item_category_id`, `item_id`, `quantity`, `note`, `is_returned`, `created_at`, `is_active`) VALUES (88, '2', 2, NULL, '2022-10-20', '2022-10-26', 1, 6, 1, '', 1, '2023-01-18 06:07:18', 'no');
INSERT INTO `item_issue` (`id`, `issue_type`, `issue_to`, `issue_by`, `issue_date`, `return_date`, `item_category_id`, `item_id`, `quantity`, `note`, `is_returned`, `created_at`, `is_active`) VALUES (89, '1', 4, NULL, '2022-10-27', '2022-10-31', 3, 5, 1, '', 1, '2023-01-18 06:07:18', 'no');
INSERT INTO `item_issue` (`id`, `issue_type`, `issue_to`, `issue_by`, `issue_date`, `return_date`, `item_category_id`, `item_id`, `quantity`, `note`, `is_returned`, `created_at`, `is_active`) VALUES (90, '2', 2, NULL, '2022-11-01', '2022-11-01', 3, 5, 2, '', 0, '2023-01-18 06:07:18', 'no');
INSERT INTO `item_issue` (`id`, `issue_type`, `issue_to`, `issue_by`, `issue_date`, `return_date`, `item_category_id`, `item_id`, `quantity`, `note`, `is_returned`, `created_at`, `is_active`) VALUES (91, '3', 6, NULL, '2022-11-05', '2022-11-12', 4, 7, 2, '', 1, '2023-01-18 06:07:18', 'no');
INSERT INTO `item_issue` (`id`, `issue_type`, `issue_to`, `issue_by`, `issue_date`, `return_date`, `item_category_id`, `item_id`, `quantity`, `note`, `is_returned`, `created_at`, `is_active`) VALUES (92, '4', 3, NULL, '2022-11-15', '2022-11-01', 2, 4, 2, '', 0, '2023-01-18 06:07:18', 'no');
INSERT INTO `item_issue` (`id`, `issue_type`, `issue_to`, `issue_by`, `issue_date`, `return_date`, `item_category_id`, `item_id`, `quantity`, `note`, `is_returned`, `created_at`, `is_active`) VALUES (93, '6', 7, NULL, '2022-11-22', '2022-11-30', 3, 3, 2, '', 1, '2023-01-18 06:07:18', 'no');
INSERT INTO `item_issue` (`id`, `issue_type`, `issue_to`, `issue_by`, `issue_date`, `return_date`, `item_category_id`, `item_id`, `quantity`, `note`, `is_returned`, `created_at`, `is_active`) VALUES (94, '1', 4, NULL, '2022-12-01', '2022-12-03', 2, 2, 2, '', 0, '2023-01-18 06:07:18', 'no');
INSERT INTO `item_issue` (`id`, `issue_type`, `issue_to`, `issue_by`, `issue_date`, `return_date`, `item_category_id`, `item_id`, `quantity`, `note`, `is_returned`, `created_at`, `is_active`) VALUES (95, '2', 5, NULL, '2022-12-06', '2022-12-03', 4, 7, 2, '', 0, '2023-01-18 06:07:18', 'no');
INSERT INTO `item_issue` (`id`, `issue_type`, `issue_to`, `issue_by`, `issue_date`, `return_date`, `item_category_id`, `item_id`, `quantity`, `note`, `is_returned`, `created_at`, `is_active`) VALUES (96, '6', 7, NULL, '2022-12-12', '2022-12-16', 5, 9, 2, '', 1, '2023-01-18 06:07:18', 'no');
INSERT INTO `item_issue` (`id`, `issue_type`, `issue_to`, `issue_by`, `issue_date`, `return_date`, `item_category_id`, `item_id`, `quantity`, `note`, `is_returned`, `created_at`, `is_active`) VALUES (97, '4', 3, NULL, '2022-12-20', '2022-12-25', 2, 4, 1, '', 1, '2023-01-18 06:07:18', 'no');
INSERT INTO `item_issue` (`id`, `issue_type`, `issue_to`, `issue_by`, `issue_date`, `return_date`, `item_category_id`, `item_id`, `quantity`, `note`, `is_returned`, `created_at`, `is_active`) VALUES (98, '2', 2, NULL, '2022-12-25', '2022-12-31', 1, 1, 2, '', 1, '2023-01-18 06:07:18', 'no');
INSERT INTO `item_issue` (`id`, `issue_type`, `issue_to`, `issue_by`, `issue_date`, `return_date`, `item_category_id`, `item_id`, `quantity`, `note`, `is_returned`, `created_at`, `is_active`) VALUES (99, '1', 4, NULL, '2023-01-01', '2023-01-03', 1, 1, 2, '', 1, '2023-01-18 06:07:18', 'no');
INSERT INTO `item_issue` (`id`, `issue_type`, `issue_to`, `issue_by`, `issue_date`, `return_date`, `item_category_id`, `item_id`, `quantity`, `note`, `is_returned`, `created_at`, `is_active`) VALUES (100, '2', 2, NULL, '2023-01-05', '2023-01-07', 2, 2, 2, '', 1, '2023-01-18 06:07:18', 'no');
INSERT INTO `item_issue` (`id`, `issue_type`, `issue_to`, `issue_by`, `issue_date`, `return_date`, `item_category_id`, `item_id`, `quantity`, `note`, `is_returned`, `created_at`, `is_active`) VALUES (101, '3', 6, NULL, '2023-01-10', '2023-01-04', 3, 3, 1, '', 0, '2023-01-18 06:07:18', 'no');
INSERT INTO `item_issue` (`id`, `issue_type`, `issue_to`, `issue_by`, `issue_date`, `return_date`, `item_category_id`, `item_id`, `quantity`, `note`, `is_returned`, `created_at`, `is_active`) VALUES (102, '4', 3, NULL, '2023-01-20', '2023-01-03', 4, 7, 5, '', 0, '2023-01-18 06:07:18', 'no');
INSERT INTO `item_issue` (`id`, `issue_type`, `issue_to`, `issue_by`, `issue_date`, `return_date`, `item_category_id`, `item_id`, `quantity`, `note`, `is_returned`, `created_at`, `is_active`) VALUES (103, '6', 7, NULL, '2023-01-25', '2023-01-27', 5, 9, 5, '', 1, '2023-01-18 06:07:18', 'no');
INSERT INTO `item_issue` (`id`, `issue_type`, `issue_to`, `issue_by`, `issue_date`, `return_date`, `item_category_id`, `item_id`, `quantity`, `note`, `is_returned`, `created_at`, `is_active`) VALUES (104, '7', 1, NULL, '2023-01-30', '2023-01-03', 1, 1, 5, '', 0, '2023-01-18 06:07:18', 'no');
INSERT INTO `item_issue` (`id`, `issue_type`, `issue_to`, `issue_by`, `issue_date`, `return_date`, `item_category_id`, `item_id`, `quantity`, `note`, `is_returned`, `created_at`, `is_active`) VALUES (105, '2', 2, NULL, '2023-01-16', '2023-01-25', 3, 5, 5, '', 1, '2023-01-18 06:07:18', 'no');
INSERT INTO `item_issue` (`id`, `issue_type`, `issue_to`, `issue_by`, `issue_date`, `return_date`, `item_category_id`, `item_id`, `quantity`, `note`, `is_returned`, `created_at`, `is_active`) VALUES (113, '1', 4, 2, '2023-02-01', '2023-02-02', 2, 2, 2, '', 0, '2023-02-02 09:59:32', 'no');
INSERT INTO `item_issue` (`id`, `issue_type`, `issue_to`, `issue_by`, `issue_date`, `return_date`, `item_category_id`, `item_id`, `quantity`, `note`, `is_returned`, `created_at`, `is_active`) VALUES (114, '2', 2, 4, '2023-02-08', '2023-02-14', 3, 5, 5, '', 1, '2023-02-02 09:59:00', 'no');
INSERT INTO `item_issue` (`id`, `issue_type`, `issue_to`, `issue_by`, `issue_date`, `return_date`, `item_category_id`, `item_id`, `quantity`, `note`, `is_returned`, `created_at`, `is_active`) VALUES (115, '2', 5, 6, '2023-02-16', '2023-02-22', 4, 7, 5, '', 1, '2023-02-02 09:59:22', 'no');
INSERT INTO `item_issue` (`id`, `issue_type`, `issue_to`, `issue_by`, `issue_date`, `return_date`, `item_category_id`, `item_id`, `quantity`, `note`, `is_returned`, `created_at`, `is_active`) VALUES (116, '2', 2, 4, '2023-04-01', '2023-04-01', 3, 3, 3, '', 0, '2023-04-01 12:24:38', 'no');
INSERT INTO `item_issue` (`id`, `issue_type`, `issue_to`, `issue_by`, `issue_date`, `return_date`, `item_category_id`, `item_id`, `quantity`, `note`, `is_returned`, `created_at`, `is_active`) VALUES (117, '4', 3, 1, '2023-04-10', '2023-04-03', 4, 7, 5, '', 0, '2023-04-03 06:45:25', 'no');
INSERT INTO `item_issue` (`id`, `issue_type`, `issue_to`, `issue_by`, `issue_date`, `return_date`, `item_category_id`, `item_id`, `quantity`, `note`, `is_returned`, `created_at`, `is_active`) VALUES (118, '6', 7, 3, '2023-04-20', '2023-04-25', 3, 5, 2, '', 1, '2023-03-30 11:49:09', 'no');
INSERT INTO `item_issue` (`id`, `issue_type`, `issue_to`, `issue_by`, `issue_date`, `return_date`, `item_category_id`, `item_id`, `quantity`, `note`, `is_returned`, `created_at`, `is_active`) VALUES (119, '2', 5, 6, '2024-04-26', '2023-04-30', 5, 9, 3, '', 1, '2023-03-30 11:49:37', 'no');
INSERT INTO `item_issue` (`id`, `issue_type`, `issue_to`, `issue_by`, `issue_date`, `return_date`, `item_category_id`, `item_id`, `quantity`, `note`, `is_returned`, `created_at`, `is_active`) VALUES (120, '2', 2, 5, '2023-05-01', '2023-05-03', 2, 4, 3, '', 0, '2023-05-03 04:21:00', 'no');
INSERT INTO `item_issue` (`id`, `issue_type`, `issue_to`, `issue_by`, `issue_date`, `return_date`, `item_category_id`, `item_id`, `quantity`, `note`, `is_returned`, `created_at`, `is_active`) VALUES (121, '2', 5, 4, '2023-05-10', '2023-05-20', 4, 7, 5, '', 1, '2023-05-02 05:52:32', 'no');
INSERT INTO `item_issue` (`id`, `issue_type`, `issue_to`, `issue_by`, `issue_date`, `return_date`, `item_category_id`, `item_id`, `quantity`, `note`, `is_returned`, `created_at`, `is_active`) VALUES (122, '3', 6, 1, '2023-05-15', '2023-05-25', 5, 9, 3, '', 1, '2023-05-02 05:53:04', 'no');
INSERT INTO `item_issue` (`id`, `issue_type`, `issue_to`, `issue_by`, `issue_date`, `return_date`, `item_category_id`, `item_id`, `quantity`, `note`, `is_returned`, `created_at`, `is_active`) VALUES (123, '6', 7, 4, '2023-05-25', '2023-05-31', 3, 3, 3, '', 1, '2023-05-02 05:53:41', 'no');
INSERT INTO `item_issue` (`id`, `issue_type`, `issue_to`, `issue_by`, `issue_date`, `return_date`, `item_category_id`, `item_id`, `quantity`, `note`, `is_returned`, `created_at`, `is_active`) VALUES (124, '1', 4, 1, '2023-06-01', '2023-06-01', 2, 2, 2, '', 0, '2023-06-01 10:53:55', 'no');
INSERT INTO `item_issue` (`id`, `issue_type`, `issue_to`, `issue_by`, `issue_date`, `return_date`, `item_category_id`, `item_id`, `quantity`, `note`, `is_returned`, `created_at`, `is_active`) VALUES (125, '2', 5, 4, '2023-06-08', '2023-06-14', 3, 3, 3, '', 1, '2023-06-01 10:52:34', 'no');
INSERT INTO `item_issue` (`id`, `issue_type`, `issue_to`, `issue_by`, `issue_date`, `return_date`, `item_category_id`, `item_id`, `quantity`, `note`, `is_returned`, `created_at`, `is_active`) VALUES (126, '3', 6, 1, '2023-06-15', '2023-06-18', 4, 7, 2, '', 1, '2023-06-01 10:52:55', 'no');
INSERT INTO `item_issue` (`id`, `issue_type`, `issue_to`, `issue_by`, `issue_date`, `return_date`, `item_category_id`, `item_id`, `quantity`, `note`, `is_returned`, `created_at`, `is_active`) VALUES (127, '2', 2, 4, '2023-06-20', '2023-06-25', 5, 9, 2, '', 1, '2023-06-01 10:53:22', 'no');
INSERT INTO `item_issue` (`id`, `issue_type`, `issue_to`, `issue_by`, `issue_date`, `return_date`, `item_category_id`, `item_id`, `quantity`, `note`, `is_returned`, `created_at`, `is_active`) VALUES (128, '6', 7, 1, '2023-06-26', '2023-06-30', 3, 5, 3, '', 1, '2023-06-01 10:53:44', 'no');
INSERT INTO `item_issue` (`id`, `issue_type`, `issue_to`, `issue_by`, `issue_date`, `return_date`, `item_category_id`, `item_id`, `quantity`, `note`, `is_returned`, `created_at`, `is_active`) VALUES (129, '2', 2, 4, '2023-07-01', '2023-07-07', 2, 4, 5, '', 0, '2023-07-07 12:04:21', 'no');
INSERT INTO `item_issue` (`id`, `issue_type`, `issue_to`, `issue_by`, `issue_date`, `return_date`, `item_category_id`, `item_id`, `quantity`, `note`, `is_returned`, `created_at`, `is_active`) VALUES (130, '4', 3, 5, '2023-07-10', '2023-07-18', 4, 7, 5, '', 1, '2023-07-07 12:03:21', 'no');
INSERT INTO `item_issue` (`id`, `issue_type`, `issue_to`, `issue_by`, `issue_date`, `return_date`, `item_category_id`, `item_id`, `quantity`, `note`, `is_returned`, `created_at`, `is_active`) VALUES (131, '6', 7, 1, '2023-07-12', '2023-07-20', 3, 3, 5, '', 1, '2023-07-07 12:03:51', 'no');
INSERT INTO `item_issue` (`id`, `issue_type`, `issue_to`, `issue_by`, `issue_date`, `return_date`, `item_category_id`, `item_id`, `quantity`, `note`, `is_returned`, `created_at`, `is_active`) VALUES (132, '2', 5, 1, '2023-07-22', '2023-07-28', 5, 9, 2, '', 1, '2023-07-07 12:04:11', 'no');
INSERT INTO `item_issue` (`id`, `issue_type`, `issue_to`, `issue_by`, `issue_date`, `return_date`, `item_category_id`, `item_id`, `quantity`, `note`, `is_returned`, `created_at`, `is_active`) VALUES (133, '1', 4, 1, '2023-07-25', '2023-07-31', 1, 6, 3, '', 1, '2023-07-07 12:04:54', 'no');
INSERT INTO `item_issue` (`id`, `issue_type`, `issue_to`, `issue_by`, `issue_date`, `return_date`, `item_category_id`, `item_id`, `quantity`, `note`, `is_returned`, `created_at`, `is_active`) VALUES (134, '2', 2, 4, '2023-08-01', '2023-08-05', 4, 7, 4, '', 0, '2023-08-05 06:36:50', 'no');
INSERT INTO `item_issue` (`id`, `issue_type`, `issue_to`, `issue_by`, `issue_date`, `return_date`, `item_category_id`, `item_id`, `quantity`, `note`, `is_returned`, `created_at`, `is_active`) VALUES (135, '1', 4, 1, '2023-08-05', '2023-08-07', 3, 3, 3, '', 0, '2023-08-07 09:46:17', 'no');
INSERT INTO `item_issue` (`id`, `issue_type`, `issue_to`, `issue_by`, `issue_date`, `return_date`, `item_category_id`, `item_id`, `quantity`, `note`, `is_returned`, `created_at`, `is_active`) VALUES (136, '4', 3, 6, '2023-08-10', '2023-08-05', 2, 4, 3, '', 0, '2023-08-05 06:36:55', 'no');
INSERT INTO `item_issue` (`id`, `issue_type`, `issue_to`, `issue_by`, `issue_date`, `return_date`, `item_category_id`, `item_id`, `quantity`, `note`, `is_returned`, `created_at`, `is_active`) VALUES (137, '2', 5, 1, '2023-08-15', '2023-08-22', 5, 9, 4, '', 1, '2023-08-05 06:35:57', 'no');
INSERT INTO `item_issue` (`id`, `issue_type`, `issue_to`, `issue_by`, `issue_date`, `return_date`, `item_category_id`, `item_id`, `quantity`, `note`, `is_returned`, `created_at`, `is_active`) VALUES (138, '6', 7, 5, '2023-08-25', '2023-08-28', 4, 7, 3, '', 1, '2023-08-05 06:36:19', 'no');
INSERT INTO `item_issue` (`id`, `issue_type`, `issue_to`, `issue_by`, `issue_date`, `return_date`, `item_category_id`, `item_id`, `quantity`, `note`, `is_returned`, `created_at`, `is_active`) VALUES (140, '2', 2, 5, '2023-09-01', '2023-09-05', 4, 7, 5, '', 0, '2023-09-05 07:02:23', 'no');
INSERT INTO `item_issue` (`id`, `issue_type`, `issue_to`, `issue_by`, `issue_date`, `return_date`, `item_category_id`, `item_id`, `quantity`, `note`, `is_returned`, `created_at`, `is_active`) VALUES (141, '4', 3, 6, '2023-09-05', '2023-09-06', 3, 3, 10, '', 0, '2023-09-06 11:09:02', 'no');
INSERT INTO `item_issue` (`id`, `issue_type`, `issue_to`, `issue_by`, `issue_date`, `return_date`, `item_category_id`, `item_id`, `quantity`, `note`, `is_returned`, `created_at`, `is_active`) VALUES (142, '6', 7, 3, '2023-09-12', '2023-09-18', 3, 8, 2, '', 1, '2023-09-05 07:01:06', 'no');
INSERT INTO `item_issue` (`id`, `issue_type`, `issue_to`, `issue_by`, `issue_date`, `return_date`, `item_category_id`, `item_id`, `quantity`, `note`, `is_returned`, `created_at`, `is_active`) VALUES (144, '4', 3, 5, '2023-09-20', '2023-09-25', 3, 5, 2, '', 1, '2023-09-05 07:01:47', 'no');
INSERT INTO `item_issue` (`id`, `issue_type`, `issue_to`, `issue_by`, `issue_date`, `return_date`, `item_category_id`, `item_id`, `quantity`, `note`, `is_returned`, `created_at`, `is_active`) VALUES (145, '1', 4, 1, '2023-09-25', '2023-09-30', 5, 9, 2, '', 1, '2023-09-05 07:02:12', 'no');
INSERT INTO `item_issue` (`id`, `issue_type`, `issue_to`, `issue_by`, `issue_date`, `return_date`, `item_category_id`, `item_id`, `quantity`, `note`, `is_returned`, `created_at`, `is_active`) VALUES (146, '2', 5, 4, '2023-10-01', '2023-10-03', 4, 7, 5, '', 0, '2023-10-03 07:19:22', 'no');
INSERT INTO `item_issue` (`id`, `issue_type`, `issue_to`, `issue_by`, `issue_date`, `return_date`, `item_category_id`, `item_id`, `quantity`, `note`, `is_returned`, `created_at`, `is_active`) VALUES (147, '4', 3, 5, '2023-10-05', '2023-10-15', 5, 9, 5, '', 1, '2023-10-03 07:11:51', 'no');
INSERT INTO `item_issue` (`id`, `issue_type`, `issue_to`, `issue_by`, `issue_date`, `return_date`, `item_category_id`, `item_id`, `quantity`, `note`, `is_returned`, `created_at`, `is_active`) VALUES (148, '6', 7, 6, '2023-10-10', '2023-10-18', 3, 8, 2, '', 1, '2023-10-03 07:16:05', 'no');
INSERT INTO `item_issue` (`id`, `issue_type`, `issue_to`, `issue_by`, `issue_date`, `return_date`, `item_category_id`, `item_id`, `quantity`, `note`, `is_returned`, `created_at`, `is_active`) VALUES (150, '4', 3, 4, '2023-10-20', '2023-10-25', 4, 7, 3, '', 1, '2023-10-03 07:20:08', 'no');
INSERT INTO `item_issue` (`id`, `issue_type`, `issue_to`, `issue_by`, `issue_date`, `return_date`, `item_category_id`, `item_id`, `quantity`, `note`, `is_returned`, `created_at`, `is_active`) VALUES (151, '2', 5, 3, '2023-10-25', '2023-10-31', 5, 9, 3, '', 1, '2023-10-03 07:20:27', 'no');
INSERT INTO `item_issue` (`id`, `issue_type`, `issue_to`, `issue_by`, `issue_date`, `return_date`, `item_category_id`, `item_id`, `quantity`, `note`, `is_returned`, `created_at`, `is_active`) VALUES (152, '2', 2, 3, '2023-11-01', '2023-11-08', 4, 7, 5, '', 1, '2023-11-01 06:41:44', 'no');
INSERT INTO `item_issue` (`id`, `issue_type`, `issue_to`, `issue_by`, `issue_date`, `return_date`, `item_category_id`, `item_id`, `quantity`, `note`, `is_returned`, `created_at`, `is_active`) VALUES (153, '4', 3, 1, '2023-11-10', '2023-11-02', 5, 9, 2, '', 0, '2023-11-02 12:13:04', 'no');
INSERT INTO `item_issue` (`id`, `issue_type`, `issue_to`, `issue_by`, `issue_date`, `return_date`, `item_category_id`, `item_id`, `quantity`, `note`, `is_returned`, `created_at`, `is_active`) VALUES (154, '2', 5, 1, '2023-11-16', '2023-11-20', 2, 4, 10, '', 1, '2023-11-01 06:44:48', 'no');
INSERT INTO `item_issue` (`id`, `issue_type`, `issue_to`, `issue_by`, `issue_date`, `return_date`, `item_category_id`, `item_id`, `quantity`, `note`, `is_returned`, `created_at`, `is_active`) VALUES (155, '1', 4, 6, '2023-11-22', '2023-11-02', 3, 8, 2, '', 0, '2023-11-02 12:13:07', 'no');
INSERT INTO `item_issue` (`id`, `issue_type`, `issue_to`, `issue_by`, `issue_date`, `return_date`, `item_category_id`, `item_id`, `quantity`, `note`, `is_returned`, `created_at`, `is_active`) VALUES (156, '6', 7, 2, '2023-11-25', '2023-11-30', 3, 3, 10, '', 1, '2023-11-01 06:46:03', 'no');
INSERT INTO `item_issue` (`id`, `issue_type`, `issue_to`, `issue_by`, `issue_date`, `return_date`, `item_category_id`, `item_id`, `quantity`, `note`, `is_returned`, `created_at`, `is_active`) VALUES (157, '1', 4, 1, '2023-12-01', '2023-12-04', 1, 1, 10, '', 1, '2023-12-02 04:52:11', 'no');
INSERT INTO `item_issue` (`id`, `issue_type`, `issue_to`, `issue_by`, `issue_date`, `return_date`, `item_category_id`, `item_id`, `quantity`, `note`, `is_returned`, `created_at`, `is_active`) VALUES (158, '2', 2, 4, '2023-12-05', '2023-12-05', 2, 2, 5, '', 0, '2023-12-05 05:41:13', 'no');
INSERT INTO `item_issue` (`id`, `issue_type`, `issue_to`, `issue_by`, `issue_date`, `return_date`, `item_category_id`, `item_id`, `quantity`, `note`, `is_returned`, `created_at`, `is_active`) VALUES (159, '3', 6, 4, '2023-12-11', '2023-12-14', 3, 3, 10, '', 1, '2023-12-02 04:54:23', 'no');
INSERT INTO `item_issue` (`id`, `issue_type`, `issue_to`, `issue_by`, `issue_date`, `return_date`, `item_category_id`, `item_id`, `quantity`, `note`, `is_returned`, `created_at`, `is_active`) VALUES (160, '4', 3, 6, '2023-12-15', '2023-12-19', 4, 7, 10, '', 1, '2023-12-02 04:54:43', 'no');
INSERT INTO `item_issue` (`id`, `issue_type`, `issue_to`, `issue_by`, `issue_date`, `return_date`, `item_category_id`, `item_id`, `quantity`, `note`, `is_returned`, `created_at`, `is_active`) VALUES (161, '6', 7, 6, '2023-12-20', '2023-12-25', 5, 9, 5, '', 1, '2023-12-02 04:55:10', 'no');
INSERT INTO `item_issue` (`id`, `issue_type`, `issue_to`, `issue_by`, `issue_date`, `return_date`, `item_category_id`, `item_id`, `quantity`, `note`, `is_returned`, `created_at`, `is_active`) VALUES (162, '7', 1, 7, '2023-12-26', '2023-12-30', 2, 4, 10, '', 1, '2023-12-02 04:55:36', 'no');
INSERT INTO `item_issue` (`id`, `issue_type`, `issue_to`, `issue_by`, `issue_date`, `return_date`, `item_category_id`, `item_id`, `quantity`, `note`, `is_returned`, `created_at`, `is_active`) VALUES (163, '2', 2, 4, '2024-01-01', '2024-01-04', 4, 7, 5, '', 0, '2024-01-04 11:52:42', 'no');
INSERT INTO `item_issue` (`id`, `issue_type`, `issue_to`, `issue_by`, `issue_date`, `return_date`, `item_category_id`, `item_id`, `quantity`, `note`, `is_returned`, `created_at`, `is_active`) VALUES (164, '6', 7, 6, '2024-01-05', '2024-01-12', 3, 3, 3, '', 1, '2024-01-04 11:50:36', 'no');
INSERT INTO `item_issue` (`id`, `issue_type`, `issue_to`, `issue_by`, `issue_date`, `return_date`, `item_category_id`, `item_id`, `quantity`, `note`, `is_returned`, `created_at`, `is_active`) VALUES (165, '2', 5, 1, '2024-01-10', '2024-01-16', 5, 9, 5, '', 1, '2024-01-04 11:50:57', 'no');
INSERT INTO `item_issue` (`id`, `issue_type`, `issue_to`, `issue_by`, `issue_date`, `return_date`, `item_category_id`, `item_id`, `quantity`, `note`, `is_returned`, `created_at`, `is_active`) VALUES (166, '4', 3, 7, '2024-01-15', '2024-01-22', 4, 7, 2, '', 1, '2024-01-04 11:51:32', 'no');
INSERT INTO `item_issue` (`id`, `issue_type`, `issue_to`, `issue_by`, `issue_date`, `return_date`, `item_category_id`, `item_id`, `quantity`, `note`, `is_returned`, `created_at`, `is_active`) VALUES (167, '1', 4, 3, '2024-01-20', '2024-01-30', 1, 6, 2, '', 1, '2024-01-04 11:53:32', 'no');
INSERT INTO `item_issue` (`id`, `issue_type`, `issue_to`, `issue_by`, `issue_date`, `return_date`, `item_category_id`, `item_id`, `quantity`, `note`, `is_returned`, `created_at`, `is_active`) VALUES (168, '2', 5, 3, '2024-02-01', '2024-02-02', 2, 4, 5, '', 0, '2024-02-02 12:24:37', 'no');
INSERT INTO `item_issue` (`id`, `issue_type`, `issue_to`, `issue_by`, `issue_date`, `return_date`, `item_category_id`, `item_id`, `quantity`, `note`, `is_returned`, `created_at`, `is_active`) VALUES (169, '6', 7, 2, '2024-02-10', '2024-02-18', 3, 3, 5, '', 1, '2024-02-02 12:22:26', 'no');
INSERT INTO `item_issue` (`id`, `issue_type`, `issue_to`, `issue_by`, `issue_date`, `return_date`, `item_category_id`, `item_id`, `quantity`, `note`, `is_returned`, `created_at`, `is_active`) VALUES (170, '4', 3, 1, '2024-02-15', '2024-02-22', 4, 7, 5, '', 1, '2024-02-02 12:22:51', 'no');
INSERT INTO `item_issue` (`id`, `issue_type`, `issue_to`, `issue_by`, `issue_date`, `return_date`, `item_category_id`, `item_id`, `quantity`, `note`, `is_returned`, `created_at`, `is_active`) VALUES (171, '2', 2, 6, '2024-02-22', '2024-02-29', 5, 9, 5, '', 1, '2024-02-02 12:23:20', 'no');
INSERT INTO `item_issue` (`id`, `issue_type`, `issue_to`, `issue_by`, `issue_date`, `return_date`, `item_category_id`, `item_id`, `quantity`, `note`, `is_returned`, `created_at`, `is_active`) VALUES (172, '1', 4, 5, '2024-02-05', '2024-02-16', 1, 1, 5, '', 1, '2024-02-02 12:24:12', 'no');
INSERT INTO `item_issue` (`id`, `issue_type`, `issue_to`, `issue_by`, `issue_date`, `return_date`, `item_category_id`, `item_id`, `quantity`, `note`, `is_returned`, `created_at`, `is_active`) VALUES (173, '2', 2, 3, '2024-03-01', '2024-03-04', 2, 2, 2, '', 0, '2024-03-04 04:33:57', 'no');
INSERT INTO `item_issue` (`id`, `issue_type`, `issue_to`, `issue_by`, `issue_date`, `return_date`, `item_category_id`, `item_id`, `quantity`, `note`, `is_returned`, `created_at`, `is_active`) VALUES (174, '1', 4, 6, '2024-03-05', '2024-03-04', 4, 7, 2, '', 0, '2024-03-04 04:33:54', 'no');
INSERT INTO `item_issue` (`id`, `issue_type`, `issue_to`, `issue_by`, `issue_date`, `return_date`, `item_category_id`, `item_id`, `quantity`, `note`, `is_returned`, `created_at`, `is_active`) VALUES (175, '2', 5, 1, '2024-03-15', '2024-03-21', 5, 9, 3, '', 1, '2024-03-02 12:20:54', 'no');
INSERT INTO `item_issue` (`id`, `issue_type`, `issue_to`, `issue_by`, `issue_date`, `return_date`, `item_category_id`, `item_id`, `quantity`, `note`, `is_returned`, `created_at`, `is_active`) VALUES (176, '4', 3, 4, '2024-03-20', '2024-03-26', 4, 7, 2, '', 1, '2024-03-02 12:21:10', 'no');
INSERT INTO `item_issue` (`id`, `issue_type`, `issue_to`, `issue_by`, `issue_date`, `return_date`, `item_category_id`, `item_id`, `quantity`, `note`, `is_returned`, `created_at`, `is_active`) VALUES (177, '6', 7, 2, '2024-03-25', '2024-03-31', 1, 1, 5, '', 1, '2024-03-02 12:21:28', 'no');
INSERT INTO `item_issue` (`id`, `issue_type`, `issue_to`, `issue_by`, `issue_date`, `return_date`, `item_category_id`, `item_id`, `quantity`, `note`, `is_returned`, `created_at`, `is_active`) VALUES (178, '2', 2, 4, '2024-04-01', '2024-04-03', 4, 12, 2, '', 0, '2024-04-03 11:35:48', 'no');
INSERT INTO `item_issue` (`id`, `issue_type`, `issue_to`, `issue_by`, `issue_date`, `return_date`, `item_category_id`, `item_id`, `quantity`, `note`, `is_returned`, `created_at`, `is_active`) VALUES (179, '4', 3, 6, '2024-04-05', '2024-04-04', 4, 10, 3, '', 0, '2024-04-04 08:08:26', 'no');
INSERT INTO `item_issue` (`id`, `issue_type`, `issue_to`, `issue_by`, `issue_date`, `return_date`, `item_category_id`, `item_id`, `quantity`, `note`, `is_returned`, `created_at`, `is_active`) VALUES (180, '2', 5, 3, '2024-04-10', '2024-04-16', 2, 2, 2, '', 1, '2024-04-03 11:35:33', 'no');
INSERT INTO `item_issue` (`id`, `issue_type`, `issue_to`, `issue_by`, `issue_date`, `return_date`, `item_category_id`, `item_id`, `quantity`, `note`, `is_returned`, `created_at`, `is_active`) VALUES (181, '6', 7, 1, '2024-04-15', '2024-04-22', 3, 3, 2, '', 1, '2024-04-03 11:36:25', 'no');
INSERT INTO `item_issue` (`id`, `issue_type`, `issue_to`, `issue_by`, `issue_date`, `return_date`, `item_category_id`, `item_id`, `quantity`, `note`, `is_returned`, `created_at`, `is_active`) VALUES (182, '1', 4, 1, '2024-04-25', '2024-04-30', 5, 9, 5, '', 1, '2024-04-03 11:36:53', 'no');


#
# TABLE STRUCTURE FOR: item_stock
#


CREATE TABLE `item_stock` (
  `id` int NOT NULL AUTO_INCREMENT,
  `item_id` int DEFAULT NULL,
  `supplier_id` int DEFAULT NULL,
  `store_id` int DEFAULT NULL,
  `symbol` varchar(10) NOT NULL DEFAULT '+',
  `quantity` int DEFAULT NULL,
  `purchase_price` float(10,2) NOT NULL,
  `date` date NOT NULL,
  `attachment` varchar(250) DEFAULT NULL,
  `description` text NOT NULL,
  `is_active` varchar(10) DEFAULT 'yes',
  `created_at` timestamp NOT NULL DEFAULT CURRENT_TIMESTAMP ON UPDATE CURRENT_TIMESTAMP,
  PRIMARY KEY (`id`),
  KEY `item_id` (`item_id`),
  KEY `supplier_id` (`supplier_id`),
  KEY `store_id` (`store_id`),
  CONSTRAINT `item_stock_ibfk_1` FOREIGN KEY (`item_id`) REFERENCES `item` (`id`) ON DELETE CASCADE,
  CONSTRAINT `item_stock_ibfk_2` FOREIGN KEY (`supplier_id`) REFERENCES `item_supplier` (`id`) ON DELETE CASCADE,
  CONSTRAINT `item_stock_ibfk_3` FOREIGN KEY (`store_id`) REFERENCES `item_store` (`id`) ON DELETE CASCADE
) ENGINE=InnoDB AUTO_INCREMENT=191 DEFAULT CHARSET=utf8mb3;

INSERT INTO `item_stock` (`id`, `item_id`, `supplier_id`, `store_id`, `symbol`, `quantity`, `purchase_price`, `date`, `attachment`, `description`, `is_active`, `created_at`) VALUES (96, 3, 1, 4, '+', 20, '10.00', '2023-01-25', NULL, '', 'yes', '2023-01-18 12:11:51');
INSERT INTO `item_stock` (`id`, `item_id`, `supplier_id`, `store_id`, `symbol`, `quantity`, `purchase_price`, `date`, `attachment`, `description`, `is_active`, `created_at`) VALUES (97, 1, 1, 1, '+', 5, '100.00', '2023-02-01', NULL, '', 'yes', '2023-02-02 09:59:56');
INSERT INTO `item_stock` (`id`, `item_id`, `supplier_id`, `store_id`, `symbol`, `quantity`, `purchase_price`, `date`, `attachment`, `description`, `is_active`, `created_at`) VALUES (98, 4, 2, 3, '+', 5, '50.00', '2023-02-06', NULL, '', 'yes', '2023-02-02 10:00:15');
INSERT INTO `item_stock` (`id`, `item_id`, `supplier_id`, `store_id`, `symbol`, `quantity`, `purchase_price`, `date`, `attachment`, `description`, `is_active`, `created_at`) VALUES (99, 7, 4, 2, '+', 2, '50.00', '2023-02-10', NULL, '', 'yes', '2023-02-02 10:00:36');
INSERT INTO `item_stock` (`id`, `item_id`, `supplier_id`, `store_id`, `symbol`, `quantity`, `purchase_price`, `date`, `attachment`, `description`, `is_active`, `created_at`) VALUES (100, 1, 1, 2, '+', 5, '50.00', '2023-04-01', NULL, '', 'yes', '2023-03-30 11:44:03');
INSERT INTO `item_stock` (`id`, `item_id`, `supplier_id`, `store_id`, `symbol`, `quantity`, `purchase_price`, `date`, `attachment`, `description`, `is_active`, `created_at`) VALUES (101, 4, 2, 3, '+', 5, '50.00', '2023-04-05', NULL, '', 'yes', '2023-03-30 11:44:26');
INSERT INTO `item_stock` (`id`, `item_id`, `supplier_id`, `store_id`, `symbol`, `quantity`, `purchase_price`, `date`, `attachment`, `description`, `is_active`, `created_at`) VALUES (102, 3, 1, 4, '+', 5, '70.00', '2023-04-10', NULL, '', 'yes', '2023-03-30 11:44:52');
INSERT INTO `item_stock` (`id`, `item_id`, `supplier_id`, `store_id`, `symbol`, `quantity`, `purchase_price`, `date`, `attachment`, `description`, `is_active`, `created_at`) VALUES (103, 9, 4, 5, '+', 5, '100.00', '2023-04-15', NULL, '', 'yes', '2023-03-30 11:45:55');
INSERT INTO `item_stock` (`id`, `item_id`, `supplier_id`, `store_id`, `symbol`, `quantity`, `purchase_price`, `date`, `attachment`, `description`, `is_active`, `created_at`) VALUES (104, 7, 1, 2, '+', 5, '120.00', '2023-04-20', NULL, '', 'yes', '2023-03-30 11:46:26');
INSERT INTO `item_stock` (`id`, `item_id`, `supplier_id`, `store_id`, `symbol`, `quantity`, `purchase_price`, `date`, `attachment`, `description`, `is_active`, `created_at`) VALUES (105, 6, 1, 2, '+', 5, '50.00', '2023-04-25', NULL, '', 'yes', '2023-03-30 11:47:11');
INSERT INTO `item_stock` (`id`, `item_id`, `supplier_id`, `store_id`, `symbol`, `quantity`, `purchase_price`, `date`, `attachment`, `description`, `is_active`, `created_at`) VALUES (106, 7, 1, 1, '+', 5, '100.00', '2023-04-30', NULL, '', 'yes', '2023-03-30 11:47:37');
INSERT INTO `item_stock` (`id`, `item_id`, `supplier_id`, `store_id`, `symbol`, `quantity`, `purchase_price`, `date`, `attachment`, `description`, `is_active`, `created_at`) VALUES (107, 1, 1, 2, '+', 10, '50.00', '2023-05-01', NULL, '', 'yes', '2023-05-02 05:44:53');
INSERT INTO `item_stock` (`id`, `item_id`, `supplier_id`, `store_id`, `symbol`, `quantity`, `purchase_price`, `date`, `attachment`, `description`, `is_active`, `created_at`) VALUES (108, 2, 2, 3, '+', 10, '50.00', '2023-05-05', NULL, '', 'yes', '2023-05-02 05:45:18');
INSERT INTO `item_stock` (`id`, `item_id`, `supplier_id`, `store_id`, `symbol`, `quantity`, `purchase_price`, `date`, `attachment`, `description`, `is_active`, `created_at`) VALUES (109, 5, 4, 4, '+', 20, '100.00', '2023-05-10', NULL, '', 'yes', '2023-05-02 05:45:49');
INSERT INTO `item_stock` (`id`, `item_id`, `supplier_id`, `store_id`, `symbol`, `quantity`, `purchase_price`, `date`, `attachment`, `description`, `is_active`, `created_at`) VALUES (110, 9, 4, 1, '+', 20, '50.00', '2023-05-15', NULL, '', 'yes', '2023-05-02 05:46:16');
INSERT INTO `item_stock` (`id`, `item_id`, `supplier_id`, `store_id`, `symbol`, `quantity`, `purchase_price`, `date`, `attachment`, `description`, `is_active`, `created_at`) VALUES (111, 9, 1, 5, '+', 10, '35.00', '2023-05-20', NULL, '', 'yes', '2023-05-02 05:49:49');
INSERT INTO `item_stock` (`id`, `item_id`, `supplier_id`, `store_id`, `symbol`, `quantity`, `purchase_price`, `date`, `attachment`, `description`, `is_active`, `created_at`) VALUES (112, 7, 1, 4, '+', 10, '50.00', '2023-05-25', NULL, '', 'yes', '2023-05-02 05:50:57');
INSERT INTO `item_stock` (`id`, `item_id`, `supplier_id`, `store_id`, `symbol`, `quantity`, `purchase_price`, `date`, `attachment`, `description`, `is_active`, `created_at`) VALUES (113, 7, 1, 1, '+', 30, '50.00', '2023-05-30', NULL, '', 'yes', '2023-05-02 05:51:34');
INSERT INTO `item_stock` (`id`, `item_id`, `supplier_id`, `store_id`, `symbol`, `quantity`, `purchase_price`, `date`, `attachment`, `description`, `is_active`, `created_at`) VALUES (114, 1, 1, 2, '+', 3, '100.00', '2023-06-01', NULL, '', 'yes', '2023-06-01 10:54:20');
INSERT INTO `item_stock` (`id`, `item_id`, `supplier_id`, `store_id`, `symbol`, `quantity`, `purchase_price`, `date`, `attachment`, `description`, `is_active`, `created_at`) VALUES (115, 4, 2, 3, '+', 3, '150.00', '2023-06-05', NULL, '', 'yes', '2023-06-01 10:54:38');
INSERT INTO `item_stock` (`id`, `item_id`, `supplier_id`, `store_id`, `symbol`, `quantity`, `purchase_price`, `date`, `attachment`, `description`, `is_active`, `created_at`) VALUES (116, 9, 2, 2, '+', 5, '150.00', '2023-06-10', NULL, '', 'yes', '2023-06-01 11:02:24');
INSERT INTO `item_stock` (`id`, `item_id`, `supplier_id`, `store_id`, `symbol`, `quantity`, `purchase_price`, `date`, `attachment`, `description`, `is_active`, `created_at`) VALUES (117, 8, 4, 2, '+', 3, '150.00', '2023-06-15', NULL, '', 'yes', '2023-06-01 11:03:06');
INSERT INTO `item_stock` (`id`, `item_id`, `supplier_id`, `store_id`, `symbol`, `quantity`, `purchase_price`, `date`, `attachment`, `description`, `is_active`, `created_at`) VALUES (118, 9, 4, 2, '+', 3, '100.00', '2023-06-20', NULL, '', 'yes', '2023-06-01 11:04:13');
INSERT INTO `item_stock` (`id`, `item_id`, `supplier_id`, `store_id`, `symbol`, `quantity`, `purchase_price`, `date`, `attachment`, `description`, `is_active`, `created_at`) VALUES (119, 2, 2, 3, '+', 4, '100.00', '2023-06-25', NULL, '', 'yes', '2023-06-01 11:06:20');
INSERT INTO `item_stock` (`id`, `item_id`, `supplier_id`, `store_id`, `symbol`, `quantity`, `purchase_price`, `date`, `attachment`, `description`, `is_active`, `created_at`) VALUES (120, 7, 4, 1, '+', 3, '100.00', '2023-06-30', NULL, '', 'yes', '2023-06-01 11:06:57');
INSERT INTO `item_stock` (`id`, `item_id`, `supplier_id`, `store_id`, `symbol`, `quantity`, `purchase_price`, `date`, `attachment`, `description`, `is_active`, `created_at`) VALUES (121, 1, 1, 2, '+', 10, '100.00', '2023-07-01', NULL, '', 'yes', '2023-07-07 11:59:26');
INSERT INTO `item_stock` (`id`, `item_id`, `supplier_id`, `store_id`, `symbol`, `quantity`, `purchase_price`, `date`, `attachment`, `description`, `is_active`, `created_at`) VALUES (122, 2, 2, 3, '+', 5, '50.00', '2023-07-05', NULL, '', 'yes', '2023-07-07 11:59:47');
INSERT INTO `item_stock` (`id`, `item_id`, `supplier_id`, `store_id`, `symbol`, `quantity`, `purchase_price`, `date`, `attachment`, `description`, `is_active`, `created_at`) VALUES (123, 9, 1, 5, '+', 10, '100.00', '2023-07-10', NULL, '', 'yes', '2023-07-07 12:00:08');
INSERT INTO `item_stock` (`id`, `item_id`, `supplier_id`, `store_id`, `symbol`, `quantity`, `purchase_price`, `date`, `attachment`, `description`, `is_active`, `created_at`) VALUES (124, 5, 4, 4, '+', 10, '100.00', '2023-07-15', NULL, '', 'yes', '2023-07-07 12:00:45');
INSERT INTO `item_stock` (`id`, `item_id`, `supplier_id`, `store_id`, `symbol`, `quantity`, `purchase_price`, `date`, `attachment`, `description`, `is_active`, `created_at`) VALUES (125, 7, 1, 1, '+', 10, '50.00', '2023-07-20', NULL, '', 'yes', '2023-07-07 12:01:24');
INSERT INTO `item_stock` (`id`, `item_id`, `supplier_id`, `store_id`, `symbol`, `quantity`, `purchase_price`, `date`, `attachment`, `description`, `is_active`, `created_at`) VALUES (126, 8, 4, 4, '+', 10, '50.00', '2023-07-25', NULL, '', 'yes', '2023-07-07 12:01:47');
INSERT INTO `item_stock` (`id`, `item_id`, `supplier_id`, `store_id`, `symbol`, `quantity`, `purchase_price`, `date`, `attachment`, `description`, `is_active`, `created_at`) VALUES (127, 6, 3, 2, '+', 5, '50.00', '2023-07-31', NULL, '', 'yes', '2023-07-07 12:02:10');
INSERT INTO `item_stock` (`id`, `item_id`, `supplier_id`, `store_id`, `symbol`, `quantity`, `purchase_price`, `date`, `attachment`, `description`, `is_active`, `created_at`) VALUES (128, 1, 1, 2, '+', 10, '100.00', '2023-08-01', NULL, '', 'yes', '2023-08-05 06:37:23');
INSERT INTO `item_stock` (`id`, `item_id`, `supplier_id`, `store_id`, `symbol`, `quantity`, `purchase_price`, `date`, `attachment`, `description`, `is_active`, `created_at`) VALUES (129, 2, 2, 3, '+', 10, '150.00', '2023-08-05', NULL, '', 'yes', '2023-08-05 06:37:45');
INSERT INTO `item_stock` (`id`, `item_id`, `supplier_id`, `store_id`, `symbol`, `quantity`, `purchase_price`, `date`, `attachment`, `description`, `is_active`, `created_at`) VALUES (130, 7, 4, 1, '+', 2, '100.00', '2023-08-10', NULL, '', 'yes', '2023-08-05 06:38:11');
INSERT INTO `item_stock` (`id`, `item_id`, `supplier_id`, `store_id`, `symbol`, `quantity`, `purchase_price`, `date`, `attachment`, `description`, `is_active`, `created_at`) VALUES (131, 7, 4, 5, '+', 5, '50.00', '2023-08-15', NULL, '', 'yes', '2023-08-05 06:38:35');
INSERT INTO `item_stock` (`id`, `item_id`, `supplier_id`, `store_id`, `symbol`, `quantity`, `purchase_price`, `date`, `attachment`, `description`, `is_active`, `created_at`) VALUES (132, 6, 4, 2, '+', 5, '100.00', '2023-08-20', NULL, '', 'yes', '2023-08-05 06:39:02');
INSERT INTO `item_stock` (`id`, `item_id`, `supplier_id`, `store_id`, `symbol`, `quantity`, `purchase_price`, `date`, `attachment`, `description`, `is_active`, `created_at`) VALUES (133, 5, 1, 4, '+', 5, '50.00', '2023-08-25', NULL, '', 'yes', '2023-08-05 06:44:26');
INSERT INTO `item_stock` (`id`, `item_id`, `supplier_id`, `store_id`, `symbol`, `quantity`, `purchase_price`, `date`, `attachment`, `description`, `is_active`, `created_at`) VALUES (134, 9, 4, 5, '+', 5, '50.00', '2023-08-31', NULL, '', 'yes', '2023-08-05 06:44:42');
INSERT INTO `item_stock` (`id`, `item_id`, `supplier_id`, `store_id`, `symbol`, `quantity`, `purchase_price`, `date`, `attachment`, `description`, `is_active`, `created_at`) VALUES (135, 1, 1, 2, '+', 50, '100.00', '2023-09-01', NULL, '', 'yes', '2023-09-05 06:57:08');
INSERT INTO `item_stock` (`id`, `item_id`, `supplier_id`, `store_id`, `symbol`, `quantity`, `purchase_price`, `date`, `attachment`, `description`, `is_active`, `created_at`) VALUES (136, 4, 2, 3, '+', 20, '50.00', '2023-09-05', NULL, '', 'yes', '2023-09-05 06:57:36');
INSERT INTO `item_stock` (`id`, `item_id`, `supplier_id`, `store_id`, `symbol`, `quantity`, `purchase_price`, `date`, `attachment`, `description`, `is_active`, `created_at`) VALUES (137, 3, 4, 4, '+', 30, '50.00', '2023-09-10', NULL, '', 'yes', '2023-09-05 06:58:03');
INSERT INTO `item_stock` (`id`, `item_id`, `supplier_id`, `store_id`, `symbol`, `quantity`, `purchase_price`, `date`, `attachment`, `description`, `is_active`, `created_at`) VALUES (138, 7, 1, 1, '+', 20, '100.00', '2023-09-15', NULL, '', 'yes', '2023-09-05 06:58:30');
INSERT INTO `item_stock` (`id`, `item_id`, `supplier_id`, `store_id`, `symbol`, `quantity`, `purchase_price`, `date`, `attachment`, `description`, `is_active`, `created_at`) VALUES (139, 9, 4, 5, '+', 30, '50.00', '2023-09-20', NULL, '', 'yes', '2023-09-05 06:58:47');
INSERT INTO `item_stock` (`id`, `item_id`, `supplier_id`, `store_id`, `symbol`, `quantity`, `purchase_price`, `date`, `attachment`, `description`, `is_active`, `created_at`) VALUES (140, 5, 4, 4, '+', 10, '100.00', '2023-09-25', NULL, '', 'yes', '2023-09-05 06:59:10');
INSERT INTO `item_stock` (`id`, `item_id`, `supplier_id`, `store_id`, `symbol`, `quantity`, `purchase_price`, `date`, `attachment`, `description`, `is_active`, `created_at`) VALUES (141, 7, 1, 2, '+', 10, '110.00', '2023-09-30', NULL, '', 'yes', '2023-09-05 06:59:34');
INSERT INTO `item_stock` (`id`, `item_id`, `supplier_id`, `store_id`, `symbol`, `quantity`, `purchase_price`, `date`, `attachment`, `description`, `is_active`, `created_at`) VALUES (142, 1, 1, 2, '+', 10, '50.00', '2023-10-01', NULL, '', 'yes', '2023-10-03 06:57:48');
INSERT INTO `item_stock` (`id`, `item_id`, `supplier_id`, `store_id`, `symbol`, `quantity`, `purchase_price`, `date`, `attachment`, `description`, `is_active`, `created_at`) VALUES (143, 2, 2, 3, '+', 10, '50.00', '2023-10-05', NULL, '', 'yes', '2023-10-03 06:58:07');
INSERT INTO `item_stock` (`id`, `item_id`, `supplier_id`, `store_id`, `symbol`, `quantity`, `purchase_price`, `date`, `attachment`, `description`, `is_active`, `created_at`) VALUES (144, 3, 4, 4, '+', 5, '100.00', '2023-10-10', NULL, '', 'yes', '2023-10-03 06:58:32');
INSERT INTO `item_stock` (`id`, `item_id`, `supplier_id`, `store_id`, `symbol`, `quantity`, `purchase_price`, `date`, `attachment`, `description`, `is_active`, `created_at`) VALUES (145, 7, 1, 2, '+', 10, '50.00', '2023-10-16', NULL, '', 'yes', '2023-10-03 06:58:57');
INSERT INTO `item_stock` (`id`, `item_id`, `supplier_id`, `store_id`, `symbol`, `quantity`, `purchase_price`, `date`, `attachment`, `description`, `is_active`, `created_at`) VALUES (146, 9, 1, 5, '+', 5, '100.00', '2023-10-20', NULL, '', 'yes', '2023-10-03 06:59:18');
INSERT INTO `item_stock` (`id`, `item_id`, `supplier_id`, `store_id`, `symbol`, `quantity`, `purchase_price`, `date`, `attachment`, `description`, `is_active`, `created_at`) VALUES (147, 7, 1, 2, '+', 5, '50.00', '2023-10-25', NULL, '', 'yes', '2023-10-03 06:59:39');
INSERT INTO `item_stock` (`id`, `item_id`, `supplier_id`, `store_id`, `symbol`, `quantity`, `purchase_price`, `date`, `attachment`, `description`, `is_active`, `created_at`) VALUES (148, 9, 4, 5, '+', 10, '55.00', '2023-10-31', NULL, '', 'yes', '2023-10-03 07:00:03');
INSERT INTO `item_stock` (`id`, `item_id`, `supplier_id`, `store_id`, `symbol`, `quantity`, `purchase_price`, `date`, `attachment`, `description`, `is_active`, `created_at`) VALUES (149, 3, 4, 4, '+', 10, '100.00', '2023-11-01', NULL, '', 'yes', '2023-11-01 06:30:41');
INSERT INTO `item_stock` (`id`, `item_id`, `supplier_id`, `store_id`, `symbol`, `quantity`, `purchase_price`, `date`, `attachment`, `description`, `is_active`, `created_at`) VALUES (150, 4, 2, 3, '+', 10, '100.00', '2023-11-06', NULL, '', 'yes', '2023-11-01 06:31:03');
INSERT INTO `item_stock` (`id`, `item_id`, `supplier_id`, `store_id`, `symbol`, `quantity`, `purchase_price`, `date`, `attachment`, `description`, `is_active`, `created_at`) VALUES (151, 9, 1, 5, '+', 5, '120.00', '2023-11-10', NULL, '', 'yes', '2023-11-01 06:31:19');
INSERT INTO `item_stock` (`id`, `item_id`, `supplier_id`, `store_id`, `symbol`, `quantity`, `purchase_price`, `date`, `attachment`, `description`, `is_active`, `created_at`) VALUES (152, 7, 4, 2, '+', 5, '50.00', '2023-11-15', NULL, '', 'yes', '2023-11-01 06:31:52');
INSERT INTO `item_stock` (`id`, `item_id`, `supplier_id`, `store_id`, `symbol`, `quantity`, `purchase_price`, `date`, `attachment`, `description`, `is_active`, `created_at`) VALUES (153, 6, 3, 2, '+', 10, '80.00', '2023-11-20', NULL, '', 'yes', '2023-11-01 06:32:25');
INSERT INTO `item_stock` (`id`, `item_id`, `supplier_id`, `store_id`, `symbol`, `quantity`, `purchase_price`, `date`, `attachment`, `description`, `is_active`, `created_at`) VALUES (154, 7, 4, 1, '+', 10, '100.00', '2023-11-25', NULL, '', 'yes', '2023-11-01 06:35:44');
INSERT INTO `item_stock` (`id`, `item_id`, `supplier_id`, `store_id`, `symbol`, `quantity`, `purchase_price`, `date`, `attachment`, `description`, `is_active`, `created_at`) VALUES (155, 5, 1, 4, '+', 20, '100.00', '2023-11-30', NULL, '', 'yes', '2023-11-01 06:36:09');
INSERT INTO `item_stock` (`id`, `item_id`, `supplier_id`, `store_id`, `symbol`, `quantity`, `purchase_price`, `date`, `attachment`, `description`, `is_active`, `created_at`) VALUES (156, 1, 1, 1, '+', 2, '50.00', '2023-12-01', NULL, '', 'yes', '2023-12-01 13:10:05');
INSERT INTO `item_stock` (`id`, `item_id`, `supplier_id`, `store_id`, `symbol`, `quantity`, `purchase_price`, `date`, `attachment`, `description`, `is_active`, `created_at`) VALUES (157, 2, 2, 3, '+', 10, '120.00', '2023-12-05', NULL, '', 'yes', '2023-12-01 13:12:45');
INSERT INTO `item_stock` (`id`, `item_id`, `supplier_id`, `store_id`, `symbol`, `quantity`, `purchase_price`, `date`, `attachment`, `description`, `is_active`, `created_at`) VALUES (158, 3, 3, 4, '+', 5, '100.00', '2023-12-11', NULL, '', 'yes', '2023-12-01 13:13:19');
INSERT INTO `item_stock` (`id`, `item_id`, `supplier_id`, `store_id`, `symbol`, `quantity`, `purchase_price`, `date`, `attachment`, `description`, `is_active`, `created_at`) VALUES (159, 7, 4, 1, '+', 4, '60.00', '2023-12-15', NULL, '', 'yes', '2023-12-01 13:14:08');
INSERT INTO `item_stock` (`id`, `item_id`, `supplier_id`, `store_id`, `symbol`, `quantity`, `purchase_price`, `date`, `attachment`, `description`, `is_active`, `created_at`) VALUES (160, 9, 1, 5, '+', 10, '120.00', '2023-12-20', NULL, '', 'yes', '2023-12-01 13:22:38');
INSERT INTO `item_stock` (`id`, `item_id`, `supplier_id`, `store_id`, `symbol`, `quantity`, `purchase_price`, `date`, `attachment`, `description`, `is_active`, `created_at`) VALUES (161, 6, 2, 1, '+', 20, '150.00', '2023-12-25', NULL, '', 'yes', '2023-12-01 13:23:24');
INSERT INTO `item_stock` (`id`, `item_id`, `supplier_id`, `store_id`, `symbol`, `quantity`, `purchase_price`, `date`, `attachment`, `description`, `is_active`, `created_at`) VALUES (162, 4, 3, 3, '+', 8, '150.00', '2023-12-30', NULL, '', 'yes', '2023-12-01 13:24:03');
INSERT INTO `item_stock` (`id`, `item_id`, `supplier_id`, `store_id`, `symbol`, `quantity`, `purchase_price`, `date`, `attachment`, `description`, `is_active`, `created_at`) VALUES (163, 1, 1, 2, '+', 5, '100.00', '2024-01-01', NULL, '', 'yes', '2024-01-04 11:44:13');
INSERT INTO `item_stock` (`id`, `item_id`, `supplier_id`, `store_id`, `symbol`, `quantity`, `purchase_price`, `date`, `attachment`, `description`, `is_active`, `created_at`) VALUES (164, 2, 2, 3, '+', 10, '150.00', '2024-01-05', NULL, '', 'yes', '2024-01-04 11:44:31');
INSERT INTO `item_stock` (`id`, `item_id`, `supplier_id`, `store_id`, `symbol`, `quantity`, `purchase_price`, `date`, `attachment`, `description`, `is_active`, `created_at`) VALUES (165, 7, 1, 1, '+', 5, '100.00', '2024-01-10', NULL, '', 'yes', '2024-01-04 11:44:55');
INSERT INTO `item_stock` (`id`, `item_id`, `supplier_id`, `store_id`, `symbol`, `quantity`, `purchase_price`, `date`, `attachment`, `description`, `is_active`, `created_at`) VALUES (166, 9, 3, 5, '+', 5, '120.00', '2024-01-15', NULL, '', 'yes', '2024-01-04 11:45:25');
INSERT INTO `item_stock` (`id`, `item_id`, `supplier_id`, `store_id`, `symbol`, `quantity`, `purchase_price`, `date`, `attachment`, `description`, `is_active`, `created_at`) VALUES (167, 5, 4, 4, '+', 10, '200.00', '2024-01-20', NULL, '', 'yes', '2024-01-04 11:45:52');
INSERT INTO `item_stock` (`id`, `item_id`, `supplier_id`, `store_id`, `symbol`, `quantity`, `purchase_price`, `date`, `attachment`, `description`, `is_active`, `created_at`) VALUES (168, 4, 2, 3, '+', 5, '100.00', '2024-01-25', NULL, '', 'yes', '2024-01-04 11:46:11');
INSERT INTO `item_stock` (`id`, `item_id`, `supplier_id`, `store_id`, `symbol`, `quantity`, `purchase_price`, `date`, `attachment`, `description`, `is_active`, `created_at`) VALUES (169, 9, 4, 5, '+', 10, '50.00', '2024-01-30', NULL, '', 'yes', '2024-01-04 11:46:30');
INSERT INTO `item_stock` (`id`, `item_id`, `supplier_id`, `store_id`, `symbol`, `quantity`, `purchase_price`, `date`, `attachment`, `description`, `is_active`, `created_at`) VALUES (170, 1, 1, 2, '+', 10, '100.00', '2024-02-01', NULL, '', 'yes', '2024-02-02 12:18:38');
INSERT INTO `item_stock` (`id`, `item_id`, `supplier_id`, `store_id`, `symbol`, `quantity`, `purchase_price`, `date`, `attachment`, `description`, `is_active`, `created_at`) VALUES (171, 4, 2, 3, '+', 5, '120.00', '2024-02-05', NULL, '', 'yes', '2024-02-02 12:18:57');
INSERT INTO `item_stock` (`id`, `item_id`, `supplier_id`, `store_id`, `symbol`, `quantity`, `purchase_price`, `date`, `attachment`, `description`, `is_active`, `created_at`) VALUES (172, 7, 1, 1, '+', 5, '55.00', '2024-02-10', NULL, '', 'yes', '2024-02-02 12:19:18');
INSERT INTO `item_stock` (`id`, `item_id`, `supplier_id`, `store_id`, `symbol`, `quantity`, `purchase_price`, `date`, `attachment`, `description`, `is_active`, `created_at`) VALUES (173, 5, 1, 4, '+', 10, '100.00', '2024-02-15', NULL, '', 'yes', '2024-02-02 12:19:41');
INSERT INTO `item_stock` (`id`, `item_id`, `supplier_id`, `store_id`, `symbol`, `quantity`, `purchase_price`, `date`, `attachment`, `description`, `is_active`, `created_at`) VALUES (174, 9, 4, 5, '+', 10, '120.00', '2024-02-20', NULL, '', 'yes', '2024-02-02 12:20:04');
INSERT INTO `item_stock` (`id`, `item_id`, `supplier_id`, `store_id`, `symbol`, `quantity`, `purchase_price`, `date`, `attachment`, `description`, `is_active`, `created_at`) VALUES (175, 7, 4, 4, '+', 5, '100.00', '2024-02-26', NULL, '', 'yes', '2024-02-02 12:20:44');
INSERT INTO `item_stock` (`id`, `item_id`, `supplier_id`, `store_id`, `symbol`, `quantity`, `purchase_price`, `date`, `attachment`, `description`, `is_active`, `created_at`) VALUES (176, 6, 3, 6, '+', 5, '120.00', '2024-02-29', NULL, '', 'yes', '2024-02-02 12:21:15');
INSERT INTO `item_stock` (`id`, `item_id`, `supplier_id`, `store_id`, `symbol`, `quantity`, `purchase_price`, `date`, `attachment`, `description`, `is_active`, `created_at`) VALUES (177, 4, 2, 3, '+', 5, '100.00', '2024-03-01', NULL, '', 'yes', '2024-03-02 12:09:04');
INSERT INTO `item_stock` (`id`, `item_id`, `supplier_id`, `store_id`, `symbol`, `quantity`, `purchase_price`, `date`, `attachment`, `description`, `is_active`, `created_at`) VALUES (178, 5, 4, 4, '+', 10, '120.00', '2024-03-05', NULL, '', 'yes', '2024-03-02 12:09:26');
INSERT INTO `item_stock` (`id`, `item_id`, `supplier_id`, `store_id`, `symbol`, `quantity`, `purchase_price`, `date`, `attachment`, `description`, `is_active`, `created_at`) VALUES (179, 7, 1, 2, '+', 2, '50.00', '2024-03-10', NULL, '', 'yes', '2024-03-02 12:10:00');
INSERT INTO `item_stock` (`id`, `item_id`, `supplier_id`, `store_id`, `symbol`, `quantity`, `purchase_price`, `date`, `attachment`, `description`, `is_active`, `created_at`) VALUES (180, 9, 4, 5, '+', 5, '150.00', '2024-03-15', NULL, '', 'yes', '2024-03-02 12:10:21');
INSERT INTO `item_stock` (`id`, `item_id`, `supplier_id`, `store_id`, `symbol`, `quantity`, `purchase_price`, `date`, `attachment`, `description`, `is_active`, `created_at`) VALUES (181, 5, 3, 4, '+', 5, '120.00', '2024-03-20', NULL, '', 'yes', '2024-03-02 12:14:45');
INSERT INTO `item_stock` (`id`, `item_id`, `supplier_id`, `store_id`, `symbol`, `quantity`, `purchase_price`, `date`, `attachment`, `description`, `is_active`, `created_at`) VALUES (182, 6, 4, 6, '+', 5, '100.00', '2024-03-26', NULL, '', 'yes', '2024-03-02 12:15:06');
INSERT INTO `item_stock` (`id`, `item_id`, `supplier_id`, `store_id`, `symbol`, `quantity`, `purchase_price`, `date`, `attachment`, `description`, `is_active`, `created_at`) VALUES (183, 9, 3, 2, '+', 10, '150.00', '2024-03-30', NULL, '', 'yes', '2024-03-02 12:16:28');
INSERT INTO `item_stock` (`id`, `item_id`, `supplier_id`, `store_id`, `symbol`, `quantity`, `purchase_price`, `date`, `attachment`, `description`, `is_active`, `created_at`) VALUES (184, 10, 1, 2, '+', 10, '120.00', '2024-04-01', NULL, '', 'yes', '2024-04-03 11:27:26');
INSERT INTO `item_stock` (`id`, `item_id`, `supplier_id`, `store_id`, `symbol`, `quantity`, `purchase_price`, `date`, `attachment`, `description`, `is_active`, `created_at`) VALUES (185, 3, 3, 4, '+', 5, '100.00', '2024-04-05', NULL, '', 'yes', '2024-04-03 11:30:17');
INSERT INTO `item_stock` (`id`, `item_id`, `supplier_id`, `store_id`, `symbol`, `quantity`, `purchase_price`, `date`, `attachment`, `description`, `is_active`, `created_at`) VALUES (186, 4, 2, 3, '+', 5, '120.00', '2024-04-10', NULL, '', 'yes', '2024-04-03 11:30:46');
INSERT INTO `item_stock` (`id`, `item_id`, `supplier_id`, `store_id`, `symbol`, `quantity`, `purchase_price`, `date`, `attachment`, `description`, `is_active`, `created_at`) VALUES (187, 11, 1, 5, '+', 2, '150.00', '2024-04-15', NULL, '', 'yes', '2024-04-03 11:31:17');
INSERT INTO `item_stock` (`id`, `item_id`, `supplier_id`, `store_id`, `symbol`, `quantity`, `purchase_price`, `date`, `attachment`, `description`, `is_active`, `created_at`) VALUES (188, 1, 4, 2, '+', 5, '120.00', '2024-04-20', NULL, '', 'yes', '2024-04-03 11:31:52');
INSERT INTO `item_stock` (`id`, `item_id`, `supplier_id`, `store_id`, `symbol`, `quantity`, `purchase_price`, `date`, `attachment`, `description`, `is_active`, `created_at`) VALUES (189, 12, 1, 1, '+', 10, '55.00', '2024-04-25', NULL, '', 'yes', '2024-04-03 11:32:30');
INSERT INTO `item_stock` (`id`, `item_id`, `supplier_id`, `store_id`, `symbol`, `quantity`, `purchase_price`, `date`, `attachment`, `description`, `is_active`, `created_at`) VALUES (190, 9, 4, 5, '+', 10, '65.00', '2024-04-30', NULL, '', 'yes', '2024-04-03 11:32:56');


#
# TABLE STRUCTURE FOR: item_store
#


CREATE TABLE `item_store` (
  `id` int NOT NULL AUTO_INCREMENT,
  `item_store` varchar(255) NOT NULL,
  `code` varchar(255) NOT NULL,
  `description` text NOT NULL,
  `created_at` timestamp NOT NULL DEFAULT CURRENT_TIMESTAMP,
  PRIMARY KEY (`id`)
) ENGINE=InnoDB AUTO_INCREMENT=7 DEFAULT CHARSET=utf8mb3;

INSERT INTO `item_store` (`id`, `item_store`, `code`, `description`, `created_at`) VALUES (1, 'Libraray Store', 'LB2', '', '2023-01-18 06:07:14');
INSERT INTO `item_store` (`id`, `item_store`, `code`, `description`, `created_at`) VALUES (2, 'Science Store', 'SC2', '', '2023-01-18 06:07:14');
INSERT INTO `item_store` (`id`, `item_store`, `code`, `description`, `created_at`) VALUES (3, 'Uniform Dress Store', 'UND23', '', '2023-01-18 06:07:14');
INSERT INTO `item_store` (`id`, `item_store`, `code`, `description`, `created_at`) VALUES (4, 'Furniture Store', 'FS342', '', '2023-01-18 06:07:14');
INSERT INTO `item_store` (`id`, `item_store`, `code`, `description`, `created_at`) VALUES (5, 'Chemistry  Equipment', 'Ch201', 'The basic idea about the proper and necessary chemistry lab apparatus should be cleared among the students.', '2023-01-18 06:07:14');
INSERT INTO `item_store` (`id`, `item_store`, `code`, `description`, `created_at`) VALUES (6, 'Sports Store', 'sp55', '', '2023-12-01 13:27:59');


#
# TABLE STRUCTURE FOR: item_supplier
#


CREATE TABLE `item_supplier` (
  `id` int NOT NULL AUTO_INCREMENT,
  `item_supplier` varchar(255) NOT NULL,
  `phone` varchar(255) NOT NULL,
  `email` varchar(255) NOT NULL,
  `address` varchar(255) NOT NULL,
  `contact_person_name` varchar(255) NOT NULL,
  `contact_person_phone` varchar(255) NOT NULL,
  `contact_person_email` varchar(255) NOT NULL,
  `description` text NOT NULL,
  PRIMARY KEY (`id`)
) ENGINE=InnoDB AUTO_INCREMENT=5 DEFAULT CHARSET=utf8mb3;

INSERT INTO `item_supplier` (`id`, `item_supplier`, `phone`, `email`, `address`, `contact_person_name`, `contact_person_phone`, `contact_person_email`, `description`) VALUES (1, 'Camlin Stationers', '8458436583', 'camlin@gmail.com', '22 Cristal Way. CA', 'Bruce Stark', '847487932', 'bruce@gmail.com', '');
INSERT INTO `item_supplier` (`id`, `item_supplier`, `phone`, `email`, `address`, `contact_person_name`, `contact_person_phone`, `contact_person_email`, `description`) VALUES (2, 'Jhonson Uniform Dress', '8796787856', 'Jhon@gmail.com', '22 Cristal Way. CA', 'David', '87686785678', 'david@gmail.com', '');
INSERT INTO `item_supplier` (`id`, `item_supplier`, `phone`, `email`, `address`, `contact_person_name`, `contact_person_phone`, `contact_person_email`, `description`) VALUES (3, 'David Furniture', '678678678', 'da@gmail.com', '22 Cristal Way. CA', 'Peter', '685676578', 'per@gmail.com', '');
INSERT INTO `item_supplier` (`id`, `item_supplier`, `phone`, `email`, `address`, `contact_person_name`, `contact_person_phone`, `contact_person_email`, `description`) VALUES (4, 'Jhon smith Supplier', '8908089878', 'jhon@gmail.com', 'Delhi Road,DR', 'David ', '8987978678', 'david@gmail.com', '');


#
# TABLE STRUCTURE FOR: languages
#


CREATE TABLE `languages` (
  `id` int NOT NULL AUTO_INCREMENT,
  `language` varchar(50) DEFAULT NULL,
  `short_code` varchar(255) NOT NULL,
  `country_code` varchar(255) NOT NULL,
  `is_rtl` int NOT NULL,
  `is_deleted` varchar(10) NOT NULL DEFAULT 'yes',
  `is_active` varchar(255) DEFAULT 'no',
  `created_at` timestamp NOT NULL DEFAULT CURRENT_TIMESTAMP ON UPDATE CURRENT_TIMESTAMP,
  `updated_at` date DEFAULT NULL,
  PRIMARY KEY (`id`)
) ENGINE=InnoDB AUTO_INCREMENT=95 DEFAULT CHARSET=utf8mb3;

INSERT INTO `languages` (`id`, `language`, `short_code`, `country_code`, `is_rtl`, `is_deleted`, `is_active`, `created_at`, `updated_at`) VALUES (1, 'Azerbaijan', 'az', 'az', 0, 'no', 'no', '2019-11-20 11:23:12', '0000-00-00');
INSERT INTO `languages` (`id`, `language`, `short_code`, `country_code`, `is_rtl`, `is_deleted`, `is_active`, `created_at`, `updated_at`) VALUES (2, 'Albanian', 'sq', 'al', 0, 'no', 'no', '2019-11-20 11:42:42', '0000-00-00');
INSERT INTO `languages` (`id`, `language`, `short_code`, `country_code`, `is_rtl`, `is_deleted`, `is_active`, `created_at`, `updated_at`) VALUES (3, 'Amharic', 'am', 'am', 0, 'no', 'no', '2019-11-20 11:24:23', '0000-00-00');
INSERT INTO `languages` (`id`, `language`, `short_code`, `country_code`, `is_rtl`, `is_deleted`, `is_active`, `created_at`, `updated_at`) VALUES (4, 'English', 'en', 'us', 0, 'no', 'no', '2019-11-20 11:38:50', '0000-00-00');
INSERT INTO `languages` (`id`, `language`, `short_code`, `country_code`, `is_rtl`, `is_deleted`, `is_active`, `created_at`, `updated_at`) VALUES (5, 'Arabic', 'ar', 'sa', 0, 'no', 'no', '2019-11-20 11:47:28', '0000-00-00');
INSERT INTO `languages` (`id`, `language`, `short_code`, `country_code`, `is_rtl`, `is_deleted`, `is_active`, `created_at`, `updated_at`) VALUES (7, 'Afrikaans', 'af', 'af', 1, 'no', 'no', '2023-07-14 06:08:29', '0000-00-00');
INSERT INTO `languages` (`id`, `language`, `short_code`, `country_code`, `is_rtl`, `is_deleted`, `is_active`, `created_at`, `updated_at`) VALUES (8, 'Basque', 'eu', 'es', 0, 'no', 'no', '2019-11-20 11:54:10', '0000-00-00');
INSERT INTO `languages` (`id`, `language`, `short_code`, `country_code`, `is_rtl`, `is_deleted`, `is_active`, `created_at`, `updated_at`) VALUES (11, 'Bengali', 'bn', 'in', 0, 'no', 'no', '2019-11-20 11:41:53', '0000-00-00');
INSERT INTO `languages` (`id`, `language`, `short_code`, `country_code`, `is_rtl`, `is_deleted`, `is_active`, `created_at`, `updated_at`) VALUES (13, 'Bosnian', 'bs', 'bs', 0, 'no', 'no', '2019-11-20 11:24:23', '0000-00-00');
INSERT INTO `languages` (`id`, `language`, `short_code`, `country_code`, `is_rtl`, `is_deleted`, `is_active`, `created_at`, `updated_at`) VALUES (14, 'Welsh', 'cy', 'cy', 0, 'no', 'no', '2019-11-20 11:24:23', '0000-00-00');
INSERT INTO `languages` (`id`, `language`, `short_code`, `country_code`, `is_rtl`, `is_deleted`, `is_active`, `created_at`, `updated_at`) VALUES (15, 'Hungarian', 'hu', 'hu', 0, 'no', 'no', '2019-11-20 11:24:23', '0000-00-00');
INSERT INTO `languages` (`id`, `language`, `short_code`, `country_code`, `is_rtl`, `is_deleted`, `is_active`, `created_at`, `updated_at`) VALUES (16, 'Vietnamese', 'vi', 'vi', 0, 'no', 'no', '2019-11-20 11:24:23', '0000-00-00');
INSERT INTO `languages` (`id`, `language`, `short_code`, `country_code`, `is_rtl`, `is_deleted`, `is_active`, `created_at`, `updated_at`) VALUES (17, 'Haitian', 'ht', 'ht', 0, 'no', 'no', '2021-01-23 07:09:32', '0000-00-00');
INSERT INTO `languages` (`id`, `language`, `short_code`, `country_code`, `is_rtl`, `is_deleted`, `is_active`, `created_at`, `updated_at`) VALUES (18, 'Galician', 'gl', 'gl', 0, 'no', 'no', '2019-11-20 11:24:23', '0000-00-00');
INSERT INTO `languages` (`id`, `language`, `short_code`, `country_code`, `is_rtl`, `is_deleted`, `is_active`, `created_at`, `updated_at`) VALUES (19, 'Dutch', 'nl', 'nl', 0, 'no', 'no', '2019-11-20 11:24:23', '0000-00-00');
INSERT INTO `languages` (`id`, `language`, `short_code`, `country_code`, `is_rtl`, `is_deleted`, `is_active`, `created_at`, `updated_at`) VALUES (21, 'Greek', 'el', 'gr', 0, 'no', 'no', '2019-11-20 12:12:08', '0000-00-00');
INSERT INTO `languages` (`id`, `language`, `short_code`, `country_code`, `is_rtl`, `is_deleted`, `is_active`, `created_at`, `updated_at`) VALUES (22, 'Georgian', 'ka', 'ge', 0, 'no', 'no', '2019-11-20 12:11:40', '0000-00-00');
INSERT INTO `languages` (`id`, `language`, `short_code`, `country_code`, `is_rtl`, `is_deleted`, `is_active`, `created_at`, `updated_at`) VALUES (23, 'Gujarati', 'gu', 'in', 0, 'no', 'no', '2019-11-20 11:39:16', '0000-00-00');
INSERT INTO `languages` (`id`, `language`, `short_code`, `country_code`, `is_rtl`, `is_deleted`, `is_active`, `created_at`, `updated_at`) VALUES (24, 'Danish', 'da', 'dk', 0, 'no', 'no', '2019-11-20 12:03:25', '0000-00-00');
INSERT INTO `languages` (`id`, `language`, `short_code`, `country_code`, `is_rtl`, `is_deleted`, `is_active`, `created_at`, `updated_at`) VALUES (25, 'Hebrew', 'he', 'il', 0, 'no', 'no', '2019-11-20 12:13:50', '0000-00-00');
INSERT INTO `languages` (`id`, `language`, `short_code`, `country_code`, `is_rtl`, `is_deleted`, `is_active`, `created_at`, `updated_at`) VALUES (26, 'Yiddish', 'yi', 'il', 0, 'no', 'no', '2019-11-20 12:25:33', '0000-00-00');
INSERT INTO `languages` (`id`, `language`, `short_code`, `country_code`, `is_rtl`, `is_deleted`, `is_active`, `created_at`, `updated_at`) VALUES (27, 'Indonesian', 'id', 'id', 0, 'no', 'no', '2019-11-20 11:24:23', '0000-00-00');
INSERT INTO `languages` (`id`, `language`, `short_code`, `country_code`, `is_rtl`, `is_deleted`, `is_active`, `created_at`, `updated_at`) VALUES (28, 'Irish', 'ga', 'ga', 0, 'no', 'no', '2019-11-20 11:24:23', '0000-00-00');
INSERT INTO `languages` (`id`, `language`, `short_code`, `country_code`, `is_rtl`, `is_deleted`, `is_active`, `created_at`, `updated_at`) VALUES (29, 'Italian', 'it', 'it', 0, 'no', 'no', '2019-11-20 11:24:23', '0000-00-00');
INSERT INTO `languages` (`id`, `language`, `short_code`, `country_code`, `is_rtl`, `is_deleted`, `is_active`, `created_at`, `updated_at`) VALUES (30, 'Icelandic', 'is', 'is', 0, 'no', 'no', '2019-11-20 11:24:23', '0000-00-00');
INSERT INTO `languages` (`id`, `language`, `short_code`, `country_code`, `is_rtl`, `is_deleted`, `is_active`, `created_at`, `updated_at`) VALUES (31, 'Spanish', 'es', 'es', 0, 'no', 'no', '2019-11-20 11:24:23', '0000-00-00');
INSERT INTO `languages` (`id`, `language`, `short_code`, `country_code`, `is_rtl`, `is_deleted`, `is_active`, `created_at`, `updated_at`) VALUES (33, 'Kannada', 'kn', 'kn', 0, 'no', 'no', '2019-11-20 11:24:23', '0000-00-00');
INSERT INTO `languages` (`id`, `language`, `short_code`, `country_code`, `is_rtl`, `is_deleted`, `is_active`, `created_at`, `updated_at`) VALUES (34, 'Catalan', 'ca', 'ca', 0, 'no', 'no', '2019-11-20 11:24:23', '0000-00-00');
INSERT INTO `languages` (`id`, `language`, `short_code`, `country_code`, `is_rtl`, `is_deleted`, `is_active`, `created_at`, `updated_at`) VALUES (36, 'Chinese', 'zh', 'cn', 0, 'no', 'no', '2019-11-20 12:01:48', '0000-00-00');
INSERT INTO `languages` (`id`, `language`, `short_code`, `country_code`, `is_rtl`, `is_deleted`, `is_active`, `created_at`, `updated_at`) VALUES (37, 'Korean', 'ko', 'kr', 0, 'no', 'no', '2019-11-20 12:19:09', '0000-00-00');
INSERT INTO `languages` (`id`, `language`, `short_code`, `country_code`, `is_rtl`, `is_deleted`, `is_active`, `created_at`, `updated_at`) VALUES (38, 'Xhosa', 'xh', 'ls', 0, 'no', 'no', '2019-11-20 12:24:39', '0000-00-00');
INSERT INTO `languages` (`id`, `language`, `short_code`, `country_code`, `is_rtl`, `is_deleted`, `is_active`, `created_at`, `updated_at`) VALUES (39, 'Latin', 'la', 'it', 0, 'no', 'no', '2021-01-23 07:09:32', '0000-00-00');
INSERT INTO `languages` (`id`, `language`, `short_code`, `country_code`, `is_rtl`, `is_deleted`, `is_active`, `created_at`, `updated_at`) VALUES (40, 'Latvian', 'lv', 'lv', 0, 'no', 'no', '2019-11-20 11:24:23', '0000-00-00');
INSERT INTO `languages` (`id`, `language`, `short_code`, `country_code`, `is_rtl`, `is_deleted`, `is_active`, `created_at`, `updated_at`) VALUES (41, 'Lithuanian', 'lt', 'lt', 0, 'no', 'no', '2019-11-20 11:24:23', '0000-00-00');
INSERT INTO `languages` (`id`, `language`, `short_code`, `country_code`, `is_rtl`, `is_deleted`, `is_active`, `created_at`, `updated_at`) VALUES (43, 'Malagasy', 'mg', 'mg', 0, 'no', 'no', '2019-11-20 11:24:23', '0000-00-00');
INSERT INTO `languages` (`id`, `language`, `short_code`, `country_code`, `is_rtl`, `is_deleted`, `is_active`, `created_at`, `updated_at`) VALUES (44, 'Malay', 'ms', 'ms', 0, 'no', 'no', '2019-11-20 11:24:23', '0000-00-00');
INSERT INTO `languages` (`id`, `language`, `short_code`, `country_code`, `is_rtl`, `is_deleted`, `is_active`, `created_at`, `updated_at`) VALUES (45, 'Malayalam', 'ml', 'ml', 0, 'no', 'no', '2019-11-20 11:24:23', '0000-00-00');
INSERT INTO `languages` (`id`, `language`, `short_code`, `country_code`, `is_rtl`, `is_deleted`, `is_active`, `created_at`, `updated_at`) VALUES (46, 'Maltese', 'mt', 'mt', 0, 'no', 'no', '2019-11-20 11:24:23', '0000-00-00');
INSERT INTO `languages` (`id`, `language`, `short_code`, `country_code`, `is_rtl`, `is_deleted`, `is_active`, `created_at`, `updated_at`) VALUES (47, 'Macedonian', 'mk', 'mk', 0, 'no', 'no', '2019-11-20 11:24:23', '0000-00-00');
INSERT INTO `languages` (`id`, `language`, `short_code`, `country_code`, `is_rtl`, `is_deleted`, `is_active`, `created_at`, `updated_at`) VALUES (48, 'Maori', 'mi', 'nz', 0, 'no', 'no', '2019-11-20 12:20:27', '0000-00-00');
INSERT INTO `languages` (`id`, `language`, `short_code`, `country_code`, `is_rtl`, `is_deleted`, `is_active`, `created_at`, `updated_at`) VALUES (49, 'Marathi', 'mr', 'in', 0, 'no', 'no', '2019-11-20 11:39:51', '0000-00-00');
INSERT INTO `languages` (`id`, `language`, `short_code`, `country_code`, `is_rtl`, `is_deleted`, `is_active`, `created_at`, `updated_at`) VALUES (51, 'Mongolian', 'mn', 'mn', 0, 'no', 'no', '2019-11-20 11:24:23', '0000-00-00');
INSERT INTO `languages` (`id`, `language`, `short_code`, `country_code`, `is_rtl`, `is_deleted`, `is_active`, `created_at`, `updated_at`) VALUES (52, 'German', 'de', 'de', 0, 'no', 'no', '2019-11-20 11:24:23', '0000-00-00');
INSERT INTO `languages` (`id`, `language`, `short_code`, `country_code`, `is_rtl`, `is_deleted`, `is_active`, `created_at`, `updated_at`) VALUES (53, 'Nepali', 'ne', 'ne', 0, 'no', 'no', '2019-11-20 11:24:23', '0000-00-00');
INSERT INTO `languages` (`id`, `language`, `short_code`, `country_code`, `is_rtl`, `is_deleted`, `is_active`, `created_at`, `updated_at`) VALUES (54, 'Norwegian', 'no', 'no', 0, 'no', 'no', '2019-11-20 11:24:23', '0000-00-00');
INSERT INTO `languages` (`id`, `language`, `short_code`, `country_code`, `is_rtl`, `is_deleted`, `is_active`, `created_at`, `updated_at`) VALUES (55, 'Punjabi', 'pa', 'in', 0, 'no', 'no', '2019-11-20 11:40:16', '0000-00-00');
INSERT INTO `languages` (`id`, `language`, `short_code`, `country_code`, `is_rtl`, `is_deleted`, `is_active`, `created_at`, `updated_at`) VALUES (57, 'Persian', 'fa', 'ir', 0, 'no', 'no', '2019-11-20 12:21:17', '0000-00-00');
INSERT INTO `languages` (`id`, `language`, `short_code`, `country_code`, `is_rtl`, `is_deleted`, `is_active`, `created_at`, `updated_at`) VALUES (59, 'Portuguese', 'pt', 'pt', 0, 'no', 'no', '2019-11-20 11:24:23', '0000-00-00');
INSERT INTO `languages` (`id`, `language`, `short_code`, `country_code`, `is_rtl`, `is_deleted`, `is_active`, `created_at`, `updated_at`) VALUES (60, 'Romanian', 'ro', 'ro', 0, 'no', 'no', '2019-11-20 11:24:23', '0000-00-00');
INSERT INTO `languages` (`id`, `language`, `short_code`, `country_code`, `is_rtl`, `is_deleted`, `is_active`, `created_at`, `updated_at`) VALUES (61, 'Russian', 'ru', 'ru', 0, 'no', 'no', '2019-11-20 11:24:23', '0000-00-00');
INSERT INTO `languages` (`id`, `language`, `short_code`, `country_code`, `is_rtl`, `is_deleted`, `is_active`, `created_at`, `updated_at`) VALUES (62, 'Cebuano', 'ceb', 'ph', 0, 'no', 'no', '2019-11-20 11:59:12', '0000-00-00');
INSERT INTO `languages` (`id`, `language`, `short_code`, `country_code`, `is_rtl`, `is_deleted`, `is_active`, `created_at`, `updated_at`) VALUES (64, 'Sinhala', 'si', 'lk ', 0, 'no', 'no', '2021-01-23 07:09:32', '0000-00-00');
INSERT INTO `languages` (`id`, `language`, `short_code`, `country_code`, `is_rtl`, `is_deleted`, `is_active`, `created_at`, `updated_at`) VALUES (65, 'Slovakian', 'sk', 'sk', 0, 'no', 'no', '2019-11-20 11:24:23', '0000-00-00');
INSERT INTO `languages` (`id`, `language`, `short_code`, `country_code`, `is_rtl`, `is_deleted`, `is_active`, `created_at`, `updated_at`) VALUES (66, 'Slovenian', 'sl', 'sl', 0, 'no', 'no', '2019-11-20 11:24:23', '0000-00-00');
INSERT INTO `languages` (`id`, `language`, `short_code`, `country_code`, `is_rtl`, `is_deleted`, `is_active`, `created_at`, `updated_at`) VALUES (67, 'Swahili', 'sw', 'ke', 0, 'no', 'no', '2019-11-20 12:21:57', '0000-00-00');
INSERT INTO `languages` (`id`, `language`, `short_code`, `country_code`, `is_rtl`, `is_deleted`, `is_active`, `created_at`, `updated_at`) VALUES (68, 'Sundanese', 'su', 'sd', 0, 'no', 'no', '2019-12-03 11:06:57', '0000-00-00');
INSERT INTO `languages` (`id`, `language`, `short_code`, `country_code`, `is_rtl`, `is_deleted`, `is_active`, `created_at`, `updated_at`) VALUES (70, 'Thai', 'th', 'th', 0, 'no', 'no', '2019-11-20 11:24:23', '0000-00-00');
INSERT INTO `languages` (`id`, `language`, `short_code`, `country_code`, `is_rtl`, `is_deleted`, `is_active`, `created_at`, `updated_at`) VALUES (71, 'Tagalog', 'tl', 'tl', 0, 'no', 'no', '2019-11-20 11:24:23', '0000-00-00');
INSERT INTO `languages` (`id`, `language`, `short_code`, `country_code`, `is_rtl`, `is_deleted`, `is_active`, `created_at`, `updated_at`) VALUES (72, 'Tamil', 'ta', 'in', 0, 'no', 'no', '2019-11-20 11:40:53', '0000-00-00');
INSERT INTO `languages` (`id`, `language`, `short_code`, `country_code`, `is_rtl`, `is_deleted`, `is_active`, `created_at`, `updated_at`) VALUES (74, 'Telugu', 'te', 'in', 0, 'no', 'no', '2019-11-20 11:41:15', '0000-00-00');
INSERT INTO `languages` (`id`, `language`, `short_code`, `country_code`, `is_rtl`, `is_deleted`, `is_active`, `created_at`, `updated_at`) VALUES (75, 'Turkish', 'tr', 'tr', 0, 'no', 'no', '2019-11-20 11:24:23', '0000-00-00');
INSERT INTO `languages` (`id`, `language`, `short_code`, `country_code`, `is_rtl`, `is_deleted`, `is_active`, `created_at`, `updated_at`) VALUES (77, 'Uzbek', 'uz', 'uz', 0, 'no', 'no', '2019-11-20 11:24:23', '0000-00-00');
INSERT INTO `languages` (`id`, `language`, `short_code`, `country_code`, `is_rtl`, `is_deleted`, `is_active`, `created_at`, `updated_at`) VALUES (79, 'Urdu', 'ur', 'pk', 0, 'no', 'no', '2019-11-20 12:23:57', '0000-00-00');
INSERT INTO `languages` (`id`, `language`, `short_code`, `country_code`, `is_rtl`, `is_deleted`, `is_active`, `created_at`, `updated_at`) VALUES (80, 'Finnish', 'fi', 'fi', 0, 'no', 'no', '2019-11-20 11:24:23', '0000-00-00');
INSERT INTO `languages` (`id`, `language`, `short_code`, `country_code`, `is_rtl`, `is_deleted`, `is_active`, `created_at`, `updated_at`) VALUES (81, 'French', 'fr', 'fr', 0, 'no', 'no', '2019-11-20 11:24:23', '0000-00-00');
INSERT INTO `languages` (`id`, `language`, `short_code`, `country_code`, `is_rtl`, `is_deleted`, `is_active`, `created_at`, `updated_at`) VALUES (82, 'Hindi', 'hi', 'in', 0, 'no', 'no', '2019-11-20 11:36:34', '0000-00-00');
INSERT INTO `languages` (`id`, `language`, `short_code`, `country_code`, `is_rtl`, `is_deleted`, `is_active`, `created_at`, `updated_at`) VALUES (84, 'Czech', 'cs', 'cz', 0, 'no', 'no', '2019-11-20 12:02:36', '0000-00-00');
INSERT INTO `languages` (`id`, `language`, `short_code`, `country_code`, `is_rtl`, `is_deleted`, `is_active`, `created_at`, `updated_at`) VALUES (85, 'Swedish', 'sv', 'sv', 0, 'no', 'no', '2019-11-20 11:24:23', '0000-00-00');
INSERT INTO `languages` (`id`, `language`, `short_code`, `country_code`, `is_rtl`, `is_deleted`, `is_active`, `created_at`, `updated_at`) VALUES (86, 'Scottish', 'gd', 'gd', 0, 'no', 'no', '2019-11-20 11:24:23', '0000-00-00');
INSERT INTO `languages` (`id`, `language`, `short_code`, `country_code`, `is_rtl`, `is_deleted`, `is_active`, `created_at`, `updated_at`) VALUES (87, 'Estonian', 'et', 'et', 0, 'no', 'no', '2019-11-20 11:24:23', '0000-00-00');
INSERT INTO `languages` (`id`, `language`, `short_code`, `country_code`, `is_rtl`, `is_deleted`, `is_active`, `created_at`, `updated_at`) VALUES (88, 'Esperanto', 'eo', 'br', 0, 'no', 'no', '2019-11-21 04:49:18', '0000-00-00');
INSERT INTO `languages` (`id`, `language`, `short_code`, `country_code`, `is_rtl`, `is_deleted`, `is_active`, `created_at`, `updated_at`) VALUES (89, 'Javanese', 'jv', 'id', 0, 'no', 'no', '2019-11-20 12:18:29', '0000-00-00');
INSERT INTO `languages` (`id`, `language`, `short_code`, `country_code`, `is_rtl`, `is_deleted`, `is_active`, `created_at`, `updated_at`) VALUES (90, 'Japanese', 'ja', 'jp', 0, 'no', 'no', '2019-11-20 12:14:39', '0000-00-00');
INSERT INTO `languages` (`id`, `language`, `short_code`, `country_code`, `is_rtl`, `is_deleted`, `is_active`, `created_at`, `updated_at`) VALUES (91, 'Polish', 'pl', 'pl', 0, 'no', 'no', '2020-06-15 03:25:27', '0000-00-00');
INSERT INTO `languages` (`id`, `language`, `short_code`, `country_code`, `is_rtl`, `is_deleted`, `is_active`, `created_at`, `updated_at`) VALUES (92, 'Kurdish', 'ku', 'iq', 0, 'no', 'no', '2020-12-21 00:15:31', '0000-00-00');
INSERT INTO `languages` (`id`, `language`, `short_code`, `country_code`, `is_rtl`, `is_deleted`, `is_active`, `created_at`, `updated_at`) VALUES (93, 'Lao', 'lo', 'la', 0, 'no', 'no', '2020-12-21 00:15:36', '0000-00-00');
INSERT INTO `languages` (`id`, `language`, `short_code`, `country_code`, `is_rtl`, `is_deleted`, `is_active`, `created_at`, `updated_at`) VALUES (94, 'Croatia', 'hr', 'hr', 0, 'no', 'no', '2022-06-07 11:48:21', NULL);


#
# TABLE STRUCTURE FOR: leave_types
#


CREATE TABLE `leave_types` (
  `id` int NOT NULL AUTO_INCREMENT,
  `type` varchar(200) NOT NULL,
  `is_active` varchar(50) NOT NULL,
  PRIMARY KEY (`id`),
  UNIQUE KEY `type` (`type`)
) ENGINE=InnoDB AUTO_INCREMENT=5 DEFAULT CHARSET=utf8mb3;

INSERT INTO `leave_types` (`id`, `type`, `is_active`) VALUES (1, 'Medical Leave', 'yes');
INSERT INTO `leave_types` (`id`, `type`, `is_active`) VALUES (2, 'Casual Leave', 'yes');
INSERT INTO `leave_types` (`id`, `type`, `is_active`) VALUES (3, 'Maternity Leave', 'yes');
INSERT INTO `leave_types` (`id`, `type`, `is_active`) VALUES (4, 'Sick Leave', 'yes');


#
# TABLE STRUCTURE FOR: lesson
#


CREATE TABLE `lesson` (
  `id` int NOT NULL AUTO_INCREMENT,
  `session_id` int NOT NULL,
  `subject_group_subject_id` int NOT NULL,
  `subject_group_class_sections_id` int NOT NULL,
  `name` varchar(255) NOT NULL,
  `created_at` timestamp NOT NULL DEFAULT CURRENT_TIMESTAMP ON UPDATE CURRENT_TIMESTAMP,
  PRIMARY KEY (`id`),
  KEY `session_id` (`session_id`),
  KEY `subject_group_subject_id` (`subject_group_subject_id`),
  KEY `subject_group_class_sections_id` (`subject_group_class_sections_id`),
  CONSTRAINT `lesson_ibfk_1` FOREIGN KEY (`session_id`) REFERENCES `sessions` (`id`) ON DELETE CASCADE,
  CONSTRAINT `lesson_ibfk_2` FOREIGN KEY (`subject_group_subject_id`) REFERENCES `subject_group_subjects` (`id`) ON DELETE CASCADE,
  CONSTRAINT `lesson_ibfk_3` FOREIGN KEY (`subject_group_class_sections_id`) REFERENCES `subject_group_class_sections` (`id`) ON DELETE CASCADE
) ENGINE=InnoDB AUTO_INCREMENT=519 DEFAULT CHARSET=utf8mb3;

INSERT INTO `lesson` (`id`, `session_id`, `subject_group_subject_id`, `subject_group_class_sections_id`, `name`, `created_at`) VALUES (1, 16, 1, 1, 'Lesson - 1', '2021-03-23 10:17:03');
INSERT INTO `lesson` (`id`, `session_id`, `subject_group_subject_id`, `subject_group_class_sections_id`, `name`, `created_at`) VALUES (2, 16, 1, 1, 'Lesson - 2', '2021-03-23 10:17:03');
INSERT INTO `lesson` (`id`, `session_id`, `subject_group_subject_id`, `subject_group_class_sections_id`, `name`, `created_at`) VALUES (3, 16, 1, 1, 'Lesson - 3', '2021-03-23 10:17:03');
INSERT INTO `lesson` (`id`, `session_id`, `subject_group_subject_id`, `subject_group_class_sections_id`, `name`, `created_at`) VALUES (4, 16, 1, 1, 'Lesson - 4', '2021-03-23 10:17:03');
INSERT INTO `lesson` (`id`, `session_id`, `subject_group_subject_id`, `subject_group_class_sections_id`, `name`, `created_at`) VALUES (5, 16, 1, 1, 'Lesson - 5', '2021-03-23 10:17:03');
INSERT INTO `lesson` (`id`, `session_id`, `subject_group_subject_id`, `subject_group_class_sections_id`, `name`, `created_at`) VALUES (6, 16, 1, 1, 'English Revision', '2021-03-23 10:17:03');
INSERT INTO `lesson` (`id`, `session_id`, `subject_group_subject_id`, `subject_group_class_sections_id`, `name`, `created_at`) VALUES (7, 16, 1, 1, 'Lesson - 6', '2021-03-23 10:17:03');
INSERT INTO `lesson` (`id`, `session_id`, `subject_group_subject_id`, `subject_group_class_sections_id`, `name`, `created_at`) VALUES (8, 16, 1, 1, 'Lesson - 7', '2021-03-23 10:17:03');
INSERT INTO `lesson` (`id`, `session_id`, `subject_group_subject_id`, `subject_group_class_sections_id`, `name`, `created_at`) VALUES (9, 16, 1, 1, 'Lesson - 8', '2021-03-23 10:17:03');
INSERT INTO `lesson` (`id`, `session_id`, `subject_group_subject_id`, `subject_group_class_sections_id`, `name`, `created_at`) VALUES (10, 16, 1, 1, 'Food Requirement', '2021-03-23 10:17:03');
INSERT INTO `lesson` (`id`, `session_id`, `subject_group_subject_id`, `subject_group_class_sections_id`, `name`, `created_at`) VALUES (11, 16, 9, 3, 'Lesson - 4', '2021-03-23 10:18:09');
INSERT INTO `lesson` (`id`, `session_id`, `subject_group_subject_id`, `subject_group_class_sections_id`, `name`, `created_at`) VALUES (12, 16, 9, 3, 'Lesson - 5', '2021-03-23 10:18:09');
INSERT INTO `lesson` (`id`, `session_id`, `subject_group_subject_id`, `subject_group_class_sections_id`, `name`, `created_at`) VALUES (17, 16, 9, 3, 'Lesson -10', '2021-03-23 10:18:09');
INSERT INTO `lesson` (`id`, `session_id`, `subject_group_subject_id`, `subject_group_class_sections_id`, `name`, `created_at`) VALUES (18, 16, 10, 3, 'Lesson - 1', '2021-03-23 10:19:53');
INSERT INTO `lesson` (`id`, `session_id`, `subject_group_subject_id`, `subject_group_class_sections_id`, `name`, `created_at`) VALUES (19, 16, 10, 3, 'Lesson - 2', '2021-03-23 10:19:53');
INSERT INTO `lesson` (`id`, `session_id`, `subject_group_subject_id`, `subject_group_class_sections_id`, `name`, `created_at`) VALUES (20, 16, 10, 3, 'Lesson - 3', '2021-03-23 10:19:53');
INSERT INTO `lesson` (`id`, `session_id`, `subject_group_subject_id`, `subject_group_class_sections_id`, `name`, `created_at`) VALUES (21, 16, 10, 3, 'Lesson - 4', '2021-05-03 14:44:32');
INSERT INTO `lesson` (`id`, `session_id`, `subject_group_subject_id`, `subject_group_class_sections_id`, `name`, `created_at`) VALUES (22, 16, 10, 3, 'Lesson - 5', '2021-03-23 10:19:53');
INSERT INTO `lesson` (`id`, `session_id`, `subject_group_subject_id`, `subject_group_class_sections_id`, `name`, `created_at`) VALUES (23, 16, 10, 3, 'Lesson - 6', '2021-05-03 14:44:32');
INSERT INTO `lesson` (`id`, `session_id`, `subject_group_subject_id`, `subject_group_class_sections_id`, `name`, `created_at`) VALUES (24, 16, 10, 3, 'Lesson - 7', '2021-05-03 14:44:32');
INSERT INTO `lesson` (`id`, `session_id`, `subject_group_subject_id`, `subject_group_class_sections_id`, `name`, `created_at`) VALUES (25, 16, 10, 3, 'Lesson - 8', '2021-05-03 14:44:32');
INSERT INTO `lesson` (`id`, `session_id`, `subject_group_subject_id`, `subject_group_class_sections_id`, `name`, `created_at`) VALUES (26, 16, 5, 1, 'Lesson - 2', '2021-03-23 10:20:40');
INSERT INTO `lesson` (`id`, `session_id`, `subject_group_subject_id`, `subject_group_class_sections_id`, `name`, `created_at`) VALUES (27, 16, 5, 1, 'Lesson - 5', '2021-03-23 10:20:40');
INSERT INTO `lesson` (`id`, `session_id`, `subject_group_subject_id`, `subject_group_class_sections_id`, `name`, `created_at`) VALUES (28, 16, 5, 1, 'Lesson - 6', '2021-03-23 10:20:40');
INSERT INTO `lesson` (`id`, `session_id`, `subject_group_subject_id`, `subject_group_class_sections_id`, `name`, `created_at`) VALUES (29, 16, 5, 1, 'Lesson - 7', '2021-03-23 10:20:40');
INSERT INTO `lesson` (`id`, `session_id`, `subject_group_subject_id`, `subject_group_class_sections_id`, `name`, `created_at`) VALUES (30, 16, 7, 3, 'Lesson - 2', '2021-03-23 10:21:18');
INSERT INTO `lesson` (`id`, `session_id`, `subject_group_subject_id`, `subject_group_class_sections_id`, `name`, `created_at`) VALUES (31, 16, 7, 3, 'Lesson - 3', '2021-03-23 10:21:18');
INSERT INTO `lesson` (`id`, `session_id`, `subject_group_subject_id`, `subject_group_class_sections_id`, `name`, `created_at`) VALUES (32, 16, 7, 3, 'Lesson - 4', '2021-03-23 10:21:18');
INSERT INTO `lesson` (`id`, `session_id`, `subject_group_subject_id`, `subject_group_class_sections_id`, `name`, `created_at`) VALUES (33, 16, 7, 3, 'Lesson - 9', '2021-03-23 10:21:18');
INSERT INTO `lesson` (`id`, `session_id`, `subject_group_subject_id`, `subject_group_class_sections_id`, `name`, `created_at`) VALUES (35, 16, 1, 2, 'Lesson 1', '2021-03-23 10:58:22');
INSERT INTO `lesson` (`id`, `session_id`, `subject_group_subject_id`, `subject_group_class_sections_id`, `name`, `created_at`) VALUES (36, 16, 9, 3, 'Lesson 1', '2021-03-23 10:59:52');
INSERT INTO `lesson` (`id`, `session_id`, `subject_group_subject_id`, `subject_group_class_sections_id`, `name`, `created_at`) VALUES (37, 16, 9, 3, 'Lesson 2', '2021-03-23 10:59:52');
INSERT INTO `lesson` (`id`, `session_id`, `subject_group_subject_id`, `subject_group_class_sections_id`, `name`, `created_at`) VALUES (38, 16, 9, 3, 'Lesson 3', '2021-03-23 10:59:52');
INSERT INTO `lesson` (`id`, `session_id`, `subject_group_subject_id`, `subject_group_class_sections_id`, `name`, `created_at`) VALUES (39, 16, 9, 3, 'Lesson 4', '2021-03-23 10:59:52');
INSERT INTO `lesson` (`id`, `session_id`, `subject_group_subject_id`, `subject_group_class_sections_id`, `name`, `created_at`) VALUES (40, 16, 9, 3, 'Lesson 5', '2021-03-23 10:59:52');
INSERT INTO `lesson` (`id`, `session_id`, `subject_group_subject_id`, `subject_group_class_sections_id`, `name`, `created_at`) VALUES (41, 16, 9, 3, 'Lesson 6', '2021-03-23 10:59:52');
INSERT INTO `lesson` (`id`, `session_id`, `subject_group_subject_id`, `subject_group_class_sections_id`, `name`, `created_at`) VALUES (42, 16, 1, 2, 'Lesson 2', '2021-03-23 11:01:14');
INSERT INTO `lesson` (`id`, `session_id`, `subject_group_subject_id`, `subject_group_class_sections_id`, `name`, `created_at`) VALUES (43, 16, 1, 2, 'Lesson 3', '2021-03-23 11:01:14');
INSERT INTO `lesson` (`id`, `session_id`, `subject_group_subject_id`, `subject_group_class_sections_id`, `name`, `created_at`) VALUES (44, 16, 1, 2, 'Lesson 4', '2021-03-23 11:01:14');
INSERT INTO `lesson` (`id`, `session_id`, `subject_group_subject_id`, `subject_group_class_sections_id`, `name`, `created_at`) VALUES (45, 16, 1, 2, 'Lesson 5', '2021-03-23 11:01:26');
INSERT INTO `lesson` (`id`, `session_id`, `subject_group_subject_id`, `subject_group_class_sections_id`, `name`, `created_at`) VALUES (46, 16, 6, 1, 'Lesson 1', '2021-03-23 11:06:59');
INSERT INTO `lesson` (`id`, `session_id`, `subject_group_subject_id`, `subject_group_class_sections_id`, `name`, `created_at`) VALUES (47, 16, 6, 1, 'Lesson 2', '2021-03-23 11:06:59');
INSERT INTO `lesson` (`id`, `session_id`, `subject_group_subject_id`, `subject_group_class_sections_id`, `name`, `created_at`) VALUES (48, 16, 6, 1, 'Lesson 3', '2021-03-23 11:06:59');
INSERT INTO `lesson` (`id`, `session_id`, `subject_group_subject_id`, `subject_group_class_sections_id`, `name`, `created_at`) VALUES (49, 16, 6, 1, 'Lesson 4', '2021-03-23 11:06:59');
INSERT INTO `lesson` (`id`, `session_id`, `subject_group_subject_id`, `subject_group_class_sections_id`, `name`, `created_at`) VALUES (50, 16, 6, 1, 'Lesson 5', '2021-03-23 11:06:59');
INSERT INTO `lesson` (`id`, `session_id`, `subject_group_subject_id`, `subject_group_class_sections_id`, `name`, `created_at`) VALUES (51, 16, 3, 1, 'Lesson 1', '2021-03-23 11:13:57');
INSERT INTO `lesson` (`id`, `session_id`, `subject_group_subject_id`, `subject_group_class_sections_id`, `name`, `created_at`) VALUES (52, 16, 3, 1, 'Lesson 2', '2021-03-23 11:13:57');
INSERT INTO `lesson` (`id`, `session_id`, `subject_group_subject_id`, `subject_group_class_sections_id`, `name`, `created_at`) VALUES (53, 16, 3, 1, 'Lesson 3', '2021-03-23 11:13:57');
INSERT INTO `lesson` (`id`, `session_id`, `subject_group_subject_id`, `subject_group_class_sections_id`, `name`, `created_at`) VALUES (54, 16, 3, 1, 'Lesson 4', '2021-03-23 11:13:57');
INSERT INTO `lesson` (`id`, `session_id`, `subject_group_subject_id`, `subject_group_class_sections_id`, `name`, `created_at`) VALUES (55, 16, 12, 3, 'Lesson 2', '2021-03-23 11:17:36');
INSERT INTO `lesson` (`id`, `session_id`, `subject_group_subject_id`, `subject_group_class_sections_id`, `name`, `created_at`) VALUES (56, 16, 12, 3, 'Lesson 3', '2021-03-23 11:18:06');
INSERT INTO `lesson` (`id`, `session_id`, `subject_group_subject_id`, `subject_group_class_sections_id`, `name`, `created_at`) VALUES (57, 16, 12, 3, 'Lesson 4', '2021-03-23 11:18:06');
INSERT INTO `lesson` (`id`, `session_id`, `subject_group_subject_id`, `subject_group_class_sections_id`, `name`, `created_at`) VALUES (58, 16, 12, 3, 'Lesson 5', '2021-03-23 11:18:06');
INSERT INTO `lesson` (`id`, `session_id`, `subject_group_subject_id`, `subject_group_class_sections_id`, `name`, `created_at`) VALUES (59, 16, 12, 3, 'Lesson 6', '2021-03-23 11:18:06');
INSERT INTO `lesson` (`id`, `session_id`, `subject_group_subject_id`, `subject_group_class_sections_id`, `name`, `created_at`) VALUES (60, 16, 11, 3, 'Lesson 1', '2021-03-23 11:23:17');
INSERT INTO `lesson` (`id`, `session_id`, `subject_group_subject_id`, `subject_group_class_sections_id`, `name`, `created_at`) VALUES (61, 16, 12, 3, 'Lesson 2', '2021-03-23 11:23:57');
INSERT INTO `lesson` (`id`, `session_id`, `subject_group_subject_id`, `subject_group_class_sections_id`, `name`, `created_at`) VALUES (62, 16, 12, 3, 'Lesson 3', '2021-03-23 11:23:57');
INSERT INTO `lesson` (`id`, `session_id`, `subject_group_subject_id`, `subject_group_class_sections_id`, `name`, `created_at`) VALUES (63, 16, 12, 3, 'Lesson 4', '2021-03-23 11:23:57');
INSERT INTO `lesson` (`id`, `session_id`, `subject_group_subject_id`, `subject_group_class_sections_id`, `name`, `created_at`) VALUES (64, 16, 12, 3, 'Lesson 5', '2021-03-23 11:23:57');
INSERT INTO `lesson` (`id`, `session_id`, `subject_group_subject_id`, `subject_group_class_sections_id`, `name`, `created_at`) VALUES (65, 16, 4, 1, 'Lesson 1', '2021-03-23 11:25:04');
INSERT INTO `lesson` (`id`, `session_id`, `subject_group_subject_id`, `subject_group_class_sections_id`, `name`, `created_at`) VALUES (66, 16, 4, 1, 'Lesson 2', '2021-03-23 11:25:04');
INSERT INTO `lesson` (`id`, `session_id`, `subject_group_subject_id`, `subject_group_class_sections_id`, `name`, `created_at`) VALUES (67, 16, 4, 1, 'Lesson 3', '2021-03-23 11:25:04');
INSERT INTO `lesson` (`id`, `session_id`, `subject_group_subject_id`, `subject_group_class_sections_id`, `name`, `created_at`) VALUES (68, 16, 4, 1, 'Lesson 4', '2021-03-23 11:25:04');
INSERT INTO `lesson` (`id`, `session_id`, `subject_group_subject_id`, `subject_group_class_sections_id`, `name`, `created_at`) VALUES (69, 16, 9, 3, 'Lesson 1', '2021-03-23 11:28:12');
INSERT INTO `lesson` (`id`, `session_id`, `subject_group_subject_id`, `subject_group_class_sections_id`, `name`, `created_at`) VALUES (70, 16, 9, 3, 'Lesson 2', '2021-03-23 11:28:12');
INSERT INTO `lesson` (`id`, `session_id`, `subject_group_subject_id`, `subject_group_class_sections_id`, `name`, `created_at`) VALUES (71, 16, 9, 3, 'Lesson 3', '2021-03-23 11:28:12');
INSERT INTO `lesson` (`id`, `session_id`, `subject_group_subject_id`, `subject_group_class_sections_id`, `name`, `created_at`) VALUES (72, 16, 5, 1, 'Lessons 1', '2021-03-23 11:46:38');
INSERT INTO `lesson` (`id`, `session_id`, `subject_group_subject_id`, `subject_group_class_sections_id`, `name`, `created_at`) VALUES (73, 16, 5, 1, 'Lessons 2', '2021-03-23 11:46:38');
INSERT INTO `lesson` (`id`, `session_id`, `subject_group_subject_id`, `subject_group_class_sections_id`, `name`, `created_at`) VALUES (74, 16, 5, 1, 'Lessons 3', '2021-03-23 11:46:38');
INSERT INTO `lesson` (`id`, `session_id`, `subject_group_subject_id`, `subject_group_class_sections_id`, `name`, `created_at`) VALUES (77, 16, 3, 2, 'Lesson 1', '2021-03-23 11:54:02');
INSERT INTO `lesson` (`id`, `session_id`, `subject_group_subject_id`, `subject_group_class_sections_id`, `name`, `created_at`) VALUES (78, 16, 3, 2, 'Lesson 2', '2021-03-23 11:54:02');
INSERT INTO `lesson` (`id`, `session_id`, `subject_group_subject_id`, `subject_group_class_sections_id`, `name`, `created_at`) VALUES (79, 16, 3, 2, 'Lesson 3', '2021-03-23 11:54:02');
INSERT INTO `lesson` (`id`, `session_id`, `subject_group_subject_id`, `subject_group_class_sections_id`, `name`, `created_at`) VALUES (80, 16, 3, 2, 'Lesson 4', '2021-03-23 11:54:02');
INSERT INTO `lesson` (`id`, `session_id`, `subject_group_subject_id`, `subject_group_class_sections_id`, `name`, `created_at`) VALUES (81, 16, 4, 2, 'Pie Chart', '2021-03-23 11:57:12');
INSERT INTO `lesson` (`id`, `session_id`, `subject_group_subject_id`, `subject_group_class_sections_id`, `name`, `created_at`) VALUES (82, 16, 11, 3, 'Lesson 2', '2021-03-23 11:57:58');
INSERT INTO `lesson` (`id`, `session_id`, `subject_group_subject_id`, `subject_group_class_sections_id`, `name`, `created_at`) VALUES (83, 16, 11, 3, 'Lesson 3', '2021-03-23 11:57:58');
INSERT INTO `lesson` (`id`, `session_id`, `subject_group_subject_id`, `subject_group_class_sections_id`, `name`, `created_at`) VALUES (84, 16, 11, 3, 'Lesson 4', '2021-03-23 11:57:58');
INSERT INTO `lesson` (`id`, `session_id`, `subject_group_subject_id`, `subject_group_class_sections_id`, `name`, `created_at`) VALUES (85, 16, 4, 2, 'Lesson 1', '2021-03-23 11:59:20');
INSERT INTO `lesson` (`id`, `session_id`, `subject_group_subject_id`, `subject_group_class_sections_id`, `name`, `created_at`) VALUES (86, 16, 4, 2, 'Lesson 2', '2021-03-23 11:59:20');
INSERT INTO `lesson` (`id`, `session_id`, `subject_group_subject_id`, `subject_group_class_sections_id`, `name`, `created_at`) VALUES (87, 16, 4, 2, 'Lesson 3', '2021-03-23 11:59:20');
INSERT INTO `lesson` (`id`, `session_id`, `subject_group_subject_id`, `subject_group_class_sections_id`, `name`, `created_at`) VALUES (88, 16, 5, 2, 'Lesson 1', '2021-03-23 12:01:18');
INSERT INTO `lesson` (`id`, `session_id`, `subject_group_subject_id`, `subject_group_class_sections_id`, `name`, `created_at`) VALUES (89, 16, 5, 2, 'Lesson 2', '2021-03-23 12:01:18');
INSERT INTO `lesson` (`id`, `session_id`, `subject_group_subject_id`, `subject_group_class_sections_id`, `name`, `created_at`) VALUES (90, 16, 5, 2, 'Lesson 3', '2021-03-23 12:01:18');
INSERT INTO `lesson` (`id`, `session_id`, `subject_group_subject_id`, `subject_group_class_sections_id`, `name`, `created_at`) VALUES (91, 16, 6, 2, 'Lesson 1', '2021-03-23 12:03:27');
INSERT INTO `lesson` (`id`, `session_id`, `subject_group_subject_id`, `subject_group_class_sections_id`, `name`, `created_at`) VALUES (92, 16, 6, 2, 'Lesson 2', '2021-03-23 12:03:27');
INSERT INTO `lesson` (`id`, `session_id`, `subject_group_subject_id`, `subject_group_class_sections_id`, `name`, `created_at`) VALUES (93, 16, 6, 2, 'Lesson 3', '2021-03-23 12:03:27');
INSERT INTO `lesson` (`id`, `session_id`, `subject_group_subject_id`, `subject_group_class_sections_id`, `name`, `created_at`) VALUES (94, 16, 7, 3, 'Lesson 1 ', '2021-03-24 11:35:10');
INSERT INTO `lesson` (`id`, `session_id`, `subject_group_subject_id`, `subject_group_class_sections_id`, `name`, `created_at`) VALUES (95, 16, 7, 3, 'Lesson 2', '2021-03-24 11:35:10');
INSERT INTO `lesson` (`id`, `session_id`, `subject_group_subject_id`, `subject_group_class_sections_id`, `name`, `created_at`) VALUES (96, 16, 7, 3, 'Lesson 3', '2021-03-24 11:35:10');
INSERT INTO `lesson` (`id`, `session_id`, `subject_group_subject_id`, `subject_group_class_sections_id`, `name`, `created_at`) VALUES (97, 16, 7, 3, 'Lesson 4', '2021-03-24 11:35:10');
INSERT INTO `lesson` (`id`, `session_id`, `subject_group_subject_id`, `subject_group_class_sections_id`, `name`, `created_at`) VALUES (98, 16, 7, 3, 'Lesson 5', '2021-03-24 11:35:10');
INSERT INTO `lesson` (`id`, `session_id`, `subject_group_subject_id`, `subject_group_class_sections_id`, `name`, `created_at`) VALUES (99, 16, 7, 4, 'Lesson 1', '2021-03-24 11:36:04');
INSERT INTO `lesson` (`id`, `session_id`, `subject_group_subject_id`, `subject_group_class_sections_id`, `name`, `created_at`) VALUES (100, 16, 7, 4, 'Lesson 2', '2021-03-24 11:36:04');
INSERT INTO `lesson` (`id`, `session_id`, `subject_group_subject_id`, `subject_group_class_sections_id`, `name`, `created_at`) VALUES (101, 16, 7, 4, 'Lesson 3', '2021-03-24 11:36:04');
INSERT INTO `lesson` (`id`, `session_id`, `subject_group_subject_id`, `subject_group_class_sections_id`, `name`, `created_at`) VALUES (102, 16, 7, 4, 'Lesson 4', '2021-03-24 11:36:04');
INSERT INTO `lesson` (`id`, `session_id`, `subject_group_subject_id`, `subject_group_class_sections_id`, `name`, `created_at`) VALUES (103, 16, 9, 4, 'Lesson 1', '2021-03-24 11:42:17');
INSERT INTO `lesson` (`id`, `session_id`, `subject_group_subject_id`, `subject_group_class_sections_id`, `name`, `created_at`) VALUES (104, 16, 9, 4, 'Lesson 2', '2021-03-24 11:42:17');
INSERT INTO `lesson` (`id`, `session_id`, `subject_group_subject_id`, `subject_group_class_sections_id`, `name`, `created_at`) VALUES (105, 16, 9, 4, 'Lesson 3', '2021-03-24 11:42:17');
INSERT INTO `lesson` (`id`, `session_id`, `subject_group_subject_id`, `subject_group_class_sections_id`, `name`, `created_at`) VALUES (106, 16, 9, 4, 'Lesson 4', '2021-03-24 11:42:17');
INSERT INTO `lesson` (`id`, `session_id`, `subject_group_subject_id`, `subject_group_class_sections_id`, `name`, `created_at`) VALUES (107, 16, 9, 4, 'Lesson 1', '2021-03-24 12:53:00');
INSERT INTO `lesson` (`id`, `session_id`, `subject_group_subject_id`, `subject_group_class_sections_id`, `name`, `created_at`) VALUES (108, 16, 9, 4, 'Lesson 2', '2021-03-24 12:53:00');
INSERT INTO `lesson` (`id`, `session_id`, `subject_group_subject_id`, `subject_group_class_sections_id`, `name`, `created_at`) VALUES (109, 16, 9, 4, 'Lesson 3', '2021-03-24 12:53:00');
INSERT INTO `lesson` (`id`, `session_id`, `subject_group_subject_id`, `subject_group_class_sections_id`, `name`, `created_at`) VALUES (110, 16, 9, 4, 'Lesson 4', '2021-03-24 12:53:00');
INSERT INTO `lesson` (`id`, `session_id`, `subject_group_subject_id`, `subject_group_class_sections_id`, `name`, `created_at`) VALUES (111, 16, 10, 4, 'Lesson 1', '2021-03-24 12:55:58');
INSERT INTO `lesson` (`id`, `session_id`, `subject_group_subject_id`, `subject_group_class_sections_id`, `name`, `created_at`) VALUES (112, 16, 10, 4, 'Lesson 2', '2021-03-24 12:55:58');
INSERT INTO `lesson` (`id`, `session_id`, `subject_group_subject_id`, `subject_group_class_sections_id`, `name`, `created_at`) VALUES (113, 16, 10, 4, 'Lesson 3', '2021-03-24 12:55:58');
INSERT INTO `lesson` (`id`, `session_id`, `subject_group_subject_id`, `subject_group_class_sections_id`, `name`, `created_at`) VALUES (114, 16, 11, 4, 'Lesson 1', '2021-03-24 12:58:17');
INSERT INTO `lesson` (`id`, `session_id`, `subject_group_subject_id`, `subject_group_class_sections_id`, `name`, `created_at`) VALUES (115, 16, 11, 4, 'Lesson 2', '2021-03-24 12:58:17');
INSERT INTO `lesson` (`id`, `session_id`, `subject_group_subject_id`, `subject_group_class_sections_id`, `name`, `created_at`) VALUES (116, 16, 11, 4, 'Lesson 3', '2021-03-24 12:58:17');
INSERT INTO `lesson` (`id`, `session_id`, `subject_group_subject_id`, `subject_group_class_sections_id`, `name`, `created_at`) VALUES (117, 16, 11, 4, 'Lesson 4', '2021-03-24 12:58:17');
INSERT INTO `lesson` (`id`, `session_id`, `subject_group_subject_id`, `subject_group_class_sections_id`, `name`, `created_at`) VALUES (118, 16, 6, 1, 'Me and My Family', '2021-12-02 06:42:27');
INSERT INTO `lesson` (`id`, `session_id`, `subject_group_subject_id`, `subject_group_class_sections_id`, `name`, `created_at`) VALUES (119, 16, 12, 4, 'Lesson 2', '2021-12-02 06:43:57');
INSERT INTO `lesson` (`id`, `session_id`, `subject_group_subject_id`, `subject_group_class_sections_id`, `name`, `created_at`) VALUES (120, 16, 18, 1, 'Lesson 1', '2021-12-02 08:59:04');
INSERT INTO `lesson` (`id`, `session_id`, `subject_group_subject_id`, `subject_group_class_sections_id`, `name`, `created_at`) VALUES (121, 16, 20, 1, 'More Not', '2022-03-04 12:31:02');
INSERT INTO `lesson` (`id`, `session_id`, `subject_group_subject_id`, `subject_group_class_sections_id`, `name`, `created_at`) VALUES (122, 16, 19, 1, 'Paas And Fail', '2022-03-04 12:32:12');
INSERT INTO `lesson` (`id`, `session_id`, `subject_group_subject_id`, `subject_group_class_sections_id`, `name`, `created_at`) VALUES (123, 16, 20, 1, 'Hero Sun', '2022-03-04 12:32:36');
INSERT INTO `lesson` (`id`, `session_id`, `subject_group_subject_id`, `subject_group_class_sections_id`, `name`, `created_at`) VALUES (130, 18, 22, 8, 'झूला', '2022-03-29 12:51:03');
INSERT INTO `lesson` (`id`, `session_id`, `subject_group_subject_id`, `subject_group_class_sections_id`, `name`, `created_at`) VALUES (132, 18, 22, 8, 'आम की कहानी', '2022-03-29 12:57:42');
INSERT INTO `lesson` (`id`, `session_id`, `subject_group_subject_id`, `subject_group_class_sections_id`, `name`, `created_at`) VALUES (133, 18, 22, 8, 'आम की टोकरी', '2022-03-29 12:57:42');
INSERT INTO `lesson` (`id`, `session_id`, `subject_group_subject_id`, `subject_group_class_sections_id`, `name`, `created_at`) VALUES (138, 18, 23, 8, 'Real Numbers', '2022-03-29 12:59:08');
INSERT INTO `lesson` (`id`, `session_id`, `subject_group_subject_id`, `subject_group_class_sections_id`, `name`, `created_at`) VALUES (139, 18, 23, 8, 'Pair of Linear Equations in Two Variables', '2022-03-29 12:59:08');
INSERT INTO `lesson` (`id`, `session_id`, `subject_group_subject_id`, `subject_group_class_sections_id`, `name`, `created_at`) VALUES (144, 18, 24, 8, 'Measurement', '2022-03-29 13:01:46');
INSERT INTO `lesson` (`id`, `session_id`, `subject_group_subject_id`, `subject_group_class_sections_id`, `name`, `created_at`) VALUES (145, 18, 24, 8, 'Food Where Does It Come From', '2022-03-29 12:59:38');
INSERT INTO `lesson` (`id`, `session_id`, `subject_group_subject_id`, `subject_group_class_sections_id`, `name`, `created_at`) VALUES (149, 18, 21, 9, 'Merry-Go-Round – Circle', '2022-03-29 13:18:12');
INSERT INTO `lesson` (`id`, `session_id`, `subject_group_subject_id`, `subject_group_class_sections_id`, `name`, `created_at`) VALUES (150, 18, 21, 9, 'If I Were an Apple – Our Tree', '2022-03-29 13:18:12');
INSERT INTO `lesson` (`id`, `session_id`, `subject_group_subject_id`, `subject_group_class_sections_id`, `name`, `created_at`) VALUES (153, 18, 22, 9, 'एक बुढ़िया', '2022-03-29 13:19:00');
INSERT INTO `lesson` (`id`, `session_id`, `subject_group_subject_id`, `subject_group_class_sections_id`, `name`, `created_at`) VALUES (154, 18, 22, 9, 'मैं भी', '2022-03-29 13:19:00');
INSERT INTO `lesson` (`id`, `session_id`, `subject_group_subject_id`, `subject_group_class_sections_id`, `name`, `created_at`) VALUES (158, 18, 23, 9, 'Mental Arithmetic', '2022-03-29 13:20:01');
INSERT INTO `lesson` (`id`, `session_id`, `subject_group_subject_id`, `subject_group_class_sections_id`, `name`, `created_at`) VALUES (159, 18, 23, 9, 'Numbers from 21– 99', '2022-03-29 13:20:01');
INSERT INTO `lesson` (`id`, `session_id`, `subject_group_subject_id`, `subject_group_class_sections_id`, `name`, `created_at`) VALUES (162, 18, 25, 9, 'Fruits and Vegetables', '2022-03-29 13:21:04');
INSERT INTO `lesson` (`id`, `session_id`, `subject_group_subject_id`, `subject_group_class_sections_id`, `name`, `created_at`) VALUES (163, 18, 25, 9, 'Hide and Seek', '2022-03-29 13:21:04');
INSERT INTO `lesson` (`id`, `session_id`, `subject_group_subject_id`, `subject_group_class_sections_id`, `name`, `created_at`) VALUES (166, 18, 21, 10, 'PATTERN', '2022-03-29 13:45:56');
INSERT INTO `lesson` (`id`, `session_id`, `subject_group_subject_id`, `subject_group_class_sections_id`, `name`, `created_at`) VALUES (167, 18, 21, 10, 'Once I Saw a Little Bird – Mittu and the Yellow Mango', '2022-03-29 13:45:56');
INSERT INTO `lesson` (`id`, `session_id`, `subject_group_subject_id`, `subject_group_class_sections_id`, `name`, `created_at`) VALUES (169, 18, 22, 10, 'खजाने की खोज', '2022-03-30 04:35:07');
INSERT INTO `lesson` (`id`, `session_id`, `subject_group_subject_id`, `subject_group_class_sections_id`, `name`, `created_at`) VALUES (170, 18, 27, 11, 'Lost Spring ', '2022-03-30 04:48:43');
INSERT INTO `lesson` (`id`, `session_id`, `subject_group_subject_id`, `subject_group_class_sections_id`, `name`, `created_at`) VALUES (171, 18, 27, 12, 'Teamwork', '2022-03-30 04:49:52');
INSERT INTO `lesson` (`id`, `session_id`, `subject_group_subject_id`, `subject_group_class_sections_id`, `name`, `created_at`) VALUES (172, 18, 27, 13, 'Teamwork ', '2022-03-30 04:50:15');
INSERT INTO `lesson` (`id`, `session_id`, `subject_group_subject_id`, `subject_group_class_sections_id`, `name`, `created_at`) VALUES (173, 18, 27, 13, 'Teamwork part 2', '2022-03-30 04:50:15');
INSERT INTO `lesson` (`id`, `session_id`, `subject_group_subject_id`, `subject_group_class_sections_id`, `name`, `created_at`) VALUES (174, 18, 36, 14, 'Nina and the baby sparrows', '2022-03-30 04:52:33');
INSERT INTO `lesson` (`id`, `session_id`, `subject_group_subject_id`, `subject_group_class_sections_id`, `name`, `created_at`) VALUES (175, 18, 36, 14, ' The baby sparrow chapter 2', '2022-03-30 04:52:33');
INSERT INTO `lesson` (`id`, `session_id`, `subject_group_subject_id`, `subject_group_class_sections_id`, `name`, `created_at`) VALUES (176, 18, 36, 15, 'A SMILE', '2022-03-30 04:53:08');
INSERT INTO `lesson` (`id`, `session_id`, `subject_group_subject_id`, `subject_group_class_sections_id`, `name`, `created_at`) VALUES (177, 18, 45, 16, 'A SMILE', '2022-03-30 04:53:25');
INSERT INTO `lesson` (`id`, `session_id`, `subject_group_subject_id`, `subject_group_class_sections_id`, `name`, `created_at`) VALUES (178, 18, 28, 11, 'ऊँट चला', '2022-03-30 05:07:41');
INSERT INTO `lesson` (`id`, `session_id`, `subject_group_subject_id`, `subject_group_class_sections_id`, `name`, `created_at`) VALUES (179, 18, 29, 11, 'Counting in groups', '2022-03-30 05:08:49');
INSERT INTO `lesson` (`id`, `session_id`, `subject_group_subject_id`, `subject_group_class_sections_id`, `name`, `created_at`) VALUES (180, 18, 30, 12, 'Our Earth', '2022-03-30 05:09:53');
INSERT INTO `lesson` (`id`, `session_id`, `subject_group_subject_id`, `subject_group_class_sections_id`, `name`, `created_at`) VALUES (181, 18, 28, 12, 'दोस्त की मदद', '2022-03-30 05:11:06');
INSERT INTO `lesson` (`id`, `session_id`, `subject_group_subject_id`, `subject_group_class_sections_id`, `name`, `created_at`) VALUES (182, 18, 38, 14, 'Fun With Numbers', '2022-03-30 05:12:07');
INSERT INTO `lesson` (`id`, `session_id`, `subject_group_subject_id`, `subject_group_class_sections_id`, `name`, `created_at`) VALUES (183, 18, 30, 11, 'Our Environment', '2022-03-30 05:17:31');
INSERT INTO `lesson` (`id`, `session_id`, `subject_group_subject_id`, `subject_group_class_sections_id`, `name`, `created_at`) VALUES (184, 18, 23, 10, 'Shapes', '2022-03-30 05:27:08');
INSERT INTO `lesson` (`id`, `session_id`, `subject_group_subject_id`, `subject_group_class_sections_id`, `name`, `created_at`) VALUES (185, 18, 25, 10, 'Early Humans', '2022-03-30 05:42:31');
INSERT INTO `lesson` (`id`, `session_id`, `subject_group_subject_id`, `subject_group_class_sections_id`, `name`, `created_at`) VALUES (186, 18, 27, 11, 'First Day at School', '2022-03-30 06:17:55');
INSERT INTO `lesson` (`id`, `session_id`, `subject_group_subject_id`, `subject_group_class_sections_id`, `name`, `created_at`) VALUES (191, 18, 27, 12, 'Rain', '2022-03-30 06:18:34');
INSERT INTO `lesson` (`id`, `session_id`, `subject_group_subject_id`, `subject_group_class_sections_id`, `name`, `created_at`) VALUES (195, 18, 28, 11, 'दोस्त की मदद', '2022-03-30 06:21:06');
INSERT INTO `lesson` (`id`, `session_id`, `subject_group_subject_id`, `subject_group_class_sections_id`, `name`, `created_at`) VALUES (200, 18, 22, 10, ' बस के नीचे बाघ', '2022-03-30 06:21:32');
INSERT INTO `lesson` (`id`, `session_id`, `subject_group_subject_id`, `subject_group_class_sections_id`, `name`, `created_at`) VALUES (203, 18, 28, 12, ' तितली और कली', '2022-03-30 06:21:58');
INSERT INTO `lesson` (`id`, `session_id`, `subject_group_subject_id`, `subject_group_class_sections_id`, `name`, `created_at`) VALUES (213, 18, 35, 11, 'Typology', '2022-03-30 06:28:04');
INSERT INTO `lesson` (`id`, `session_id`, `subject_group_subject_id`, `subject_group_class_sections_id`, `name`, `created_at`) VALUES (214, 18, 35, 11, 'Literary Texts and Long Reading', '2022-03-30 06:28:04');
INSERT INTO `lesson` (`id`, `session_id`, `subject_group_subject_id`, `subject_group_class_sections_id`, `name`, `created_at`) VALUES (222, 18, 31, 11, 'Indian Ancient', '2022-12-03 11:51:13');
INSERT INTO `lesson` (`id`, `session_id`, `subject_group_subject_id`, `subject_group_class_sections_id`, `name`, `created_at`) VALUES (223, 18, 31, 11, 'Global Warming', '2022-12-03 11:51:33');
INSERT INTO `lesson` (`id`, `session_id`, `subject_group_subject_id`, `subject_group_class_sections_id`, `name`, `created_at`) VALUES (224, 18, 31, 11, 'Solid and Gas', '2022-12-03 11:51:50');
INSERT INTO `lesson` (`id`, `session_id`, `subject_group_subject_id`, `subject_group_class_sections_id`, `name`, `created_at`) VALUES (225, 18, 34, 11, 'Introduction Computer', '2022-12-03 11:57:09');
INSERT INTO `lesson` (`id`, `session_id`, `subject_group_subject_id`, `subject_group_class_sections_id`, `name`, `created_at`) VALUES (226, 18, 34, 11, 'Types Of Computer Branch', '2022-12-03 11:57:43');
INSERT INTO `lesson` (`id`, `session_id`, `subject_group_subject_id`, `subject_group_class_sections_id`, `name`, `created_at`) VALUES (227, 18, 33, 11, 'School Events', '2022-12-03 11:59:51');
INSERT INTO `lesson` (`id`, `session_id`, `subject_group_subject_id`, `subject_group_class_sections_id`, `name`, `created_at`) VALUES (228, 18, 33, 11, 'Festivals', '2022-12-03 11:59:51');
INSERT INTO `lesson` (`id`, `session_id`, `subject_group_subject_id`, `subject_group_class_sections_id`, `name`, `created_at`) VALUES (229, 18, 32, 11, 'Beginner and Intermediate ', '2022-12-03 12:02:58');
INSERT INTO `lesson` (`id`, `session_id`, `subject_group_subject_id`, `subject_group_class_sections_id`, `name`, `created_at`) VALUES (230, 18, 32, 11, 'Chapter 2', '2022-12-03 12:02:58');
INSERT INTO `lesson` (`id`, `session_id`, `subject_group_subject_id`, `subject_group_class_sections_id`, `name`, `created_at`) VALUES (233, 18, 38, 14, 'Counting in groups', '2023-01-18 09:42:49');
INSERT INTO `lesson` (`id`, `session_id`, `subject_group_subject_id`, `subject_group_class_sections_id`, `name`, `created_at`) VALUES (235, 18, 45, 16, 'Lost Spring ', '2023-01-18 09:43:15');
INSERT INTO `lesson` (`id`, `session_id`, `subject_group_subject_id`, `subject_group_class_sections_id`, `name`, `created_at`) VALUES (237, 18, 26, 8, 'Lesson - 6', '2023-02-06 05:41:02');
INSERT INTO `lesson` (`id`, `session_id`, `subject_group_subject_id`, `subject_group_class_sections_id`, `name`, `created_at`) VALUES (242, 18, 29, 13, 'Lesson - 1', '2023-02-06 06:53:07');
INSERT INTO `lesson` (`id`, `session_id`, `subject_group_subject_id`, `subject_group_class_sections_id`, `name`, `created_at`) VALUES (243, 18, 29, 13, 'Lesson - 1', '2023-02-06 06:53:07');
INSERT INTO `lesson` (`id`, `session_id`, `subject_group_subject_id`, `subject_group_class_sections_id`, `name`, `created_at`) VALUES (261, 19, 54, 19, 'Identify the learning objectives', '2023-03-29 06:07:00');
INSERT INTO `lesson` (`id`, `session_id`, `subject_group_subject_id`, `subject_group_class_sections_id`, `name`, `created_at`) VALUES (263, 19, 54, 19, 'Three Little Pigs', '2023-03-29 06:07:00');
INSERT INTO `lesson` (`id`, `session_id`, `subject_group_subject_id`, `subject_group_class_sections_id`, `name`, `created_at`) VALUES (266, 19, 55, 19, 'झूला', '2023-03-29 06:08:39');
INSERT INTO `lesson` (`id`, `session_id`, `subject_group_subject_id`, `subject_group_class_sections_id`, `name`, `created_at`) VALUES (267, 19, 55, 19, 'आम की कहानी', '2023-03-29 06:08:39');
INSERT INTO `lesson` (`id`, `session_id`, `subject_group_subject_id`, `subject_group_class_sections_id`, `name`, `created_at`) VALUES (271, 19, 56, 19, 'Real Numbers', '2023-03-29 06:10:31');
INSERT INTO `lesson` (`id`, `session_id`, `subject_group_subject_id`, `subject_group_class_sections_id`, `name`, `created_at`) VALUES (272, 19, 56, 19, 'Quadratic Equations', '2023-03-29 06:10:31');
INSERT INTO `lesson` (`id`, `session_id`, `subject_group_subject_id`, `subject_group_class_sections_id`, `name`, `created_at`) VALUES (276, 19, 57, 19, 'Measurement', '2023-03-29 06:14:09');
INSERT INTO `lesson` (`id`, `session_id`, `subject_group_subject_id`, `subject_group_class_sections_id`, `name`, `created_at`) VALUES (277, 19, 57, 19, 'Food Where Does It Come From', '2023-03-29 06:14:09');
INSERT INTO `lesson` (`id`, `session_id`, `subject_group_subject_id`, `subject_group_class_sections_id`, `name`, `created_at`) VALUES (280, 19, 60, 22, 'First Day at School', '2023-03-29 06:15:26');
INSERT INTO `lesson` (`id`, `session_id`, `subject_group_subject_id`, `subject_group_class_sections_id`, `name`, `created_at`) VALUES (281, 19, 60, 22, 'The Wind and the Sun', '2023-03-29 06:15:26');
INSERT INTO `lesson` (`id`, `session_id`, `subject_group_subject_id`, `subject_group_class_sections_id`, `name`, `created_at`) VALUES (285, 19, 61, 22, 'दोस्त की मदद', '2023-03-29 06:16:38');
INSERT INTO `lesson` (`id`, `session_id`, `subject_group_subject_id`, `subject_group_class_sections_id`, `name`, `created_at`) VALUES (286, 19, 61, 22, 'मेरी किताब', '2023-03-29 06:16:38');
INSERT INTO `lesson` (`id`, `session_id`, `subject_group_subject_id`, `subject_group_class_sections_id`, `name`, `created_at`) VALUES (289, 19, 62, 22, 'Counting in groups', '2023-03-29 06:18:14');
INSERT INTO `lesson` (`id`, `session_id`, `subject_group_subject_id`, `subject_group_class_sections_id`, `name`, `created_at`) VALUES (290, 19, 62, 22, 'Counting in Tens', '2023-03-29 06:18:14');
INSERT INTO `lesson` (`id`, `session_id`, `subject_group_subject_id`, `subject_group_class_sections_id`, `name`, `created_at`) VALUES (293, 19, 63, 22, 'Our Environment', '2023-03-29 06:26:13');
INSERT INTO `lesson` (`id`, `session_id`, `subject_group_subject_id`, `subject_group_class_sections_id`, `name`, `created_at`) VALUES (294, 19, 63, 22, 'Global Warming', '2023-03-29 06:26:13');
INSERT INTO `lesson` (`id`, `session_id`, `subject_group_subject_id`, `subject_group_class_sections_id`, `name`, `created_at`) VALUES (295, 19, 64, 22, ' The Basic introduction of art ', '2023-03-29 06:27:22');
INSERT INTO `lesson` (`id`, `session_id`, `subject_group_subject_id`, `subject_group_class_sections_id`, `name`, `created_at`) VALUES (296, 19, 68, 26, 'Fun With Numbers', '2023-03-29 06:28:10');
INSERT INTO `lesson` (`id`, `session_id`, `subject_group_subject_id`, `subject_group_class_sections_id`, `name`, `created_at`) VALUES (297, 19, 68, 26, 'Counting in groups', '2023-03-29 06:28:10');
INSERT INTO `lesson` (`id`, `session_id`, `subject_group_subject_id`, `subject_group_class_sections_id`, `name`, `created_at`) VALUES (299, 19, 66, 26, 'Nina and the baby sparrows', '2023-03-29 06:30:04');
INSERT INTO `lesson` (`id`, `session_id`, `subject_group_subject_id`, `subject_group_class_sections_id`, `name`, `created_at`) VALUES (300, 19, 66, 26, 'The baby sparrow chapter 2', '2023-03-29 06:30:04');
INSERT INTO `lesson` (`id`, `session_id`, `subject_group_subject_id`, `subject_group_class_sections_id`, `name`, `created_at`) VALUES (304, 19, 69, 26, 'Games We Play', '2023-03-29 06:34:22');
INSERT INTO `lesson` (`id`, `session_id`, `subject_group_subject_id`, `subject_group_class_sections_id`, `name`, `created_at`) VALUES (305, 19, 69, 26, 'Flying High', '2023-03-29 06:34:22');
INSERT INTO `lesson` (`id`, `session_id`, `subject_group_subject_id`, `subject_group_class_sections_id`, `name`, `created_at`) VALUES (308, 19, 55, 20, 'एक बुढ़िया', '2023-03-29 06:40:25');
INSERT INTO `lesson` (`id`, `session_id`, `subject_group_subject_id`, `subject_group_class_sections_id`, `name`, `created_at`) VALUES (309, 19, 55, 20, 'लालू और पीलू', '2023-03-29 06:40:25');
INSERT INTO `lesson` (`id`, `session_id`, `subject_group_subject_id`, `subject_group_class_sections_id`, `name`, `created_at`) VALUES (310, 19, 67, 26, 'अक्ल बड़ी या भैंस', '2023-03-29 06:42:49');
INSERT INTO `lesson` (`id`, `session_id`, `subject_group_subject_id`, `subject_group_class_sections_id`, `name`, `created_at`) VALUES (311, 19, 67, 26, 'चाँद वाली अम्मा', '2023-03-29 06:42:49');
INSERT INTO `lesson` (`id`, `session_id`, `subject_group_subject_id`, `subject_group_class_sections_id`, `name`, `created_at`) VALUES (314, 19, 76, 30, 'सबसे अच्छा पेड़', '2023-03-29 06:44:12');
INSERT INTO `lesson` (`id`, `session_id`, `subject_group_subject_id`, `subject_group_class_sections_id`, `name`, `created_at`) VALUES (315, 19, 76, 30, 'मन के भोले-भाले बादल', '2023-03-29 06:44:12');
INSERT INTO `lesson` (`id`, `session_id`, `subject_group_subject_id`, `subject_group_class_sections_id`, `name`, `created_at`) VALUES (318, 19, 54, 21, 'Clap, Clap, Clap', '2023-03-29 06:44:54');
INSERT INTO `lesson` (`id`, `session_id`, `subject_group_subject_id`, `subject_group_class_sections_id`, `name`, `created_at`) VALUES (319, 19, 54, 21, 'PATTERN', '2023-03-29 06:44:54');
INSERT INTO `lesson` (`id`, `session_id`, `subject_group_subject_id`, `subject_group_class_sections_id`, `name`, `created_at`) VALUES (322, 19, 61, 23, 'मेरी किताब', '2023-03-29 06:46:11');
INSERT INTO `lesson` (`id`, `session_id`, `subject_group_subject_id`, `subject_group_class_sections_id`, `name`, `created_at`) VALUES (323, 19, 61, 23, 'बहुत हुआ', '2023-03-29 06:46:11');
INSERT INTO `lesson` (`id`, `session_id`, `subject_group_subject_id`, `subject_group_class_sections_id`, `name`, `created_at`) VALUES (324, 19, 61, 23, 'दोस्त की मदद', '2023-03-29 06:46:11');
INSERT INTO `lesson` (`id`, `session_id`, `subject_group_subject_id`, `subject_group_class_sections_id`, `name`, `created_at`) VALUES (325, 19, 75, 30, 'Alarm Clock ', '2023-03-29 06:46:18');
INSERT INTO `lesson` (`id`, `session_id`, `subject_group_subject_id`, `subject_group_class_sections_id`, `name`, `created_at`) VALUES (326, 19, 75, 30, 'Alice in Wonderland', '2023-03-29 06:46:18');
INSERT INTO `lesson` (`id`, `session_id`, `subject_group_subject_id`, `subject_group_class_sections_id`, `name`, `created_at`) VALUES (329, 19, 62, 24, 'Lesson - 1', '2023-03-29 06:46:52');
INSERT INTO `lesson` (`id`, `session_id`, `subject_group_subject_id`, `subject_group_class_sections_id`, `name`, `created_at`) VALUES (330, 19, 62, 24, 'Lesson - 2', '2023-03-29 06:46:52');
INSERT INTO `lesson` (`id`, `session_id`, `subject_group_subject_id`, `subject_group_class_sections_id`, `name`, `created_at`) VALUES (331, 19, 77, 30, 'Play With Patterns', '2023-03-29 06:47:50');
INSERT INTO `lesson` (`id`, `session_id`, `subject_group_subject_id`, `subject_group_class_sections_id`, `name`, `created_at`) VALUES (332, 19, 77, 30, 'Long and Short ', '2023-03-29 06:47:50');
INSERT INTO `lesson` (`id`, `session_id`, `subject_group_subject_id`, `subject_group_class_sections_id`, `name`, `created_at`) VALUES (333, 19, 77, 30, 'Quarters Play ', '2023-03-29 06:47:50');
INSERT INTO `lesson` (`id`, `session_id`, `subject_group_subject_id`, `subject_group_class_sections_id`, `name`, `created_at`) VALUES (334, 19, 61, 25, 'एक्की-दोक्की', '2023-03-29 06:48:01');
INSERT INTO `lesson` (`id`, `session_id`, `subject_group_subject_id`, `subject_group_class_sections_id`, `name`, `created_at`) VALUES (335, 19, 61, 25, 'बुलबुल', '2023-03-29 06:48:01');
INSERT INTO `lesson` (`id`, `session_id`, `subject_group_subject_id`, `subject_group_class_sections_id`, `name`, `created_at`) VALUES (338, 19, 66, 27, 'A SMILE', '2023-03-29 06:49:08');
INSERT INTO `lesson` (`id`, `session_id`, `subject_group_subject_id`, `subject_group_class_sections_id`, `name`, `created_at`) VALUES (339, 19, 67, 29, 'सूरज जल्दी आना जी', '2023-03-29 06:49:28');
INSERT INTO `lesson` (`id`, `session_id`, `subject_group_subject_id`, `subject_group_class_sections_id`, `name`, `created_at`) VALUES (342, 19, 78, 31, 'Our Environment', '2023-03-29 06:50:23');
INSERT INTO `lesson` (`id`, `session_id`, `subject_group_subject_id`, `subject_group_class_sections_id`, `name`, `created_at`) VALUES (343, 19, 75, 32, 'Teamwork part 2', '2023-03-29 06:50:48');
INSERT INTO `lesson` (`id`, `session_id`, `subject_group_subject_id`, `subject_group_class_sections_id`, `name`, `created_at`) VALUES (344, 19, 75, 32, 'Teamwork', '2023-03-29 06:50:48');
INSERT INTO `lesson` (`id`, `session_id`, `subject_group_subject_id`, `subject_group_class_sections_id`, `name`, `created_at`) VALUES (345, 19, 77, 33, 'Counting in Tens', '2023-03-29 06:51:34');
INSERT INTO `lesson` (`id`, `session_id`, `subject_group_subject_id`, `subject_group_class_sections_id`, `name`, `created_at`) VALUES (346, 19, 77, 33, 'Patterns', '2023-03-29 06:51:34');
INSERT INTO `lesson` (`id`, `session_id`, `subject_group_subject_id`, `subject_group_class_sections_id`, `name`, `created_at`) VALUES (347, 19, 79, 30, 'Globes and Maps.', '2023-03-29 06:55:17');
INSERT INTO `lesson` (`id`, `session_id`, `subject_group_subject_id`, `subject_group_class_sections_id`, `name`, `created_at`) VALUES (348, 19, 79, 30, 'The Climate Of India.', '2023-03-29 06:55:17');
INSERT INTO `lesson` (`id`, `session_id`, `subject_group_subject_id`, `subject_group_class_sections_id`, `name`, `created_at`) VALUES (351, 19, 70, 26, 'The Earth – An Introduction.', '2023-03-29 12:59:30');
INSERT INTO `lesson` (`id`, `session_id`, `subject_group_subject_id`, `subject_group_class_sections_id`, `name`, `created_at`) VALUES (352, 19, 70, 26, 'The Environment – An Introduction.', '2023-03-29 12:59:30');
INSERT INTO `lesson` (`id`, `session_id`, `subject_group_subject_id`, `subject_group_class_sections_id`, `name`, `created_at`) VALUES (355, 19, 54, 20, 'A Little Turtle', '2023-09-05 07:20:10');
INSERT INTO `lesson` (`id`, `session_id`, `subject_group_subject_id`, `subject_group_class_sections_id`, `name`, `created_at`) VALUES (356, 19, 56, 20, 'Numbers form One to Nine', '2023-03-31 06:09:56');
INSERT INTO `lesson` (`id`, `session_id`, `subject_group_subject_id`, `subject_group_class_sections_id`, `name`, `created_at`) VALUES (357, 19, 54, 21, 'Hide and Seek', '2023-03-31 06:28:49');
INSERT INTO `lesson` (`id`, `session_id`, `subject_group_subject_id`, `subject_group_class_sections_id`, `name`, `created_at`) VALUES (358, 19, 56, 21, 'Numbers from Ten to Twenty', '2023-03-31 06:32:12');
INSERT INTO `lesson` (`id`, `session_id`, `subject_group_subject_id`, `subject_group_class_sections_id`, `name`, `created_at`) VALUES (359, 19, 62, 23, ' Data Handing', '2023-03-31 06:34:56');
INSERT INTO `lesson` (`id`, `session_id`, `subject_group_subject_id`, `subject_group_class_sections_id`, `name`, `created_at`) VALUES (360, 19, 60, 24, 'Bubbles', '2023-03-31 06:46:24');
INSERT INTO `lesson` (`id`, `session_id`, `subject_group_subject_id`, `subject_group_class_sections_id`, `name`, `created_at`) VALUES (361, 19, 62, 24, 'Measurement', '2023-03-31 06:52:14');
INSERT INTO `lesson` (`id`, `session_id`, `subject_group_subject_id`, `subject_group_class_sections_id`, `name`, `created_at`) VALUES (362, 19, 66, 27, 'Lost Spring ', '2023-03-31 07:38:59');
INSERT INTO `lesson` (`id`, `session_id`, `subject_group_subject_id`, `subject_group_class_sections_id`, `name`, `created_at`) VALUES (363, 19, 66, 27, 'Lost Spring ', '2023-03-31 07:38:59');
INSERT INTO `lesson` (`id`, `session_id`, `subject_group_subject_id`, `subject_group_class_sections_id`, `name`, `created_at`) VALUES (364, 19, 62, 23, 'Counting in groups', '2023-03-31 07:41:16');
INSERT INTO `lesson` (`id`, `session_id`, `subject_group_subject_id`, `subject_group_class_sections_id`, `name`, `created_at`) VALUES (365, 19, 62, 23, 'Counting in groups', '2023-03-31 07:41:16');
INSERT INTO `lesson` (`id`, `session_id`, `subject_group_subject_id`, `subject_group_class_sections_id`, `name`, `created_at`) VALUES (366, 19, 71, 26, 'The Basic introduction of art', '2023-03-31 13:01:24');
INSERT INTO `lesson` (`id`, `session_id`, `subject_group_subject_id`, `subject_group_class_sections_id`, `name`, `created_at`) VALUES (367, 19, 73, 26, 'The Environment ', '2023-03-31 13:03:07');
INSERT INTO `lesson` (`id`, `session_id`, `subject_group_subject_id`, `subject_group_class_sections_id`, `name`, `created_at`) VALUES (368, 19, 72, 26, 'Basics of Computers', '2023-03-31 13:04:52');
INSERT INTO `lesson` (`id`, `session_id`, `subject_group_subject_id`, `subject_group_class_sections_id`, `name`, `created_at`) VALUES (369, 19, 57, 20, 'Human Body', '2023-04-03 05:47:52');
INSERT INTO `lesson` (`id`, `session_id`, `subject_group_subject_id`, `subject_group_class_sections_id`, `name`, `created_at`) VALUES (370, 19, 57, 20, 'Chapter 2', '2023-04-03 05:47:52');
INSERT INTO `lesson` (`id`, `session_id`, `subject_group_subject_id`, `subject_group_class_sections_id`, `name`, `created_at`) VALUES (371, 19, 57, 21, 'Acids Bases and Salts', '2023-04-03 05:58:18');
INSERT INTO `lesson` (`id`, `session_id`, `subject_group_subject_id`, `subject_group_class_sections_id`, `name`, `created_at`) VALUES (372, 19, 57, 21, 'Lesson 2', '2023-04-03 05:58:18');
INSERT INTO `lesson` (`id`, `session_id`, `subject_group_subject_id`, `subject_group_class_sections_id`, `name`, `created_at`) VALUES (373, 19, 55, 21, 'दोस्त की मदद', '2023-04-03 06:09:22');
INSERT INTO `lesson` (`id`, `session_id`, `subject_group_subject_id`, `subject_group_class_sections_id`, `name`, `created_at`) VALUES (387, 20, 126, 57, 'First Day at School', '2024-04-02 10:10:59');
INSERT INTO `lesson` (`id`, `session_id`, `subject_group_subject_id`, `subject_group_class_sections_id`, `name`, `created_at`) VALUES (388, 20, 126, 57, 'The Wind and the Sun', '2024-04-02 10:10:59');
INSERT INTO `lesson` (`id`, `session_id`, `subject_group_subject_id`, `subject_group_class_sections_id`, `name`, `created_at`) VALUES (389, 20, 126, 57, 'Storm in the Garden', '2024-04-02 10:10:59');
INSERT INTO `lesson` (`id`, `session_id`, `subject_group_subject_id`, `subject_group_class_sections_id`, `name`, `created_at`) VALUES (390, 20, 126, 57, 'The Grasshopper and the Ant', '2024-04-02 10:10:59');
INSERT INTO `lesson` (`id`, `session_id`, `subject_group_subject_id`, `subject_group_class_sections_id`, `name`, `created_at`) VALUES (391, 20, 126, 57, 'Rain', '2024-04-02 10:10:59');
INSERT INTO `lesson` (`id`, `session_id`, `subject_group_subject_id`, `subject_group_class_sections_id`, `name`, `created_at`) VALUES (392, 20, 126, 57, 'A Smile', '2024-04-02 10:10:59');
INSERT INTO `lesson` (`id`, `session_id`, `subject_group_subject_id`, `subject_group_class_sections_id`, `name`, `created_at`) VALUES (393, 20, 126, 58, 'A Smile', '2024-04-02 10:11:44');
INSERT INTO `lesson` (`id`, `session_id`, `subject_group_subject_id`, `subject_group_class_sections_id`, `name`, `created_at`) VALUES (394, 20, 126, 58, 'Haldis Adventure', '2024-04-02 10:11:44');
INSERT INTO `lesson` (`id`, `session_id`, `subject_group_subject_id`, `subject_group_class_sections_id`, `name`, `created_at`) VALUES (395, 20, 126, 58, 'Curlylocks and the Three Bears', '2024-04-02 10:11:44');
INSERT INTO `lesson` (`id`, `session_id`, `subject_group_subject_id`, `subject_group_class_sections_id`, `name`, `created_at`) VALUES (396, 20, 126, 59, 'Curlylocks and the Three Bears', '2024-04-02 10:12:15');
INSERT INTO `lesson` (`id`, `session_id`, `subject_group_subject_id`, `subject_group_class_sections_id`, `name`, `created_at`) VALUES (397, 20, 126, 59, 'The Magic Porridge Pot', '2024-04-02 10:12:15');
INSERT INTO `lesson` (`id`, `session_id`, `subject_group_subject_id`, `subject_group_class_sections_id`, `name`, `created_at`) VALUES (398, 20, 126, 59, 'The Grasshopper and the Ant', '2024-04-02 10:12:15');
INSERT INTO `lesson` (`id`, `session_id`, `subject_group_subject_id`, `subject_group_class_sections_id`, `name`, `created_at`) VALUES (399, 20, 118, 53, 'Nina and the Baby Sparrows', '2024-04-02 10:15:19');
INSERT INTO `lesson` (`id`, `session_id`, `subject_group_subject_id`, `subject_group_class_sections_id`, `name`, `created_at`) VALUES (400, 20, 118, 53, 'Sea Song', '2024-04-02 10:15:19');
INSERT INTO `lesson` (`id`, `session_id`, `subject_group_subject_id`, `subject_group_class_sections_id`, `name`, `created_at`) VALUES (401, 20, 118, 53, 'The Balloon Man', '2024-04-02 10:15:19');
INSERT INTO `lesson` (`id`, `session_id`, `subject_group_subject_id`, `subject_group_class_sections_id`, `name`, `created_at`) VALUES (402, 20, 118, 53, 'Trains', '2024-04-02 10:15:19');
INSERT INTO `lesson` (`id`, `session_id`, `subject_group_subject_id`, `subject_group_class_sections_id`, `name`, `created_at`) VALUES (403, 20, 118, 53, 'What’s in the Mailbox?', '2024-04-02 10:15:19');
INSERT INTO `lesson` (`id`, `session_id`, `subject_group_subject_id`, `subject_group_class_sections_id`, `name`, `created_at`) VALUES (404, 20, 118, 54, 'The Balloon Man', '2024-04-02 10:17:11');
INSERT INTO `lesson` (`id`, `session_id`, `subject_group_subject_id`, `subject_group_class_sections_id`, `name`, `created_at`) VALUES (405, 20, 118, 54, 'Sea Song', '2024-04-02 10:17:11');
INSERT INTO `lesson` (`id`, `session_id`, `subject_group_subject_id`, `subject_group_class_sections_id`, `name`, `created_at`) VALUES (406, 20, 118, 54, 'Curlylocks and the Three Bears', '2024-04-02 10:17:11');
INSERT INTO `lesson` (`id`, `session_id`, `subject_group_subject_id`, `subject_group_class_sections_id`, `name`, `created_at`) VALUES (407, 20, 118, 55, 'Curlylocks and the Three Bears', '2024-04-02 10:17:36');
INSERT INTO `lesson` (`id`, `session_id`, `subject_group_subject_id`, `subject_group_class_sections_id`, `name`, `created_at`) VALUES (408, 20, 118, 55, 'The Balloon Man', '2024-04-02 10:17:36');
INSERT INTO `lesson` (`id`, `session_id`, `subject_group_subject_id`, `subject_group_class_sections_id`, `name`, `created_at`) VALUES (409, 20, 118, 55, 'Storm in the Garden', '2024-04-02 10:17:36');
INSERT INTO `lesson` (`id`, `session_id`, `subject_group_subject_id`, `subject_group_class_sections_id`, `name`, `created_at`) VALUES (410, 20, 110, 49, 'The Little fir tree', '2024-04-02 10:22:28');
INSERT INTO `lesson` (`id`, `session_id`, `subject_group_subject_id`, `subject_group_class_sections_id`, `name`, `created_at`) VALUES (411, 20, 110, 49, 'Alice In Wonderland', '2024-04-02 10:22:28');
INSERT INTO `lesson` (`id`, `session_id`, `subject_group_subject_id`, `subject_group_class_sections_id`, `name`, `created_at`) VALUES (412, 20, 110, 49, 'The Milkman’s Cow', '2024-04-02 10:22:28');
INSERT INTO `lesson` (`id`, `session_id`, `subject_group_subject_id`, `subject_group_class_sections_id`, `name`, `created_at`) VALUES (413, 20, 110, 49, 'A Watering Rhyme', '2024-04-02 10:22:28');
INSERT INTO `lesson` (`id`, `session_id`, `subject_group_subject_id`, `subject_group_class_sections_id`, `name`, `created_at`) VALUES (414, 20, 110, 49, 'I Had a Little Pony', '2024-04-02 10:22:28');
INSERT INTO `lesson` (`id`, `session_id`, `subject_group_subject_id`, `subject_group_class_sections_id`, `name`, `created_at`) VALUES (415, 20, 110, 50, 'I Had a Little Pony', '2024-04-02 10:23:20');
INSERT INTO `lesson` (`id`, `session_id`, `subject_group_subject_id`, `subject_group_class_sections_id`, `name`, `created_at`) VALUES (416, 20, 110, 50, 'Helen Keller', '2024-04-02 10:23:20');
INSERT INTO `lesson` (`id`, `session_id`, `subject_group_subject_id`, `subject_group_class_sections_id`, `name`, `created_at`) VALUES (417, 20, 110, 51, 'Helen Keller', '2024-04-02 10:23:50');
INSERT INTO `lesson` (`id`, `session_id`, `subject_group_subject_id`, `subject_group_class_sections_id`, `name`, `created_at`) VALUES (418, 20, 110, 51, 'The Scholars Mother Tongue', '2024-04-02 10:23:50');
INSERT INTO `lesson` (`id`, `session_id`, `subject_group_subject_id`, `subject_group_class_sections_id`, `name`, `created_at`) VALUES (419, 20, 110, 51, 'Alice In Wonderland', '2024-04-02 10:23:50');
INSERT INTO `lesson` (`id`, `session_id`, `subject_group_subject_id`, `subject_group_class_sections_id`, `name`, `created_at`) VALUES (436, 20, 127, 57, 'दोस्त की मदद', '2024-04-02 10:33:59');
INSERT INTO `lesson` (`id`, `session_id`, `subject_group_subject_id`, `subject_group_class_sections_id`, `name`, `created_at`) VALUES (437, 20, 127, 57, 'मेरी किताब', '2024-04-02 10:33:59');
INSERT INTO `lesson` (`id`, `session_id`, `subject_group_subject_id`, `subject_group_class_sections_id`, `name`, `created_at`) VALUES (438, 20, 127, 57, 'नटखट चूहा', '2024-04-02 10:33:59');
INSERT INTO `lesson` (`id`, `session_id`, `subject_group_subject_id`, `subject_group_class_sections_id`, `name`, `created_at`) VALUES (439, 20, 127, 57, 'भालू ने खेली फुटबॉल', '2024-04-02 10:33:59');
INSERT INTO `lesson` (`id`, `session_id`, `subject_group_subject_id`, `subject_group_class_sections_id`, `name`, `created_at`) VALUES (440, 20, 119, 53, 'सबसे अच्छा पेड़', '2024-04-02 10:36:32');
INSERT INTO `lesson` (`id`, `session_id`, `subject_group_subject_id`, `subject_group_class_sections_id`, `name`, `created_at`) VALUES (441, 20, 119, 53, 'अक्ल बड़ी या भैंस', '2024-04-02 10:36:32');
INSERT INTO `lesson` (`id`, `session_id`, `subject_group_subject_id`, `subject_group_class_sections_id`, `name`, `created_at`) VALUES (442, 20, 119, 53, 'बहादुर बिट्टो', '2024-04-02 10:36:32');
INSERT INTO `lesson` (`id`, `session_id`, `subject_group_subject_id`, `subject_group_class_sections_id`, `name`, `created_at`) VALUES (443, 20, 119, 53, 'मिर्च का मजा', '2024-04-02 10:36:32');
INSERT INTO `lesson` (`id`, `session_id`, `subject_group_subject_id`, `subject_group_class_sections_id`, `name`, `created_at`) VALUES (444, 20, 119, 53, 'नटखट चूहा', '2024-04-02 10:36:32');
INSERT INTO `lesson` (`id`, `session_id`, `subject_group_subject_id`, `subject_group_class_sections_id`, `name`, `created_at`) VALUES (445, 20, 111, 49, 'जैसा सवाल वैसा जवाब', '2024-04-02 10:38:40');
INSERT INTO `lesson` (`id`, `session_id`, `subject_group_subject_id`, `subject_group_class_sections_id`, `name`, `created_at`) VALUES (446, 20, 111, 49, 'दोस्त की पोशाक', '2024-04-02 10:38:40');
INSERT INTO `lesson` (`id`, `session_id`, `subject_group_subject_id`, `subject_group_class_sections_id`, `name`, `created_at`) VALUES (447, 20, 111, 49, 'दान का हिसाब', '2024-04-02 10:38:40');
INSERT INTO `lesson` (`id`, `session_id`, `subject_group_subject_id`, `subject_group_class_sections_id`, `name`, `created_at`) VALUES (448, 20, 111, 49, 'मन के भोले भले बादल', '2024-04-02 10:38:40');
INSERT INTO `lesson` (`id`, `session_id`, `subject_group_subject_id`, `subject_group_class_sections_id`, `name`, `created_at`) VALUES (449, 20, 111, 49, 'स्वतंत्रता की ओर', '2024-04-02 10:38:40');
INSERT INTO `lesson` (`id`, `session_id`, `subject_group_subject_id`, `subject_group_class_sections_id`, `name`, `created_at`) VALUES (458, 20, 128, 57, 'Counting in Groups', '2024-04-02 10:42:49');
INSERT INTO `lesson` (`id`, `session_id`, `subject_group_subject_id`, `subject_group_class_sections_id`, `name`, `created_at`) VALUES (459, 20, 128, 57, 'Footprints', '2024-04-02 10:42:49');
INSERT INTO `lesson` (`id`, `session_id`, `subject_group_subject_id`, `subject_group_class_sections_id`, `name`, `created_at`) VALUES (460, 20, 128, 57, 'Patterns', '2024-04-02 10:42:49');
INSERT INTO `lesson` (`id`, `session_id`, `subject_group_subject_id`, `subject_group_class_sections_id`, `name`, `created_at`) VALUES (461, 20, 128, 57, 'The Longest Step', '2024-04-02 10:42:49');
INSERT INTO `lesson` (`id`, `session_id`, `subject_group_subject_id`, `subject_group_class_sections_id`, `name`, `created_at`) VALUES (462, 20, 120, 53, 'Fun With Numbers', '2024-04-02 10:44:30');
INSERT INTO `lesson` (`id`, `session_id`, `subject_group_subject_id`, `subject_group_class_sections_id`, `name`, `created_at`) VALUES (463, 20, 120, 53, 'Play With Patterns', '2024-04-02 10:44:30');
INSERT INTO `lesson` (`id`, `session_id`, `subject_group_subject_id`, `subject_group_class_sections_id`, `name`, `created_at`) VALUES (464, 20, 120, 53, 'Rupees And Paise', '2024-04-02 10:44:30');
INSERT INTO `lesson` (`id`, `session_id`, `subject_group_subject_id`, `subject_group_class_sections_id`, `name`, `created_at`) VALUES (465, 20, 120, 53, 'Shapes And Designs', '2024-04-02 10:44:30');
INSERT INTO `lesson` (`id`, `session_id`, `subject_group_subject_id`, `subject_group_class_sections_id`, `name`, `created_at`) VALUES (466, 20, 112, 49, 'Tables and Shares', '2024-04-02 10:46:13');
INSERT INTO `lesson` (`id`, `session_id`, `subject_group_subject_id`, `subject_group_class_sections_id`, `name`, `created_at`) VALUES (467, 20, 112, 49, 'Building with Bricks', '2024-04-02 10:46:13');
INSERT INTO `lesson` (`id`, `session_id`, `subject_group_subject_id`, `subject_group_class_sections_id`, `name`, `created_at`) VALUES (468, 20, 112, 49, 'Carts and Wheels', '2024-04-02 10:46:13');
INSERT INTO `lesson` (`id`, `session_id`, `subject_group_subject_id`, `subject_group_class_sections_id`, `name`, `created_at`) VALUES (469, 20, 112, 49, 'Halves and Quarters', '2024-04-02 10:46:13');
INSERT INTO `lesson` (`id`, `session_id`, `subject_group_subject_id`, `subject_group_class_sections_id`, `name`, `created_at`) VALUES (470, 20, 112, 49, 'Long and Short', '2024-04-02 10:46:13');
INSERT INTO `lesson` (`id`, `session_id`, `subject_group_subject_id`, `subject_group_class_sections_id`, `name`, `created_at`) VALUES (480, 20, 129, 57, 'Plants around us', '2024-04-02 10:52:36');
INSERT INTO `lesson` (`id`, `session_id`, `subject_group_subject_id`, `subject_group_class_sections_id`, `name`, `created_at`) VALUES (481, 20, 129, 57, 'Water and the Sun', '2024-04-02 10:52:36');
INSERT INTO `lesson` (`id`, `session_id`, `subject_group_subject_id`, `subject_group_class_sections_id`, `name`, `created_at`) VALUES (482, 20, 129, 57, 'Houses and Clothes', '2024-04-02 10:52:36');
INSERT INTO `lesson` (`id`, `session_id`, `subject_group_subject_id`, `subject_group_class_sections_id`, `name`, `created_at`) VALUES (483, 20, 129, 57, ' Bones and Muscles', '2024-04-02 10:52:36');
INSERT INTO `lesson` (`id`, `session_id`, `subject_group_subject_id`, `subject_group_class_sections_id`, `name`, `created_at`) VALUES (484, 20, 121, 53, 'The Plant Fairy', '2024-04-02 10:55:17');
INSERT INTO `lesson` (`id`, `session_id`, `subject_group_subject_id`, `subject_group_class_sections_id`, `name`, `created_at`) VALUES (485, 20, 121, 53, 'It’s Raining', '2024-04-02 10:55:17');
INSERT INTO `lesson` (`id`, `session_id`, `subject_group_subject_id`, `subject_group_class_sections_id`, `name`, `created_at`) VALUES (486, 20, 121, 53, 'Sharing Our Feelings', '2024-04-02 10:55:17');
INSERT INTO `lesson` (`id`, `session_id`, `subject_group_subject_id`, `subject_group_class_sections_id`, `name`, `created_at`) VALUES (487, 20, 121, 53, 'The Story Of Food', '2024-04-02 10:55:17');
INSERT INTO `lesson` (`id`, `session_id`, `subject_group_subject_id`, `subject_group_class_sections_id`, `name`, `created_at`) VALUES (488, 20, 113, 49, 'Adaptations in plants', '2024-04-02 10:57:17');
INSERT INTO `lesson` (`id`, `session_id`, `subject_group_subject_id`, `subject_group_class_sections_id`, `name`, `created_at`) VALUES (489, 20, 113, 49, 'Measurement', '2024-04-02 10:57:17');
INSERT INTO `lesson` (`id`, `session_id`, `subject_group_subject_id`, `subject_group_class_sections_id`, `name`, `created_at`) VALUES (490, 20, 113, 49, 'Universe', '2024-04-02 10:57:17');
INSERT INTO `lesson` (`id`, `session_id`, `subject_group_subject_id`, `subject_group_class_sections_id`, `name`, `created_at`) VALUES (491, 20, 113, 49, 'Teeth and Microbes', '2024-04-02 10:57:17');
INSERT INTO `lesson` (`id`, `session_id`, `subject_group_subject_id`, `subject_group_class_sections_id`, `name`, `created_at`) VALUES (495, 20, 113, 50, 'Bones and muscles', '2024-04-02 10:58:29');
INSERT INTO `lesson` (`id`, `session_id`, `subject_group_subject_id`, `subject_group_class_sections_id`, `name`, `created_at`) VALUES (496, 20, 122, 53, 'Weather and Climate.', '2024-04-02 11:07:45');
INSERT INTO `lesson` (`id`, `session_id`, `subject_group_subject_id`, `subject_group_class_sections_id`, `name`, `created_at`) VALUES (497, 20, 122, 53, 'The Land of Sand.', '2024-04-02 11:07:45');
INSERT INTO `lesson` (`id`, `session_id`, `subject_group_subject_id`, `subject_group_class_sections_id`, `name`, `created_at`) VALUES (498, 20, 122, 53, 'Transport and Communication.', '2024-04-02 11:07:45');
INSERT INTO `lesson` (`id`, `session_id`, `subject_group_subject_id`, `subject_group_class_sections_id`, `name`, `created_at`) VALUES (499, 20, 122, 53, 'The Temperate Grasslands.', '2024-04-02 11:07:45');
INSERT INTO `lesson` (`id`, `session_id`, `subject_group_subject_id`, `subject_group_class_sections_id`, `name`, `created_at`) VALUES (500, 20, 114, 49, 'The Temperate Grasslands.', '2024-04-02 11:08:52');
INSERT INTO `lesson` (`id`, `session_id`, `subject_group_subject_id`, `subject_group_class_sections_id`, `name`, `created_at`) VALUES (501, 20, 114, 49, 'The Climate in Our Country', '2024-04-02 11:08:52');
INSERT INTO `lesson` (`id`, `session_id`, `subject_group_subject_id`, `subject_group_class_sections_id`, `name`, `created_at`) VALUES (502, 20, 114, 49, 'The Great Indian Desert.', '2024-04-02 11:08:52');
INSERT INTO `lesson` (`id`, `session_id`, `subject_group_subject_id`, `subject_group_class_sections_id`, `name`, `created_at`) VALUES (503, 20, 114, 49, 'The Coastal Plains and Islands.', '2024-04-02 11:08:52');
INSERT INTO `lesson` (`id`, `session_id`, `subject_group_subject_id`, `subject_group_class_sections_id`, `name`, `created_at`) VALUES (504, 20, 114, 49, 'Water Resources.', '2024-04-02 11:08:52');
INSERT INTO `lesson` (`id`, `session_id`, `subject_group_subject_id`, `subject_group_class_sections_id`, `name`, `created_at`) VALUES (508, 20, 116, 49, 'Going To School', '2024-04-02 11:18:48');
INSERT INTO `lesson` (`id`, `session_id`, `subject_group_subject_id`, `subject_group_class_sections_id`, `name`, `created_at`) VALUES (509, 20, 116, 49, 'From the Window.', '2024-04-02 11:18:48');
INSERT INTO `lesson` (`id`, `session_id`, `subject_group_subject_id`, `subject_group_class_sections_id`, `name`, `created_at`) VALUES (510, 20, 124, 53, 'From the Window.', '2024-04-02 11:18:58');
INSERT INTO `lesson` (`id`, `session_id`, `subject_group_subject_id`, `subject_group_class_sections_id`, `name`, `created_at`) VALUES (511, 20, 115, 49, ' History of Computer', '2024-04-02 11:20:18');
INSERT INTO `lesson` (`id`, `session_id`, `subject_group_subject_id`, `subject_group_class_sections_id`, `name`, `created_at`) VALUES (512, 20, 115, 49, 'MS Windows', '2024-04-02 11:20:18');
INSERT INTO `lesson` (`id`, `session_id`, `subject_group_subject_id`, `subject_group_class_sections_id`, `name`, `created_at`) VALUES (513, 20, 132, 58, ' History of Computer', '2024-04-02 11:20:45');
INSERT INTO `lesson` (`id`, `session_id`, `subject_group_subject_id`, `subject_group_class_sections_id`, `name`, `created_at`) VALUES (517, 20, 123, 55, 'Internet', '2024-04-02 11:22:14');


#
# TABLE STRUCTURE FOR: lesson_plan_forum
#

