
CREATE TABLE `cbse_student_subject_result` (
  `id` int NOT NULL AUTO_INCREMENT,
  `cbse_exam_timetable_id` int DEFAULT NULL,
  `cbse_exam_student_id` int DEFAULT NULL,
  `note` text NOT NULL,
  PRIMARY KEY (`id`)
) ENGINE=InnoDB DEFAULT CHARSET=utf8mb3;

#
# TABLE STRUCTURE FOR: cbse_student_template_rank
#


CREATE TABLE `cbse_student_template_rank` (
  `id` int NOT NULL AUTO_INCREMENT,
  `cbse_template_id` int DEFAULT NULL,
  `student_session_id` int DEFAULT NULL,
  `rank` int DEFAULT NULL,
  `rank_percentage` float(10,2) DEFAULT NULL,
  `created_at` timestamp NOT NULL DEFAULT CURRENT_TIMESTAMP ON UPDATE CURRENT_TIMESTAMP,
  PRIMARY KEY (`id`),
  KEY `student_session_id` (`student_session_id`),
  KEY `cbse_template_id` (`cbse_template_id`),
  KEY `idx_rank` (`rank`),
  KEY `idx_rank_percentage` (`rank_percentage`),
  CONSTRAINT `cbse_student_template_rank_ibfk_1` FOREIGN KEY (`student_session_id`) REFERENCES `student_session` (`id`) ON DELETE CASCADE,
  CONSTRAINT `cbse_student_template_rank_ibfk_2` FOREIGN KEY (`cbse_template_id`) REFERENCES `cbse_template` (`id`) ON DELETE CASCADE
) ENGINE=InnoDB AUTO_INCREMENT=810 DEFAULT CHARSET=utf8mb3;

INSERT INTO `cbse_student_template_rank` (`id`, `cbse_template_id`, `student_session_id`, `rank`, `rank_percentage`, `created_at`) VALUES (60, 8, 122, 1, '80.43', '2023-07-18 04:56:02');
INSERT INTO `cbse_student_template_rank` (`id`, `cbse_template_id`, `student_session_id`, `rank`, `rank_percentage`, `created_at`) VALUES (61, 8, 124, 2, '71.86', '2023-07-18 04:56:02');
INSERT INTO `cbse_student_template_rank` (`id`, `cbse_template_id`, `student_session_id`, `rank`, `rank_percentage`, `created_at`) VALUES (62, 8, 113, 3, '70.86', '2023-07-18 04:56:02');
INSERT INTO `cbse_student_template_rank` (`id`, `cbse_template_id`, `student_session_id`, `rank`, `rank_percentage`, `created_at`) VALUES (63, 8, 126, 4, '65.29', '2023-07-18 04:56:02');
INSERT INTO `cbse_student_template_rank` (`id`, `cbse_template_id`, `student_session_id`, `rank`, `rank_percentage`, `created_at`) VALUES (64, 8, 115, 5, '58.29', '2023-07-18 04:56:02');
INSERT INTO `cbse_student_template_rank` (`id`, `cbse_template_id`, `student_session_id`, `rank`, `rank_percentage`, `created_at`) VALUES (65, 8, 125, 6, '43.71', '2023-07-18 04:56:02');
INSERT INTO `cbse_student_template_rank` (`id`, `cbse_template_id`, `student_session_id`, `rank`, `rank_percentage`, `created_at`) VALUES (253, 11, 132, 1, '32.80', '2023-07-21 07:52:18');
INSERT INTO `cbse_student_template_rank` (`id`, `cbse_template_id`, `student_session_id`, `rank`, `rank_percentage`, `created_at`) VALUES (254, 11, 122, 2, '32.17', '2023-07-21 07:52:18');
INSERT INTO `cbse_student_template_rank` (`id`, `cbse_template_id`, `student_session_id`, `rank`, `rank_percentage`, `created_at`) VALUES (255, 11, 124, 3, '28.74', '2023-07-21 07:52:18');
INSERT INTO `cbse_student_template_rank` (`id`, `cbse_template_id`, `student_session_id`, `rank`, `rank_percentage`, `created_at`) VALUES (256, 11, 113, 4, '28.34', '2023-07-21 07:52:18');
INSERT INTO `cbse_student_template_rank` (`id`, `cbse_template_id`, `student_session_id`, `rank`, `rank_percentage`, `created_at`) VALUES (257, 11, 126, 5, '26.11', '2023-07-21 07:52:18');
INSERT INTO `cbse_student_template_rank` (`id`, `cbse_template_id`, `student_session_id`, `rank`, `rank_percentage`, `created_at`) VALUES (258, 11, 129, 6, '25.14', '2023-07-21 07:52:18');
INSERT INTO `cbse_student_template_rank` (`id`, `cbse_template_id`, `student_session_id`, `rank`, `rank_percentage`, `created_at`) VALUES (259, 11, 133, 7, '23.77', '2023-07-21 07:52:18');
INSERT INTO `cbse_student_template_rank` (`id`, `cbse_template_id`, `student_session_id`, `rank`, `rank_percentage`, `created_at`) VALUES (260, 11, 135, 7, '23.77', '2023-07-21 07:52:18');
INSERT INTO `cbse_student_template_rank` (`id`, `cbse_template_id`, `student_session_id`, `rank`, `rank_percentage`, `created_at`) VALUES (261, 11, 115, 8, '23.31', '2023-07-21 07:52:18');
INSERT INTO `cbse_student_template_rank` (`id`, `cbse_template_id`, `student_session_id`, `rank`, `rank_percentage`, `created_at`) VALUES (262, 11, 125, 9, '17.49', '2023-07-21 07:52:18');
INSERT INTO `cbse_student_template_rank` (`id`, `cbse_template_id`, `student_session_id`, `rank`, `rank_percentage`, `created_at`) VALUES (309, 9, 105, 1, '79.23', '2023-07-21 08:25:30');
INSERT INTO `cbse_student_template_rank` (`id`, `cbse_template_id`, `student_session_id`, `rank`, `rank_percentage`, `created_at`) VALUES (310, 9, 88, 2, '77.88', '2023-07-21 08:25:30');
INSERT INTO `cbse_student_template_rank` (`id`, `cbse_template_id`, `student_session_id`, `rank`, `rank_percentage`, `created_at`) VALUES (311, 9, 90, 3, '74.81', '2023-07-21 08:25:30');
INSERT INTO `cbse_student_template_rank` (`id`, `cbse_template_id`, `student_session_id`, `rank`, `rank_percentage`, `created_at`) VALUES (312, 9, 89, 4, '60.90', '2023-07-21 08:25:30');
INSERT INTO `cbse_student_template_rank` (`id`, `cbse_template_id`, `student_session_id`, `rank`, `rank_percentage`, `created_at`) VALUES (313, 9, 91, 5, '58.97', '2023-07-21 08:25:30');
INSERT INTO `cbse_student_template_rank` (`id`, `cbse_template_id`, `student_session_id`, `rank`, `rank_percentage`, `created_at`) VALUES (314, 9, 92, 6, '57.88', '2023-07-21 08:25:30');
INSERT INTO `cbse_student_template_rank` (`id`, `cbse_template_id`, `student_session_id`, `rank`, `rank_percentage`, `created_at`) VALUES (315, 9, 98, 7, '39.55', '2023-07-21 08:25:30');
INSERT INTO `cbse_student_template_rank` (`id`, `cbse_template_id`, `student_session_id`, `rank`, `rank_percentage`, `created_at`) VALUES (316, 9, 96, 8, '33.14', '2023-07-21 08:25:30');
INSERT INTO `cbse_student_template_rank` (`id`, `cbse_template_id`, `student_session_id`, `rank`, `rank_percentage`, `created_at`) VALUES (317, 9, 93, 9, '32.69', '2023-07-21 08:25:30');
INSERT INTO `cbse_student_template_rank` (`id`, `cbse_template_id`, `student_session_id`, `rank`, `rank_percentage`, `created_at`) VALUES (318, 9, 94, 10, '31.09', '2023-07-21 08:25:30');
INSERT INTO `cbse_student_template_rank` (`id`, `cbse_template_id`, `student_session_id`, `rank`, `rank_percentage`, `created_at`) VALUES (319, 9, 95, 11, '26.28', '2023-07-21 08:25:30');
INSERT INTO `cbse_student_template_rank` (`id`, `cbse_template_id`, `student_session_id`, `rank`, `rank_percentage`, `created_at`) VALUES (320, 9, 107, 12, '19.23', '2023-07-21 08:25:30');
INSERT INTO `cbse_student_template_rank` (`id`, `cbse_template_id`, `student_session_id`, `rank`, `rank_percentage`, `created_at`) VALUES (321, 7, 105, 1, '88.08', '2023-07-22 04:21:18');
INSERT INTO `cbse_student_template_rank` (`id`, `cbse_template_id`, `student_session_id`, `rank`, `rank_percentage`, `created_at`) VALUES (322, 7, 88, 2, '85.90', '2023-07-22 04:21:18');
INSERT INTO `cbse_student_template_rank` (`id`, `cbse_template_id`, `student_session_id`, `rank`, `rank_percentage`, `created_at`) VALUES (323, 7, 90, 3, '67.69', '2023-07-22 04:21:18');
INSERT INTO `cbse_student_template_rank` (`id`, `cbse_template_id`, `student_session_id`, `rank`, `rank_percentage`, `created_at`) VALUES (324, 7, 98, 4, '66.86', '2023-07-22 04:21:18');
INSERT INTO `cbse_student_template_rank` (`id`, `cbse_template_id`, `student_session_id`, `rank`, `rank_percentage`, `created_at`) VALUES (325, 7, 89, 5, '63.97', '2023-07-22 04:21:18');
INSERT INTO `cbse_student_template_rank` (`id`, `cbse_template_id`, `student_session_id`, `rank`, `rank_percentage`, `created_at`) VALUES (326, 7, 92, 6, '63.14', '2023-07-22 04:21:18');
INSERT INTO `cbse_student_template_rank` (`id`, `cbse_template_id`, `student_session_id`, `rank`, `rank_percentage`, `created_at`) VALUES (327, 7, 91, 7, '62.44', '2023-07-22 04:21:18');
INSERT INTO `cbse_student_template_rank` (`id`, `cbse_template_id`, `student_session_id`, `rank`, `rank_percentage`, `created_at`) VALUES (328, 7, 96, 8, '61.79', '2023-07-22 04:21:18');
INSERT INTO `cbse_student_template_rank` (`id`, `cbse_template_id`, `student_session_id`, `rank`, `rank_percentage`, `created_at`) VALUES (329, 7, 93, 9, '60.83', '2023-07-22 04:21:18');
INSERT INTO `cbse_student_template_rank` (`id`, `cbse_template_id`, `student_session_id`, `rank`, `rank_percentage`, `created_at`) VALUES (330, 7, 94, 10, '60.71', '2023-07-22 04:21:18');
INSERT INTO `cbse_student_template_rank` (`id`, `cbse_template_id`, `student_session_id`, `rank`, `rank_percentage`, `created_at`) VALUES (331, 7, 95, 11, '56.73', '2023-07-22 04:21:18');
INSERT INTO `cbse_student_template_rank` (`id`, `cbse_template_id`, `student_session_id`, `rank`, `rank_percentage`, `created_at`) VALUES (332, 7, 106, 12, '50.00', '2023-07-22 04:21:18');
INSERT INTO `cbse_student_template_rank` (`id`, `cbse_template_id`, `student_session_id`, `rank`, `rank_percentage`, `created_at`) VALUES (333, 7, 107, 13, '43.78', '2023-07-22 04:21:18');
INSERT INTO `cbse_student_template_rank` (`id`, `cbse_template_id`, `student_session_id`, `rank`, `rank_percentage`, `created_at`) VALUES (408, 17, 88, 1, '85.77', '2023-11-01 09:20:49');
INSERT INTO `cbse_student_template_rank` (`id`, `cbse_template_id`, `student_session_id`, `rank`, `rank_percentage`, `created_at`) VALUES (409, 17, 143, 2, '73.97', '2023-11-01 09:20:49');
INSERT INTO `cbse_student_template_rank` (`id`, `cbse_template_id`, `student_session_id`, `rank`, `rank_percentage`, `created_at`) VALUES (410, 17, 105, 3, '70.38', '2023-11-01 09:20:49');
INSERT INTO `cbse_student_template_rank` (`id`, `cbse_template_id`, `student_session_id`, `rank`, `rank_percentage`, `created_at`) VALUES (411, 17, 89, 4, '65.13', '2023-11-01 09:20:49');
INSERT INTO `cbse_student_template_rank` (`id`, `cbse_template_id`, `student_session_id`, `rank`, `rank_percentage`, `created_at`) VALUES (412, 17, 91, 5, '55.90', '2023-11-01 09:20:49');
INSERT INTO `cbse_student_template_rank` (`id`, `cbse_template_id`, `student_session_id`, `rank`, `rank_percentage`, `created_at`) VALUES (413, 17, 96, 6, '51.03', '2023-11-01 09:20:49');
INSERT INTO `cbse_student_template_rank` (`id`, `cbse_template_id`, `student_session_id`, `rank`, `rank_percentage`, `created_at`) VALUES (414, 17, 92, 7, '45.77', '2023-11-01 09:20:49');
INSERT INTO `cbse_student_template_rank` (`id`, `cbse_template_id`, `student_session_id`, `rank`, `rank_percentage`, `created_at`) VALUES (415, 17, 101, 8, '38.33', '2023-11-01 09:20:49');
INSERT INTO `cbse_student_template_rank` (`id`, `cbse_template_id`, `student_session_id`, `rank`, `rank_percentage`, `created_at`) VALUES (416, 17, 141, 8, '38.33', '2023-11-01 09:20:49');
INSERT INTO `cbse_student_template_rank` (`id`, `cbse_template_id`, `student_session_id`, `rank`, `rank_percentage`, `created_at`) VALUES (417, 17, 97, 9, '37.69', '2023-11-01 09:20:49');
INSERT INTO `cbse_student_template_rank` (`id`, `cbse_template_id`, `student_session_id`, `rank`, `rank_percentage`, `created_at`) VALUES (418, 17, 93, 10, '34.10', '2023-11-01 09:20:49');
INSERT INTO `cbse_student_template_rank` (`id`, `cbse_template_id`, `student_session_id`, `rank`, `rank_percentage`, `created_at`) VALUES (419, 17, 90, 11, '31.54', '2023-11-01 09:20:49');
INSERT INTO `cbse_student_template_rank` (`id`, `cbse_template_id`, `student_session_id`, `rank`, `rank_percentage`, `created_at`) VALUES (420, 13, 105, 1, '84.66', '2023-11-01 09:21:29');
INSERT INTO `cbse_student_template_rank` (`id`, `cbse_template_id`, `student_session_id`, `rank`, `rank_percentage`, `created_at`) VALUES (421, 13, 88, 2, '84.22', '2023-11-01 09:21:29');
INSERT INTO `cbse_student_template_rank` (`id`, `cbse_template_id`, `student_session_id`, `rank`, `rank_percentage`, `created_at`) VALUES (422, 13, 89, 3, '68.80', '2023-11-01 09:21:29');
INSERT INTO `cbse_student_template_rank` (`id`, `cbse_template_id`, `student_session_id`, `rank`, `rank_percentage`, `created_at`) VALUES (423, 13, 90, 4, '63.92', '2023-11-01 09:21:29');
INSERT INTO `cbse_student_template_rank` (`id`, `cbse_template_id`, `student_session_id`, `rank`, `rank_percentage`, `created_at`) VALUES (424, 13, 98, 5, '62.41', '2023-11-01 09:21:29');
INSERT INTO `cbse_student_template_rank` (`id`, `cbse_template_id`, `student_session_id`, `rank`, `rank_percentage`, `created_at`) VALUES (425, 13, 95, 6, '60.37', '2023-11-01 09:21:29');
INSERT INTO `cbse_student_template_rank` (`id`, `cbse_template_id`, `student_session_id`, `rank`, `rank_percentage`, `created_at`) VALUES (426, 13, 96, 7, '60.11', '2023-11-01 09:21:29');
INSERT INTO `cbse_student_template_rank` (`id`, `cbse_template_id`, `student_session_id`, `rank`, `rank_percentage`, `created_at`) VALUES (427, 13, 94, 8, '60.10', '2023-11-01 09:21:29');
INSERT INTO `cbse_student_template_rank` (`id`, `cbse_template_id`, `student_session_id`, `rank`, `rank_percentage`, `created_at`) VALUES (428, 13, 93, 9, '57.70', '2023-11-01 09:21:29');
INSERT INTO `cbse_student_template_rank` (`id`, `cbse_template_id`, `student_session_id`, `rank`, `rank_percentage`, `created_at`) VALUES (429, 13, 92, 10, '57.43', '2023-11-01 09:21:29');
INSERT INTO `cbse_student_template_rank` (`id`, `cbse_template_id`, `student_session_id`, `rank`, `rank_percentage`, `created_at`) VALUES (430, 13, 107, 11, '50.70', '2023-11-01 09:21:29');
INSERT INTO `cbse_student_template_rank` (`id`, `cbse_template_id`, `student_session_id`, `rank`, `rank_percentage`, `created_at`) VALUES (431, 13, 91, 12, '47.37', '2023-11-01 09:21:29');
INSERT INTO `cbse_student_template_rank` (`id`, `cbse_template_id`, `student_session_id`, `rank`, `rank_percentage`, `created_at`) VALUES (432, 13, 102, 13, '36.08', '2023-11-01 09:21:29');
INSERT INTO `cbse_student_template_rank` (`id`, `cbse_template_id`, `student_session_id`, `rank`, `rank_percentage`, `created_at`) VALUES (433, 13, 85, 14, '0.00', '2023-11-01 09:21:29');
INSERT INTO `cbse_student_template_rank` (`id`, `cbse_template_id`, `student_session_id`, `rank`, `rank_percentage`, `created_at`) VALUES (434, 13, 97, 14, '0.00', '2023-11-01 09:21:29');
INSERT INTO `cbse_student_template_rank` (`id`, `cbse_template_id`, `student_session_id`, `rank`, `rank_percentage`, `created_at`) VALUES (435, 13, 99, 14, '0.00', '2023-11-01 09:21:29');
INSERT INTO `cbse_student_template_rank` (`id`, `cbse_template_id`, `student_session_id`, `rank`, `rank_percentage`, `created_at`) VALUES (436, 13, 100, 14, '0.00', '2023-11-01 09:21:29');
INSERT INTO `cbse_student_template_rank` (`id`, `cbse_template_id`, `student_session_id`, `rank`, `rank_percentage`, `created_at`) VALUES (437, 13, 101, 14, '0.00', '2023-11-01 09:21:29');
INSERT INTO `cbse_student_template_rank` (`id`, `cbse_template_id`, `student_session_id`, `rank`, `rank_percentage`, `created_at`) VALUES (438, 13, 103, 14, '0.00', '2023-11-01 09:21:29');
INSERT INTO `cbse_student_template_rank` (`id`, `cbse_template_id`, `student_session_id`, `rank`, `rank_percentage`, `created_at`) VALUES (439, 13, 104, 14, '0.00', '2023-11-01 09:21:29');
INSERT INTO `cbse_student_template_rank` (`id`, `cbse_template_id`, `student_session_id`, `rank`, `rank_percentage`, `created_at`) VALUES (440, 13, 106, 14, '0.00', '2023-11-01 09:21:29');
INSERT INTO `cbse_student_template_rank` (`id`, `cbse_template_id`, `student_session_id`, `rank`, `rank_percentage`, `created_at`) VALUES (441, 13, 137, 14, '0.00', '2023-11-01 09:21:29');
INSERT INTO `cbse_student_template_rank` (`id`, `cbse_template_id`, `student_session_id`, `rank`, `rank_percentage`, `created_at`) VALUES (442, 13, 141, 14, '0.00', '2023-11-01 09:21:29');
INSERT INTO `cbse_student_template_rank` (`id`, `cbse_template_id`, `student_session_id`, `rank`, `rank_percentage`, `created_at`) VALUES (443, 18, 88, 1, '69.49', '2023-12-05 05:00:43');
INSERT INTO `cbse_student_template_rank` (`id`, `cbse_template_id`, `student_session_id`, `rank`, `rank_percentage`, `created_at`) VALUES (444, 18, 89, 2, '56.79', '2023-12-05 05:00:43');
INSERT INTO `cbse_student_template_rank` (`id`, `cbse_template_id`, `student_session_id`, `rank`, `rank_percentage`, `created_at`) VALUES (445, 18, 104, 3, '49.62', '2023-12-05 05:00:43');
INSERT INTO `cbse_student_template_rank` (`id`, `cbse_template_id`, `student_session_id`, `rank`, `rank_percentage`, `created_at`) VALUES (446, 18, 91, 4, '49.36', '2023-12-05 05:00:43');
INSERT INTO `cbse_student_template_rank` (`id`, `cbse_template_id`, `student_session_id`, `rank`, `rank_percentage`, `created_at`) VALUES (447, 18, 92, 5, '47.31', '2023-12-05 05:00:43');
INSERT INTO `cbse_student_template_rank` (`id`, `cbse_template_id`, `student_session_id`, `rank`, `rank_percentage`, `created_at`) VALUES (448, 18, 105, 6, '44.36', '2023-12-05 05:00:43');
INSERT INTO `cbse_student_template_rank` (`id`, `cbse_template_id`, `student_session_id`, `rank`, `rank_percentage`, `created_at`) VALUES (449, 18, 98, 7, '44.23', '2023-12-05 05:00:43');
INSERT INTO `cbse_student_template_rank` (`id`, `cbse_template_id`, `student_session_id`, `rank`, `rank_percentage`, `created_at`) VALUES (450, 18, 99, 8, '43.08', '2023-12-05 05:00:43');
INSERT INTO `cbse_student_template_rank` (`id`, `cbse_template_id`, `student_session_id`, `rank`, `rank_percentage`, `created_at`) VALUES (451, 18, 90, 9, '42.69', '2023-12-05 05:00:43');
INSERT INTO `cbse_student_template_rank` (`id`, `cbse_template_id`, `student_session_id`, `rank`, `rank_percentage`, `created_at`) VALUES (452, 18, 137, 10, '38.21', '2023-12-05 05:00:43');
INSERT INTO `cbse_student_template_rank` (`id`, `cbse_template_id`, `student_session_id`, `rank`, `rank_percentage`, `created_at`) VALUES (453, 18, 95, 11, '37.56', '2023-12-05 05:00:43');
INSERT INTO `cbse_student_template_rank` (`id`, `cbse_template_id`, `student_session_id`, `rank`, `rank_percentage`, `created_at`) VALUES (454, 18, 106, 12, '36.92', '2023-12-05 05:00:43');
INSERT INTO `cbse_student_template_rank` (`id`, `cbse_template_id`, `student_session_id`, `rank`, `rank_percentage`, `created_at`) VALUES (455, 18, 107, 13, '34.36', '2023-12-05 05:00:43');
INSERT INTO `cbse_student_template_rank` (`id`, `cbse_template_id`, `student_session_id`, `rank`, `rank_percentage`, `created_at`) VALUES (456, 18, 103, 14, '33.46', '2023-12-05 05:00:43');
INSERT INTO `cbse_student_template_rank` (`id`, `cbse_template_id`, `student_session_id`, `rank`, `rank_percentage`, `created_at`) VALUES (457, 18, 97, 15, '30.00', '2023-12-05 05:00:43');
INSERT INTO `cbse_student_template_rank` (`id`, `cbse_template_id`, `student_session_id`, `rank`, `rank_percentage`, `created_at`) VALUES (458, 18, 96, 16, '29.87', '2023-12-05 05:00:43');
INSERT INTO `cbse_student_template_rank` (`id`, `cbse_template_id`, `student_session_id`, `rank`, `rank_percentage`, `created_at`) VALUES (459, 18, 143, 17, '29.23', '2023-12-05 05:00:43');
INSERT INTO `cbse_student_template_rank` (`id`, `cbse_template_id`, `student_session_id`, `rank`, `rank_percentage`, `created_at`) VALUES (460, 18, 141, 18, '28.21', '2023-12-05 05:00:43');
INSERT INTO `cbse_student_template_rank` (`id`, `cbse_template_id`, `student_session_id`, `rank`, `rank_percentage`, `created_at`) VALUES (461, 18, 85, 19, '27.95', '2023-12-05 05:00:43');
INSERT INTO `cbse_student_template_rank` (`id`, `cbse_template_id`, `student_session_id`, `rank`, `rank_percentage`, `created_at`) VALUES (462, 18, 102, 20, '27.31', '2023-12-05 05:00:43');
INSERT INTO `cbse_student_template_rank` (`id`, `cbse_template_id`, `student_session_id`, `rank`, `rank_percentage`, `created_at`) VALUES (463, 18, 101, 21, '25.51', '2023-12-05 05:00:43');
INSERT INTO `cbse_student_template_rank` (`id`, `cbse_template_id`, `student_session_id`, `rank`, `rank_percentage`, `created_at`) VALUES (464, 18, 100, 22, '22.05', '2023-12-05 05:00:43');
INSERT INTO `cbse_student_template_rank` (`id`, `cbse_template_id`, `student_session_id`, `rank`, `rank_percentage`, `created_at`) VALUES (465, 18, 94, 23, '21.15', '2023-12-05 05:00:43');
INSERT INTO `cbse_student_template_rank` (`id`, `cbse_template_id`, `student_session_id`, `rank`, `rank_percentage`, `created_at`) VALUES (466, 18, 93, 24, '20.64', '2023-12-05 05:00:43');
INSERT INTO `cbse_student_template_rank` (`id`, `cbse_template_id`, `student_session_id`, `rank`, `rank_percentage`, `created_at`) VALUES (467, 19, 88, 1, '74.10', '2024-02-03 07:13:33');
INSERT INTO `cbse_student_template_rank` (`id`, `cbse_template_id`, `student_session_id`, `rank`, `rank_percentage`, `created_at`) VALUES (468, 19, 102, 2, '64.74', '2024-02-03 07:13:33');
INSERT INTO `cbse_student_template_rank` (`id`, `cbse_template_id`, `student_session_id`, `rank`, `rank_percentage`, `created_at`) VALUES (469, 19, 89, 3, '61.03', '2024-02-03 07:13:33');
INSERT INTO `cbse_student_template_rank` (`id`, `cbse_template_id`, `student_session_id`, `rank`, `rank_percentage`, `created_at`) VALUES (470, 19, 90, 4, '59.49', '2024-02-03 07:13:33');
INSERT INTO `cbse_student_template_rank` (`id`, `cbse_template_id`, `student_session_id`, `rank`, `rank_percentage`, `created_at`) VALUES (471, 19, 98, 5, '55.13', '2024-02-03 07:13:33');
INSERT INTO `cbse_student_template_rank` (`id`, `cbse_template_id`, `student_session_id`, `rank`, `rank_percentage`, `created_at`) VALUES (472, 19, 105, 6, '54.23', '2024-02-03 07:13:33');
INSERT INTO `cbse_student_template_rank` (`id`, `cbse_template_id`, `student_session_id`, `rank`, `rank_percentage`, `created_at`) VALUES (473, 19, 94, 7, '52.69', '2024-02-03 07:13:33');
INSERT INTO `cbse_student_template_rank` (`id`, `cbse_template_id`, `student_session_id`, `rank`, `rank_percentage`, `created_at`) VALUES (474, 19, 107, 8, '45.77', '2024-02-03 07:13:33');
INSERT INTO `cbse_student_template_rank` (`id`, `cbse_template_id`, `student_session_id`, `rank`, `rank_percentage`, `created_at`) VALUES (475, 19, 143, 9, '45.13', '2024-02-03 07:13:33');
INSERT INTO `cbse_student_template_rank` (`id`, `cbse_template_id`, `student_session_id`, `rank`, `rank_percentage`, `created_at`) VALUES (476, 19, 91, 10, '42.05', '2024-02-03 07:13:33');
INSERT INTO `cbse_student_template_rank` (`id`, `cbse_template_id`, `student_session_id`, `rank`, `rank_percentage`, `created_at`) VALUES (477, 19, 96, 11, '39.74', '2024-02-03 07:13:33');
INSERT INTO `cbse_student_template_rank` (`id`, `cbse_template_id`, `student_session_id`, `rank`, `rank_percentage`, `created_at`) VALUES (478, 19, 92, 12, '37.69', '2024-02-03 07:13:33');
INSERT INTO `cbse_student_template_rank` (`id`, `cbse_template_id`, `student_session_id`, `rank`, `rank_percentage`, `created_at`) VALUES (479, 19, 95, 13, '33.46', '2024-02-03 07:13:33');
INSERT INTO `cbse_student_template_rank` (`id`, `cbse_template_id`, `student_session_id`, `rank`, `rank_percentage`, `created_at`) VALUES (480, 19, 93, 14, '30.26', '2024-02-03 07:13:33');
INSERT INTO `cbse_student_template_rank` (`id`, `cbse_template_id`, `student_session_id`, `rank`, `rank_percentage`, `created_at`) VALUES (506, 22, 152, 1, '64.23', '2024-04-04 07:05:40');
INSERT INTO `cbse_student_template_rank` (`id`, `cbse_template_id`, `student_session_id`, `rank`, `rank_percentage`, `created_at`) VALUES (507, 22, 166, 2, '56.85', '2024-04-04 07:05:40');
INSERT INTO `cbse_student_template_rank` (`id`, `cbse_template_id`, `student_session_id`, `rank`, `rank_percentage`, `created_at`) VALUES (508, 22, 160, 3, '38.66', '2024-04-04 07:05:40');
INSERT INTO `cbse_student_template_rank` (`id`, `cbse_template_id`, `student_session_id`, `rank`, `rank_percentage`, `created_at`) VALUES (509, 22, 159, 4, '36.59', '2024-04-04 07:05:40');
INSERT INTO `cbse_student_template_rank` (`id`, `cbse_template_id`, `student_session_id`, `rank`, `rank_percentage`, `created_at`) VALUES (510, 22, 153, 5, '36.32', '2024-04-04 07:05:40');
INSERT INTO `cbse_student_template_rank` (`id`, `cbse_template_id`, `student_session_id`, `rank`, `rank_percentage`, `created_at`) VALUES (511, 22, 181, 6, '32.90', '2024-04-04 07:05:40');
INSERT INTO `cbse_student_template_rank` (`id`, `cbse_template_id`, `student_session_id`, `rank`, `rank_percentage`, `created_at`) VALUES (512, 22, 157, 7, '32.40', '2024-04-04 07:05:40');
INSERT INTO `cbse_student_template_rank` (`id`, `cbse_template_id`, `student_session_id`, `rank`, `rank_percentage`, `created_at`) VALUES (513, 22, 161, 8, '30.41', '2024-04-04 07:05:40');
INSERT INTO `cbse_student_template_rank` (`id`, `cbse_template_id`, `student_session_id`, `rank`, `rank_percentage`, `created_at`) VALUES (514, 22, 155, 9, '25.02', '2024-04-04 07:05:40');
INSERT INTO `cbse_student_template_rank` (`id`, `cbse_template_id`, `student_session_id`, `rank`, `rank_percentage`, `created_at`) VALUES (515, 22, 158, 10, '24.54', '2024-04-04 07:05:40');
INSERT INTO `cbse_student_template_rank` (`id`, `cbse_template_id`, `student_session_id`, `rank`, `rank_percentage`, `created_at`) VALUES (516, 22, 180, 11, '22.73', '2024-04-04 07:05:40');
INSERT INTO `cbse_student_template_rank` (`id`, `cbse_template_id`, `student_session_id`, `rank`, `rank_percentage`, `created_at`) VALUES (517, 22, 182, 12, '19.33', '2024-04-04 07:05:40');
INSERT INTO `cbse_student_template_rank` (`id`, `cbse_template_id`, `student_session_id`, `rank`, `rank_percentage`, `created_at`) VALUES (518, 22, 154, 13, '18.88', '2024-04-04 07:05:40');
INSERT INTO `cbse_student_template_rank` (`id`, `cbse_template_id`, `student_session_id`, `rank`, `rank_percentage`, `created_at`) VALUES (519, 23, 152, 1, '71.64', '2024-04-04 11:44:13');
INSERT INTO `cbse_student_template_rank` (`id`, `cbse_template_id`, `student_session_id`, `rank`, `rank_percentage`, `created_at`) VALUES (520, 23, 166, 2, '64.72', '2024-04-04 11:44:13');
INSERT INTO `cbse_student_template_rank` (`id`, `cbse_template_id`, `student_session_id`, `rank`, `rank_percentage`, `created_at`) VALUES (521, 23, 153, 3, '47.57', '2024-04-04 11:44:13');
INSERT INTO `cbse_student_template_rank` (`id`, `cbse_template_id`, `student_session_id`, `rank`, `rank_percentage`, `created_at`) VALUES (522, 23, 154, 4, '40.29', '2024-04-04 11:44:13');
INSERT INTO `cbse_student_template_rank` (`id`, `cbse_template_id`, `student_session_id`, `rank`, `rank_percentage`, `created_at`) VALUES (523, 23, 158, 5, '39.43', '2024-04-04 11:44:13');
INSERT INTO `cbse_student_template_rank` (`id`, `cbse_template_id`, `student_session_id`, `rank`, `rank_percentage`, `created_at`) VALUES (524, 23, 159, 6, '37.14', '2024-04-04 11:44:13');
INSERT INTO `cbse_student_template_rank` (`id`, `cbse_template_id`, `student_session_id`, `rank`, `rank_percentage`, `created_at`) VALUES (525, 23, 161, 7, '36.93', '2024-04-04 11:44:13');
INSERT INTO `cbse_student_template_rank` (`id`, `cbse_template_id`, `student_session_id`, `rank`, `rank_percentage`, `created_at`) VALUES (526, 23, 181, 8, '36.86', '2024-04-04 11:44:13');
INSERT INTO `cbse_student_template_rank` (`id`, `cbse_template_id`, `student_session_id`, `rank`, `rank_percentage`, `created_at`) VALUES (527, 23, 182, 9, '36.71', '2024-04-04 11:44:13');
INSERT INTO `cbse_student_template_rank` (`id`, `cbse_template_id`, `student_session_id`, `rank`, `rank_percentage`, `created_at`) VALUES (528, 23, 180, 10, '35.64', '2024-04-04 11:44:13');
INSERT INTO `cbse_student_template_rank` (`id`, `cbse_template_id`, `student_session_id`, `rank`, `rank_percentage`, `created_at`) VALUES (529, 23, 157, 11, '33.57', '2024-04-04 11:44:13');
INSERT INTO `cbse_student_template_rank` (`id`, `cbse_template_id`, `student_session_id`, `rank`, `rank_percentage`, `created_at`) VALUES (530, 23, 160, 12, '32.14', '2024-04-04 11:44:13');
INSERT INTO `cbse_student_template_rank` (`id`, `cbse_template_id`, `student_session_id`, `rank`, `rank_percentage`, `created_at`) VALUES (531, 23, 155, 13, '31.00', '2024-04-04 11:44:13');
INSERT INTO `cbse_student_template_rank` (`id`, `cbse_template_id`, `student_session_id`, `rank`, `rank_percentage`, `created_at`) VALUES (532, 23, 162, 14, '11.29', '2024-04-04 11:44:13');
INSERT INTO `cbse_student_template_rank` (`id`, `cbse_template_id`, `student_session_id`, `rank`, `rank_percentage`, `created_at`) VALUES (533, 24, 152, 1, '78.11', '2024-04-04 11:50:15');
INSERT INTO `cbse_student_template_rank` (`id`, `cbse_template_id`, `student_session_id`, `rank`, `rank_percentage`, `created_at`) VALUES (534, 24, 162, 2, '74.19', '2024-04-04 11:50:15');
INSERT INTO `cbse_student_template_rank` (`id`, `cbse_template_id`, `student_session_id`, `rank`, `rank_percentage`, `created_at`) VALUES (535, 24, 166, 3, '72.14', '2024-04-04 11:50:15');
INSERT INTO `cbse_student_template_rank` (`id`, `cbse_template_id`, `student_session_id`, `rank`, `rank_percentage`, `created_at`) VALUES (536, 24, 182, 4, '58.90', '2024-04-04 11:50:15');
INSERT INTO `cbse_student_template_rank` (`id`, `cbse_template_id`, `student_session_id`, `rank`, `rank_percentage`, `created_at`) VALUES (537, 24, 153, 5, '53.59', '2024-04-04 11:50:15');
INSERT INTO `cbse_student_template_rank` (`id`, `cbse_template_id`, `student_session_id`, `rank`, `rank_percentage`, `created_at`) VALUES (538, 24, 159, 6, '50.96', '2024-04-04 11:50:15');
INSERT INTO `cbse_student_template_rank` (`id`, `cbse_template_id`, `student_session_id`, `rank`, `rank_percentage`, `created_at`) VALUES (539, 24, 160, 7, '50.12', '2024-04-04 11:50:15');
INSERT INTO `cbse_student_template_rank` (`id`, `cbse_template_id`, `student_session_id`, `rank`, `rank_percentage`, `created_at`) VALUES (540, 24, 161, 8, '48.21', '2024-04-04 11:50:15');
INSERT INTO `cbse_student_template_rank` (`id`, `cbse_template_id`, `student_session_id`, `rank`, `rank_percentage`, `created_at`) VALUES (541, 24, 180, 9, '47.33', '2024-04-04 11:50:15');
INSERT INTO `cbse_student_template_rank` (`id`, `cbse_template_id`, `student_session_id`, `rank`, `rank_percentage`, `created_at`) VALUES (542, 24, 181, 9, '47.33', '2024-04-04 11:50:15');
INSERT INTO `cbse_student_template_rank` (`id`, `cbse_template_id`, `student_session_id`, `rank`, `rank_percentage`, `created_at`) VALUES (543, 24, 158, 10, '46.39', '2024-04-04 11:50:15');
INSERT INTO `cbse_student_template_rank` (`id`, `cbse_template_id`, `student_session_id`, `rank`, `rank_percentage`, `created_at`) VALUES (544, 24, 155, 11, '43.81', '2024-04-04 11:50:15');
INSERT INTO `cbse_student_template_rank` (`id`, `cbse_template_id`, `student_session_id`, `rank`, `rank_percentage`, `created_at`) VALUES (545, 24, 157, 12, '43.36', '2024-04-04 11:50:15');
INSERT INTO `cbse_student_template_rank` (`id`, `cbse_template_id`, `student_session_id`, `rank`, `rank_percentage`, `created_at`) VALUES (546, 24, 154, 13, '39.88', '2024-04-04 11:50:15');
INSERT INTO `cbse_student_template_rank` (`id`, `cbse_template_id`, `student_session_id`, `rank`, `rank_percentage`, `created_at`) VALUES (547, 25, 192, 1, '64.00', '2024-04-17 06:13:42');
INSERT INTO `cbse_student_template_rank` (`id`, `cbse_template_id`, `student_session_id`, `rank`, `rank_percentage`, `created_at`) VALUES (548, 25, 194, 2, '58.14', '2024-04-17 06:13:42');
INSERT INTO `cbse_student_template_rank` (`id`, `cbse_template_id`, `student_session_id`, `rank`, `rank_percentage`, `created_at`) VALUES (549, 25, 193, 3, '41.57', '2024-04-17 06:13:42');
INSERT INTO `cbse_student_template_rank` (`id`, `cbse_template_id`, `student_session_id`, `rank`, `rank_percentage`, `created_at`) VALUES (550, 25, 196, 4, '40.71', '2024-04-17 06:13:42');
INSERT INTO `cbse_student_template_rank` (`id`, `cbse_template_id`, `student_session_id`, `rank`, `rank_percentage`, `created_at`) VALUES (551, 25, 195, 5, '39.29', '2024-04-17 06:13:42');
INSERT INTO `cbse_student_template_rank` (`id`, `cbse_template_id`, `student_session_id`, `rank`, `rank_percentage`, `created_at`) VALUES (552, 27, 176, 1, '36.54', '2024-04-17 06:36:35');
INSERT INTO `cbse_student_template_rank` (`id`, `cbse_template_id`, `student_session_id`, `rank`, `rank_percentage`, `created_at`) VALUES (553, 27, 163, 2, '26.92', '2024-04-17 06:36:35');
INSERT INTO `cbse_student_template_rank` (`id`, `cbse_template_id`, `student_session_id`, `rank`, `rank_percentage`, `created_at`) VALUES (554, 27, 167, 3, '26.41', '2024-04-17 06:36:35');
INSERT INTO `cbse_student_template_rank` (`id`, `cbse_template_id`, `student_session_id`, `rank`, `rank_percentage`, `created_at`) VALUES (555, 27, 183, 4, '26.15', '2024-04-17 06:36:35');
INSERT INTO `cbse_student_template_rank` (`id`, `cbse_template_id`, `student_session_id`, `rank`, `rank_percentage`, `created_at`) VALUES (556, 27, 168, 5, '26.03', '2024-04-17 06:36:35');
INSERT INTO `cbse_student_template_rank` (`id`, `cbse_template_id`, `student_session_id`, `rank`, `rank_percentage`, `created_at`) VALUES (557, 27, 170, 6, '25.51', '2024-04-17 06:36:35');
INSERT INTO `cbse_student_template_rank` (`id`, `cbse_template_id`, `student_session_id`, `rank`, `rank_percentage`, `created_at`) VALUES (558, 27, 172, 6, '25.51', '2024-04-17 06:36:35');
INSERT INTO `cbse_student_template_rank` (`id`, `cbse_template_id`, `student_session_id`, `rank`, `rank_percentage`, `created_at`) VALUES (559, 27, 171, 7, '22.56', '2024-04-17 06:36:35');
INSERT INTO `cbse_student_template_rank` (`id`, `cbse_template_id`, `student_session_id`, `rank`, `rank_percentage`, `created_at`) VALUES (560, 27, 178, 7, '22.56', '2024-04-17 06:36:35');
INSERT INTO `cbse_student_template_rank` (`id`, `cbse_template_id`, `student_session_id`, `rank`, `rank_percentage`, `created_at`) VALUES (561, 27, 177, 8, '21.15', '2024-04-17 06:36:35');
INSERT INTO `cbse_student_template_rank` (`id`, `cbse_template_id`, `student_session_id`, `rank`, `rank_percentage`, `created_at`) VALUES (562, 27, 169, 9, '20.90', '2024-04-17 06:36:35');
INSERT INTO `cbse_student_template_rank` (`id`, `cbse_template_id`, `student_session_id`, `rank`, `rank_percentage`, `created_at`) VALUES (563, 27, 156, 10, '19.87', '2024-04-17 06:36:35');
INSERT INTO `cbse_student_template_rank` (`id`, `cbse_template_id`, `student_session_id`, `rank`, `rank_percentage`, `created_at`) VALUES (564, 27, 140, 11, '15.13', '2024-04-17 06:36:35');
INSERT INTO `cbse_student_template_rank` (`id`, `cbse_template_id`, `student_session_id`, `rank`, `rank_percentage`, `created_at`) VALUES (565, 27, 175, 12, '12.95', '2024-04-17 06:36:35');
INSERT INTO `cbse_student_template_rank` (`id`, `cbse_template_id`, `student_session_id`, `rank`, `rank_percentage`, `created_at`) VALUES (566, 28, 185, 1, '61.03', '2024-04-17 06:42:54');
INSERT INTO `cbse_student_template_rank` (`id`, `cbse_template_id`, `student_session_id`, `rank`, `rank_percentage`, `created_at`) VALUES (567, 28, 186, 2, '43.98', '2024-04-17 06:42:54');
INSERT INTO `cbse_student_template_rank` (`id`, `cbse_template_id`, `student_session_id`, `rank`, `rank_percentage`, `created_at`) VALUES (568, 28, 189, 3, '41.28', '2024-04-17 06:42:54');
INSERT INTO `cbse_student_template_rank` (`id`, `cbse_template_id`, `student_session_id`, `rank`, `rank_percentage`, `created_at`) VALUES (569, 28, 191, 4, '41.03', '2024-04-17 06:42:54');
INSERT INTO `cbse_student_template_rank` (`id`, `cbse_template_id`, `student_session_id`, `rank`, `rank_percentage`, `created_at`) VALUES (570, 28, 187, 5, '30.77', '2024-04-17 06:42:54');
INSERT INTO `cbse_student_template_rank` (`id`, `cbse_template_id`, `student_session_id`, `rank`, `rank_percentage`, `created_at`) VALUES (602, 29, 152, 1, '67.00', '2024-05-04 06:21:20');
INSERT INTO `cbse_student_template_rank` (`id`, `cbse_template_id`, `student_session_id`, `rank`, `rank_percentage`, `created_at`) VALUES (603, 29, 166, 2, '58.43', '2024-05-04 06:21:20');
INSERT INTO `cbse_student_template_rank` (`id`, `cbse_template_id`, `student_session_id`, `rank`, `rank_percentage`, `created_at`) VALUES (604, 29, 190, 3, '46.43', '2024-05-04 06:21:20');
INSERT INTO `cbse_student_template_rank` (`id`, `cbse_template_id`, `student_session_id`, `rank`, `rank_percentage`, `created_at`) VALUES (605, 29, 157, 4, '44.43', '2024-05-04 06:21:20');
INSERT INTO `cbse_student_template_rank` (`id`, `cbse_template_id`, `student_session_id`, `rank`, `rank_percentage`, `created_at`) VALUES (606, 29, 164, 5, '44.29', '2024-05-04 06:21:20');
INSERT INTO `cbse_student_template_rank` (`id`, `cbse_template_id`, `student_session_id`, `rank`, `rank_percentage`, `created_at`) VALUES (607, 29, 182, 6, '43.43', '2024-05-04 06:21:20');
INSERT INTO `cbse_student_template_rank` (`id`, `cbse_template_id`, `student_session_id`, `rank`, `rank_percentage`, `created_at`) VALUES (608, 29, 155, 7, '41.71', '2024-05-04 06:21:20');
INSERT INTO `cbse_student_template_rank` (`id`, `cbse_template_id`, `student_session_id`, `rank`, `rank_percentage`, `created_at`) VALUES (609, 29, 188, 8, '40.71', '2024-05-04 06:21:20');
INSERT INTO `cbse_student_template_rank` (`id`, `cbse_template_id`, `student_session_id`, `rank`, `rank_percentage`, `created_at`) VALUES (610, 29, 160, 9, '37.14', '2024-05-04 06:21:20');
INSERT INTO `cbse_student_template_rank` (`id`, `cbse_template_id`, `student_session_id`, `rank`, `rank_percentage`, `created_at`) VALUES (611, 29, 165, 9, '37.14', '2024-05-04 06:21:20');
INSERT INTO `cbse_student_template_rank` (`id`, `cbse_template_id`, `student_session_id`, `rank`, `rank_percentage`, `created_at`) VALUES (612, 29, 153, 10, '36.86', '2024-05-04 06:21:20');
INSERT INTO `cbse_student_template_rank` (`id`, `cbse_template_id`, `student_session_id`, `rank`, `rank_percentage`, `created_at`) VALUES (613, 29, 159, 11, '32.29', '2024-05-04 06:21:20');
INSERT INTO `cbse_student_template_rank` (`id`, `cbse_template_id`, `student_session_id`, `rank`, `rank_percentage`, `created_at`) VALUES (614, 29, 158, 12, '31.57', '2024-05-04 06:21:20');
INSERT INTO `cbse_student_template_rank` (`id`, `cbse_template_id`, `student_session_id`, `rank`, `rank_percentage`, `created_at`) VALUES (615, 29, 184, 12, '31.57', '2024-05-04 06:21:20');
INSERT INTO `cbse_student_template_rank` (`id`, `cbse_template_id`, `student_session_id`, `rank`, `rank_percentage`, `created_at`) VALUES (616, 29, 180, 13, '29.00', '2024-05-04 06:21:20');
INSERT INTO `cbse_student_template_rank` (`id`, `cbse_template_id`, `student_session_id`, `rank`, `rank_percentage`, `created_at`) VALUES (617, 29, 181, 14, '27.14', '2024-05-04 06:21:20');
INSERT INTO `cbse_student_template_rank` (`id`, `cbse_template_id`, `student_session_id`, `rank`, `rank_percentage`, `created_at`) VALUES (618, 29, 161, 15, '27.00', '2024-05-04 06:21:20');
INSERT INTO `cbse_student_template_rank` (`id`, `cbse_template_id`, `student_session_id`, `rank`, `rank_percentage`, `created_at`) VALUES (619, 29, 162, 16, '26.43', '2024-05-04 06:21:20');
INSERT INTO `cbse_student_template_rank` (`id`, `cbse_template_id`, `student_session_id`, `rank`, `rank_percentage`, `created_at`) VALUES (620, 29, 154, 17, '21.57', '2024-05-04 06:21:20');
INSERT INTO `cbse_student_template_rank` (`id`, `cbse_template_id`, `student_session_id`, `rank`, `rank_percentage`, `created_at`) VALUES (633, 30, 152, 1, '61.80', '2024-06-05 09:26:19');
INSERT INTO `cbse_student_template_rank` (`id`, `cbse_template_id`, `student_session_id`, `rank`, `rank_percentage`, `created_at`) VALUES (634, 30, 166, 2, '56.41', '2024-06-05 09:26:19');
INSERT INTO `cbse_student_template_rank` (`id`, `cbse_template_id`, `student_session_id`, `rank`, `rank_percentage`, `created_at`) VALUES (635, 30, 153, 3, '49.11', '2024-06-05 09:26:19');
INSERT INTO `cbse_student_template_rank` (`id`, `cbse_template_id`, `student_session_id`, `rank`, `rank_percentage`, `created_at`) VALUES (636, 30, 158, 4, '46.67', '2024-06-05 09:26:19');
INSERT INTO `cbse_student_template_rank` (`id`, `cbse_template_id`, `student_session_id`, `rank`, `rank_percentage`, `created_at`) VALUES (637, 30, 180, 5, '44.23', '2024-06-05 09:26:19');
INSERT INTO `cbse_student_template_rank` (`id`, `cbse_template_id`, `student_session_id`, `rank`, `rank_percentage`, `created_at`) VALUES (638, 30, 157, 6, '41.41', '2024-06-05 09:26:19');
INSERT INTO `cbse_student_template_rank` (`id`, `cbse_template_id`, `student_session_id`, `rank`, `rank_percentage`, `created_at`) VALUES (639, 30, 162, 7, '40.90', '2024-06-05 09:26:19');
INSERT INTO `cbse_student_template_rank` (`id`, `cbse_template_id`, `student_session_id`, `rank`, `rank_percentage`, `created_at`) VALUES (640, 30, 159, 8, '39.36', '2024-06-05 09:26:19');
INSERT INTO `cbse_student_template_rank` (`id`, `cbse_template_id`, `student_session_id`, `rank`, `rank_percentage`, `created_at`) VALUES (641, 30, 182, 9, '34.74', '2024-06-05 09:26:19');
INSERT INTO `cbse_student_template_rank` (`id`, `cbse_template_id`, `student_session_id`, `rank`, `rank_percentage`, `created_at`) VALUES (642, 30, 160, 10, '31.03', '2024-06-05 09:26:19');
INSERT INTO `cbse_student_template_rank` (`id`, `cbse_template_id`, `student_session_id`, `rank`, `rank_percentage`, `created_at`) VALUES (643, 30, 155, 11, '30.64', '2024-06-05 09:26:19');
INSERT INTO `cbse_student_template_rank` (`id`, `cbse_template_id`, `student_session_id`, `rank`, `rank_percentage`, `created_at`) VALUES (644, 30, 154, 12, '27.82', '2024-06-05 09:26:19');
INSERT INTO `cbse_student_template_rank` (`id`, `cbse_template_id`, `student_session_id`, `rank`, `rank_percentage`, `created_at`) VALUES (645, 30, 181, 13, '25.51', '2024-06-05 09:26:19');
INSERT INTO `cbse_student_template_rank` (`id`, `cbse_template_id`, `student_session_id`, `rank`, `rank_percentage`, `created_at`) VALUES (646, 30, 161, 14, '21.67', '2024-06-05 09:26:19');
INSERT INTO `cbse_student_template_rank` (`id`, `cbse_template_id`, `student_session_id`, `rank`, `rank_percentage`, `created_at`) VALUES (647, 31, 152, 1, '70.00', '2024-07-03 12:03:32');
INSERT INTO `cbse_student_template_rank` (`id`, `cbse_template_id`, `student_session_id`, `rank`, `rank_percentage`, `created_at`) VALUES (648, 31, 166, 2, '61.15', '2024-07-03 12:03:32');
INSERT INTO `cbse_student_template_rank` (`id`, `cbse_template_id`, `student_session_id`, `rank`, `rank_percentage`, `created_at`) VALUES (649, 31, 153, 3, '46.67', '2024-07-03 12:03:32');
INSERT INTO `cbse_student_template_rank` (`id`, `cbse_template_id`, `student_session_id`, `rank`, `rank_percentage`, `created_at`) VALUES (650, 31, 154, 4, '42.95', '2024-07-03 12:03:32');
INSERT INTO `cbse_student_template_rank` (`id`, `cbse_template_id`, `student_session_id`, `rank`, `rank_percentage`, `created_at`) VALUES (651, 31, 161, 5, '41.92', '2024-07-03 12:03:32');
INSERT INTO `cbse_student_template_rank` (`id`, `cbse_template_id`, `student_session_id`, `rank`, `rank_percentage`, `created_at`) VALUES (652, 31, 159, 6, '41.03', '2024-07-03 12:03:32');
INSERT INTO `cbse_student_template_rank` (`id`, `cbse_template_id`, `student_session_id`, `rank`, `rank_percentage`, `created_at`) VALUES (653, 31, 180, 7, '39.36', '2024-07-03 12:03:32');
INSERT INTO `cbse_student_template_rank` (`id`, `cbse_template_id`, `student_session_id`, `rank`, `rank_percentage`, `created_at`) VALUES (654, 31, 158, 8, '36.79', '2024-07-03 12:03:32');
INSERT INTO `cbse_student_template_rank` (`id`, `cbse_template_id`, `student_session_id`, `rank`, `rank_percentage`, `created_at`) VALUES (655, 31, 155, 9, '34.36', '2024-07-03 12:03:32');
INSERT INTO `cbse_student_template_rank` (`id`, `cbse_template_id`, `student_session_id`, `rank`, `rank_percentage`, `created_at`) VALUES (656, 31, 181, 10, '32.69', '2024-07-03 12:03:32');
INSERT INTO `cbse_student_template_rank` (`id`, `cbse_template_id`, `student_session_id`, `rank`, `rank_percentage`, `created_at`) VALUES (657, 31, 157, 11, '32.05', '2024-07-03 12:03:32');
INSERT INTO `cbse_student_template_rank` (`id`, `cbse_template_id`, `student_session_id`, `rank`, `rank_percentage`, `created_at`) VALUES (658, 31, 160, 12, '25.90', '2024-07-03 12:03:32');
INSERT INTO `cbse_student_template_rank` (`id`, `cbse_template_id`, `student_session_id`, `rank`, `rank_percentage`, `created_at`) VALUES (659, 32, 152, 1, '65.00', '2024-08-05 04:45:04');
INSERT INTO `cbse_student_template_rank` (`id`, `cbse_template_id`, `student_session_id`, `rank`, `rank_percentage`, `created_at`) VALUES (660, 32, 166, 2, '57.86', '2024-08-05 04:45:04');
INSERT INTO `cbse_student_template_rank` (`id`, `cbse_template_id`, `student_session_id`, `rank`, `rank_percentage`, `created_at`) VALUES (661, 32, 161, 3, '44.29', '2024-08-05 04:45:04');
INSERT INTO `cbse_student_template_rank` (`id`, `cbse_template_id`, `student_session_id`, `rank`, `rank_percentage`, `created_at`) VALUES (662, 32, 181, 4, '42.29', '2024-08-05 04:45:04');
INSERT INTO `cbse_student_template_rank` (`id`, `cbse_template_id`, `student_session_id`, `rank`, `rank_percentage`, `created_at`) VALUES (663, 32, 153, 5, '40.71', '2024-08-05 04:45:04');
INSERT INTO `cbse_student_template_rank` (`id`, `cbse_template_id`, `student_session_id`, `rank`, `rank_percentage`, `created_at`) VALUES (664, 32, 182, 6, '35.14', '2024-08-05 04:45:04');
INSERT INTO `cbse_student_template_rank` (`id`, `cbse_template_id`, `student_session_id`, `rank`, `rank_percentage`, `created_at`) VALUES (665, 32, 157, 7, '34.86', '2024-08-05 04:45:04');
INSERT INTO `cbse_student_template_rank` (`id`, `cbse_template_id`, `student_session_id`, `rank`, `rank_percentage`, `created_at`) VALUES (666, 32, 162, 8, '34.14', '2024-08-05 04:45:04');
INSERT INTO `cbse_student_template_rank` (`id`, `cbse_template_id`, `student_session_id`, `rank`, `rank_percentage`, `created_at`) VALUES (667, 32, 155, 9, '33.00', '2024-08-05 04:45:04');
INSERT INTO `cbse_student_template_rank` (`id`, `cbse_template_id`, `student_session_id`, `rank`, `rank_percentage`, `created_at`) VALUES (668, 32, 158, 10, '31.86', '2024-08-05 04:45:04');
INSERT INTO `cbse_student_template_rank` (`id`, `cbse_template_id`, `student_session_id`, `rank`, `rank_percentage`, `created_at`) VALUES (669, 32, 154, 11, '29.00', '2024-08-05 04:45:04');
INSERT INTO `cbse_student_template_rank` (`id`, `cbse_template_id`, `student_session_id`, `rank`, `rank_percentage`, `created_at`) VALUES (670, 32, 180, 12, '25.71', '2024-08-05 04:45:04');
INSERT INTO `cbse_student_template_rank` (`id`, `cbse_template_id`, `student_session_id`, `rank`, `rank_percentage`, `created_at`) VALUES (671, 32, 160, 13, '22.71', '2024-08-05 04:45:04');
INSERT INTO `cbse_student_template_rank` (`id`, `cbse_template_id`, `student_session_id`, `rank`, `rank_percentage`, `created_at`) VALUES (672, 32, 159, 14, '14.57', '2024-08-05 04:45:04');
INSERT INTO `cbse_student_template_rank` (`id`, `cbse_template_id`, `student_session_id`, `rank`, `rank_percentage`, `created_at`) VALUES (673, 33, 152, 1, '74.10', '2024-09-03 05:31:35');
INSERT INTO `cbse_student_template_rank` (`id`, `cbse_template_id`, `student_session_id`, `rank`, `rank_percentage`, `created_at`) VALUES (674, 33, 166, 2, '61.41', '2024-09-03 05:31:35');
INSERT INTO `cbse_student_template_rank` (`id`, `cbse_template_id`, `student_session_id`, `rank`, `rank_percentage`, `created_at`) VALUES (675, 33, 161, 3, '45.00', '2024-09-03 05:31:35');
INSERT INTO `cbse_student_template_rank` (`id`, `cbse_template_id`, `student_session_id`, `rank`, `rank_percentage`, `created_at`) VALUES (676, 33, 154, 4, '43.46', '2024-09-03 05:31:35');
INSERT INTO `cbse_student_template_rank` (`id`, `cbse_template_id`, `student_session_id`, `rank`, `rank_percentage`, `created_at`) VALUES (677, 33, 181, 5, '42.56', '2024-09-03 05:31:35');
INSERT INTO `cbse_student_template_rank` (`id`, `cbse_template_id`, `student_session_id`, `rank`, `rank_percentage`, `created_at`) VALUES (678, 33, 158, 6, '41.41', '2024-09-03 05:31:35');
INSERT INTO `cbse_student_template_rank` (`id`, `cbse_template_id`, `student_session_id`, `rank`, `rank_percentage`, `created_at`) VALUES (679, 33, 153, 7, '41.28', '2024-09-03 05:31:35');
INSERT INTO `cbse_student_template_rank` (`id`, `cbse_template_id`, `student_session_id`, `rank`, `rank_percentage`, `created_at`) VALUES (680, 33, 155, 8, '41.15', '2024-09-03 05:31:35');
INSERT INTO `cbse_student_template_rank` (`id`, `cbse_template_id`, `student_session_id`, `rank`, `rank_percentage`, `created_at`) VALUES (681, 33, 184, 9, '40.38', '2024-09-03 05:31:35');
INSERT INTO `cbse_student_template_rank` (`id`, `cbse_template_id`, `student_session_id`, `rank`, `rank_percentage`, `created_at`) VALUES (682, 33, 190, 10, '39.87', '2024-09-03 05:31:35');
INSERT INTO `cbse_student_template_rank` (`id`, `cbse_template_id`, `student_session_id`, `rank`, `rank_percentage`, `created_at`) VALUES (683, 33, 182, 11, '38.97', '2024-09-03 05:31:35');
INSERT INTO `cbse_student_template_rank` (`id`, `cbse_template_id`, `student_session_id`, `rank`, `rank_percentage`, `created_at`) VALUES (684, 33, 188, 12, '38.46', '2024-09-03 05:31:35');
INSERT INTO `cbse_student_template_rank` (`id`, `cbse_template_id`, `student_session_id`, `rank`, `rank_percentage`, `created_at`) VALUES (685, 33, 160, 13, '38.21', '2024-09-03 05:31:35');
INSERT INTO `cbse_student_template_rank` (`id`, `cbse_template_id`, `student_session_id`, `rank`, `rank_percentage`, `created_at`) VALUES (686, 33, 180, 14, '34.10', '2024-09-03 05:31:35');
INSERT INTO `cbse_student_template_rank` (`id`, `cbse_template_id`, `student_session_id`, `rank`, `rank_percentage`, `created_at`) VALUES (687, 33, 165, 15, '31.92', '2024-09-03 05:31:35');
INSERT INTO `cbse_student_template_rank` (`id`, `cbse_template_id`, `student_session_id`, `rank`, `rank_percentage`, `created_at`) VALUES (688, 33, 162, 16, '30.90', '2024-09-03 05:31:35');
INSERT INTO `cbse_student_template_rank` (`id`, `cbse_template_id`, `student_session_id`, `rank`, `rank_percentage`, `created_at`) VALUES (689, 33, 164, 17, '30.13', '2024-09-03 05:31:35');
INSERT INTO `cbse_student_template_rank` (`id`, `cbse_template_id`, `student_session_id`, `rank`, `rank_percentage`, `created_at`) VALUES (690, 33, 157, 18, '27.95', '2024-09-03 05:31:35');
INSERT INTO `cbse_student_template_rank` (`id`, `cbse_template_id`, `student_session_id`, `rank`, `rank_percentage`, `created_at`) VALUES (691, 33, 159, 19, '23.46', '2024-09-03 05:31:35');
INSERT INTO `cbse_student_template_rank` (`id`, `cbse_template_id`, `student_session_id`, `rank`, `rank_percentage`, `created_at`) VALUES (692, 34, 152, 1, '90.70', '2024-10-02 07:48:14');
INSERT INTO `cbse_student_template_rank` (`id`, `cbse_template_id`, `student_session_id`, `rank`, `rank_percentage`, `created_at`) VALUES (693, 34, 166, 2, '83.57', '2024-10-02 07:48:14');
INSERT INTO `cbse_student_template_rank` (`id`, `cbse_template_id`, `student_session_id`, `rank`, `rank_percentage`, `created_at`) VALUES (694, 34, 153, 3, '64.00', '2024-10-02 07:48:14');
INSERT INTO `cbse_student_template_rank` (`id`, `cbse_template_id`, `student_session_id`, `rank`, `rank_percentage`, `created_at`) VALUES (695, 34, 181, 4, '59.61', '2024-10-02 07:48:14');
INSERT INTO `cbse_student_template_rank` (`id`, `cbse_template_id`, `student_session_id`, `rank`, `rank_percentage`, `created_at`) VALUES (696, 34, 162, 5, '57.29', '2024-10-02 07:48:14');
INSERT INTO `cbse_student_template_rank` (`id`, `cbse_template_id`, `student_session_id`, `rank`, `rank_percentage`, `created_at`) VALUES (697, 34, 158, 6, '56.38', '2024-10-02 07:48:14');
INSERT INTO `cbse_student_template_rank` (`id`, `cbse_template_id`, `student_session_id`, `rank`, `rank_percentage`, `created_at`) VALUES (698, 34, 182, 7, '53.48', '2024-10-02 07:48:14');
INSERT INTO `cbse_student_template_rank` (`id`, `cbse_template_id`, `student_session_id`, `rank`, `rank_percentage`, `created_at`) VALUES (699, 34, 155, 8, '48.77', '2024-10-02 07:48:14');
INSERT INTO `cbse_student_template_rank` (`id`, `cbse_template_id`, `student_session_id`, `rank`, `rank_percentage`, `created_at`) VALUES (700, 34, 157, 9, '47.88', '2024-10-02 07:48:14');
INSERT INTO `cbse_student_template_rank` (`id`, `cbse_template_id`, `student_session_id`, `rank`, `rank_percentage`, `created_at`) VALUES (701, 34, 154, 10, '46.07', '2024-10-02 07:48:14');
INSERT INTO `cbse_student_template_rank` (`id`, `cbse_template_id`, `student_session_id`, `rank`, `rank_percentage`, `created_at`) VALUES (702, 34, 161, 11, '45.34', '2024-10-02 07:48:14');
INSERT INTO `cbse_student_template_rank` (`id`, `cbse_template_id`, `student_session_id`, `rank`, `rank_percentage`, `created_at`) VALUES (703, 34, 160, 12, '41.04', '2024-10-02 07:48:14');
INSERT INTO `cbse_student_template_rank` (`id`, `cbse_template_id`, `student_session_id`, `rank`, `rank_percentage`, `created_at`) VALUES (704, 34, 180, 13, '40.54', '2024-10-02 07:48:14');
INSERT INTO `cbse_student_template_rank` (`id`, `cbse_template_id`, `student_session_id`, `rank`, `rank_percentage`, `created_at`) VALUES (705, 34, 159, 14, '31.66', '2024-10-02 07:48:14');
INSERT INTO `cbse_student_template_rank` (`id`, `cbse_template_id`, `student_session_id`, `rank`, `rank_percentage`, `created_at`) VALUES (706, 34, 190, 15, '24.48', '2024-10-02 07:48:14');
INSERT INTO `cbse_student_template_rank` (`id`, `cbse_template_id`, `student_session_id`, `rank`, `rank_percentage`, `created_at`) VALUES (707, 34, 184, 16, '16.50', '2024-10-02 07:48:14');
INSERT INTO `cbse_student_template_rank` (`id`, `cbse_template_id`, `student_session_id`, `rank`, `rank_percentage`, `created_at`) VALUES (708, 34, 188, 17, '13.89', '2024-10-02 07:48:14');
INSERT INTO `cbse_student_template_rank` (`id`, `cbse_template_id`, `student_session_id`, `rank`, `rank_percentage`, `created_at`) VALUES (709, 35, 152, 1, '74.03', '2024-11-06 05:05:21');
INSERT INTO `cbse_student_template_rank` (`id`, `cbse_template_id`, `student_session_id`, `rank`, `rank_percentage`, `created_at`) VALUES (710, 35, 166, 2, '64.09', '2024-11-06 05:05:21');
INSERT INTO `cbse_student_template_rank` (`id`, `cbse_template_id`, `student_session_id`, `rank`, `rank_percentage`, `created_at`) VALUES (711, 35, 153, 3, '46.50', '2024-11-06 05:05:21');
INSERT INTO `cbse_student_template_rank` (`id`, `cbse_template_id`, `student_session_id`, `rank`, `rank_percentage`, `created_at`) VALUES (712, 35, 181, 4, '45.60', '2024-11-06 05:05:21');
INSERT INTO `cbse_student_template_rank` (`id`, `cbse_template_id`, `student_session_id`, `rank`, `rank_percentage`, `created_at`) VALUES (713, 35, 161, 5, '42.60', '2024-11-06 05:05:21');
INSERT INTO `cbse_student_template_rank` (`id`, `cbse_template_id`, `student_session_id`, `rank`, `rank_percentage`, `created_at`) VALUES (714, 35, 160, 6, '42.58', '2024-11-06 05:05:21');
INSERT INTO `cbse_student_template_rank` (`id`, `cbse_template_id`, `student_session_id`, `rank`, `rank_percentage`, `created_at`) VALUES (715, 35, 154, 7, '37.61', '2024-11-06 05:05:21');
INSERT INTO `cbse_student_template_rank` (`id`, `cbse_template_id`, `student_session_id`, `rank`, `rank_percentage`, `created_at`) VALUES (716, 35, 182, 8, '37.49', '2024-11-06 05:05:21');
INSERT INTO `cbse_student_template_rank` (`id`, `cbse_template_id`, `student_session_id`, `rank`, `rank_percentage`, `created_at`) VALUES (717, 35, 158, 9, '36.54', '2024-11-06 05:05:21');
INSERT INTO `cbse_student_template_rank` (`id`, `cbse_template_id`, `student_session_id`, `rank`, `rank_percentage`, `created_at`) VALUES (718, 35, 155, 10, '35.37', '2024-11-06 05:05:21');
INSERT INTO `cbse_student_template_rank` (`id`, `cbse_template_id`, `student_session_id`, `rank`, `rank_percentage`, `created_at`) VALUES (719, 35, 180, 11, '31.07', '2024-11-06 05:05:21');
INSERT INTO `cbse_student_template_rank` (`id`, `cbse_template_id`, `student_session_id`, `rank`, `rank_percentage`, `created_at`) VALUES (720, 35, 162, 12, '28.50', '2024-11-06 05:05:21');
INSERT INTO `cbse_student_template_rank` (`id`, `cbse_template_id`, `student_session_id`, `rank`, `rank_percentage`, `created_at`) VALUES (721, 35, 157, 13, '27.03', '2024-11-06 05:05:21');
INSERT INTO `cbse_student_template_rank` (`id`, `cbse_template_id`, `student_session_id`, `rank`, `rank_percentage`, `created_at`) VALUES (722, 35, 159, 14, '23.89', '2024-11-06 05:05:21');
INSERT INTO `cbse_student_template_rank` (`id`, `cbse_template_id`, `student_session_id`, `rank`, `rank_percentage`, `created_at`) VALUES (723, 35, 184, 15, '18.17', '2024-11-06 05:05:21');
INSERT INTO `cbse_student_template_rank` (`id`, `cbse_template_id`, `student_session_id`, `rank`, `rank_percentage`, `created_at`) VALUES (724, 35, 190, 16, '17.94', '2024-11-06 05:05:21');
INSERT INTO `cbse_student_template_rank` (`id`, `cbse_template_id`, `student_session_id`, `rank`, `rank_percentage`, `created_at`) VALUES (725, 35, 188, 17, '17.31', '2024-11-06 05:05:21');
INSERT INTO `cbse_student_template_rank` (`id`, `cbse_template_id`, `student_session_id`, `rank`, `rank_percentage`, `created_at`) VALUES (726, 35, 165, 18, '14.37', '2024-11-06 05:05:21');
INSERT INTO `cbse_student_template_rank` (`id`, `cbse_template_id`, `student_session_id`, `rank`, `rank_percentage`, `created_at`) VALUES (727, 35, 164, 19, '13.56', '2024-11-06 05:05:21');
INSERT INTO `cbse_student_template_rank` (`id`, `cbse_template_id`, `student_session_id`, `rank`, `rank_percentage`, `created_at`) VALUES (728, 36, 152, 1, '94.75', '2024-12-04 04:30:35');
INSERT INTO `cbse_student_template_rank` (`id`, `cbse_template_id`, `student_session_id`, `rank`, `rank_percentage`, `created_at`) VALUES (729, 36, 166, 2, '82.24', '2024-12-04 04:30:35');
INSERT INTO `cbse_student_template_rank` (`id`, `cbse_template_id`, `student_session_id`, `rank`, `rank_percentage`, `created_at`) VALUES (730, 36, 153, 3, '59.75', '2024-12-04 04:30:35');
INSERT INTO `cbse_student_template_rank` (`id`, `cbse_template_id`, `student_session_id`, `rank`, `rank_percentage`, `created_at`) VALUES (731, 36, 161, 4, '56.42', '2024-12-04 04:30:35');
INSERT INTO `cbse_student_template_rank` (`id`, `cbse_template_id`, `student_session_id`, `rank`, `rank_percentage`, `created_at`) VALUES (732, 36, 180, 5, '52.04', '2024-12-04 04:30:35');
INSERT INTO `cbse_student_template_rank` (`id`, `cbse_template_id`, `student_session_id`, `rank`, `rank_percentage`, `created_at`) VALUES (733, 36, 154, 6, '48.44', '2024-12-04 04:30:35');
INSERT INTO `cbse_student_template_rank` (`id`, `cbse_template_id`, `student_session_id`, `rank`, `rank_percentage`, `created_at`) VALUES (734, 36, 155, 7, '47.83', '2024-12-04 04:30:35');
INSERT INTO `cbse_student_template_rank` (`id`, `cbse_template_id`, `student_session_id`, `rank`, `rank_percentage`, `created_at`) VALUES (735, 36, 181, 8, '47.78', '2024-12-04 04:30:35');
INSERT INTO `cbse_student_template_rank` (`id`, `cbse_template_id`, `student_session_id`, `rank`, `rank_percentage`, `created_at`) VALUES (736, 36, 158, 9, '47.14', '2024-12-04 04:30:35');
INSERT INTO `cbse_student_template_rank` (`id`, `cbse_template_id`, `student_session_id`, `rank`, `rank_percentage`, `created_at`) VALUES (737, 36, 160, 10, '46.39', '2024-12-04 04:30:35');
INSERT INTO `cbse_student_template_rank` (`id`, `cbse_template_id`, `student_session_id`, `rank`, `rank_percentage`, `created_at`) VALUES (738, 36, 165, 11, '45.57', '2024-12-04 04:30:35');
INSERT INTO `cbse_student_template_rank` (`id`, `cbse_template_id`, `student_session_id`, `rank`, `rank_percentage`, `created_at`) VALUES (739, 36, 188, 12, '44.62', '2024-12-04 04:30:35');
INSERT INTO `cbse_student_template_rank` (`id`, `cbse_template_id`, `student_session_id`, `rank`, `rank_percentage`, `created_at`) VALUES (740, 36, 190, 13, '44.60', '2024-12-04 04:30:35');
INSERT INTO `cbse_student_template_rank` (`id`, `cbse_template_id`, `student_session_id`, `rank`, `rank_percentage`, `created_at`) VALUES (741, 36, 157, 14, '44.36', '2024-12-04 04:30:35');
INSERT INTO `cbse_student_template_rank` (`id`, `cbse_template_id`, `student_session_id`, `rank`, `rank_percentage`, `created_at`) VALUES (742, 36, 182, 15, '42.33', '2024-12-04 04:30:35');
INSERT INTO `cbse_student_template_rank` (`id`, `cbse_template_id`, `student_session_id`, `rank`, `rank_percentage`, `created_at`) VALUES (743, 36, 159, 16, '41.59', '2024-12-04 04:30:35');
INSERT INTO `cbse_student_template_rank` (`id`, `cbse_template_id`, `student_session_id`, `rank`, `rank_percentage`, `created_at`) VALUES (744, 36, 184, 17, '40.02', '2024-12-04 04:30:35');
INSERT INTO `cbse_student_template_rank` (`id`, `cbse_template_id`, `student_session_id`, `rank`, `rank_percentage`, `created_at`) VALUES (745, 36, 162, 18, '39.22', '2024-12-04 04:30:35');
INSERT INTO `cbse_student_template_rank` (`id`, `cbse_template_id`, `student_session_id`, `rank`, `rank_percentage`, `created_at`) VALUES (746, 36, 164, 19, '38.91', '2024-12-04 04:30:35');
INSERT INTO `cbse_student_template_rank` (`id`, `cbse_template_id`, `student_session_id`, `rank`, `rank_percentage`, `created_at`) VALUES (747, 37, 152, 1, '63.29', '2025-01-03 12:00:44');
INSERT INTO `cbse_student_template_rank` (`id`, `cbse_template_id`, `student_session_id`, `rank`, `rank_percentage`, `created_at`) VALUES (748, 37, 166, 2, '56.57', '2025-01-03 12:00:44');
INSERT INTO `cbse_student_template_rank` (`id`, `cbse_template_id`, `student_session_id`, `rank`, `rank_percentage`, `created_at`) VALUES (749, 37, 157, 3, '44.57', '2025-01-03 12:00:44');
INSERT INTO `cbse_student_template_rank` (`id`, `cbse_template_id`, `student_session_id`, `rank`, `rank_percentage`, `created_at`) VALUES (750, 37, 182, 4, '42.86', '2025-01-03 12:00:44');
INSERT INTO `cbse_student_template_rank` (`id`, `cbse_template_id`, `student_session_id`, `rank`, `rank_percentage`, `created_at`) VALUES (751, 37, 160, 5, '38.00', '2025-01-03 12:00:44');
INSERT INTO `cbse_student_template_rank` (`id`, `cbse_template_id`, `student_session_id`, `rank`, `rank_percentage`, `created_at`) VALUES (752, 37, 159, 6, '37.86', '2025-01-03 12:00:44');
INSERT INTO `cbse_student_template_rank` (`id`, `cbse_template_id`, `student_session_id`, `rank`, `rank_percentage`, `created_at`) VALUES (753, 37, 153, 7, '36.86', '2025-01-03 12:00:44');
INSERT INTO `cbse_student_template_rank` (`id`, `cbse_template_id`, `student_session_id`, `rank`, `rank_percentage`, `created_at`) VALUES (754, 37, 158, 8, '36.43', '2025-01-03 12:00:44');
INSERT INTO `cbse_student_template_rank` (`id`, `cbse_template_id`, `student_session_id`, `rank`, `rank_percentage`, `created_at`) VALUES (755, 37, 162, 9, '33.14', '2025-01-03 12:00:44');
INSERT INTO `cbse_student_template_rank` (`id`, `cbse_template_id`, `student_session_id`, `rank`, `rank_percentage`, `created_at`) VALUES (756, 37, 180, 10, '32.00', '2025-01-03 12:00:44');
INSERT INTO `cbse_student_template_rank` (`id`, `cbse_template_id`, `student_session_id`, `rank`, `rank_percentage`, `created_at`) VALUES (757, 37, 181, 11, '30.14', '2025-01-03 12:00:44');
INSERT INTO `cbse_student_template_rank` (`id`, `cbse_template_id`, `student_session_id`, `rank`, `rank_percentage`, `created_at`) VALUES (758, 37, 161, 12, '27.14', '2025-01-03 12:00:44');
INSERT INTO `cbse_student_template_rank` (`id`, `cbse_template_id`, `student_session_id`, `rank`, `rank_percentage`, `created_at`) VALUES (759, 37, 155, 13, '27.00', '2025-01-03 12:00:44');
INSERT INTO `cbse_student_template_rank` (`id`, `cbse_template_id`, `student_session_id`, `rank`, `rank_percentage`, `created_at`) VALUES (760, 37, 154, 14, '23.86', '2025-01-03 12:00:44');
INSERT INTO `cbse_student_template_rank` (`id`, `cbse_template_id`, `student_session_id`, `rank`, `rank_percentage`, `created_at`) VALUES (761, 38, 192, 1, '42.56', '2025-02-04 04:42:11');
INSERT INTO `cbse_student_template_rank` (`id`, `cbse_template_id`, `student_session_id`, `rank`, `rank_percentage`, `created_at`) VALUES (762, 38, 194, 2, '38.97', '2025-02-04 04:42:11');
INSERT INTO `cbse_student_template_rank` (`id`, `cbse_template_id`, `student_session_id`, `rank`, `rank_percentage`, `created_at`) VALUES (763, 38, 195, 3, '36.79', '2025-02-04 04:42:11');
INSERT INTO `cbse_student_template_rank` (`id`, `cbse_template_id`, `student_session_id`, `rank`, `rank_percentage`, `created_at`) VALUES (764, 38, 193, 4, '25.51', '2025-02-04 04:42:11');
INSERT INTO `cbse_student_template_rank` (`id`, `cbse_template_id`, `student_session_id`, `rank`, `rank_percentage`, `created_at`) VALUES (765, 38, 196, 5, '23.85', '2025-02-04 04:42:11');
INSERT INTO `cbse_student_template_rank` (`id`, `cbse_template_id`, `student_session_id`, `rank`, `rank_percentage`, `created_at`) VALUES (766, 38, 204, 6, '15.64', '2025-02-04 04:42:11');
INSERT INTO `cbse_student_template_rank` (`id`, `cbse_template_id`, `student_session_id`, `rank`, `rank_percentage`, `created_at`) VALUES (767, 39, 152, 1, '48.97', '2025-02-04 04:43:44');
INSERT INTO `cbse_student_template_rank` (`id`, `cbse_template_id`, `student_session_id`, `rank`, `rank_percentage`, `created_at`) VALUES (768, 39, 166, 2, '43.33', '2025-02-04 04:43:44');
INSERT INTO `cbse_student_template_rank` (`id`, `cbse_template_id`, `student_session_id`, `rank`, `rank_percentage`, `created_at`) VALUES (769, 39, 153, 3, '30.26', '2025-02-04 04:43:44');
INSERT INTO `cbse_student_template_rank` (`id`, `cbse_template_id`, `student_session_id`, `rank`, `rank_percentage`, `created_at`) VALUES (770, 39, 161, 4, '28.59', '2025-02-04 04:43:44');
INSERT INTO `cbse_student_template_rank` (`id`, `cbse_template_id`, `student_session_id`, `rank`, `rank_percentage`, `created_at`) VALUES (771, 39, 160, 5, '26.79', '2025-02-04 04:43:44');
INSERT INTO `cbse_student_template_rank` (`id`, `cbse_template_id`, `student_session_id`, `rank`, `rank_percentage`, `created_at`) VALUES (772, 39, 157, 6, '25.51', '2025-02-04 04:43:44');
INSERT INTO `cbse_student_template_rank` (`id`, `cbse_template_id`, `student_session_id`, `rank`, `rank_percentage`, `created_at`) VALUES (773, 39, 182, 6, '25.51', '2025-02-04 04:43:44');
INSERT INTO `cbse_student_template_rank` (`id`, `cbse_template_id`, `student_session_id`, `rank`, `rank_percentage`, `created_at`) VALUES (774, 39, 155, 7, '24.36', '2025-02-04 04:43:44');
INSERT INTO `cbse_student_template_rank` (`id`, `cbse_template_id`, `student_session_id`, `rank`, `rank_percentage`, `created_at`) VALUES (775, 39, 158, 8, '23.85', '2025-02-04 04:43:44');
INSERT INTO `cbse_student_template_rank` (`id`, `cbse_template_id`, `student_session_id`, `rank`, `rank_percentage`, `created_at`) VALUES (776, 39, 162, 9, '21.92', '2025-02-04 04:43:44');
INSERT INTO `cbse_student_template_rank` (`id`, `cbse_template_id`, `student_session_id`, `rank`, `rank_percentage`, `created_at`) VALUES (777, 39, 154, 10, '21.28', '2025-02-04 04:43:44');
INSERT INTO `cbse_student_template_rank` (`id`, `cbse_template_id`, `student_session_id`, `rank`, `rank_percentage`, `created_at`) VALUES (778, 39, 181, 11, '19.36', '2025-02-04 04:43:44');
INSERT INTO `cbse_student_template_rank` (`id`, `cbse_template_id`, `student_session_id`, `rank`, `rank_percentage`, `created_at`) VALUES (779, 39, 159, 12, '18.08', '2025-02-04 04:43:44');
INSERT INTO `cbse_student_template_rank` (`id`, `cbse_template_id`, `student_session_id`, `rank`, `rank_percentage`, `created_at`) VALUES (780, 39, 180, 13, '17.31', '2025-02-04 04:43:44');
INSERT INTO `cbse_student_template_rank` (`id`, `cbse_template_id`, `student_session_id`, `rank`, `rank_percentage`, `created_at`) VALUES (781, 21, 152, 1, '75.13', '2025-02-04 04:46:32');
INSERT INTO `cbse_student_template_rank` (`id`, `cbse_template_id`, `student_session_id`, `rank`, `rank_percentage`, `created_at`) VALUES (782, 21, 166, 2, '65.00', '2025-02-04 04:46:32');
INSERT INTO `cbse_student_template_rank` (`id`, `cbse_template_id`, `student_session_id`, `rank`, `rank_percentage`, `created_at`) VALUES (783, 21, 160, 3, '45.38', '2025-02-04 04:46:32');
INSERT INTO `cbse_student_template_rank` (`id`, `cbse_template_id`, `student_session_id`, `rank`, `rank_percentage`, `created_at`) VALUES (784, 21, 180, 4, '42.82', '2025-02-04 04:46:32');
INSERT INTO `cbse_student_template_rank` (`id`, `cbse_template_id`, `student_session_id`, `rank`, `rank_percentage`, `created_at`) VALUES (785, 21, 158, 5, '41.15', '2025-02-04 04:46:32');
INSERT INTO `cbse_student_template_rank` (`id`, `cbse_template_id`, `student_session_id`, `rank`, `rank_percentage`, `created_at`) VALUES (786, 21, 153, 6, '40.77', '2025-02-04 04:46:32');
INSERT INTO `cbse_student_template_rank` (`id`, `cbse_template_id`, `student_session_id`, `rank`, `rank_percentage`, `created_at`) VALUES (787, 21, 159, 7, '40.64', '2025-02-04 04:46:32');
INSERT INTO `cbse_student_template_rank` (`id`, `cbse_template_id`, `student_session_id`, `rank`, `rank_percentage`, `created_at`) VALUES (788, 21, 161, 8, '33.97', '2025-02-04 04:46:32');
INSERT INTO `cbse_student_template_rank` (`id`, `cbse_template_id`, `student_session_id`, `rank`, `rank_percentage`, `created_at`) VALUES (789, 21, 181, 9, '33.33', '2025-02-04 04:46:32');
INSERT INTO `cbse_student_template_rank` (`id`, `cbse_template_id`, `student_session_id`, `rank`, `rank_percentage`, `created_at`) VALUES (790, 21, 155, 10, '30.00', '2025-02-04 04:46:32');
INSERT INTO `cbse_student_template_rank` (`id`, `cbse_template_id`, `student_session_id`, `rank`, `rank_percentage`, `created_at`) VALUES (791, 21, 157, 11, '29.74', '2025-02-04 04:46:32');
INSERT INTO `cbse_student_template_rank` (`id`, `cbse_template_id`, `student_session_id`, `rank`, `rank_percentage`, `created_at`) VALUES (792, 21, 154, 12, '16.67', '2025-02-04 04:46:32');
INSERT INTO `cbse_student_template_rank` (`id`, `cbse_template_id`, `student_session_id`, `rank`, `rank_percentage`, `created_at`) VALUES (793, 40, 152, 1, '69.62', '2025-03-03 04:31:41');
INSERT INTO `cbse_student_template_rank` (`id`, `cbse_template_id`, `student_session_id`, `rank`, `rank_percentage`, `created_at`) VALUES (794, 40, 166, 2, '65.51', '2025-03-03 04:31:41');
INSERT INTO `cbse_student_template_rank` (`id`, `cbse_template_id`, `student_session_id`, `rank`, `rank_percentage`, `created_at`) VALUES (795, 40, 188, 3, '53.59', '2025-03-03 04:31:41');
INSERT INTO `cbse_student_template_rank` (`id`, `cbse_template_id`, `student_session_id`, `rank`, `rank_percentage`, `created_at`) VALUES (796, 40, 181, 4, '51.15', '2025-03-03 04:31:41');
INSERT INTO `cbse_student_template_rank` (`id`, `cbse_template_id`, `student_session_id`, `rank`, `rank_percentage`, `created_at`) VALUES (797, 40, 153, 5, '50.77', '2025-03-03 04:31:41');
INSERT INTO `cbse_student_template_rank` (`id`, `cbse_template_id`, `student_session_id`, `rank`, `rank_percentage`, `created_at`) VALUES (798, 40, 154, 6, '43.46', '2025-03-03 04:31:41');
INSERT INTO `cbse_student_template_rank` (`id`, `cbse_template_id`, `student_session_id`, `rank`, `rank_percentage`, `created_at`) VALUES (799, 40, 161, 7, '43.08', '2025-03-03 04:31:41');
INSERT INTO `cbse_student_template_rank` (`id`, `cbse_template_id`, `student_session_id`, `rank`, `rank_percentage`, `created_at`) VALUES (800, 40, 165, 8, '41.79', '2025-03-03 04:31:41');
INSERT INTO `cbse_student_template_rank` (`id`, `cbse_template_id`, `student_session_id`, `rank`, `rank_percentage`, `created_at`) VALUES (801, 40, 159, 9, '41.41', '2025-03-03 04:31:41');
INSERT INTO `cbse_student_template_rank` (`id`, `cbse_template_id`, `student_session_id`, `rank`, `rank_percentage`, `created_at`) VALUES (802, 40, 160, 10, '39.49', '2025-03-03 04:31:41');
INSERT INTO `cbse_student_template_rank` (`id`, `cbse_template_id`, `student_session_id`, `rank`, `rank_percentage`, `created_at`) VALUES (803, 40, 182, 11, '37.56', '2025-03-03 04:31:41');
INSERT INTO `cbse_student_template_rank` (`id`, `cbse_template_id`, `student_session_id`, `rank`, `rank_percentage`, `created_at`) VALUES (804, 40, 158, 12, '34.49', '2025-03-03 04:31:41');
INSERT INTO `cbse_student_template_rank` (`id`, `cbse_template_id`, `student_session_id`, `rank`, `rank_percentage`, `created_at`) VALUES (805, 40, 190, 13, '33.97', '2025-03-03 04:31:41');
INSERT INTO `cbse_student_template_rank` (`id`, `cbse_template_id`, `student_session_id`, `rank`, `rank_percentage`, `created_at`) VALUES (806, 40, 164, 14, '33.72', '2025-03-03 04:31:41');
INSERT INTO `cbse_student_template_rank` (`id`, `cbse_template_id`, `student_session_id`, `rank`, `rank_percentage`, `created_at`) VALUES (807, 40, 155, 15, '32.44', '2025-03-03 04:31:41');
INSERT INTO `cbse_student_template_rank` (`id`, `cbse_template_id`, `student_session_id`, `rank`, `rank_percentage`, `created_at`) VALUES (808, 40, 157, 16, '28.33', '2025-03-03 04:31:41');
INSERT INTO `cbse_student_template_rank` (`id`, `cbse_template_id`, `student_session_id`, `rank`, `rank_percentage`, `created_at`) VALUES (809, 40, 180, 17, '25.00', '2025-03-03 04:31:41');


#
# TABLE STRUCTURE FOR: cbse_template
#


CREATE TABLE `cbse_template` (
  `id` int NOT NULL AUTO_INCREMENT,
  `name` varchar(200) DEFAULT NULL,
  `orientation` varchar(1) NOT NULL DEFAULT 'P',
  `description` varchar(255) NOT NULL,
  `gradeexam_id` int DEFAULT NULL,
  `remarkexam_id` int DEFAULT NULL,
  `is_weightage` varchar(10) NOT NULL,
  `marksheet_type` varchar(50) NOT NULL,
  `created_by` int NOT NULL,
  `header_image` varbinary(500) DEFAULT NULL,
  `title` text,
  `left_logo` varchar(200) DEFAULT NULL,
  `right_logo` varchar(200) DEFAULT NULL,
  `exam_name` varchar(200) DEFAULT NULL,
  `school_name` varchar(200) DEFAULT NULL,
  `exam_center` varchar(200) DEFAULT NULL,
  `session_id` int NOT NULL,
  `left_sign` varchar(200) DEFAULT NULL,
  `middle_sign` varchar(200) DEFAULT NULL,
  `right_sign` varchar(200) DEFAULT NULL,
  `background_img` varchar(200) DEFAULT NULL,
  `content` text,
  `content_footer` text,
  `date` date DEFAULT NULL,
  `is_name` int DEFAULT '1',
  `is_father_name` int DEFAULT '1',
  `is_mother_name` int DEFAULT '1',
  `exam_session` int DEFAULT '1',
  `is_admission_no` int DEFAULT '1',
  `is_division` int NOT NULL DEFAULT '1',
  `is_roll_no` int DEFAULT '1',
  `is_photo` int DEFAULT '1',
  `is_class` int NOT NULL DEFAULT '0',
  `is_section` int NOT NULL DEFAULT '0',
  `is_dob` int DEFAULT '1',
  `is_remark` int NOT NULL DEFAULT '1',
  PRIMARY KEY (`id`),
  KEY `cbse_template_ibfk_3` (`session_id`),
  KEY `cbse_template_ibfk_1` (`gradeexam_id`),
  KEY `cbse_template_ibfk_2` (`remarkexam_id`),
  KEY `idx_name` (`name`),
  KEY `idx_marksheet_type` (`marksheet_type`),
  KEY `idx_exam_name` (`exam_name`),
  KEY `idx_school_name` (`school_name`),
  CONSTRAINT `cbse_template_ibfk_1` FOREIGN KEY (`gradeexam_id`) REFERENCES `cbse_exams` (`id`) ON DELETE SET NULL,
  CONSTRAINT `cbse_template_ibfk_2` FOREIGN KEY (`remarkexam_id`) REFERENCES `cbse_exams` (`id`) ON DELETE SET NULL,
  CONSTRAINT `cbse_template_ibfk_3` FOREIGN KEY (`session_id`) REFERENCES `sessions` (`id`) ON DELETE CASCADE
) ENGINE=InnoDB AUTO_INCREMENT=41 DEFAULT CHARSET=utf8mb3;

INSERT INTO `cbse_template` (`id`, `name`, `orientation`, `description`, `gradeexam_id`, `remarkexam_id`, `is_weightage`, `marksheet_type`, `created_by`, `header_image`, `title`, `left_logo`, `right_logo`, `exam_name`, `school_name`, `exam_center`, `session_id`, `left_sign`, `middle_sign`, `right_sign`, `background_img`, `content`, `content_footer`, `date`, `is_name`, `is_father_name`, `is_mother_name`, `exam_session`, `is_admission_no`, `is_division`, `is_roll_no`, `is_photo`, `is_class`, `is_section`, `is_dob`, `is_remark`) VALUES (7, 'CBSE Examination Template', 'L', 'A template is a form, mold or pattern used as a guide to make something. ', 8, 3, '', 'all_term', 1, '3a83fb9ea45c025af81f7b988d3b0f6d.jpeg', NULL, NULL, NULL, NULL, 'Mount Carmel School', 'KVC, Dehli', 19, 'b28a204d8467408c2c8f996e5534397c.png', 'adb96f9f4ed18bf68dcb275e0529ff25.png', '8598f03639905cbcb96f5ae369e4c0d0.png', '10b03ff82094e4eecb5a0f87ca22c20b.jpg', NULL, '', '2023-07-11', 1, 1, 1, 1, 1, 0, 1, 1, 1, 1, 1, 1);
INSERT INTO `cbse_template` (`id`, `name`, `orientation`, `description`, `gradeexam_id`, `remarkexam_id`, `is_weightage`, `marksheet_type`, `created_by`, `header_image`, `title`, `left_logo`, `right_logo`, `exam_name`, `school_name`, `exam_center`, `session_id`, `left_sign`, `middle_sign`, `right_sign`, `background_img`, `content`, `content_footer`, `date`, `is_name`, `is_father_name`, `is_mother_name`, `exam_session`, `is_admission_no`, `is_division`, `is_roll_no`, `is_photo`, `is_class`, `is_section`, `is_dob`, `is_remark`) VALUES (8, 'CBSE EXAM Template', 'L', 'A template is a form, mold or pattern used as a guide to make something. ', 5, 5, '', 'exam_wise', 1, '961fcd6690fa90c312af53c62ebf6ea9.jpeg', NULL, NULL, NULL, NULL, 'Mount Carmel School', 'KNMJ, Delhi', 19, 'cd01e6b3a1e18e9f3c11b2add5f1d87b.png', 'bad0ea97e34110d0b20296bb0beeb056.png', '7fb4a7860d0e9f518665c543c232765f.png', 'd9cbab4b81b0ae56af5275f1b1359f06.jpg', NULL, '', '2023-07-13', 1, 1, 1, 1, 1, 0, 1, 1, 1, 1, 1, 1);
INSERT INTO `cbse_template` (`id`, `name`, `orientation`, `description`, `gradeexam_id`, `remarkexam_id`, `is_weightage`, `marksheet_type`, `created_by`, `header_image`, `title`, `left_logo`, `right_logo`, `exam_name`, `school_name`, `exam_center`, `session_id`, `left_sign`, `middle_sign`, `right_sign`, `background_img`, `content`, `content_footer`, `date`, `is_name`, `is_father_name`, `is_mother_name`, `exam_session`, `is_admission_no`, `is_division`, `is_roll_no`, `is_photo`, `is_class`, `is_section`, `is_dob`, `is_remark`) VALUES (9, 'CBSE MID TERM Template', 'P', 'A template is a form, mold or pattern used as a guide to make something. ', 3, 4, '', 'term_wise', 1, 'cd8a8122804174a448a779ffe5043294.jpeg', NULL, NULL, NULL, NULL, 'Mount Carmel School', 'KBVCG, Delhi', 19, '27f2dcdf6bfcf82ea1e9489edc7b9c85.jpg', '64a08095045e541f9fa0d38de9032d11.png', 'f064e4b44df7a2a4244782bafa970106.png', NULL, NULL, '', '2023-07-12', 1, 1, 1, 1, 1, 0, 1, 1, 1, 1, 1, 1);
INSERT INTO `cbse_template` (`id`, `name`, `orientation`, `description`, `gradeexam_id`, `remarkexam_id`, `is_weightage`, `marksheet_type`, `created_by`, `header_image`, `title`, `left_logo`, `right_logo`, `exam_name`, `school_name`, `exam_center`, `session_id`, `left_sign`, `middle_sign`, `right_sign`, `background_img`, `content`, `content_footer`, `date`, `is_name`, `is_father_name`, `is_mother_name`, `exam_session`, `is_admission_no`, `is_division`, `is_roll_no`, `is_photo`, `is_class`, `is_section`, `is_dob`, `is_remark`) VALUES (11, 'CBSE Practice Test Template', 'P', 'A template is a form, mold or pattern used as a guide to make something. ', 5, 6, '', 'term_wise', 1, '5774b62b91ec984a69666a20f2356372.jpeg', NULL, NULL, NULL, NULL, 'Mount Carmel School', 'LKMJ, Indore', 19, '689f6902165201b04db80bf803a14e62.png', '14c10807ed79f586296fe3378c26eac6.png', '39365703b34ace6fc242a55f0817c2fb.png', NULL, NULL, '', '2023-07-14', 1, 1, 1, 1, 1, 0, 1, 1, 1, 1, 1, 1);
INSERT INTO `cbse_template` (`id`, `name`, `orientation`, `description`, `gradeexam_id`, `remarkexam_id`, `is_weightage`, `marksheet_type`, `created_by`, `header_image`, `title`, `left_logo`, `right_logo`, `exam_name`, `school_name`, `exam_center`, `session_id`, `left_sign`, `middle_sign`, `right_sign`, `background_img`, `content`, `content_footer`, `date`, `is_name`, `is_father_name`, `is_mother_name`, `exam_session`, `is_admission_no`, `is_division`, `is_roll_no`, `is_photo`, `is_class`, `is_section`, `is_dob`, `is_remark`) VALUES (13, 'CBSE Monthly Test Template', 'P', 'A template is a form, mold or pattern used as a guide to make something. ', 3, 3, '', 'without_term', 1, '768717ea2d320ba06528b2f75c69d49f.jpeg', NULL, NULL, NULL, NULL, 'The Mother\'s International School', 'Delhi Public School,', 19, '805ac585f3f2f5303232a91b4d7dd6c4.png', '987ce222bc548a9381ea58c8862f42b2.png', '08dd59cfbe3803ac53bd29060c16ced5.png', NULL, NULL, '', '2023-08-10', 1, 1, 1, 1, 1, 0, 1, 1, 1, 1, 1, 1);
INSERT INTO `cbse_template` (`id`, `name`, `orientation`, `description`, `gradeexam_id`, `remarkexam_id`, `is_weightage`, `marksheet_type`, `created_by`, `header_image`, `title`, `left_logo`, `right_logo`, `exam_name`, `school_name`, `exam_center`, `session_id`, `left_sign`, `middle_sign`, `right_sign`, `background_img`, `content`, `content_footer`, `date`, `is_name`, `is_father_name`, `is_mother_name`, `exam_session`, `is_admission_no`, `is_division`, `is_roll_no`, `is_photo`, `is_class`, `is_section`, `is_dob`, `is_remark`) VALUES (17, 'Quarterly  CBSE Examination', 'P', '', 15, 15, '', 'exam_wise', 5, NULL, NULL, NULL, NULL, NULL, 'Christchurch Boys\' High School', 'Burnside High School , Delhi', 19, 'a242791ebdd09ee63137da70e7c9854a.png', 'f4060d2ad08b389b9fef25575890ba70.png', '65d43f3a1feb9fe4d1c7c94dfe388d4a.png', NULL, NULL, '', '2023-09-06', 1, 1, 1, 1, 1, 0, 1, 1, 1, 1, 1, 1);
INSERT INTO `cbse_template` (`id`, `name`, `orientation`, `description`, `gradeexam_id`, `remarkexam_id`, `is_weightage`, `marksheet_type`, `created_by`, `header_image`, `title`, `left_logo`, `right_logo`, `exam_name`, `school_name`, `exam_center`, `session_id`, `left_sign`, `middle_sign`, `right_sign`, `background_img`, `content`, `content_footer`, `date`, `is_name`, `is_father_name`, `is_mother_name`, `exam_session`, `is_admission_no`, `is_division`, `is_roll_no`, `is_photo`, `is_class`, `is_section`, `is_dob`, `is_remark`) VALUES (18, 'Half Yearly Exam (December-2023) Single Wise without Term', 'P', 'Half Yearly Exam (December-2023)', 16, 16, '', 'exam_wise', 1, NULL, NULL, NULL, NULL, NULL, 'Mount Camel School', 'Smart School', 19, NULL, NULL, NULL, NULL, NULL, 'Half Yearly Exam (December-2023)', '2023-12-05', 1, 1, 1, 1, 1, 0, 1, 1, 1, 1, 1, 1);
INSERT INTO `cbse_template` (`id`, `name`, `orientation`, `description`, `gradeexam_id`, `remarkexam_id`, `is_weightage`, `marksheet_type`, `created_by`, `header_image`, `title`, `left_logo`, `right_logo`, `exam_name`, `school_name`, `exam_center`, `session_id`, `left_sign`, `middle_sign`, `right_sign`, `background_img`, `content`, `content_footer`, `date`, `is_name`, `is_father_name`, `is_mother_name`, `exam_session`, `is_admission_no`, `is_division`, `is_roll_no`, `is_photo`, `is_class`, `is_section`, `is_dob`, `is_remark`) VALUES (19, 'Monthly Test (February-2024)', 'P', 'Monthly Test (February-2024)', 18, 18, '', 'exam_wise', 1, NULL, NULL, NULL, NULL, NULL, 'Mount Carmel School', 'Smart School.', 19, NULL, NULL, NULL, NULL, NULL, 'Monthly Test (February-2024)', '2024-02-15', 1, 1, 1, 1, 1, 0, 1, 1, 1, 1, 1, 1);
INSERT INTO `cbse_template` (`id`, `name`, `orientation`, `description`, `gradeexam_id`, `remarkexam_id`, `is_weightage`, `marksheet_type`, `created_by`, `header_image`, `title`, `left_logo`, `right_logo`, `exam_name`, `school_name`, `exam_center`, `session_id`, `left_sign`, `middle_sign`, `right_sign`, `background_img`, `content`, `content_footer`, `date`, `is_name`, `is_father_name`, `is_mother_name`, `exam_session`, `is_admission_no`, `is_division`, `is_roll_no`, `is_photo`, `is_class`, `is_section`, `is_dob`, `is_remark`) VALUES (20, 'Practice SET(A001) CBSE Exam Template', 'P', '', 19, 19, '', 'exam_wise', 1, NULL, NULL, NULL, NULL, NULL, 'Mount Camel School ', 'Govt. H.S.School', 19, NULL, NULL, NULL, NULL, NULL, '', '2024-03-18', 1, 1, 1, 1, 1, 0, 1, 1, 1, 1, 1, 1);
INSERT INTO `cbse_template` (`id`, `name`, `orientation`, `description`, `gradeexam_id`, `remarkexam_id`, `is_weightage`, `marksheet_type`, `created_by`, `header_image`, `title`, `left_logo`, `right_logo`, `exam_name`, `school_name`, `exam_center`, `session_id`, `left_sign`, `middle_sign`, `right_sign`, `background_img`, `content`, `content_footer`, `date`, `is_name`, `is_father_name`, `is_mother_name`, `exam_session`, `is_admission_no`, `is_division`, `is_roll_no`, `is_photo`, `is_class`, `is_section`, `is_dob`, `is_remark`) VALUES (21, 'Single Exam  CBSE Without TEM1', 'P', 'The details of Template Term, Code, Description column which you recently added.', 20, 20, '', 'exam_wise', 1, NULL, NULL, NULL, NULL, NULL, 'Mount Carmel School', 'Smart School , Delhi', 20, NULL, NULL, NULL, NULL, NULL, '', '2024-04-10', 1, 1, 1, 1, 1, 0, 1, 1, 1, 1, 1, 1);
INSERT INTO `cbse_template` (`id`, `name`, `orientation`, `description`, `gradeexam_id`, `remarkexam_id`, `is_weightage`, `marksheet_type`, `created_by`, `header_image`, `title`, `left_logo`, `right_logo`, `exam_name`, `school_name`, `exam_center`, `session_id`, `left_sign`, `middle_sign`, `right_sign`, `background_img`, `content`, `content_footer`, `date`, `is_name`, `is_father_name`, `is_mother_name`, `exam_session`, `is_admission_no`, `is_division`, `is_roll_no`, `is_photo`, `is_class`, `is_section`, `is_dob`, `is_remark`) VALUES (22, 'Multiple Exam Without TEM2', 'P', '', 20, 21, '', 'without_term', 1, NULL, NULL, NULL, NULL, NULL, 'Mount Carmel School', 'Smart School, Delhi', 20, NULL, NULL, NULL, NULL, NULL, '', '2024-04-15', 1, 1, 1, 1, 1, 0, 1, 1, 1, 1, 1, 1);
INSERT INTO `cbse_template` (`id`, `name`, `orientation`, `description`, `gradeexam_id`, `remarkexam_id`, `is_weightage`, `marksheet_type`, `created_by`, `header_image`, `title`, `left_logo`, `right_logo`, `exam_name`, `school_name`, `exam_center`, `session_id`, `left_sign`, `middle_sign`, `right_sign`, `background_img`, `content`, `content_footer`, `date`, `is_name`, `is_father_name`, `is_mother_name`, `exam_session`, `is_admission_no`, `is_division`, `is_roll_no`, `is_photo`, `is_class`, `is_section`, `is_dob`, `is_remark`) VALUES (23, 'Cbse Practical TEM3', 'P', 'The details of Template Term, Code, Description column which you recently added.', 22, 23, '', 'term_wise', 1, NULL, NULL, NULL, NULL, NULL, 'Mount Carmel School', 'Smart School , Delhi', 20, NULL, NULL, NULL, NULL, NULL, '', '2024-04-15', 1, 1, 1, 1, 1, 0, 1, 1, 1, 1, 1, 1);
INSERT INTO `cbse_template` (`id`, `name`, `orientation`, `description`, `gradeexam_id`, `remarkexam_id`, `is_weightage`, `marksheet_type`, `created_by`, `header_image`, `title`, `left_logo`, `right_logo`, `exam_name`, `school_name`, `exam_center`, `session_id`, `left_sign`, `middle_sign`, `right_sign`, `background_img`, `content`, `content_footer`, `date`, `is_name`, `is_father_name`, `is_mother_name`, `exam_session`, `is_admission_no`, `is_division`, `is_roll_no`, `is_photo`, `is_class`, `is_section`, `is_dob`, `is_remark`) VALUES (24, 'All Term Wise Cbse Tem4', 'P', '', 20, 20, '', 'all_term', 1, NULL, NULL, NULL, NULL, NULL, 'Mount Carmel School', 'Smart School , Noida', 20, NULL, NULL, NULL, NULL, NULL, '', '2024-04-12', 1, 1, 1, 1, 1, 0, 1, 1, 1, 1, 1, 1);
INSERT INTO `cbse_template` (`id`, `name`, `orientation`, `description`, `gradeexam_id`, `remarkexam_id`, `is_weightage`, `marksheet_type`, `created_by`, `header_image`, `title`, `left_logo`, `right_logo`, `exam_name`, `school_name`, `exam_center`, `session_id`, `left_sign`, `middle_sign`, `right_sign`, `background_img`, `content`, `content_footer`, `date`, `is_name`, `is_father_name`, `is_mother_name`, `exam_session`, `is_admission_no`, `is_division`, `is_roll_no`, `is_photo`, `is_class`, `is_section`, `is_dob`, `is_remark`) VALUES (25, 'Cbse Practical Test Template', 'P', '', 24, 24, '', 'exam_wise', 1, NULL, NULL, NULL, NULL, NULL, 'Smart School', 'Mount Carmel School', 20, NULL, NULL, NULL, NULL, NULL, '', '2024-04-20', 1, 1, 1, 1, 1, 0, 1, 1, 1, 1, 1, 1);
INSERT INTO `cbse_template` (`id`, `name`, `orientation`, `description`, `gradeexam_id`, `remarkexam_id`, `is_weightage`, `marksheet_type`, `created_by`, `header_image`, `title`, `left_logo`, `right_logo`, `exam_name`, `school_name`, `exam_center`, `session_id`, `left_sign`, `middle_sign`, `right_sign`, `background_img`, `content`, `content_footer`, `date`, `is_name`, `is_father_name`, `is_mother_name`, `exam_session`, `is_admission_no`, `is_division`, `is_roll_no`, `is_photo`, `is_class`, `is_section`, `is_dob`, `is_remark`) VALUES (26, 'Cbse Online Exam Template', 'P', '', 25, 25, '', 'exam_wise', 1, NULL, NULL, NULL, NULL, NULL, 'Smart International School', 'Delhi Public school', 20, NULL, NULL, NULL, NULL, NULL, '', '2024-04-15', 1, 1, 1, 1, 1, 0, 1, 1, 1, 1, 1, 1);
INSERT INTO `cbse_template` (`id`, `name`, `orientation`, `description`, `gradeexam_id`, `remarkexam_id`, `is_weightage`, `marksheet_type`, `created_by`, `header_image`, `title`, `left_logo`, `right_logo`, `exam_name`, `school_name`, `exam_center`, `session_id`, `left_sign`, `middle_sign`, `right_sign`, `background_img`, `content`, `content_footer`, `date`, `is_name`, `is_father_name`, `is_mother_name`, `exam_session`, `is_admission_no`, `is_division`, `is_roll_no`, `is_photo`, `is_class`, `is_section`, `is_dob`, `is_remark`) VALUES (27, 'Monthly Exam Practice Template', 'P', '', 26, 26, '', 'exam_wise', 1, NULL, NULL, NULL, NULL, NULL, 'Smart School Delhi', 'Mount Carmel School', 20, NULL, NULL, NULL, NULL, NULL, '', '2024-04-16', 1, 1, 1, 1, 1, 0, 1, 1, 1, 1, 1, 1);
INSERT INTO `cbse_template` (`id`, `name`, `orientation`, `description`, `gradeexam_id`, `remarkexam_id`, `is_weightage`, `marksheet_type`, `created_by`, `header_image`, `title`, `left_logo`, `right_logo`, `exam_name`, `school_name`, `exam_center`, `session_id`, `left_sign`, `middle_sign`, `right_sign`, `background_img`, `content`, `content_footer`, `date`, `is_name`, `is_father_name`, `is_mother_name`, `exam_session`, `is_admission_no`, `is_division`, `is_roll_no`, `is_photo`, `is_class`, `is_section`, `is_dob`, `is_remark`) VALUES (28, 'Online Assessment Test Template', 'P', '', 27, 27, '', 'term_wise', 1, NULL, NULL, NULL, NULL, NULL, 'International Public School', 'Mount Carmel School', 20, NULL, NULL, NULL, NULL, NULL, '', '2024-04-25', 1, 1, 1, 1, 1, 0, 1, 1, 1, 1, 1, 1);
INSERT INTO `cbse_template` (`id`, `name`, `orientation`, `description`, `gradeexam_id`, `remarkexam_id`, `is_weightage`, `marksheet_type`, `created_by`, `header_image`, `title`, `left_logo`, `right_logo`, `exam_name`, `school_name`, `exam_center`, `session_id`, `left_sign`, `middle_sign`, `right_sign`, `background_img`, `content`, `content_footer`, `date`, `is_name`, `is_father_name`, `is_mother_name`, `exam_session`, `is_admission_no`, `is_division`, `is_roll_no`, `is_photo`, `is_class`, `is_section`, `is_dob`, `is_remark`) VALUES (29, 'CBSE Monthly Week Test', 'P', '', 28, 28, '', 'exam_wise', 1, NULL, NULL, NULL, NULL, NULL, 'Mount Carmel School', 'DP Public School', 20, NULL, NULL, NULL, NULL, NULL, '', '2024-05-18', 1, 1, 1, 1, 1, 0, 1, 1, 1, 1, 1, 1);
INSERT INTO `cbse_template` (`id`, `name`, `orientation`, `description`, `gradeexam_id`, `remarkexam_id`, `is_weightage`, `marksheet_type`, `created_by`, `header_image`, `title`, `left_logo`, `right_logo`, `exam_name`, `school_name`, `exam_center`, `session_id`, `left_sign`, `middle_sign`, `right_sign`, `background_img`, `content`, `content_footer`, `date`, `is_name`, `is_father_name`, `is_mother_name`, `exam_session`, `is_admission_no`, `is_division`, `is_roll_no`, `is_photo`, `is_class`, `is_section`, `is_dob`, `is_remark`) VALUES (30, 'CBSE Monthly  Exam Practice Template', 'P', '', 29, 29, '', 'term_wise', 1, NULL, NULL, NULL, NULL, NULL, 'Mount Carmel School', 'Delhi Public School', 20, NULL, NULL, NULL, NULL, NULL, '', '2024-06-20', 1, 1, 1, 1, 1, 0, 1, 1, 1, 1, 1, 1);
INSERT INTO `cbse_template` (`id`, `name`, `orientation`, `description`, `gradeexam_id`, `remarkexam_id`, `is_weightage`, `marksheet_type`, `created_by`, `header_image`, `title`, `left_logo`, `right_logo`, `exam_name`, `school_name`, `exam_center`, `session_id`, `left_sign`, `middle_sign`, `right_sign`, `background_img`, `content`, `content_footer`, `date`, `is_name`, `is_father_name`, `is_mother_name`, `exam_session`, `is_admission_no`, `is_division`, `is_roll_no`, `is_photo`, `is_class`, `is_section`, `is_dob`, `is_remark`) VALUES (31, 'Weekly  Test Practice  Template', 'P', '', 30, 30, '', 'exam_wise', 1, NULL, NULL, NULL, NULL, NULL, 'Mount Carmel School', 'Delhi Public School', 20, NULL, NULL, NULL, NULL, NULL, '', '2024-07-10', 1, 1, 1, 1, 1, 0, 1, 1, 1, 1, 1, 1);
INSERT INTO `cbse_template` (`id`, `name`, `orientation`, `description`, `gradeexam_id`, `remarkexam_id`, `is_weightage`, `marksheet_type`, `created_by`, `header_image`, `title`, `left_logo`, `right_logo`, `exam_name`, `school_name`, `exam_center`, `session_id`, `left_sign`, `middle_sign`, `right_sign`, `background_img`, `content`, `content_footer`, `date`, `is_name`, `is_father_name`, `is_mother_name`, `exam_session`, `is_admission_no`, `is_division`, `is_roll_no`, `is_photo`, `is_class`, `is_section`, `is_dob`, `is_remark`) VALUES (32, 'Internal Assessments Test Template', 'P', '', 31, 31, '', 'exam_wise', 5, NULL, NULL, NULL, NULL, NULL, 'Mount Camel School', 'Smart School Delhi', 20, NULL, NULL, NULL, NULL, NULL, '', '2024-08-22', 1, 1, 1, 1, 1, 0, 1, 1, 1, 1, 1, 1);
INSERT INTO `cbse_template` (`id`, `name`, `orientation`, `description`, `gradeexam_id`, `remarkexam_id`, `is_weightage`, `marksheet_type`, `created_by`, `header_image`, `title`, `left_logo`, `right_logo`, `exam_name`, `school_name`, `exam_center`, `session_id`, `left_sign`, `middle_sign`, `right_sign`, `background_img`, `content`, `content_footer`, `date`, `is_name`, `is_father_name`, `is_mother_name`, `exam_session`, `is_admission_no`, `is_division`, `is_roll_no`, `is_photo`, `is_class`, `is_section`, `is_dob`, `is_remark`) VALUES (33, 'Periodic  Test Template', 'P', '', 32, 32, '', 'exam_wise', 1, NULL, NULL, NULL, NULL, NULL, 'Mount Carmel School', 'Delhi Public School', 20, NULL, NULL, NULL, NULL, NULL, '', '2024-09-20', 1, 1, 1, 1, 1, 0, 1, 1, 1, 1, 1, 1);
INSERT INTO `cbse_template` (`id`, `name`, `orientation`, `description`, `gradeexam_id`, `remarkexam_id`, `is_weightage`, `marksheet_type`, `created_by`, `header_image`, `title`, `left_logo`, `right_logo`, `exam_name`, `school_name`, `exam_center`, `session_id`, `left_sign`, `middle_sign`, `right_sign`, `background_img`, `content`, `content_footer`, `date`, `is_name`, `is_father_name`, `is_mother_name`, `exam_session`, `is_admission_no`, `is_division`, `is_roll_no`, `is_photo`, `is_class`, `is_section`, `is_dob`, `is_remark`) VALUES (34, 'Internal Assessments  Test-II Template', 'P', 'Internal Assessments  Test-II Template', 31, 33, '', 'without_term', 1, NULL, NULL, NULL, NULL, NULL, 'Smart School Delhi', 'Delhi Public School', 20, NULL, NULL, NULL, NULL, NULL, 'Internal Assessments&nbsp; Test-II Template', '2024-10-22', 1, 1, 1, 1, 1, 0, 1, 1, 1, 1, 1, 1);
INSERT INTO `cbse_template` (`id`, `name`, `orientation`, `description`, `gradeexam_id`, `remarkexam_id`, `is_weightage`, `marksheet_type`, `created_by`, `header_image`, `title`, `left_logo`, `right_logo`, `exam_name`, `school_name`, `exam_center`, `session_id`, `left_sign`, `middle_sign`, `right_sign`, `background_img`, `content`, `content_footer`, `date`, `is_name`, `is_father_name`, `is_mother_name`, `exam_session`, `is_admission_no`, `is_division`, `is_roll_no`, `is_photo`, `is_class`, `is_section`, `is_dob`, `is_remark`) VALUES (35, 'Periodic Test Template -II', 'P', '', 32, 34, '', 'term_wise', 1, NULL, NULL, NULL, NULL, NULL, 'Mount Carmel School', 'Delhi Public School', 20, NULL, NULL, NULL, NULL, NULL, '', NULL, 1, 1, 1, 1, 1, 0, 1, 1, 1, 1, 1, 1);
INSERT INTO `cbse_template` (`id`, `name`, `orientation`, `description`, `gradeexam_id`, `remarkexam_id`, `is_weightage`, `marksheet_type`, `created_by`, `header_image`, `title`, `left_logo`, `right_logo`, `exam_name`, `school_name`, `exam_center`, `session_id`, `left_sign`, `middle_sign`, `right_sign`, `background_img`, `content`, `content_footer`, `date`, `is_name`, `is_father_name`, `is_mother_name`, `exam_session`, `is_admission_no`, `is_division`, `is_roll_no`, `is_photo`, `is_class`, `is_section`, `is_dob`, `is_remark`) VALUES (36, 'Half Yearly Exam Template', 'P', '', 32, 35, '', 'without_term', 1, NULL, NULL, NULL, NULL, NULL, '', '', 20, NULL, NULL, NULL, NULL, NULL, 'Half Yearly Template', NULL, 1, 1, 1, 1, 1, 0, 1, 1, 1, 1, 1, 1);
INSERT INTO `cbse_template` (`id`, `name`, `orientation`, `description`, `gradeexam_id`, `remarkexam_id`, `is_weightage`, `marksheet_type`, `created_by`, `header_image`, `title`, `left_logo`, `right_logo`, `exam_name`, `school_name`, `exam_center`, `session_id`, `left_sign`, `middle_sign`, `right_sign`, `background_img`, `content`, `content_footer`, `date`, `is_name`, `is_father_name`, `is_mother_name`, `exam_session`, `is_admission_no`, `is_division`, `is_roll_no`, `is_photo`, `is_class`, `is_section`, `is_dob`, `is_remark`) VALUES (37, 'CBSE Assessment Template', 'P', '', 36, 36, '', 'exam_wise', 1, NULL, NULL, NULL, NULL, NULL, 'Mount Carmel School', 'Delhi Public School', 20, NULL, NULL, NULL, NULL, NULL, '', '2025-01-10', 1, 1, 1, 1, 1, 0, 1, 1, 1, 1, 1, 1);
INSERT INTO `cbse_template` (`id`, `name`, `orientation`, `description`, `gradeexam_id`, `remarkexam_id`, `is_weightage`, `marksheet_type`, `created_by`, `header_image`, `title`, `left_logo`, `right_logo`, `exam_name`, `school_name`, `exam_center`, `session_id`, `left_sign`, `middle_sign`, `right_sign`, `background_img`, `content`, `content_footer`, `date`, `is_name`, `is_father_name`, `is_mother_name`, `exam_session`, `is_admission_no`, `is_division`, `is_roll_no`, `is_photo`, `is_class`, `is_section`, `is_dob`, `is_remark`) VALUES (38, 'Practical Examination Template', 'P', '', 37, 37, '', 'exam_wise', 1, NULL, NULL, NULL, NULL, NULL, 'Mount Carmel School', 'Delhi Public School', 20, NULL, NULL, NULL, NULL, NULL, '', '2025-02-15', 1, 1, 1, 1, 1, 0, 1, 1, 1, 1, 1, 1);
INSERT INTO `cbse_template` (`id`, `name`, `orientation`, `description`, `gradeexam_id`, `remarkexam_id`, `is_weightage`, `marksheet_type`, `created_by`, `header_image`, `title`, `left_logo`, `right_logo`, `exam_name`, `school_name`, `exam_center`, `session_id`, `left_sign`, `middle_sign`, `right_sign`, `background_img`, `content`, `content_footer`, `date`, `is_name`, `is_father_name`, `is_mother_name`, `exam_session`, `is_admission_no`, `is_division`, `is_roll_no`, `is_photo`, `is_class`, `is_section`, `is_dob`, `is_remark`) VALUES (39, 'CBSE PRACTICAL TEMPLATE', 'P', '', 38, 38, '', 'exam_wise', 1, NULL, NULL, NULL, NULL, NULL, 'Mount Carmel School ', 'Government School', 20, NULL, NULL, NULL, NULL, NULL, '', '2025-02-18', 1, 1, 1, 1, 1, 0, 1, 1, 1, 1, 1, 1);
INSERT INTO `cbse_template` (`id`, `name`, `orientation`, `description`, `gradeexam_id`, `remarkexam_id`, `is_weightage`, `marksheet_type`, `created_by`, `header_image`, `title`, `left_logo`, `right_logo`, `exam_name`, `school_name`, `exam_center`, `session_id`, `left_sign`, `middle_sign`, `right_sign`, `background_img`, `content`, `content_footer`, `date`, `is_name`, `is_father_name`, `is_mother_name`, `exam_session`, `is_admission_no`, `is_division`, `is_roll_no`, `is_photo`, `is_class`, `is_section`, `is_dob`, `is_remark`) VALUES (40, 'Internal Assessments Template', 'P', '', 39, 39, '', 'exam_wise', 1, NULL, NULL, NULL, NULL, NULL, 'Mount Carmel School', 'Delhi Public School', 20, NULL, NULL, NULL, NULL, NULL, '', '2025-03-15', 1, 1, 1, 1, 1, 0, 1, 1, 1, 1, 1, 1);


#
# TABLE STRUCTURE FOR: cbse_template_class_sections
#


CREATE TABLE `cbse_template_class_sections` (
  `id` int NOT NULL AUTO_INCREMENT,
  `cbse_template_id` int NOT NULL,
  `class_section_id` int NOT NULL,
  `created_at` timestamp NOT NULL DEFAULT CURRENT_TIMESTAMP,
  PRIMARY KEY (`id`),
  KEY `cbse_template_id` (`cbse_template_id`),
  KEY `class_section_id` (`class_section_id`),
  CONSTRAINT `cbse_template_class_sections_ibfk_1` FOREIGN KEY (`cbse_template_id`) REFERENCES `cbse_template` (`id`) ON DELETE CASCADE,
  CONSTRAINT `cbse_template_class_sections_ibfk_2` FOREIGN KEY (`class_section_id`) REFERENCES `class_sections` (`id`) ON DELETE CASCADE
) ENGINE=InnoDB AUTO_INCREMENT=554 DEFAULT CHARSET=utf8mb3;

INSERT INTO `cbse_template_class_sections` (`id`, `cbse_template_id`, `class_section_id`, `created_at`) VALUES (410, 13, 7, '2023-08-10 07:27:12');
INSERT INTO `cbse_template_class_sections` (`id`, `cbse_template_id`, `class_section_id`, `created_at`) VALUES (411, 13, 8, '2023-08-10 07:27:12');
INSERT INTO `cbse_template_class_sections` (`id`, `cbse_template_id`, `class_section_id`, `created_at`) VALUES (412, 13, 14, '2023-08-10 07:27:12');
INSERT INTO `cbse_template_class_sections` (`id`, `cbse_template_id`, `class_section_id`, `created_at`) VALUES (413, 13, 15, '2023-08-10 07:27:12');
INSERT INTO `cbse_template_class_sections` (`id`, `cbse_template_id`, `class_section_id`, `created_at`) VALUES (414, 11, 1, '2023-08-10 07:27:20');
INSERT INTO `cbse_template_class_sections` (`id`, `cbse_template_id`, `class_section_id`, `created_at`) VALUES (415, 11, 2, '2023-08-10 07:27:20');
INSERT INTO `cbse_template_class_sections` (`id`, `cbse_template_id`, `class_section_id`, `created_at`) VALUES (416, 11, 3, '2023-08-10 07:27:20');
INSERT INTO `cbse_template_class_sections` (`id`, `cbse_template_id`, `class_section_id`, `created_at`) VALUES (417, 11, 12, '2023-08-10 07:27:20');
INSERT INTO `cbse_template_class_sections` (`id`, `cbse_template_id`, `class_section_id`, `created_at`) VALUES (418, 8, 4, '2023-08-10 07:27:32');
INSERT INTO `cbse_template_class_sections` (`id`, `cbse_template_id`, `class_section_id`, `created_at`) VALUES (419, 8, 5, '2023-08-10 07:27:32');
INSERT INTO `cbse_template_class_sections` (`id`, `cbse_template_id`, `class_section_id`, `created_at`) VALUES (420, 8, 6, '2023-08-10 07:27:32');
INSERT INTO `cbse_template_class_sections` (`id`, `cbse_template_id`, `class_section_id`, `created_at`) VALUES (421, 8, 13, '2023-08-10 07:27:32');
INSERT INTO `cbse_template_class_sections` (`id`, `cbse_template_id`, `class_section_id`, `created_at`) VALUES (422, 9, 7, '2023-08-10 07:27:56');
INSERT INTO `cbse_template_class_sections` (`id`, `cbse_template_id`, `class_section_id`, `created_at`) VALUES (423, 9, 8, '2023-08-10 07:27:56');
INSERT INTO `cbse_template_class_sections` (`id`, `cbse_template_id`, `class_section_id`, `created_at`) VALUES (424, 9, 14, '2023-08-10 07:27:56');
INSERT INTO `cbse_template_class_sections` (`id`, `cbse_template_id`, `class_section_id`, `created_at`) VALUES (425, 9, 15, '2023-08-10 07:27:56');
INSERT INTO `cbse_template_class_sections` (`id`, `cbse_template_id`, `class_section_id`, `created_at`) VALUES (430, 7, 7, '2023-08-10 13:04:55');
INSERT INTO `cbse_template_class_sections` (`id`, `cbse_template_id`, `class_section_id`, `created_at`) VALUES (431, 7, 8, '2023-08-10 13:04:55');
INSERT INTO `cbse_template_class_sections` (`id`, `cbse_template_id`, `class_section_id`, `created_at`) VALUES (432, 7, 14, '2023-08-10 13:04:55');
INSERT INTO `cbse_template_class_sections` (`id`, `cbse_template_id`, `class_section_id`, `created_at`) VALUES (433, 7, 15, '2023-08-10 13:04:55');
INSERT INTO `cbse_template_class_sections` (`id`, `cbse_template_id`, `class_section_id`, `created_at`) VALUES (434, 17, 7, '2023-09-06 06:43:12');
INSERT INTO `cbse_template_class_sections` (`id`, `cbse_template_id`, `class_section_id`, `created_at`) VALUES (435, 17, 8, '2023-09-06 06:43:12');
INSERT INTO `cbse_template_class_sections` (`id`, `cbse_template_id`, `class_section_id`, `created_at`) VALUES (436, 17, 14, '2023-09-06 06:43:12');
INSERT INTO `cbse_template_class_sections` (`id`, `cbse_template_id`, `class_section_id`, `created_at`) VALUES (437, 17, 15, '2023-09-06 06:43:12');
INSERT INTO `cbse_template_class_sections` (`id`, `cbse_template_id`, `class_section_id`, `created_at`) VALUES (438, 18, 7, '2023-12-05 04:40:32');
INSERT INTO `cbse_template_class_sections` (`id`, `cbse_template_id`, `class_section_id`, `created_at`) VALUES (439, 18, 8, '2023-12-05 04:40:32');
INSERT INTO `cbse_template_class_sections` (`id`, `cbse_template_id`, `class_section_id`, `created_at`) VALUES (440, 18, 14, '2023-12-05 04:40:32');
INSERT INTO `cbse_template_class_sections` (`id`, `cbse_template_id`, `class_section_id`, `created_at`) VALUES (441, 18, 15, '2023-12-05 04:40:32');
INSERT INTO `cbse_template_class_sections` (`id`, `cbse_template_id`, `class_section_id`, `created_at`) VALUES (442, 19, 7, '2024-02-03 07:13:12');
INSERT INTO `cbse_template_class_sections` (`id`, `cbse_template_id`, `class_section_id`, `created_at`) VALUES (443, 19, 8, '2024-02-03 07:13:12');
INSERT INTO `cbse_template_class_sections` (`id`, `cbse_template_id`, `class_section_id`, `created_at`) VALUES (444, 19, 14, '2024-02-03 07:13:12');
INSERT INTO `cbse_template_class_sections` (`id`, `cbse_template_id`, `class_section_id`, `created_at`) VALUES (445, 19, 15, '2024-02-03 07:13:12');
INSERT INTO `cbse_template_class_sections` (`id`, `cbse_template_id`, `class_section_id`, `created_at`) VALUES (446, 20, 7, '2024-03-04 08:07:36');
INSERT INTO `cbse_template_class_sections` (`id`, `cbse_template_id`, `class_section_id`, `created_at`) VALUES (447, 20, 8, '2024-03-04 08:07:36');
INSERT INTO `cbse_template_class_sections` (`id`, `cbse_template_id`, `class_section_id`, `created_at`) VALUES (448, 20, 14, '2024-03-04 08:07:36');
INSERT INTO `cbse_template_class_sections` (`id`, `cbse_template_id`, `class_section_id`, `created_at`) VALUES (449, 20, 15, '2024-03-04 08:07:36');
INSERT INTO `cbse_template_class_sections` (`id`, `cbse_template_id`, `class_section_id`, `created_at`) VALUES (458, 22, 9, '2024-04-04 07:01:44');
INSERT INTO `cbse_template_class_sections` (`id`, `cbse_template_id`, `class_section_id`, `created_at`) VALUES (459, 22, 10, '2024-04-04 07:01:44');
INSERT INTO `cbse_template_class_sections` (`id`, `cbse_template_id`, `class_section_id`, `created_at`) VALUES (460, 22, 11, '2024-04-04 07:01:44');
INSERT INTO `cbse_template_class_sections` (`id`, `cbse_template_id`, `class_section_id`, `created_at`) VALUES (461, 22, 16, '2024-04-04 07:01:44');
INSERT INTO `cbse_template_class_sections` (`id`, `cbse_template_id`, `class_section_id`, `created_at`) VALUES (466, 24, 9, '2024-04-04 11:45:34');
INSERT INTO `cbse_template_class_sections` (`id`, `cbse_template_id`, `class_section_id`, `created_at`) VALUES (467, 24, 10, '2024-04-04 11:45:34');
INSERT INTO `cbse_template_class_sections` (`id`, `cbse_template_id`, `class_section_id`, `created_at`) VALUES (468, 24, 11, '2024-04-04 11:45:34');
INSERT INTO `cbse_template_class_sections` (`id`, `cbse_template_id`, `class_section_id`, `created_at`) VALUES (469, 24, 16, '2024-04-04 11:45:34');
INSERT INTO `cbse_template_class_sections` (`id`, `cbse_template_id`, `class_section_id`, `created_at`) VALUES (470, 21, 9, '2024-04-04 11:48:44');
INSERT INTO `cbse_template_class_sections` (`id`, `cbse_template_id`, `class_section_id`, `created_at`) VALUES (471, 21, 10, '2024-04-04 11:48:44');
INSERT INTO `cbse_template_class_sections` (`id`, `cbse_template_id`, `class_section_id`, `created_at`) VALUES (472, 21, 11, '2024-04-04 11:48:44');
INSERT INTO `cbse_template_class_sections` (`id`, `cbse_template_id`, `class_section_id`, `created_at`) VALUES (473, 21, 16, '2024-04-04 11:48:44');
INSERT INTO `cbse_template_class_sections` (`id`, `cbse_template_id`, `class_section_id`, `created_at`) VALUES (478, 23, 9, '2024-04-04 11:49:02');
INSERT INTO `cbse_template_class_sections` (`id`, `cbse_template_id`, `class_section_id`, `created_at`) VALUES (479, 23, 10, '2024-04-04 11:49:02');
INSERT INTO `cbse_template_class_sections` (`id`, `cbse_template_id`, `class_section_id`, `created_at`) VALUES (480, 23, 11, '2024-04-04 11:49:02');
INSERT INTO `cbse_template_class_sections` (`id`, `cbse_template_id`, `class_section_id`, `created_at`) VALUES (481, 23, 16, '2024-04-04 11:49:02');
INSERT INTO `cbse_template_class_sections` (`id`, `cbse_template_id`, `class_section_id`, `created_at`) VALUES (486, 25, 1, '2024-04-17 06:13:28');
INSERT INTO `cbse_template_class_sections` (`id`, `cbse_template_id`, `class_section_id`, `created_at`) VALUES (487, 25, 2, '2024-04-17 06:13:28');
INSERT INTO `cbse_template_class_sections` (`id`, `cbse_template_id`, `class_section_id`, `created_at`) VALUES (488, 25, 3, '2024-04-17 06:13:28');
INSERT INTO `cbse_template_class_sections` (`id`, `cbse_template_id`, `class_section_id`, `created_at`) VALUES (489, 25, 12, '2024-04-17 06:13:28');
INSERT INTO `cbse_template_class_sections` (`id`, `cbse_template_id`, `class_section_id`, `created_at`) VALUES (490, 26, 4, '2024-04-17 06:24:14');
INSERT INTO `cbse_template_class_sections` (`id`, `cbse_template_id`, `class_section_id`, `created_at`) VALUES (491, 26, 5, '2024-04-17 06:24:14');
INSERT INTO `cbse_template_class_sections` (`id`, `cbse_template_id`, `class_section_id`, `created_at`) VALUES (492, 26, 6, '2024-04-17 06:24:14');
INSERT INTO `cbse_template_class_sections` (`id`, `cbse_template_id`, `class_section_id`, `created_at`) VALUES (493, 26, 13, '2024-04-17 06:24:14');
INSERT INTO `cbse_template_class_sections` (`id`, `cbse_template_id`, `class_section_id`, `created_at`) VALUES (494, 27, 7, '2024-04-17 06:36:11');
INSERT INTO `cbse_template_class_sections` (`id`, `cbse_template_id`, `class_section_id`, `created_at`) VALUES (495, 27, 8, '2024-04-17 06:36:11');
INSERT INTO `cbse_template_class_sections` (`id`, `cbse_template_id`, `class_section_id`, `created_at`) VALUES (496, 27, 14, '2024-04-17 06:36:11');
INSERT INTO `cbse_template_class_sections` (`id`, `cbse_template_id`, `class_section_id`, `created_at`) VALUES (497, 27, 15, '2024-04-17 06:36:11');
INSERT INTO `cbse_template_class_sections` (`id`, `cbse_template_id`, `class_section_id`, `created_at`) VALUES (498, 28, 17, '2024-04-17 06:42:28');
INSERT INTO `cbse_template_class_sections` (`id`, `cbse_template_id`, `class_section_id`, `created_at`) VALUES (499, 28, 18, '2024-04-17 06:42:28');
INSERT INTO `cbse_template_class_sections` (`id`, `cbse_template_id`, `class_section_id`, `created_at`) VALUES (500, 28, 19, '2024-04-17 06:42:28');
INSERT INTO `cbse_template_class_sections` (`id`, `cbse_template_id`, `class_section_id`, `created_at`) VALUES (501, 28, 20, '2024-04-17 06:42:28');
INSERT INTO `cbse_template_class_sections` (`id`, `cbse_template_id`, `class_section_id`, `created_at`) VALUES (502, 29, 9, '2024-05-04 06:20:08');
INSERT INTO `cbse_template_class_sections` (`id`, `cbse_template_id`, `class_section_id`, `created_at`) VALUES (503, 29, 10, '2024-05-04 06:20:08');
INSERT INTO `cbse_template_class_sections` (`id`, `cbse_template_id`, `class_section_id`, `created_at`) VALUES (504, 29, 11, '2024-05-04 06:20:08');
INSERT INTO `cbse_template_class_sections` (`id`, `cbse_template_id`, `class_section_id`, `created_at`) VALUES (505, 29, 16, '2024-05-04 06:20:09');
INSERT INTO `cbse_template_class_sections` (`id`, `cbse_template_id`, `class_section_id`, `created_at`) VALUES (506, 30, 9, '2024-06-05 09:25:35');
INSERT INTO `cbse_template_class_sections` (`id`, `cbse_template_id`, `class_section_id`, `created_at`) VALUES (507, 30, 10, '2024-06-05 09:25:35');
INSERT INTO `cbse_template_class_sections` (`id`, `cbse_template_id`, `class_section_id`, `created_at`) VALUES (508, 30, 11, '2024-06-05 09:25:35');
INSERT INTO `cbse_template_class_sections` (`id`, `cbse_template_id`, `class_section_id`, `created_at`) VALUES (509, 30, 16, '2024-06-05 09:25:35');
INSERT INTO `cbse_template_class_sections` (`id`, `cbse_template_id`, `class_section_id`, `created_at`) VALUES (510, 31, 9, '2024-07-03 12:02:20');
INSERT INTO `cbse_template_class_sections` (`id`, `cbse_template_id`, `class_section_id`, `created_at`) VALUES (511, 31, 10, '2024-07-03 12:02:20');
INSERT INTO `cbse_template_class_sections` (`id`, `cbse_template_id`, `class_section_id`, `created_at`) VALUES (512, 31, 11, '2024-07-03 12:02:20');
INSERT INTO `cbse_template_class_sections` (`id`, `cbse_template_id`, `class_section_id`, `created_at`) VALUES (513, 31, 16, '2024-07-03 12:02:20');
INSERT INTO `cbse_template_class_sections` (`id`, `cbse_template_id`, `class_section_id`, `created_at`) VALUES (514, 32, 9, '2024-08-05 04:44:29');
INSERT INTO `cbse_template_class_sections` (`id`, `cbse_template_id`, `class_section_id`, `created_at`) VALUES (515, 32, 10, '2024-08-05 04:44:29');
INSERT INTO `cbse_template_class_sections` (`id`, `cbse_template_id`, `class_section_id`, `created_at`) VALUES (516, 32, 11, '2024-08-05 04:44:29');
INSERT INTO `cbse_template_class_sections` (`id`, `cbse_template_id`, `class_section_id`, `created_at`) VALUES (517, 32, 16, '2024-08-05 04:44:29');
INSERT INTO `cbse_template_class_sections` (`id`, `cbse_template_id`, `class_section_id`, `created_at`) VALUES (518, 33, 9, '2024-09-03 05:31:03');
INSERT INTO `cbse_template_class_sections` (`id`, `cbse_template_id`, `class_section_id`, `created_at`) VALUES (519, 33, 10, '2024-09-03 05:31:03');
INSERT INTO `cbse_template_class_sections` (`id`, `cbse_template_id`, `class_section_id`, `created_at`) VALUES (520, 33, 11, '2024-09-03 05:31:03');
INSERT INTO `cbse_template_class_sections` (`id`, `cbse_template_id`, `class_section_id`, `created_at`) VALUES (521, 33, 16, '2024-09-03 05:31:03');
INSERT INTO `cbse_template_class_sections` (`id`, `cbse_template_id`, `class_section_id`, `created_at`) VALUES (522, 34, 9, '2024-10-02 07:47:09');
INSERT INTO `cbse_template_class_sections` (`id`, `cbse_template_id`, `class_section_id`, `created_at`) VALUES (523, 34, 10, '2024-10-02 07:47:09');
INSERT INTO `cbse_template_class_sections` (`id`, `cbse_template_id`, `class_section_id`, `created_at`) VALUES (524, 34, 11, '2024-10-02 07:47:09');
INSERT INTO `cbse_template_class_sections` (`id`, `cbse_template_id`, `class_section_id`, `created_at`) VALUES (525, 34, 16, '2024-10-02 07:47:09');
INSERT INTO `cbse_template_class_sections` (`id`, `cbse_template_id`, `class_section_id`, `created_at`) VALUES (526, 35, 9, '2024-11-06 05:04:26');
INSERT INTO `cbse_template_class_sections` (`id`, `cbse_template_id`, `class_section_id`, `created_at`) VALUES (527, 35, 10, '2024-11-06 05:04:27');
INSERT INTO `cbse_template_class_sections` (`id`, `cbse_template_id`, `class_section_id`, `created_at`) VALUES (528, 35, 11, '2024-11-06 05:04:27');
INSERT INTO `cbse_template_class_sections` (`id`, `cbse_template_id`, `class_section_id`, `created_at`) VALUES (529, 35, 16, '2024-11-06 05:04:27');
INSERT INTO `cbse_template_class_sections` (`id`, `cbse_template_id`, `class_section_id`, `created_at`) VALUES (534, 36, 9, '2024-12-04 04:31:44');
INSERT INTO `cbse_template_class_sections` (`id`, `cbse_template_id`, `class_section_id`, `created_at`) VALUES (535, 36, 10, '2024-12-04 04:31:44');
INSERT INTO `cbse_template_class_sections` (`id`, `cbse_template_id`, `class_section_id`, `created_at`) VALUES (536, 36, 11, '2024-12-04 04:31:44');
INSERT INTO `cbse_template_class_sections` (`id`, `cbse_template_id`, `class_section_id`, `created_at`) VALUES (537, 36, 16, '2024-12-04 04:31:44');
INSERT INTO `cbse_template_class_sections` (`id`, `cbse_template_id`, `class_section_id`, `created_at`) VALUES (538, 37, 9, '2025-01-03 12:00:04');
INSERT INTO `cbse_template_class_sections` (`id`, `cbse_template_id`, `class_section_id`, `created_at`) VALUES (539, 37, 10, '2025-01-03 12:00:04');
INSERT INTO `cbse_template_class_sections` (`id`, `cbse_template_id`, `class_section_id`, `created_at`) VALUES (540, 37, 11, '2025-01-03 12:00:04');
INSERT INTO `cbse_template_class_sections` (`id`, `cbse_template_id`, `class_section_id`, `created_at`) VALUES (541, 37, 16, '2025-01-03 12:00:04');
INSERT INTO `cbse_template_class_sections` (`id`, `cbse_template_id`, `class_section_id`, `created_at`) VALUES (542, 38, 1, '2025-02-04 04:41:55');
INSERT INTO `cbse_template_class_sections` (`id`, `cbse_template_id`, `class_section_id`, `created_at`) VALUES (543, 38, 2, '2025-02-04 04:41:55');
INSERT INTO `cbse_template_class_sections` (`id`, `cbse_template_id`, `class_section_id`, `created_at`) VALUES (544, 38, 3, '2025-02-04 04:41:55');
INSERT INTO `cbse_template_class_sections` (`id`, `cbse_template_id`, `class_section_id`, `created_at`) VALUES (545, 38, 12, '2025-02-04 04:41:55');
INSERT INTO `cbse_template_class_sections` (`id`, `cbse_template_id`, `class_section_id`, `created_at`) VALUES (546, 39, 9, '2025-02-04 04:43:02');
INSERT INTO `cbse_template_class_sections` (`id`, `cbse_template_id`, `class_section_id`, `created_at`) VALUES (547, 39, 10, '2025-02-04 04:43:02');
INSERT INTO `cbse_template_class_sections` (`id`, `cbse_template_id`, `class_section_id`, `created_at`) VALUES (548, 39, 11, '2025-02-04 04:43:02');
INSERT INTO `cbse_template_class_sections` (`id`, `cbse_template_id`, `class_section_id`, `created_at`) VALUES (549, 39, 16, '2025-02-04 04:43:02');
INSERT INTO `cbse_template_class_sections` (`id`, `cbse_template_id`, `class_section_id`, `created_at`) VALUES (550, 40, 9, '2025-03-03 04:30:38');
INSERT INTO `cbse_template_class_sections` (`id`, `cbse_template_id`, `class_section_id`, `created_at`) VALUES (551, 40, 10, '2025-03-03 04:30:38');
INSERT INTO `cbse_template_class_sections` (`id`, `cbse_template_id`, `class_section_id`, `created_at`) VALUES (552, 40, 11, '2025-03-03 04:30:38');
INSERT INTO `cbse_template_class_sections` (`id`, `cbse_template_id`, `class_section_id`, `created_at`) VALUES (553, 40, 16, '2025-03-03 04:30:38');


#
# TABLE STRUCTURE FOR: cbse_template_term_exams
#


CREATE TABLE `cbse_template_term_exams` (
  `id` int NOT NULL AUTO_INCREMENT,
  `cbse_template_term_id` int DEFAULT NULL,
  `cbse_exam_id` int NOT NULL,
  `cbse_template_id` int NOT NULL,
  `weightage` float NOT NULL DEFAULT '100',
  `created_at` timestamp NOT NULL DEFAULT CURRENT_TIMESTAMP,
  PRIMARY KEY (`id`),
  KEY `cbse_template_term_id` (`cbse_template_term_id`),
  KEY `cbse_template_term_exams_ibfk_3` (`cbse_exam_id`),
  KEY `cbse_template_term_exams_ibfk_4` (`cbse_template_id`),
  KEY `idx_weightage` (`weightage`),
  CONSTRAINT `cbse_template_term_exams_ibfk_1` FOREIGN KEY (`cbse_exam_id`) REFERENCES `cbse_exams` (`id`) ON DELETE CASCADE,
  CONSTRAINT `cbse_template_term_exams_ibfk_2` FOREIGN KEY (`cbse_template_term_id`) REFERENCES `cbse_template_terms` (`id`) ON DELETE CASCADE,
  CONSTRAINT `cbse_template_term_exams_ibfk_4` FOREIGN KEY (`cbse_template_id`) REFERENCES `cbse_template` (`id`) ON DELETE CASCADE
) ENGINE=InnoDB AUTO_INCREMENT=191 DEFAULT CHARSET=utf8mb3;

INSERT INTO `cbse_template_term_exams` (`id`, `cbse_template_term_id`, `cbse_exam_id`, `cbse_template_id`, `weightage`, `created_at`) VALUES (86, 42, 8, 7, '100', '2023-07-21 05:11:20');
INSERT INTO `cbse_template_term_exams` (`id`, `cbse_template_term_id`, `cbse_exam_id`, `cbse_template_id`, `weightage`, `created_at`) VALUES (87, 43, 3, 7, '100', '2023-07-21 05:11:20');
INSERT INTO `cbse_template_term_exams` (`id`, `cbse_template_term_id`, `cbse_exam_id`, `cbse_template_id`, `weightage`, `created_at`) VALUES (90, 45, 5, 11, '50', '2023-07-21 07:29:52');
INSERT INTO `cbse_template_term_exams` (`id`, `cbse_template_term_id`, `cbse_exam_id`, `cbse_template_id`, `weightage`, `created_at`) VALUES (91, 45, 6, 11, '50', '2023-07-21 07:29:52');
INSERT INTO `cbse_template_term_exams` (`id`, `cbse_template_term_id`, `cbse_exam_id`, `cbse_template_id`, `weightage`, `created_at`) VALUES (105, 49, 3, 9, '50', '2023-07-21 08:25:18');
INSERT INTO `cbse_template_term_exams` (`id`, `cbse_template_term_id`, `cbse_exam_id`, `cbse_template_id`, `weightage`, `created_at`) VALUES (106, 49, 4, 9, '50', '2023-07-21 08:25:18');
INSERT INTO `cbse_template_term_exams` (`id`, `cbse_template_term_id`, `cbse_exam_id`, `cbse_template_id`, `weightage`, `created_at`) VALUES (153, NULL, 5, 8, '100', '2023-08-09 19:39:25');
INSERT INTO `cbse_template_term_exams` (`id`, `cbse_template_term_id`, `cbse_exam_id`, `cbse_template_id`, `weightage`, `created_at`) VALUES (154, NULL, 11, 13, '60', '2023-08-09 20:03:04');
INSERT INTO `cbse_template_term_exams` (`id`, `cbse_template_term_id`, `cbse_exam_id`, `cbse_template_id`, `weightage`, `created_at`) VALUES (155, NULL, 3, 13, '40', '2023-08-09 20:03:04');
INSERT INTO `cbse_template_term_exams` (`id`, `cbse_template_term_id`, `cbse_exam_id`, `cbse_template_id`, `weightage`, `created_at`) VALUES (157, NULL, 15, 17, '100', '2023-11-01 09:20:23');
INSERT INTO `cbse_template_term_exams` (`id`, `cbse_template_term_id`, `cbse_exam_id`, `cbse_template_id`, `weightage`, `created_at`) VALUES (158, NULL, 16, 18, '100', '2023-12-05 05:00:36');
INSERT INTO `cbse_template_term_exams` (`id`, `cbse_template_term_id`, `cbse_exam_id`, `cbse_template_id`, `weightage`, `created_at`) VALUES (159, NULL, 18, 19, '100', '2024-02-03 07:13:28');
INSERT INTO `cbse_template_term_exams` (`id`, `cbse_template_term_id`, `cbse_exam_id`, `cbse_template_id`, `weightage`, `created_at`) VALUES (160, NULL, 19, 20, '100', '2024-03-04 08:07:59');
INSERT INTO `cbse_template_term_exams` (`id`, `cbse_template_term_id`, `cbse_exam_id`, `cbse_template_id`, `weightage`, `created_at`) VALUES (162, NULL, 20, 22, '50', '2024-04-04 07:02:10');
INSERT INTO `cbse_template_term_exams` (`id`, `cbse_template_term_id`, `cbse_exam_id`, `cbse_template_id`, `weightage`, `created_at`) VALUES (163, NULL, 21, 22, '50', '2024-04-04 07:02:10');
INSERT INTO `cbse_template_term_exams` (`id`, `cbse_template_term_id`, `cbse_exam_id`, `cbse_template_id`, `weightage`, `created_at`) VALUES (164, 67, 22, 23, '50', '2024-04-04 11:44:06');
INSERT INTO `cbse_template_term_exams` (`id`, `cbse_template_term_id`, `cbse_exam_id`, `cbse_template_id`, `weightage`, `created_at`) VALUES (165, 67, 23, 23, '50', '2024-04-04 11:44:06');
INSERT INTO `cbse_template_term_exams` (`id`, `cbse_template_term_id`, `cbse_exam_id`, `cbse_template_id`, `weightage`, `created_at`) VALUES (166, 68, 20, 24, '100', '2024-04-04 11:50:01');
INSERT INTO `cbse_template_term_exams` (`id`, `cbse_template_term_id`, `cbse_exam_id`, `cbse_template_id`, `weightage`, `created_at`) VALUES (167, 68, 21, 24, '100', '2024-04-04 11:50:01');
INSERT INTO `cbse_template_term_exams` (`id`, `cbse_template_term_id`, `cbse_exam_id`, `cbse_template_id`, `weightage`, `created_at`) VALUES (168, 69, 22, 24, '100', '2024-04-04 11:50:01');
INSERT INTO `cbse_template_term_exams` (`id`, `cbse_template_term_id`, `cbse_exam_id`, `cbse_template_id`, `weightage`, `created_at`) VALUES (169, 69, 23, 24, '100', '2024-04-04 11:50:01');
INSERT INTO `cbse_template_term_exams` (`id`, `cbse_template_term_id`, `cbse_exam_id`, `cbse_template_id`, `weightage`, `created_at`) VALUES (170, NULL, 24, 25, '100', '2024-04-17 06:13:37');
INSERT INTO `cbse_template_term_exams` (`id`, `cbse_template_term_id`, `cbse_exam_id`, `cbse_template_id`, `weightage`, `created_at`) VALUES (171, NULL, 25, 26, '100', '2024-04-17 06:24:30');
INSERT INTO `cbse_template_term_exams` (`id`, `cbse_template_term_id`, `cbse_exam_id`, `cbse_template_id`, `weightage`, `created_at`) VALUES (172, NULL, 26, 27, '100', '2024-04-17 06:36:24');
INSERT INTO `cbse_template_term_exams` (`id`, `cbse_template_term_id`, `cbse_exam_id`, `cbse_template_id`, `weightage`, `created_at`) VALUES (173, 70, 27, 28, '100', '2024-04-17 06:42:51');
INSERT INTO `cbse_template_term_exams` (`id`, `cbse_template_term_id`, `cbse_exam_id`, `cbse_template_id`, `weightage`, `created_at`) VALUES (175, NULL, 20, 21, '100', '2024-05-04 06:20:58');
INSERT INTO `cbse_template_term_exams` (`id`, `cbse_template_term_id`, `cbse_exam_id`, `cbse_template_id`, `weightage`, `created_at`) VALUES (176, NULL, 28, 29, '100', '2024-05-04 06:21:15');
INSERT INTO `cbse_template_term_exams` (`id`, `cbse_template_term_id`, `cbse_exam_id`, `cbse_template_id`, `weightage`, `created_at`) VALUES (177, 71, 29, 30, '100', '2024-06-05 09:26:13');
INSERT INTO `cbse_template_term_exams` (`id`, `cbse_template_term_id`, `cbse_exam_id`, `cbse_template_id`, `weightage`, `created_at`) VALUES (178, NULL, 30, 31, '100', '2024-07-03 12:03:26');
INSERT INTO `cbse_template_term_exams` (`id`, `cbse_template_term_id`, `cbse_exam_id`, `cbse_template_id`, `weightage`, `created_at`) VALUES (179, NULL, 31, 32, '100', '2024-08-05 04:44:59');
INSERT INTO `cbse_template_term_exams` (`id`, `cbse_template_term_id`, `cbse_exam_id`, `cbse_template_id`, `weightage`, `created_at`) VALUES (180, NULL, 32, 33, '100', '2024-09-03 05:31:30');
INSERT INTO `cbse_template_term_exams` (`id`, `cbse_template_term_id`, `cbse_exam_id`, `cbse_template_id`, `weightage`, `created_at`) VALUES (181, NULL, 31, 34, '50', '2024-10-02 07:48:07');
INSERT INTO `cbse_template_term_exams` (`id`, `cbse_template_term_id`, `cbse_exam_id`, `cbse_template_id`, `weightage`, `created_at`) VALUES (182, NULL, 33, 34, '50', '2024-10-02 07:48:07');
INSERT INTO `cbse_template_term_exams` (`id`, `cbse_template_term_id`, `cbse_exam_id`, `cbse_template_id`, `weightage`, `created_at`) VALUES (183, 72, 32, 35, '45', '2024-11-06 05:05:13');
INSERT INTO `cbse_template_term_exams` (`id`, `cbse_template_term_id`, `cbse_exam_id`, `cbse_template_id`, `weightage`, `created_at`) VALUES (184, 72, 34, 35, '55', '2024-11-06 05:05:13');
INSERT INTO `cbse_template_term_exams` (`id`, `cbse_template_term_id`, `cbse_exam_id`, `cbse_template_id`, `weightage`, `created_at`) VALUES (185, NULL, 32, 36, '50', '2024-12-04 04:30:28');
INSERT INTO `cbse_template_term_exams` (`id`, `cbse_template_term_id`, `cbse_exam_id`, `cbse_template_id`, `weightage`, `created_at`) VALUES (186, NULL, 35, 36, '50', '2024-12-04 04:30:28');
INSERT INTO `cbse_template_term_exams` (`id`, `cbse_template_term_id`, `cbse_exam_id`, `cbse_template_id`, `weightage`, `created_at`) VALUES (187, NULL, 36, 37, '100', '2025-01-03 12:00:39');
INSERT INTO `cbse_template_term_exams` (`id`, `cbse_template_term_id`, `cbse_exam_id`, `cbse_template_id`, `weightage`, `created_at`) VALUES (188, NULL, 37, 38, '100', '2025-02-04 04:42:06');
INSERT INTO `cbse_template_term_exams` (`id`, `cbse_template_term_id`, `cbse_exam_id`, `cbse_template_id`, `weightage`, `created_at`) VALUES (189, NULL, 38, 39, '100', '2025-02-04 04:43:28');
INSERT INTO `cbse_template_term_exams` (`id`, `cbse_template_term_id`, `cbse_exam_id`, `cbse_template_id`, `weightage`, `created_at`) VALUES (190, NULL, 39, 40, '100', '2025-03-03 04:31:12');


#
# TABLE STRUCTURE FOR: cbse_template_terms
#


CREATE TABLE `cbse_template_terms` (
  `id` int NOT NULL AUTO_INCREMENT,
  `cbse_template_id` int NOT NULL,
  `cbse_term_id` int NOT NULL,
  `weightage` float NOT NULL,
  `created_at` timestamp NOT NULL DEFAULT CURRENT_TIMESTAMP,
  PRIMARY KEY (`id`),
  KEY `cbse_template_id` (`cbse_template_id`),
  KEY `cbse_term_id` (`cbse_term_id`),
  KEY `idx_weightage` (`weightage`),
  CONSTRAINT `cbse_template_terms_ibfk_1` FOREIGN KEY (`cbse_template_id`) REFERENCES `cbse_template` (`id`) ON DELETE CASCADE,
  CONSTRAINT `cbse_template_terms_ibfk_2` FOREIGN KEY (`cbse_term_id`) REFERENCES `cbse_terms` (`id`) ON DELETE CASCADE
) ENGINE=InnoDB AUTO_INCREMENT=73 DEFAULT CHARSET=utf8mb3;

INSERT INTO `cbse_template_terms` (`id`, `cbse_template_id`, `cbse_term_id`, `weightage`, `created_at`) VALUES (42, 7, 1, '50', '2023-07-21 05:11:20');
INSERT INTO `cbse_template_terms` (`id`, `cbse_template_id`, `cbse_term_id`, `weightage`, `created_at`) VALUES (43, 7, 5, '50', '2023-07-21 05:11:20');
INSERT INTO `cbse_template_terms` (`id`, `cbse_template_id`, `cbse_term_id`, `weightage`, `created_at`) VALUES (45, 11, 5, '0', '2023-07-21 07:29:52');
INSERT INTO `cbse_template_terms` (`id`, `cbse_template_id`, `cbse_term_id`, `weightage`, `created_at`) VALUES (49, 9, 5, '0', '2023-07-21 08:25:18');
INSERT INTO `cbse_template_terms` (`id`, `cbse_template_id`, `cbse_term_id`, `weightage`, `created_at`) VALUES (67, 23, 5, '0', '2024-04-04 11:44:06');
INSERT INTO `cbse_template_terms` (`id`, `cbse_template_id`, `cbse_term_id`, `weightage`, `created_at`) VALUES (68, 24, 1, '50', '2024-04-04 11:50:01');
INSERT INTO `cbse_template_terms` (`id`, `cbse_template_id`, `cbse_term_id`, `weightage`, `created_at`) VALUES (69, 24, 5, '50', '2024-04-04 11:50:01');
INSERT INTO `cbse_template_terms` (`id`, `cbse_template_id`, `cbse_term_id`, `weightage`, `created_at`) VALUES (70, 28, 1, '0', '2024-04-17 06:42:51');
INSERT INTO `cbse_template_terms` (`id`, `cbse_template_id`, `cbse_term_id`, `weightage`, `created_at`) VALUES (71, 30, 5, '0', '2024-06-05 09:26:13');
INSERT INTO `cbse_template_terms` (`id`, `cbse_template_id`, `cbse_term_id`, `weightage`, `created_at`) VALUES (72, 35, 5, '0', '2024-11-06 05:05:13');


#
# TABLE STRUCTURE FOR: cbse_terms
#


CREATE TABLE `cbse_terms` (
  `id` int NOT NULL AUTO_INCREMENT,
  `name` varchar(255) NOT NULL,
  `term_code` varchar(100) NOT NULL,
  `description` mediumtext NOT NULL,
  `created_by` int DEFAULT NULL,
  `created_at` timestamp NOT NULL DEFAULT CURRENT_TIMESTAMP ON UPDATE CURRENT_TIMESTAMP,
  PRIMARY KEY (`id`),
  KEY `idx_name` (`name`),
  KEY `idx_term_code` (`term_code`)
) ENGINE=InnoDB AUTO_INCREMENT=7 DEFAULT CHARSET=utf8mb3;

INSERT INTO `cbse_terms` (`id`, `name`, `term_code`, `description`, `created_by`, `created_at`) VALUES (1, 'Term 1', 'T021', 'An examination is a formal test that you take to show your knowledge or ability in a particular subject, or to obtain a qualification. If you have a medical examination, a doctor looks at your body, feels it, or does simple tests in order to check how healthy you are. ', 1, '2023-07-11 07:54:25');
INSERT INTO `cbse_terms` (`id`, `name`, `term_code`, `description`, `created_by`, `created_at`) VALUES (5, 'Term 2', 'T015', 'An examination is a formal test that you take to show your knowledge or ability in a particular subject, or to obtain a qualification. If you have a medical examination, a doctor looks at your body, feels it, or does simple tests in order to check how healthy you are. ', 1, '2023-07-11 07:56:03');


#
# TABLE STRUCTURE FOR: certificates
#


CREATE TABLE `certificates` (
  `id` int NOT NULL AUTO_INCREMENT,
  `certificate_name` varchar(100) NOT NULL,
  `certificate_text` text NOT NULL,
  `left_header` varchar(100) NOT NULL,
  `center_header` varchar(100) NOT NULL,
  `right_header` varchar(100) NOT NULL,
  `left_footer` varchar(100) NOT NULL,
  `right_footer` varchar(100) NOT NULL,
  `center_footer` varchar(100) NOT NULL,
  `background_image` varchar(100) DEFAULT NULL,
  `created_for` tinyint(1) NOT NULL COMMENT '1 = staff, 2 = students',
  `status` tinyint(1) NOT NULL,
  `header_height` int NOT NULL,
  `content_height` int NOT NULL,
  `footer_height` int NOT NULL,
  `content_width` int NOT NULL,
  `enable_student_image` tinyint(1) NOT NULL COMMENT '0=no,1=yes',
  `enable_image_height` int NOT NULL,
  `created_at` timestamp NOT NULL DEFAULT CURRENT_TIMESTAMP,
  `updated_at` timestamp NOT NULL DEFAULT CURRENT_TIMESTAMP ON UPDATE CURRENT_TIMESTAMP,
  PRIMARY KEY (`id`)
) ENGINE=InnoDB AUTO_INCREMENT=3 DEFAULT CHARSET=utf8mb3;

INSERT INTO `certificates` (`id`, `certificate_name`, `certificate_text`, `left_header`, `center_header`, `right_header`, `left_footer`, `right_footer`, `center_footer`, `background_image`, `created_for`, `status`, `header_height`, `content_height`, `footer_height`, `content_width`, `enable_student_image`, `enable_image_height`, `created_at`, `updated_at`) VALUES (2, 'Sample Transfer Certificate', 'This is certify that <b>[name]</b> has born on [dob]  <br> and have following details Present Address [present_address] Guardian [guardian] Admission No [admission_no] Roll No [roll_no] [class] [section] Gender [gender] Admission Date [admission_date] Category [category] Cast [cast] Father Name [father_name] Mother Name [mother_name] Religion [religion]  Email [email] Phone [phone] <br>We wish best of luck for future endeavors.', 'Reff. No.1111', 'To Whomever It May Concern', 'Date: 10/01/2024', '.................................<br>admin', '.................................<br>principal', '.................................<br>admin', '1712302352-565072941660fa9107caa5!sampletc121.png', 2, 1, 360, 400, 480, 810, 1, 230, '2024-04-05 07:32:32', '2025-02-28 05:17:25');


#
# TABLE STRUCTURE FOR: chat_connections
#


CREATE TABLE `chat_connections` (
  `id` int NOT NULL AUTO_INCREMENT,
  `chat_user_one` int NOT NULL,
  `chat_user_two` int NOT NULL,
  `ip` varchar(30) DEFAULT NULL,
  `time` int DEFAULT NULL,
  `created_at` timestamp NOT NULL DEFAULT CURRENT_TIMESTAMP,
  `updated_at` timestamp NOT NULL DEFAULT CURRENT_TIMESTAMP ON UPDATE CURRENT_TIMESTAMP,
  PRIMARY KEY (`id`),
  KEY `chat_user_one` (`chat_user_one`),
  KEY `chat_user_two` (`chat_user_two`),
  CONSTRAINT `chat_connections_ibfk_1` FOREIGN KEY (`chat_user_one`) REFERENCES `chat_users` (`id`) ON DELETE CASCADE,
  CONSTRAINT `chat_connections_ibfk_2` FOREIGN KEY (`chat_user_two`) REFERENCES `chat_users` (`id`) ON DELETE CASCADE
) ENGINE=InnoDB AUTO_INCREMENT=63 DEFAULT CHARSET=utf8mb3;

INSERT INTO `chat_connections` (`id`, `chat_user_one`, `chat_user_two`, `ip`, `time`, `created_at`, `updated_at`) VALUES (1, 1, 2, NULL, NULL, '2021-04-28 04:45:03', '2025-02-28 05:17:25');
INSERT INTO `chat_connections` (`id`, `chat_user_one`, `chat_user_two`, `ip`, `time`, `created_at`, `updated_at`) VALUES (2, 1, 3, NULL, NULL, '2021-04-28 04:45:29', '2025-02-28 05:17:25');
INSERT INTO `chat_connections` (`id`, `chat_user_one`, `chat_user_two`, `ip`, `time`, `created_at`, `updated_at`) VALUES (3, 1, 4, NULL, NULL, '2021-04-28 04:48:43', '2025-02-28 05:17:25');
INSERT INTO `chat_connections` (`id`, `chat_user_one`, `chat_user_two`, `ip`, `time`, `created_at`, `updated_at`) VALUES (4, 1, 5, NULL, NULL, '2021-04-28 04:48:51', '2025-02-28 05:17:25');
INSERT INTO `chat_connections` (`id`, `chat_user_one`, `chat_user_two`, `ip`, `time`, `created_at`, `updated_at`) VALUES (5, 1, 6, NULL, NULL, '2021-04-28 04:49:42', '2025-02-28 05:17:25');
INSERT INTO `chat_connections` (`id`, `chat_user_one`, `chat_user_two`, `ip`, `time`, `created_at`, `updated_at`) VALUES (6, 1, 7, NULL, NULL, '2021-04-28 04:49:49', '2025-02-28 05:17:25');
INSERT INTO `chat_connections` (`id`, `chat_user_one`, `chat_user_two`, `ip`, `time`, `created_at`, `updated_at`) VALUES (7, 2, 6, NULL, NULL, '2021-06-05 10:55:08', '2025-02-28 05:17:25');
INSERT INTO `chat_connections` (`id`, `chat_user_one`, `chat_user_two`, `ip`, `time`, `created_at`, `updated_at`) VALUES (8, 2, 7, NULL, NULL, '2021-06-05 10:58:31', '2025-02-28 05:17:25');
INSERT INTO `chat_connections` (`id`, `chat_user_one`, `chat_user_two`, `ip`, `time`, `created_at`, `updated_at`) VALUES (9, 6, 5, NULL, NULL, '2021-09-03 12:54:10', '2025-02-28 05:17:25');
INSERT INTO `chat_connections` (`id`, `chat_user_one`, `chat_user_two`, `ip`, `time`, `created_at`, `updated_at`) VALUES (10, 7, 8, NULL, NULL, '2021-10-05 12:27:38', '2025-02-28 05:17:25');
INSERT INTO `chat_connections` (`id`, `chat_user_one`, `chat_user_two`, `ip`, `time`, `created_at`, `updated_at`) VALUES (11, 9, 4, NULL, NULL, '2021-11-02 09:53:59', '2025-02-28 05:17:25');
INSERT INTO `chat_connections` (`id`, `chat_user_one`, `chat_user_two`, `ip`, `time`, `created_at`, `updated_at`) VALUES (12, 1, 10, NULL, NULL, '2021-12-02 09:29:26', '2025-02-28 05:17:25');
INSERT INTO `chat_connections` (`id`, `chat_user_one`, `chat_user_two`, `ip`, `time`, `created_at`, `updated_at`) VALUES (13, 3, 8, NULL, NULL, '2021-12-02 09:30:14', '2025-02-28 05:17:25');
INSERT INTO `chat_connections` (`id`, `chat_user_one`, `chat_user_two`, `ip`, `time`, `created_at`, `updated_at`) VALUES (14, 3, 6, NULL, NULL, '2021-12-02 09:30:42', '2025-02-28 05:17:25');
INSERT INTO `chat_connections` (`id`, `chat_user_one`, `chat_user_two`, `ip`, `time`, `created_at`, `updated_at`) VALUES (15, 1, 11, NULL, NULL, '2022-01-05 09:35:29', '2025-02-28 05:17:25');
INSERT INTO `chat_connections` (`id`, `chat_user_one`, `chat_user_two`, `ip`, `time`, `created_at`, `updated_at`) VALUES (16, 1, 8, NULL, NULL, '2022-01-05 09:40:17', '2025-02-28 05:17:25');
INSERT INTO `chat_connections` (`id`, `chat_user_one`, `chat_user_two`, `ip`, `time`, `created_at`, `updated_at`) VALUES (17, 12, 4, NULL, NULL, '2022-02-01 12:42:12', '2025-02-28 05:17:25');
INSERT INTO `chat_connections` (`id`, `chat_user_one`, `chat_user_two`, `ip`, `time`, `created_at`, `updated_at`) VALUES (18, 12, 1, NULL, NULL, '2022-03-02 12:53:58', '2025-02-28 05:17:25');
INSERT INTO `chat_connections` (`id`, `chat_user_one`, `chat_user_two`, `ip`, `time`, `created_at`, `updated_at`) VALUES (19, 1, 13, NULL, NULL, '2022-04-02 08:27:30', '2025-02-28 05:17:25');
INSERT INTO `chat_connections` (`id`, `chat_user_one`, `chat_user_two`, `ip`, `time`, `created_at`, `updated_at`) VALUES (20, 1, 14, NULL, NULL, '2022-05-02 12:30:17', '2025-02-28 05:17:25');
INSERT INTO `chat_connections` (`id`, `chat_user_one`, `chat_user_two`, `ip`, `time`, `created_at`, `updated_at`) VALUES (21, 1, 15, NULL, NULL, '2022-07-02 06:08:52', '2025-02-28 05:17:25');
INSERT INTO `chat_connections` (`id`, `chat_user_one`, `chat_user_two`, `ip`, `time`, `created_at`, `updated_at`) VALUES (22, 6, 16, NULL, NULL, '2022-07-04 07:04:14', '2025-02-28 05:17:25');
INSERT INTO `chat_connections` (`id`, `chat_user_one`, `chat_user_two`, `ip`, `time`, `created_at`, `updated_at`) VALUES (23, 7, 9, NULL, NULL, '2022-08-01 12:13:55', '2025-02-28 05:17:25');
INSERT INTO `chat_connections` (`id`, `chat_user_one`, `chat_user_two`, `ip`, `time`, `created_at`, `updated_at`) VALUES (24, 7, 6, NULL, NULL, '2022-08-01 12:15:37', '2025-02-28 05:17:25');
INSERT INTO `chat_connections` (`id`, `chat_user_one`, `chat_user_two`, `ip`, `time`, `created_at`, `updated_at`) VALUES (25, 12, 2, NULL, NULL, '2022-08-01 12:16:32', '2025-02-28 05:17:25');
INSERT INTO `chat_connections` (`id`, `chat_user_one`, `chat_user_two`, `ip`, `time`, `created_at`, `updated_at`) VALUES (26, 9, 2, NULL, NULL, '2022-08-01 12:17:54', '2025-02-28 05:17:25');
INSERT INTO `chat_connections` (`id`, `chat_user_one`, `chat_user_two`, `ip`, `time`, `created_at`, `updated_at`) VALUES (27, 9, 5, NULL, NULL, '2022-08-01 12:18:07', '2025-02-28 05:17:25');
INSERT INTO `chat_connections` (`id`, `chat_user_one`, `chat_user_two`, `ip`, `time`, `created_at`, `updated_at`) VALUES (28, 12, 10, NULL, NULL, '2022-08-01 12:18:33', '2025-02-28 05:17:25');
INSERT INTO `chat_connections` (`id`, `chat_user_one`, `chat_user_two`, `ip`, `time`, `created_at`, `updated_at`) VALUES (29, 12, 5, NULL, NULL, '2022-08-01 12:18:44', '2025-02-28 05:17:25');
INSERT INTO `chat_connections` (`id`, `chat_user_one`, `chat_user_two`, `ip`, `time`, `created_at`, `updated_at`) VALUES (30, 12, 17, NULL, NULL, '2022-08-01 12:18:53', '2025-02-28 05:17:25');
INSERT INTO `chat_connections` (`id`, `chat_user_one`, `chat_user_two`, `ip`, `time`, `created_at`, `updated_at`) VALUES (31, 11, 8, NULL, NULL, '2022-08-01 12:19:25', '2025-02-28 05:17:25');
INSERT INTO `chat_connections` (`id`, `chat_user_one`, `chat_user_two`, `ip`, `time`, `created_at`, `updated_at`) VALUES (32, 11, 6, NULL, NULL, '2022-08-01 12:20:09', '2025-02-28 05:17:25');
INSERT INTO `chat_connections` (`id`, `chat_user_one`, `chat_user_two`, `ip`, `time`, `created_at`, `updated_at`) VALUES (33, 2, 8, NULL, NULL, '2022-08-01 12:20:48', '2025-02-28 05:17:25');
INSERT INTO `chat_connections` (`id`, `chat_user_one`, `chat_user_two`, `ip`, `time`, `created_at`, `updated_at`) VALUES (34, 17, 1, NULL, NULL, '2022-08-01 12:28:49', '2025-02-28 05:17:25');
INSERT INTO `chat_connections` (`id`, `chat_user_one`, `chat_user_two`, `ip`, `time`, `created_at`, `updated_at`) VALUES (35, 6, 17, NULL, NULL, '2022-08-01 12:30:14', '2025-02-28 05:17:25');
INSERT INTO `chat_connections` (`id`, `chat_user_one`, `chat_user_two`, `ip`, `time`, `created_at`, `updated_at`) VALUES (36, 18, 1, NULL, NULL, '2022-08-01 12:37:18', '2025-02-28 05:17:25');
INSERT INTO `chat_connections` (`id`, `chat_user_one`, `chat_user_two`, `ip`, `time`, `created_at`, `updated_at`) VALUES (37, 19, 6, NULL, NULL, '2022-09-01 09:59:45', '2025-02-28 05:17:25');
INSERT INTO `chat_connections` (`id`, `chat_user_one`, `chat_user_two`, `ip`, `time`, `created_at`, `updated_at`) VALUES (38, 7, 17, NULL, NULL, '2022-09-02 06:06:52', '2025-02-28 05:17:25');
INSERT INTO `chat_connections` (`id`, `chat_user_one`, `chat_user_two`, `ip`, `time`, `created_at`, `updated_at`) VALUES (39, 8, 5, NULL, NULL, '2022-09-02 06:11:40', '2025-02-28 05:17:25');
INSERT INTO `chat_connections` (`id`, `chat_user_one`, `chat_user_two`, `ip`, `time`, `created_at`, `updated_at`) VALUES (40, 8, 19, NULL, NULL, '2022-09-02 06:13:23', '2025-02-28 05:17:25');
INSERT INTO `chat_connections` (`id`, `chat_user_one`, `chat_user_two`, `ip`, `time`, `created_at`, `updated_at`) VALUES (41, 8, 20, NULL, NULL, '2022-09-02 06:17:46', '2025-02-28 05:17:25');
INSERT INTO `chat_connections` (`id`, `chat_user_one`, `chat_user_two`, `ip`, `time`, `created_at`, `updated_at`) VALUES (42, 12, 21, NULL, NULL, '2022-09-02 06:20:35', '2025-02-28 05:17:25');
INSERT INTO `chat_connections` (`id`, `chat_user_one`, `chat_user_two`, `ip`, `time`, `created_at`, `updated_at`) VALUES (43, 12, 20, NULL, NULL, '2022-09-02 06:20:51', '2025-02-28 05:17:25');
INSERT INTO `chat_connections` (`id`, `chat_user_one`, `chat_user_two`, `ip`, `time`, `created_at`, `updated_at`) VALUES (44, 12, 19, NULL, NULL, '2022-09-02 06:21:20', '2025-02-28 05:17:25');
INSERT INTO `chat_connections` (`id`, `chat_user_one`, `chat_user_two`, `ip`, `time`, `created_at`, `updated_at`) VALUES (45, 12, 8, NULL, NULL, '2022-09-02 06:21:55', '2025-02-28 05:17:25');
INSERT INTO `chat_connections` (`id`, `chat_user_one`, `chat_user_two`, `ip`, `time`, `created_at`, `updated_at`) VALUES (46, 9, 19, NULL, NULL, '2022-09-02 06:24:25', '2025-02-28 05:17:25');
INSERT INTO `chat_connections` (`id`, `chat_user_one`, `chat_user_two`, `ip`, `time`, `created_at`, `updated_at`) VALUES (47, 11, 7, NULL, NULL, '2022-09-02 06:28:46', '2025-02-28 05:17:25');
INSERT INTO `chat_connections` (`id`, `chat_user_one`, `chat_user_two`, `ip`, `time`, `created_at`, `updated_at`) VALUES (48, 17, 8, NULL, NULL, '2022-09-02 06:39:47', '2025-02-28 05:17:25');
INSERT INTO `chat_connections` (`id`, `chat_user_one`, `chat_user_two`, `ip`, `time`, `created_at`, `updated_at`) VALUES (49, 9, 11, NULL, NULL, '2022-10-03 10:53:43', '2025-02-28 05:17:25');
INSERT INTO `chat_connections` (`id`, `chat_user_one`, `chat_user_two`, `ip`, `time`, `created_at`, `updated_at`) VALUES (50, 22, 7, NULL, NULL, '2022-10-03 11:10:07', '2025-02-28 05:17:25');
INSERT INTO `chat_connections` (`id`, `chat_user_one`, `chat_user_two`, `ip`, `time`, `created_at`, `updated_at`) VALUES (51, 22, 8, NULL, NULL, '2022-10-03 11:11:26', '2025-02-28 05:17:25');
INSERT INTO `chat_connections` (`id`, `chat_user_one`, `chat_user_two`, `ip`, `time`, `created_at`, `updated_at`) VALUES (52, 22, 11, NULL, NULL, '2022-10-03 11:12:05', '2025-02-28 05:17:25');
INSERT INTO `chat_connections` (`id`, `chat_user_one`, `chat_user_two`, `ip`, `time`, `created_at`, `updated_at`) VALUES (53, 6, 4, NULL, NULL, '2022-10-03 11:16:22', '2025-02-28 05:17:25');
INSERT INTO `chat_connections` (`id`, `chat_user_one`, `chat_user_two`, `ip`, `time`, `created_at`, `updated_at`) VALUES (54, 12, 6, NULL, NULL, '2022-11-02 05:57:28', '2025-02-28 05:17:25');
INSERT INTO `chat_connections` (`id`, `chat_user_one`, `chat_user_two`, `ip`, `time`, `created_at`, `updated_at`) VALUES (55, 7, 5, NULL, NULL, '2022-11-02 05:59:37', '2025-02-28 05:17:25');
INSERT INTO `chat_connections` (`id`, `chat_user_one`, `chat_user_two`, `ip`, `time`, `created_at`, `updated_at`) VALUES (56, 7, 19, NULL, NULL, '2022-11-02 05:59:53', '2025-02-28 05:17:25');
INSERT INTO `chat_connections` (`id`, `chat_user_one`, `chat_user_two`, `ip`, `time`, `created_at`, `updated_at`) VALUES (57, 23, 1, NULL, NULL, '2022-12-03 06:51:52', '2025-02-28 05:17:25');
INSERT INTO `chat_connections` (`id`, `chat_user_one`, `chat_user_two`, `ip`, `time`, `created_at`, `updated_at`) VALUES (58, 23, 6, NULL, NULL, '2022-12-03 06:52:32', '2025-02-28 05:17:25');
INSERT INTO `chat_connections` (`id`, `chat_user_one`, `chat_user_two`, `ip`, `time`, `created_at`, `updated_at`) VALUES (59, 21, 6, NULL, NULL, '2022-12-03 07:11:01', '2025-02-28 05:17:25');
INSERT INTO `chat_connections` (`id`, `chat_user_one`, `chat_user_two`, `ip`, `time`, `created_at`, `updated_at`) VALUES (60, 21, 8, NULL, NULL, '2022-12-03 11:35:22', '2025-02-28 05:17:25');
INSERT INTO `chat_connections` (`id`, `chat_user_one`, `chat_user_two`, `ip`, `time`, `created_at`, `updated_at`) VALUES (61, 12, 24, NULL, NULL, '2023-08-05 10:51:22', '2025-02-28 05:17:25');
INSERT INTO `chat_connections` (`id`, `chat_user_one`, `chat_user_two`, `ip`, `time`, `created_at`, `updated_at`) VALUES (62, 9, 1, NULL, NULL, '2024-05-04 12:32:55', '2025-02-28 05:17:25');


#
# TABLE STRUCTURE FOR: chat_messages
#


CREATE TABLE `chat_messages` (
  `id` int NOT NULL AUTO_INCREMENT,
  `message` text,
  `chat_user_id` int NOT NULL,
  `ip` varchar(30) NOT NULL,
  `time` int NOT NULL,
  `is_first` int DEFAULT '0',
  `is_read` int NOT NULL DEFAULT '0',
  `chat_connection_id` int NOT NULL,
  `created_at` datetime DEFAULT NULL,
  `updated_at` timestamp NOT NULL DEFAULT CURRENT_TIMESTAMP ON UPDATE CURRENT_TIMESTAMP,
  PRIMARY KEY (`id`),
  KEY `chat_user_id` (`chat_user_id`),
  KEY `chat_connection_id` (`chat_connection_id`),
  CONSTRAINT `chat_messages_ibfk_1` FOREIGN KEY (`chat_user_id`) REFERENCES `chat_users` (`id`) ON DELETE CASCADE,
  CONSTRAINT `chat_messages_ibfk_2` FOREIGN KEY (`chat_connection_id`) REFERENCES `chat_connections` (`id`) ON DELETE CASCADE
) ENGINE=InnoDB AUTO_INCREMENT=383 DEFAULT CHARSET=utf8mb3;

INSERT INTO `chat_messages` (`id`, `message`, `chat_user_id`, `ip`, `time`, `is_first`, `is_read`, `chat_connection_id`, `created_at`, `updated_at`) VALUES (1, 'you are now connected on chat', 2, '', 0, 1, 1, 1, NULL, '2025-02-28 05:17:25');
INSERT INTO `chat_messages` (`id`, `message`, `chat_user_id`, `ip`, `time`, `is_first`, `is_read`, `chat_connection_id`, `created_at`, `updated_at`) VALUES (2, 'you are now connected on chat', 3, '', 0, 1, 1, 2, NULL, '2025-02-28 05:17:25');
INSERT INTO `chat_messages` (`id`, `message`, `chat_user_id`, `ip`, `time`, `is_first`, `is_read`, `chat_connection_id`, `created_at`, `updated_at`) VALUES (3, 'Hello Dear Edward', 2, '', 0, 0, 1, 1, '2021-04-28 10:16:35', '2025-02-28 05:17:25');
INSERT INTO `chat_messages` (`id`, `message`, `chat_user_id`, `ip`, `time`, `is_first`, `is_read`, `chat_connection_id`, `created_at`, `updated_at`) VALUES (4, 'you are now connected on chat', 4, '', 0, 1, 1, 3, NULL, '2025-02-28 05:17:25');
INSERT INTO `chat_messages` (`id`, `message`, `chat_user_id`, `ip`, `time`, `is_first`, `is_read`, `chat_connection_id`, `created_at`, `updated_at`) VALUES (5, 'you are now connected on chat', 5, '', 0, 1, 1, 4, NULL, '2025-02-28 05:17:25');
INSERT INTO `chat_messages` (`id`, `message`, `chat_user_id`, `ip`, `time`, `is_first`, `is_read`, `chat_connection_id`, `created_at`, `updated_at`) VALUES (6, 'you are now connected on chat', 6, '', 0, 1, 1, 5, NULL, '2025-02-28 05:17:25');
INSERT INTO `chat_messages` (`id`, `message`, `chat_user_id`, `ip`, `time`, `is_first`, `is_read`, `chat_connection_id`, `created_at`, `updated_at`) VALUES (7, 'you are now connected on chat', 7, '', 0, 1, 1, 6, NULL, '2025-02-28 05:17:25');
INSERT INTO `chat_messages` (`id`, `message`, `chat_user_id`, `ip`, `time`, `is_first`, `is_read`, `chat_connection_id`, `created_at`, `updated_at`) VALUES (8, 'Hello James please come to my office .', 7, '', 0, 0, 1, 6, '2021-04-28 10:32:36', '2025-02-28 05:17:25');
INSERT INTO `chat_messages` (`id`, `message`, `chat_user_id`, `ip`, `time`, `is_first`, `is_read`, `chat_connection_id`, `created_at`, `updated_at`) VALUES (9, 'Hii Jason Please announce to all staff regarding meeting at 12&#58;00 pm', 6, '', 0, 0, 1, 5, '2021-04-28 10:34:28', '2025-02-28 05:17:25');
INSERT INTO `chat_messages` (`id`, `message`, `chat_user_id`, `ip`, `time`, `is_first`, `is_read`, `chat_connection_id`, `created_at`, `updated_at`) VALUES (10, 'ok', 1, '', 0, 0, 1, 5, '2021-04-28 10:34:50', '2025-02-28 05:17:25');
INSERT INTO `chat_messages` (`id`, `message`, `chat_user_id`, `ip`, `time`, `is_first`, `is_read`, `chat_connection_id`, `created_at`, `updated_at`) VALUES (11, 'Hello Sir', 1, '', 0, 0, 1, 1, '2021-04-28 10:36:46', '2025-02-28 05:17:25');
INSERT INTO `chat_messages` (`id`, `message`, `chat_user_id`, `ip`, `time`, `is_first`, `is_read`, `chat_connection_id`, `created_at`, `updated_at`) VALUES (12, 'Hello Nicolas', 5, '', 0, 0, 1, 4, '2021-04-28 10:39:45', '2025-02-28 05:17:25');
INSERT INTO `chat_messages` (`id`, `message`, `chat_user_id`, `ip`, `time`, `is_first`, `is_read`, `chat_connection_id`, `created_at`, `updated_at`) VALUES (13, 'Surya please collect your fees receipt from account office', 4, '', 0, 0, 1, 3, '2021-04-28 10:41:37', '2025-02-28 05:17:25');
INSERT INTO `chat_messages` (`id`, `message`, `chat_user_id`, `ip`, `time`, `is_first`, `is_read`, `chat_connection_id`, `created_at`, `updated_at`) VALUES (14, 'I have informed everyone.', 1, '', 0, 0, 1, 5, '2021-05-03 11:02:58', '2025-02-28 05:17:25');
INSERT INTO `chat_messages` (`id`, `message`, `chat_user_id`, `ip`, `time`, `is_first`, `is_read`, `chat_connection_id`, `created_at`, `updated_at`) VALUES (15, 'sir i wanted to talk to you for the marksheet.', 1, '', 0, 0, 1, 1, '2021-05-03 11:05:04', '2025-02-28 05:17:25');
INSERT INTO `chat_messages` (`id`, `message`, `chat_user_id`, `ip`, `time`, `is_first`, `is_read`, `chat_connection_id`, `created_at`, `updated_at`) VALUES (16, 'Good Morning Sir', 1, '', 0, 0, 1, 1, '2021-06-05 16:23:36', '2025-02-28 05:17:25');
INSERT INTO `chat_messages` (`id`, `message`, `chat_user_id`, `ip`, `time`, `is_first`, `is_read`, `chat_connection_id`, `created_at`, `updated_at`) VALUES (17, 'Sir when will the schools be open', 1, '', 0, 0, 1, 1, '2021-06-05 16:24:38', '2025-02-28 05:17:25');
INSERT INTO `chat_messages` (`id`, `message`, `chat_user_id`, `ip`, `time`, `is_first`, `is_read`, `chat_connection_id`, `created_at`, `updated_at`) VALUES (18, 'you are now connected on chat', 6, '', 0, 1, 1, 7, NULL, '2025-02-28 05:17:25');
INSERT INTO `chat_messages` (`id`, `message`, `chat_user_id`, `ip`, `time`, `is_first`, `is_read`, `chat_connection_id`, `created_at`, `updated_at`) VALUES (19, 'Hello Sir  i wanted maths syllabus please share in this group.', 6, '', 0, 0, 1, 7, '2021-06-05 16:28:13', '2025-02-28 05:17:25');
INSERT INTO `chat_messages` (`id`, `message`, `chat_user_id`, `ip`, `time`, `is_first`, `is_read`, `chat_connection_id`, `created_at`, `updated_at`) VALUES (20, 'you are now connected on chat', 7, '', 0, 1, 1, 8, NULL, '2025-02-28 05:17:25');
INSERT INTO `chat_messages` (`id`, `message`, `chat_user_id`, `ip`, `time`, `is_first`, `is_read`, `chat_connection_id`, `created_at`, `updated_at`) VALUES (21, 'Hello Sir', 7, '', 0, 0, 1, 8, '2021-06-05 16:28:35', '2025-02-28 05:17:25');
INSERT INTO `chat_messages` (`id`, `message`, `chat_user_id`, `ip`, `time`, `is_first`, `is_read`, `chat_connection_id`, `created_at`, `updated_at`) VALUES (22, 'Hello Robin Please provide your parent new  contact number I need your parent&#39;s number which is active', 3, '', 0, 0, 1, 2, '2021-06-05 18:56:05', '2025-02-28 05:17:25');
INSERT INTO `chat_messages` (`id`, `message`, `chat_user_id`, `ip`, `time`, `is_first`, `is_read`, `chat_connection_id`, `created_at`, `updated_at`) VALUES (23, 'Hello Edward please check email', 2, '', 0, 0, 1, 1, '2021-08-04 18:08:24', '2025-02-28 05:17:25');
INSERT INTO `chat_messages` (`id`, `message`, `chat_user_id`, `ip`, `time`, `is_first`, `is_read`, `chat_connection_id`, `created_at`, `updated_at`) VALUES (24, 'Hello Sir', 3, '', 0, 0, 1, 2, '2021-08-04 18:09:04', '2025-02-28 05:17:25');
INSERT INTO `chat_messages` (`id`, `message`, `chat_user_id`, `ip`, `time`, `is_first`, `is_read`, `chat_connection_id`, `created_at`, `updated_at`) VALUES (25, 'Father Number&#45;66325696362 updated contact number', 3, '', 0, 0, 1, 2, '2021-08-04 18:09:29', '2025-02-28 05:17:25');
INSERT INTO `chat_messages` (`id`, `message`, `chat_user_id`, `ip`, `time`, `is_first`, `is_read`, `chat_connection_id`, `created_at`, `updated_at`) VALUES (26, 'Surya you haven&#39;t collected Fee Receipt yet', 4, '', 0, 0, 1, 3, '2021-09-03 11:47:10', '2025-02-28 05:17:25');
INSERT INTO `chat_messages` (`id`, `message`, `chat_user_id`, `ip`, `time`, `is_first`, `is_read`, `chat_connection_id`, `created_at`, `updated_at`) VALUES (27, 'Hello Edward&#44; you should inform all the children of your class&#44; if 5th september  will celebrate Teacher&#39;s Day&#44; then they should come to school on time.', 2, '', 0, 0, 1, 1, '2021-09-03 11:49:00', '2025-02-28 05:17:25');
INSERT INTO `chat_messages` (`id`, `message`, `chat_user_id`, `ip`, `time`, `is_first`, `is_read`, `chat_connection_id`, `created_at`, `updated_at`) VALUES (28, 'you are now connected on chat', 5, '', 0, 1, 0, 9, NULL, '2025-02-28 05:17:25');
INSERT INTO `chat_messages` (`id`, `message`, `chat_user_id`, `ip`, `time`, `is_first`, `is_read`, `chat_connection_id`, `created_at`, `updated_at`) VALUES (29, 'Hello Nicolas please come to my office .', 5, '', 0, 0, 0, 9, '2021-09-03 18:24:34', '2025-02-28 05:17:25');
INSERT INTO `chat_messages` (`id`, `message`, `chat_user_id`, `ip`, `time`, `is_first`, `is_read`, `chat_connection_id`, `created_at`, `updated_at`) VALUES (30, 'ya sure .', 2, '', 0, 0, 1, 7, '2021-09-03 18:25:15', '2025-02-28 05:17:25');
INSERT INTO `chat_messages` (`id`, `message`, `chat_user_id`, `ip`, `time`, `is_first`, `is_read`, `chat_connection_id`, `created_at`, `updated_at`) VALUES (31, 'ok fine', 6, '', 0, 0, 1, 5, '2021-10-05 17:15:43', '2025-02-28 05:17:25');
INSERT INTO `chat_messages` (`id`, `message`, `chat_user_id`, `ip`, `time`, `is_first`, `is_read`, `chat_connection_id`, `created_at`, `updated_at`) VALUES (32, 'Thankyou sir', 6, '', 0, 0, 1, 7, '2021-10-05 17:47:53', '2025-02-28 05:17:25');
INSERT INTO `chat_messages` (`id`, `message`, `chat_user_id`, `ip`, `time`, `is_first`, `is_read`, `chat_connection_id`, `created_at`, `updated_at`) VALUES (33, 'Hello', 2, '', 0, 0, 1, 8, '2021-10-05 17:56:43', '2025-02-28 05:17:25');
INSERT INTO `chat_messages` (`id`, `message`, `chat_user_id`, `ip`, `time`, `is_first`, `is_read`, `chat_connection_id`, `created_at`, `updated_at`) VALUES (34, 'you are now connected on chat', 8, '', 0, 1, 0, 10, NULL, '2025-02-28 05:17:25');
INSERT INTO `chat_messages` (`id`, `message`, `chat_user_id`, `ip`, `time`, `is_first`, `is_read`, `chat_connection_id`, `created_at`, `updated_at`) VALUES (35, 'Hello Shivam', 8, '', 0, 0, 0, 10, '2021-10-05 17:57:55', '2025-02-28 05:17:25');
INSERT INTO `chat_messages` (`id`, `message`, `chat_user_id`, `ip`, `time`, `is_first`, `is_read`, `chat_connection_id`, `created_at`, `updated_at`) VALUES (36, 'you are now connected on chat', 4, '', 0, 1, 0, 11, NULL, '2025-02-28 05:17:25');
INSERT INTO `chat_messages` (`id`, `message`, `chat_user_id`, `ip`, `time`, `is_first`, `is_read`, `chat_connection_id`, `created_at`, `updated_at`) VALUES (37, 'Hello', 4, '', 0, 0, 0, 11, '2021-11-02 15:24:08', '2025-02-28 05:17:25');
INSERT INTO `chat_messages` (`id`, `message`, `chat_user_id`, `ip`, `time`, `is_first`, `is_read`, `chat_connection_id`, `created_at`, `updated_at`) VALUES (38, 'hello sir', 1, '', 0, 0, 1, 2, '2021-12-02 14:58:41', '2025-02-28 05:17:25');
INSERT INTO `chat_messages` (`id`, `message`, `chat_user_id`, `ip`, `time`, `is_first`, `is_read`, `chat_connection_id`, `created_at`, `updated_at`) VALUES (39, 'you are now connected on chat', 10, '', 0, 1, 1, 12, NULL, '2025-02-28 05:17:25');
INSERT INTO `chat_messages` (`id`, `message`, `chat_user_id`, `ip`, `time`, `is_first`, `is_read`, `chat_connection_id`, `created_at`, `updated_at`) VALUES (40, 'hello', 10, '', 0, 0, 1, 12, '2021-12-02 14:59:31', '2025-02-28 05:17:25');
INSERT INTO `chat_messages` (`id`, `message`, `chat_user_id`, `ip`, `time`, `is_first`, `is_read`, `chat_connection_id`, `created_at`, `updated_at`) VALUES (41, 'hello', 3, '', 0, 0, 1, 2, '2021-12-02 14:59:41', '2025-02-28 05:17:25');
INSERT INTO `chat_messages` (`id`, `message`, `chat_user_id`, `ip`, `time`, `is_first`, `is_read`, `chat_connection_id`, `created_at`, `updated_at`) VALUES (42, 'you are now connected on chat', 8, '', 0, 1, 1, 13, NULL, '2025-02-28 05:17:25');
INSERT INTO `chat_messages` (`id`, `message`, `chat_user_id`, `ip`, `time`, `is_first`, `is_read`, `chat_connection_id`, `created_at`, `updated_at`) VALUES (43, 'hello sir', 8, '', 0, 0, 1, 13, '2021-12-02 15:00:18', '2025-02-28 05:17:25');
INSERT INTO `chat_messages` (`id`, `message`, `chat_user_id`, `ip`, `time`, `is_first`, `is_read`, `chat_connection_id`, `created_at`, `updated_at`) VALUES (44, 'you are now connected on chat', 6, '', 0, 1, 1, 14, NULL, '2025-02-28 05:17:25');
INSERT INTO `chat_messages` (`id`, `message`, `chat_user_id`, `ip`, `time`, `is_first`, `is_read`, `chat_connection_id`, `created_at`, `updated_at`) VALUES (45, 'hello sir', 6, '', 0, 0, 1, 14, '2021-12-02 15:00:45', '2025-02-28 05:17:25');
INSERT INTO `chat_messages` (`id`, `message`, `chat_user_id`, `ip`, `time`, `is_first`, `is_read`, `chat_connection_id`, `created_at`, `updated_at`) VALUES (46, 'how are you..&#33;', 1, '', 0, 0, 0, 2, '2021-12-02 15:01:19', '2025-02-28 05:17:25');
INSERT INTO `chat_messages` (`id`, `message`, `chat_user_id`, `ip`, `time`, `is_first`, `is_read`, `chat_connection_id`, `created_at`, `updated_at`) VALUES (47, 'what going on', 1, '', 0, 0, 0, 2, '2021-12-02 15:01:52', '2025-02-28 05:17:25');
INSERT INTO `chat_messages` (`id`, `message`, `chat_user_id`, `ip`, `time`, `is_first`, `is_read`, `chat_connection_id`, `created_at`, `updated_at`) VALUES (48, 'Sir today is holiday.....&#63;', 1, '', 0, 0, 0, 2, '2021-12-02 15:04:12', '2025-02-28 05:17:25');
INSERT INTO `chat_messages` (`id`, `message`, `chat_user_id`, `ip`, `time`, `is_first`, `is_read`, `chat_connection_id`, `created_at`, `updated_at`) VALUES (49, 'Yes sir', 7, '', 0, 0, 1, 8, '2021-12-04 11:52:21', '2025-02-28 05:17:25');
INSERT INTO `chat_messages` (`id`, `message`, `chat_user_id`, `ip`, `time`, `is_first`, `is_read`, `chat_connection_id`, `created_at`, `updated_at`) VALUES (50, 'you are now connected on chat', 11, '', 0, 1, 1, 15, NULL, '2025-02-28 05:17:25');
INSERT INTO `chat_messages` (`id`, `message`, `chat_user_id`, `ip`, `time`, `is_first`, `is_read`, `chat_connection_id`, `created_at`, `updated_at`) VALUES (51, 'hello sir', 11, '', 0, 0, 1, 15, '2022-01-05 15:06:00', '2025-02-28 05:17:25');
INSERT INTO `chat_messages` (`id`, `message`, `chat_user_id`, `ip`, `time`, `is_first`, `is_read`, `chat_connection_id`, `created_at`, `updated_at`) VALUES (52, 'Hello Edward&#44; wish you very happy new year . Enjoying the new day always happy with your family and friends', 2, '', 0, 0, 1, 1, '2022-01-05 15:08:51', '2025-02-28 05:17:25');
INSERT INTO `chat_messages` (`id`, `message`, `chat_user_id`, `ip`, `time`, `is_first`, `is_read`, `chat_connection_id`, `created_at`, `updated_at`) VALUES (53, 'you are now connected on chat', 8, '', 0, 1, 0, 16, NULL, '2025-02-28 05:17:25');
INSERT INTO `chat_messages` (`id`, `message`, `chat_user_id`, `ip`, `time`, `is_first`, `is_read`, `chat_connection_id`, `created_at`, `updated_at`) VALUES (54, 'Hello  shivam please come to school for health checkup information.', 8, '', 0, 0, 0, 16, '2022-01-05 15:16:54', '2025-02-28 05:17:25');
INSERT INTO `chat_messages` (`id`, `message`, `chat_user_id`, `ip`, `time`, `is_first`, `is_read`, `chat_connection_id`, `created_at`, `updated_at`) VALUES (55, 'hello william  please come to school for health checkup information', 11, '', 0, 0, 1, 15, '2022-01-05 15:17:43', '2025-02-28 05:17:25');
INSERT INTO `chat_messages` (`id`, `message`, `chat_user_id`, `ip`, `time`, `is_first`, `is_read`, `chat_connection_id`, `created_at`, `updated_at`) VALUES (56, 'hello James please come to school for health checkup information', 7, '', 0, 0, 1, 6, '2022-01-05 15:23:37', '2025-02-28 05:17:25');
INSERT INTO `chat_messages` (`id`, `message`, `chat_user_id`, `ip`, `time`, `is_first`, `is_read`, `chat_connection_id`, `created_at`, `updated_at`) VALUES (57, 'hello Jason please come to school for health checkup information', 6, '', 0, 0, 1, 5, '2022-01-05 15:26:45', '2025-02-28 05:17:25');
INSERT INTO `chat_messages` (`id`, `message`, `chat_user_id`, `ip`, `time`, `is_first`, `is_read`, `chat_connection_id`, `created_at`, `updated_at`) VALUES (58, 'ok sir', 1, '', 0, 0, 1, 5, '2022-01-05 15:30:00', '2025-02-28 05:17:25');
INSERT INTO `chat_messages` (`id`, `message`, `chat_user_id`, `ip`, `time`, `is_first`, `is_read`, `chat_connection_id`, `created_at`, `updated_at`) VALUES (59, 'ok sir', 1, '', 0, 0, 1, 6, '2022-01-05 15:30:31', '2025-02-28 05:17:25');
INSERT INTO `chat_messages` (`id`, `message`, `chat_user_id`, `ip`, `time`, `is_first`, `is_read`, `chat_connection_id`, `created_at`, `updated_at`) VALUES (60, 'please collect your books from school', 4, '', 0, 0, 0, 11, '2022-01-06 13:13:14', '2025-02-28 05:17:25');
INSERT INTO `chat_messages` (`id`, `message`, `chat_user_id`, `ip`, `time`, `is_first`, `is_read`, `chat_connection_id`, `created_at`, `updated_at`) VALUES (61, 'ok  and same to your sir', 1, '', 0, 0, 1, 1, '2022-02-01 17:58:29', '2025-02-28 05:17:25');
INSERT INTO `chat_messages` (`id`, `message`, `chat_user_id`, `ip`, `time`, `is_first`, `is_read`, `chat_connection_id`, `created_at`, `updated_at`) VALUES (62, 'you are now connected on chat', 4, '', 0, 1, 0, 17, NULL, '2025-02-28 05:17:25');
INSERT INTO `chat_messages` (`id`, `message`, `chat_user_id`, `ip`, `time`, `is_first`, `is_read`, `chat_connection_id`, `created_at`, `updated_at`) VALUES (63, 'Hello surya your exam fees is pending so pay remain amount before examination', 4, '', 0, 0, 0, 17, '2022-02-01 18:14:59', '2025-02-28 05:17:25');
INSERT INTO `chat_messages` (`id`, `message`, `chat_user_id`, `ip`, `time`, `is_first`, `is_read`, `chat_connection_id`, `created_at`, `updated_at`) VALUES (64, 'thanks', 2, '', 0, 0, 1, 1, '2022-02-02 12:24:46', '2025-02-28 05:17:25');
INSERT INTO `chat_messages` (`id`, `message`, `chat_user_id`, `ip`, `time`, `is_first`, `is_read`, `chat_connection_id`, `created_at`, `updated_at`) VALUES (65, 'Final Exam will be start on Monday right so be prepared and also please read all instruction', 1, '', 0, 0, 0, 1, '2022-03-02 18:23:27', '2025-02-28 05:17:25');
INSERT INTO `chat_messages` (`id`, `message`, `chat_user_id`, `ip`, `time`, `is_first`, `is_read`, `chat_connection_id`, `created_at`, `updated_at`) VALUES (66, 'you are now connected on chat', 1, '', 0, 1, 1, 18, NULL, '2025-02-28 05:17:25');
INSERT INTO `chat_messages` (`id`, `message`, `chat_user_id`, `ip`, `time`, `is_first`, `is_read`, `chat_connection_id`, `created_at`, `updated_at`) VALUES (67, 'Hello Joy', 1, '', 0, 0, 1, 18, '2022-03-02 18:24:05', '2025-02-28 05:17:25');
INSERT INTO `chat_messages` (`id`, `message`, `chat_user_id`, `ip`, `time`, `is_first`, `is_read`, `chat_connection_id`, `created_at`, `updated_at`) VALUES (68, 'ok sir', 1, '', 0, 0, 0, 1, '2022-03-04 11:44:03', '2025-02-28 05:17:25');
INSERT INTO `chat_messages` (`id`, `message`, `chat_user_id`, `ip`, `time`, `is_first`, `is_read`, `chat_connection_id`, `created_at`, `updated_at`) VALUES (69, 'Hello sir', 1, '', 0, 0, 0, 1, '2022-03-30 15:03:23', '2025-02-28 05:17:25');
INSERT INTO `chat_messages` (`id`, `message`, `chat_user_id`, `ip`, `time`, `is_first`, `is_read`, `chat_connection_id`, `created_at`, `updated_at`) VALUES (70, 'Hello sir', 7, '', 0, 0, 1, 8, '2022-03-30 19:02:07', '2025-02-28 05:17:25');
INSERT INTO `chat_messages` (`id`, `message`, `chat_user_id`, `ip`, `time`, `is_first`, `is_read`, `chat_connection_id`, `created_at`, `updated_at`) VALUES (71, 'Hii Edward how are you', 2, '', 0, 0, 0, 8, '2022-03-30 19:03:05', '2025-02-28 05:17:25');
INSERT INTO `chat_messages` (`id`, `message`, `chat_user_id`, `ip`, `time`, `is_first`, `is_read`, `chat_connection_id`, `created_at`, `updated_at`) VALUES (72, 'SHARING YOUR SYLLABUS Because your syllabus contains critical information for your students&#44; it&#8217;s a good idea to explicitly review it with them.  Build in plenty of time to discuss your syllabus at your first class. Go through the syllabus with the class&#44; especially key policies. If you do not want to print copies for all your students&#58;  Encourage students to view the syllabus online in myCourses or your own course website before the first class. Project the syllabus or a PowerPoint presentation that summarizes the main points. Distribute an abridged version of your syllabus that directs students to myCourses for the full version. You may want to use an interactive class activity to review the syllabus&#44; engage students&#44; and help them begin building a positive and collaborative learning environment. Examples&#58;  Create teams of four or five students. Ask them to review the syllabus together then present three questions or three key points from the syllabus to share with the entire class. For online courses&#44; create a Discussion question about the syllabus. Develop a graded quiz or a required self&#45;test about the syllabus&#44; in class as a myCourses Quiz. Remember that your syllabus must be available throughout the entire semester since you may need to refer to it. Posting it in myCourses is an easy way to do this.  If you need to change your course syllabus during the semester&#44; share and explain the changes to students during class&#44; through email&#44; or via a post in myCourses.', 1, '', 0, 0, 0, 1, '2022-03-30 19:06:01', '2025-02-28 05:17:25');
INSERT INTO `chat_messages` (`id`, `message`, `chat_user_id`, `ip`, `time`, `is_first`, `is_read`, `chat_connection_id`, `created_at`, `updated_at`) VALUES (73, 'Sir please check and confirm the same', 1, '', 0, 0, 0, 1, '2022-03-30 19:06:33', '2025-02-28 05:17:25');
INSERT INTO `chat_messages` (`id`, `message`, `chat_user_id`, `ip`, `time`, `is_first`, `is_read`, `chat_connection_id`, `created_at`, `updated_at`) VALUES (74, 'you are now connected on chat', 13, '', 0, 1, 0, 19, NULL, '2025-02-28 05:17:25');
INSERT INTO `chat_messages` (`id`, `message`, `chat_user_id`, `ip`, `time`, `is_first`, `is_read`, `chat_connection_id`, `created_at`, `updated_at`) VALUES (75, 'Please collect your marksheet', 13, '', 0, 0, 0, 19, '2022-04-02 13:57:57', '2025-02-28 05:17:25');
INSERT INTO `chat_messages` (`id`, `message`, `chat_user_id`, `ip`, `time`, `is_first`, `is_read`, `chat_connection_id`, `created_at`, `updated_at`) VALUES (76, 'Hello', 13, '', 0, 0, 0, 19, '2022-05-02 17:05:31', '2025-02-28 05:17:25');
INSERT INTO `chat_messages` (`id`, `message`, `chat_user_id`, `ip`, `time`, `is_first`, `is_read`, `chat_connection_id`, `created_at`, `updated_at`) VALUES (77, 'ok', 1, '', 0, 0, 1, 15, '2022-05-02 17:05:51', '2025-02-28 05:17:25');
INSERT INTO `chat_messages` (`id`, `message`, `chat_user_id`, `ip`, `time`, `is_first`, `is_read`, `chat_connection_id`, `created_at`, `updated_at`) VALUES (78, 'I have so many project  in this months', 1, '', 0, 0, 1, 5, '2022-05-02 17:06:33', '2025-02-28 05:17:25');
INSERT INTO `chat_messages` (`id`, `message`, `chat_user_id`, `ip`, `time`, `is_first`, `is_read`, `chat_connection_id`, `created_at`, `updated_at`) VALUES (79, 'you are now connected on chat', 14, '', 0, 1, 1, 20, NULL, '2025-02-28 05:17:25');
INSERT INTO `chat_messages` (`id`, `message`, `chat_user_id`, `ip`, `time`, `is_first`, `is_read`, `chat_connection_id`, `created_at`, `updated_at`) VALUES (80, 'Hello Joe i have updated new book collection .', 1, '', 0, 0, 1, 18, '2022-06-01 17:16:54', '2025-02-28 05:17:25');
INSERT INTO `chat_messages` (`id`, `message`, `chat_user_id`, `ip`, `time`, `is_first`, `is_read`, `chat_connection_id`, `created_at`, `updated_at`) VALUES (81, 'okk', 1, '', 0, 0, 0, 1, '2022-06-01 17:45:37', '2025-02-28 05:17:25');
INSERT INTO `chat_messages` (`id`, `message`, `chat_user_id`, `ip`, `time`, `is_first`, `is_read`, `chat_connection_id`, `created_at`, `updated_at`) VALUES (82, 'Hello Rohit', 14, '', 0, 0, 1, 20, '2022-07-02 11:38:16', '2025-02-28 05:17:25');
INSERT INTO `chat_messages` (`id`, `message`, `chat_user_id`, `ip`, `time`, `is_first`, `is_read`, `chat_connection_id`, `created_at`, `updated_at`) VALUES (83, 'you are now connected on chat', 15, '', 0, 1, 0, 21, NULL, '2025-02-28 05:17:25');
INSERT INTO `chat_messages` (`id`, `message`, `chat_user_id`, `ip`, `time`, `is_first`, `is_read`, `chat_connection_id`, `created_at`, `updated_at`) VALUES (84, 'Hii', 15, '', 0, 0, 0, 21, '2022-07-02 11:39:20', '2025-02-28 05:17:25');
INSERT INTO `chat_messages` (`id`, `message`, `chat_user_id`, `ip`, `time`, `is_first`, `is_read`, `chat_connection_id`, `created_at`, `updated_at`) VALUES (85, 'Your class will start in july so please confirm your status before date', 15, '', 0, 0, 0, 21, '2022-07-02 11:40:32', '2025-02-28 05:17:25');
INSERT INTO `chat_messages` (`id`, `message`, `chat_user_id`, `ip`, `time`, `is_first`, `is_read`, `chat_connection_id`, `created_at`, `updated_at`) VALUES (86, 'hello Jason please come to school for new syllabus discussion', 6, '', 0, 0, 1, 5, '2022-07-04 12:20:59', '2025-02-28 05:17:25');
INSERT INTO `chat_messages` (`id`, `message`, `chat_user_id`, `ip`, `time`, `is_first`, `is_read`, `chat_connection_id`, `created_at`, `updated_at`) VALUES (87, 'hello Jason please come to school for new books syllabus discussion', 8, '', 0, 0, 0, 16, '2022-07-04 12:21:40', '2025-02-28 05:17:25');
INSERT INTO `chat_messages` (`id`, `message`, `chat_user_id`, `ip`, `time`, `is_first`, `is_read`, `chat_connection_id`, `created_at`, `updated_at`) VALUES (88, 'Ok sir', 1, '', 0, 0, 1, 5, '2022-07-04 12:24:01', '2025-02-28 05:17:25');
INSERT INTO `chat_messages` (`id`, `message`, `chat_user_id`, `ip`, `time`, `is_first`, `is_read`, `chat_connection_id`, `created_at`, `updated_at`) VALUES (89, 'hello Jason please come to school .', 2, '', 0, 0, 1, 7, '2022-07-04 12:24:16', '2025-02-28 05:17:25');
INSERT INTO `chat_messages` (`id`, `message`, `chat_user_id`, `ip`, `time`, `is_first`, `is_read`, `chat_connection_id`, `created_at`, `updated_at`) VALUES (90, 'hello Edward please come to school', 2, '', 0, 0, 1, 7, '2022-07-04 12:24:51', '2025-02-28 05:17:25');
INSERT INTO `chat_messages` (`id`, `message`, `chat_user_id`, `ip`, `time`, `is_first`, `is_read`, `chat_connection_id`, `created_at`, `updated_at`) VALUES (91, 'Hello sir', 1, '', 0, 0, 1, 5, '2022-07-04 12:33:26', '2025-02-28 05:17:25');
INSERT INTO `chat_messages` (`id`, `message`, `chat_user_id`, `ip`, `time`, `is_first`, `is_read`, `chat_connection_id`, `created_at`, `updated_at`) VALUES (92, 'you are now connected on chat', 16, '', 0, 1, 1, 22, NULL, '2025-02-28 05:17:25');
INSERT INTO `chat_messages` (`id`, `message`, `chat_user_id`, `ip`, `time`, `is_first`, `is_read`, `chat_connection_id`, `created_at`, `updated_at`) VALUES (93, 'Hello', 16, '', 0, 0, 1, 22, '2022-07-04 12:34:20', '2025-02-28 05:17:25');
INSERT INTO `chat_messages` (`id`, `message`, `chat_user_id`, `ip`, `time`, `is_first`, `is_read`, `chat_connection_id`, `created_at`, `updated_at`) VALUES (94, 'Hello shivam please come to school for student health checkup information.', 8, '', 0, 0, 0, 16, '2022-08-01 17:34:27', '2025-02-28 05:17:25');
INSERT INTO `chat_messages` (`id`, `message`, `chat_user_id`, `ip`, `time`, `is_first`, `is_read`, `chat_connection_id`, `created_at`, `updated_at`) VALUES (95, 'Hello shivam please come to school for student health checkup information.', 6, '', 0, 0, 0, 5, '2022-08-01 17:34:42', '2025-02-28 05:17:25');
INSERT INTO `chat_messages` (`id`, `message`, `chat_user_id`, `ip`, `time`, `is_first`, `is_read`, `chat_connection_id`, `created_at`, `updated_at`) VALUES (96, 'HelloJason please come to school for student health checkup information.', 6, '', 0, 0, 0, 5, '2022-08-01 17:35:56', '2025-02-28 05:17:25');
INSERT INTO `chat_messages` (`id`, `message`, `chat_user_id`, `ip`, `time`, `is_first`, `is_read`, `chat_connection_id`, `created_at`, `updated_at`) VALUES (97, 'Hello william  please come to school for student health checkup information.', 11, '', 0, 0, 1, 15, '2022-08-01 17:36:29', '2025-02-28 05:17:25');
INSERT INTO `chat_messages` (`id`, `message`, `chat_user_id`, `ip`, `time`, `is_first`, `is_read`, `chat_connection_id`, `created_at`, `updated_at`) VALUES (98, 'Hello James please come to school for salary discusson for staff member.', 7, '', 0, 0, 1, 6, '2022-08-01 17:37:24', '2025-02-28 05:17:25');
INSERT INTO `chat_messages` (`id`, `message`, `chat_user_id`, `ip`, `time`, `is_first`, `is_read`, `chat_connection_id`, `created_at`, `updated_at`) VALUES (99, 'Please come to my office.', 7, '', 0, 0, 1, 6, '2022-08-01 17:37:44', '2025-02-28 05:17:25');
INSERT INTO `chat_messages` (`id`, `message`, `chat_user_id`, `ip`, `time`, `is_first`, `is_read`, `chat_connection_id`, `created_at`, `updated_at`) VALUES (100, 'Ok Please come to my office and bring with all new books collection. I will checks all new books', 12, '', 0, 0, 1, 18, '2022-08-01 17:39:54', '2025-02-28 05:17:25');
INSERT INTO `chat_messages` (`id`, `message`, `chat_user_id`, `ip`, `time`, `is_first`, `is_read`, `chat_connection_id`, `created_at`, `updated_at`) VALUES (101, 'Hello Joe  I have suggetion for Independance Day Programme  Idea.', 1, '', 0, 0, 1, 15, '2022-08-01 17:41:40', '2025-02-28 05:17:25');
INSERT INTO `chat_messages` (`id`, `message`, `chat_user_id`, `ip`, `time`, `is_first`, `is_read`, `chat_connection_id`, `created_at`, `updated_at`) VALUES (102, 'Hello Edwards please come to school for discussion for exam result.', 2, '', 0, 0, 1, 7, '2022-08-01 17:42:52', '2025-02-28 05:17:25');
INSERT INTO `chat_messages` (`id`, `message`, `chat_user_id`, `ip`, `time`, `is_first`, `is_read`, `chat_connection_id`, `created_at`, `updated_at`) VALUES (103, 'Hello Nicolas please come to school for discussion for exam result.', 5, '', 0, 0, 0, 9, '2022-08-01 17:43:17', '2025-02-28 05:17:25');
INSERT INTO `chat_messages` (`id`, `message`, `chat_user_id`, `ip`, `time`, `is_first`, `is_read`, `chat_connection_id`, `created_at`, `updated_at`) VALUES (104, 'Hello Robbin please come to school for discussion for exam result.', 3, '', 0, 0, 1, 14, '2022-08-01 17:43:36', '2025-02-28 05:17:25');
INSERT INTO `chat_messages` (`id`, `message`, `chat_user_id`, `ip`, `time`, `is_first`, `is_read`, `chat_connection_id`, `created_at`, `updated_at`) VALUES (105, 'you are now connected on chat', 9, '', 0, 1, 0, 23, NULL, '2025-02-28 05:17:25');
INSERT INTO `chat_messages` (`id`, `message`, `chat_user_id`, `ip`, `time`, `is_first`, `is_read`, `chat_connection_id`, `created_at`, `updated_at`) VALUES (106, 'Hello maria please come to school discusson for salary and monthly report.', 9, '', 0, 0, 0, 23, '2022-08-01 17:44:28', '2025-02-28 05:17:25');
INSERT INTO `chat_messages` (`id`, `message`, `chat_user_id`, `ip`, `time`, `is_first`, `is_read`, `chat_connection_id`, `created_at`, `updated_at`) VALUES (107, 'Hello Shivam please come to my office for discussion monthly report.', 8, '', 0, 0, 0, 10, '2022-08-01 17:45:26', '2025-02-28 05:17:25');
INSERT INTO `chat_messages` (`id`, `message`, `chat_user_id`, `ip`, `time`, `is_first`, `is_read`, `chat_connection_id`, `created_at`, `updated_at`) VALUES (108, 'you are now connected on chat', 6, '', 0, 1, 0, 24, NULL, '2025-02-28 05:17:25');
INSERT INTO `chat_messages` (`id`, `message`, `chat_user_id`, `ip`, `time`, `is_first`, `is_read`, `chat_connection_id`, `created_at`, `updated_at`) VALUES (109, 'HelloJason please come to my office for discussion monthly report.', 6, '', 0, 0, 0, 24, '2022-08-01 17:45:57', '2025-02-28 05:17:25');
INSERT INTO `chat_messages` (`id`, `message`, `chat_user_id`, `ip`, `time`, `is_first`, `is_read`, `chat_connection_id`, `created_at`, `updated_at`) VALUES (110, 'you are now connected on chat', 2, '', 0, 1, 1, 25, NULL, '2025-02-28 05:17:25');
INSERT INTO `chat_messages` (`id`, `message`, `chat_user_id`, `ip`, `time`, `is_first`, `is_read`, `chat_connection_id`, `created_at`, `updated_at`) VALUES (111, 'Hello Edwards please come to library office .', 2, '', 0, 0, 1, 25, '2022-08-01 17:47:20', '2025-02-28 05:17:25');
INSERT INTO `chat_messages` (`id`, `message`, `chat_user_id`, `ip`, `time`, `is_first`, `is_read`, `chat_connection_id`, `created_at`, `updated_at`) VALUES (112, 'you are now connected on chat', 2, '', 0, 1, 0, 26, NULL, '2025-02-28 05:17:25');
INSERT INTO `chat_messages` (`id`, `message`, `chat_user_id`, `ip`, `time`, `is_first`, `is_read`, `chat_connection_id`, `created_at`, `updated_at`) VALUES (113, 'please collect your books from school', 2, '', 0, 0, 0, 26, '2022-08-01 17:47:59', '2025-02-28 05:17:25');
INSERT INTO `chat_messages` (`id`, `message`, `chat_user_id`, `ip`, `time`, `is_first`, `is_read`, `chat_connection_id`, `created_at`, `updated_at`) VALUES (114, 'you are now connected on chat', 5, '', 0, 1, 0, 27, NULL, '2025-02-28 05:17:25');
INSERT INTO `chat_messages` (`id`, `message`, `chat_user_id`, `ip`, `time`, `is_first`, `is_read`, `chat_connection_id`, `created_at`, `updated_at`) VALUES (115, 'please collect your books from school', 5, '', 0, 0, 0, 27, '2022-08-01 17:48:10', '2025-02-28 05:17:25');
INSERT INTO `chat_messages` (`id`, `message`, `chat_user_id`, `ip`, `time`, `is_first`, `is_read`, `chat_connection_id`, `created_at`, `updated_at`) VALUES (116, 'please collect your books from school', 2, '', 0, 0, 1, 25, '2022-08-01 17:48:24', '2025-02-28 05:17:25');
INSERT INTO `chat_messages` (`id`, `message`, `chat_user_id`, `ip`, `time`, `is_first`, `is_read`, `chat_connection_id`, `created_at`, `updated_at`) VALUES (117, 'you are now connected on chat', 10, '', 0, 1, 0, 28, NULL, '2025-02-28 05:17:25');
INSERT INTO `chat_messages` (`id`, `message`, `chat_user_id`, `ip`, `time`, `is_first`, `is_read`, `chat_connection_id`, `created_at`, `updated_at`) VALUES (118, 'please collect your books from school.', 10, '', 0, 0, 0, 28, '2022-08-01 17:48:36', '2025-02-28 05:17:25');
INSERT INTO `chat_messages` (`id`, `message`, `chat_user_id`, `ip`, `time`, `is_first`, `is_read`, `chat_connection_id`, `created_at`, `updated_at`) VALUES (119, 'you are now connected on chat', 5, '', 0, 1, 0, 29, NULL, '2025-02-28 05:17:25');
INSERT INTO `chat_messages` (`id`, `message`, `chat_user_id`, `ip`, `time`, `is_first`, `is_read`, `chat_connection_id`, `created_at`, `updated_at`) VALUES (120, 'please collect your books from school.', 5, '', 0, 0, 0, 29, '2022-08-01 17:48:48', '2025-02-28 05:17:25');
INSERT INTO `chat_messages` (`id`, `message`, `chat_user_id`, `ip`, `time`, `is_first`, `is_read`, `chat_connection_id`, `created_at`, `updated_at`) VALUES (121, 'you are now connected on chat', 17, '', 0, 1, 0, 30, NULL, '2025-02-28 05:17:25');
INSERT INTO `chat_messages` (`id`, `message`, `chat_user_id`, `ip`, `time`, `is_first`, `is_read`, `chat_connection_id`, `created_at`, `updated_at`) VALUES (122, 'please collect your books from school', 17, '', 0, 0, 0, 30, '2022-08-01 17:48:56', '2025-02-28 05:17:25');
INSERT INTO `chat_messages` (`id`, `message`, `chat_user_id`, `ip`, `time`, `is_first`, `is_read`, `chat_connection_id`, `created_at`, `updated_at`) VALUES (123, 'you are now connected on chat', 8, '', 0, 1, 0, 31, NULL, '2025-02-28 05:17:25');
INSERT INTO `chat_messages` (`id`, `message`, `chat_user_id`, `ip`, `time`, `is_first`, `is_read`, `chat_connection_id`, `created_at`, `updated_at`) VALUES (124, 'Hello shivam please come to my office for discussion monthly report.', 8, '', 0, 0, 0, 31, '2022-08-01 17:49:56', '2025-02-28 05:17:25');
INSERT INTO `chat_messages` (`id`, `message`, `chat_user_id`, `ip`, `time`, `is_first`, `is_read`, `chat_connection_id`, `created_at`, `updated_at`) VALUES (125, 'you are now connected on chat', 6, '', 0, 1, 0, 32, NULL, '2025-02-28 05:17:25');
INSERT INTO `chat_messages` (`id`, `message`, `chat_user_id`, `ip`, `time`, `is_first`, `is_read`, `chat_connection_id`, `created_at`, `updated_at`) VALUES (126, 'Hello Jason please come to my office for discussion monthly report.', 6, '', 0, 0, 0, 32, '2022-08-01 17:50:18', '2025-02-28 05:17:25');
INSERT INTO `chat_messages` (`id`, `message`, `chat_user_id`, `ip`, `time`, `is_first`, `is_read`, `chat_connection_id`, `created_at`, `updated_at`) VALUES (127, 'you are now connected on chat', 8, '', 0, 1, 1, 33, NULL, '2025-02-28 05:17:25');
INSERT INTO `chat_messages` (`id`, `message`, `chat_user_id`, `ip`, `time`, `is_first`, `is_read`, `chat_connection_id`, `created_at`, `updated_at`) VALUES (128, 'Hello Sir please describe me math last chapter .', 8, '', 0, 0, 1, 33, '2022-08-01 17:51:47', '2025-02-28 05:17:25');
INSERT INTO `chat_messages` (`id`, `message`, `chat_user_id`, `ip`, `time`, `is_first`, `is_read`, `chat_connection_id`, `created_at`, `updated_at`) VALUES (129, 'Good afternoon sir', 1, '', 0, 0, 0, 1, '2022-08-01 17:53:03', '2025-02-28 05:17:25');
INSERT INTO `chat_messages` (`id`, `message`, `chat_user_id`, `ip`, `time`, `is_first`, `is_read`, `chat_connection_id`, `created_at`, `updated_at`) VALUES (130, 'sir i wanted to talk to you for the marksheet.', 1, '', 0, 0, 0, 1, '2022-08-01 17:53:06', '2025-02-28 05:17:25');
INSERT INTO `chat_messages` (`id`, `message`, `chat_user_id`, `ip`, `time`, `is_first`, `is_read`, `chat_connection_id`, `created_at`, `updated_at`) VALUES (131, 'Good afternoon Sir', 1, '', 0, 0, 1, 4, '2022-08-01 17:55:26', '2025-02-28 05:17:25');
INSERT INTO `chat_messages` (`id`, `message`, `chat_user_id`, `ip`, `time`, `is_first`, `is_read`, `chat_connection_id`, `created_at`, `updated_at`) VALUES (132, 'Hello kavya please come to school.', 10, '', 0, 0, 1, 12, '2022-08-01 17:56:47', '2025-02-28 05:17:25');
INSERT INTO `chat_messages` (`id`, `message`, `chat_user_id`, `ip`, `time`, `is_first`, `is_read`, `chat_connection_id`, `created_at`, `updated_at`) VALUES (133, 'Ok sir', 1, '', 0, 0, 0, 12, '2022-08-01 17:58:07', '2025-02-28 05:17:25');
INSERT INTO `chat_messages` (`id`, `message`, `chat_user_id`, `ip`, `time`, `is_first`, `is_read`, `chat_connection_id`, `created_at`, `updated_at`) VALUES (134, 'you are now connected on chat', 1, '', 0, 1, 1, 34, NULL, '2025-02-28 05:17:25');
INSERT INTO `chat_messages` (`id`, `message`, `chat_user_id`, `ip`, `time`, `is_first`, `is_read`, `chat_connection_id`, `created_at`, `updated_at`) VALUES (135, 'Hello Emma Please come to school.', 17, '', 0, 0, 1, 34, '2022-08-01 17:59:36', '2025-02-28 05:17:25');
INSERT INTO `chat_messages` (`id`, `message`, `chat_user_id`, `ip`, `time`, `is_first`, `is_read`, `chat_connection_id`, `created_at`, `updated_at`) VALUES (136, 'Yes Sir.', 1, '', 0, 0, 1, 34, '2022-08-01 17:59:52', '2025-02-28 05:17:25');
INSERT INTO `chat_messages` (`id`, `message`, `chat_user_id`, `ip`, `time`, `is_first`, `is_read`, `chat_connection_id`, `created_at`, `updated_at`) VALUES (137, 'you are now connected on chat', 17, '', 0, 1, 0, 35, NULL, '2025-02-28 05:17:25');
INSERT INTO `chat_messages` (`id`, `message`, `chat_user_id`, `ip`, `time`, `is_first`, `is_read`, `chat_connection_id`, `created_at`, `updated_at`) VALUES (138, 'Hello Emma please come to school for discusion exam result.', 17, '', 0, 0, 0, 35, '2022-08-01 18:00:42', '2025-02-28 05:17:25');
INSERT INTO `chat_messages` (`id`, `message`, `chat_user_id`, `ip`, `time`, `is_first`, `is_read`, `chat_connection_id`, `created_at`, `updated_at`) VALUES (139, 'Surya please collect your fees receipt from account office.', 4, '', 0, 0, 1, 3, '2022-08-01 18:02:00', '2025-02-28 05:17:25');
INSERT INTO `chat_messages` (`id`, `message`, `chat_user_id`, `ip`, `time`, `is_first`, `is_read`, `chat_connection_id`, `created_at`, `updated_at`) VALUES (140, 'Yes Sir.', 1, '', 0, 0, 0, 3, '2022-08-01 18:02:46', '2025-02-28 05:17:25');
INSERT INTO `chat_messages` (`id`, `message`, `chat_user_id`, `ip`, `time`, `is_first`, `is_read`, `chat_connection_id`, `created_at`, `updated_at`) VALUES (141, 'Hello Rohit please collect your marksheet staff office.', 14, '', 0, 0, 1, 20, '2022-08-01 18:03:49', '2025-02-28 05:17:25');
INSERT INTO `chat_messages` (`id`, `message`, `chat_user_id`, `ip`, `time`, `is_first`, `is_read`, `chat_connection_id`, `created_at`, `updated_at`) VALUES (142, 'Yes sir', 1, '', 0, 0, 0, 20, '2022-08-01 18:04:26', '2025-02-28 05:17:25');
INSERT INTO `chat_messages` (`id`, `message`, `chat_user_id`, `ip`, `time`, `is_first`, `is_read`, `chat_connection_id`, `created_at`, `updated_at`) VALUES (143, 'Hello Sani please collect your result marksheet staff office.', 15, '', 0, 0, 0, 21, '2022-08-01 18:06:00', '2025-02-28 05:17:25');
INSERT INTO `chat_messages` (`id`, `message`, `chat_user_id`, `ip`, `time`, `is_first`, `is_read`, `chat_connection_id`, `created_at`, `updated_at`) VALUES (144, 'Hello Chino please collect your result marksheet staff office.', 13, '', 0, 0, 0, 19, '2022-08-01 18:06:49', '2025-02-28 05:17:25');
INSERT INTO `chat_messages` (`id`, `message`, `chat_user_id`, `ip`, `time`, `is_first`, `is_read`, `chat_connection_id`, `created_at`, `updated_at`) VALUES (145, 'you are now connected on chat', 1, '', 0, 1, 1, 36, NULL, '2025-02-28 05:17:25');
INSERT INTO `chat_messages` (`id`, `message`, `chat_user_id`, `ip`, `time`, `is_first`, `is_read`, `chat_connection_id`, `created_at`, `updated_at`) VALUES (146, 'ok sir.', 1, '', 0, 0, 1, 36, '2022-08-01 18:07:31', '2025-02-28 05:17:25');
INSERT INTO `chat_messages` (`id`, `message`, `chat_user_id`, `ip`, `time`, `is_first`, `is_read`, `chat_connection_id`, `created_at`, `updated_at`) VALUES (147, 'you are now connected on chat', 6, '', 0, 1, 1, 37, NULL, '2025-02-28 05:17:25');
INSERT INTO `chat_messages` (`id`, `message`, `chat_user_id`, `ip`, `time`, `is_first`, `is_read`, `chat_connection_id`, `created_at`, `updated_at`) VALUES (148, 'Hello Sir', 6, '', 0, 0, 1, 37, '2022-09-01 15:29:57', '2025-02-28 05:17:25');
INSERT INTO `chat_messages` (`id`, `message`, `chat_user_id`, `ip`, `time`, `is_first`, `is_read`, `chat_connection_id`, `created_at`, `updated_at`) VALUES (149, 'Please give my exam answer sheet  notebook.', 6, '', 0, 0, 1, 37, '2022-09-01 15:31:12', '2025-02-28 05:17:25');
INSERT INTO `chat_messages` (`id`, `message`, `chat_user_id`, `ip`, `time`, `is_first`, `is_read`, `chat_connection_id`, `created_at`, `updated_at`) VALUES (150, 'Hello sir', 1, '', 0, 0, 0, 3, '2022-09-01 15:32:30', '2025-02-28 05:17:25');
INSERT INTO `chat_messages` (`id`, `message`, `chat_user_id`, `ip`, `time`, `is_first`, `is_read`, `chat_connection_id`, `created_at`, `updated_at`) VALUES (151, 'My Exam form is pending please forward my exam form.', 1, '', 0, 0, 0, 3, '2022-09-01 15:33:07', '2025-02-28 05:17:25');
INSERT INTO `chat_messages` (`id`, `message`, `chat_user_id`, `ip`, `time`, `is_first`, `is_read`, `chat_connection_id`, `created_at`, `updated_at`) VALUES (152, 'Hello Joe   have suggetion for teacher day program.', 1, '', 0, 0, 1, 15, '2022-09-02 11:26:07', '2025-02-28 05:17:25');
INSERT INTO `chat_messages` (`id`, `message`, `chat_user_id`, `ip`, `time`, `is_first`, `is_read`, `chat_connection_id`, `created_at`, `updated_at`) VALUES (153, 'Hello shivam please come to principal Office discussion for teacher day celebration.', 8, '', 0, 0, 0, 16, '2022-09-02 11:27:26', '2025-02-28 05:17:25');
INSERT INTO `chat_messages` (`id`, `message`, `chat_user_id`, `ip`, `time`, `is_first`, `is_read`, `chat_connection_id`, `created_at`, `updated_at`) VALUES (154, 'Hello James please come to principal Office discussion for teacher day celebration.', 7, '', 0, 0, 1, 6, '2022-09-02 11:28:29', '2025-02-28 05:17:25');
INSERT INTO `chat_messages` (`id`, `message`, `chat_user_id`, `ip`, `time`, `is_first`, `is_read`, `chat_connection_id`, `created_at`, `updated_at`) VALUES (155, 'Hello Shivam please come to my office for discussion Salary .', 8, '', 0, 0, 0, 10, '2022-09-02 11:35:15', '2025-02-28 05:17:25');
INSERT INTO `chat_messages` (`id`, `message`, `chat_user_id`, `ip`, `time`, `is_first`, `is_read`, `chat_connection_id`, `created_at`, `updated_at`) VALUES (156, 'Hello Jamesh please come to my office for discussion Salary .', 6, '', 0, 0, 0, 24, '2022-09-02 11:35:33', '2025-02-28 05:17:25');
INSERT INTO `chat_messages` (`id`, `message`, `chat_user_id`, `ip`, `time`, `is_first`, `is_read`, `chat_connection_id`, `created_at`, `updated_at`) VALUES (157, 'Hello maria please come to my office for discussion Salary .', 9, '', 0, 0, 0, 23, '2022-09-02 11:35:58', '2025-02-28 05:17:25');
INSERT INTO `chat_messages` (`id`, `message`, `chat_user_id`, `ip`, `time`, `is_first`, `is_read`, `chat_connection_id`, `created_at`, `updated_at`) VALUES (158, 'Hi Edward', 2, '', 0, 0, 0, 8, '2022-09-02 11:36:13', '2025-02-28 05:17:25');
INSERT INTO `chat_messages` (`id`, `message`, `chat_user_id`, `ip`, `time`, `is_first`, `is_read`, `chat_connection_id`, `created_at`, `updated_at`) VALUES (159, 'please submit your this month school fees.', 2, '', 0, 0, 0, 8, '2022-09-02 11:36:38', '2025-02-28 05:17:25');
INSERT INTO `chat_messages` (`id`, `message`, `chat_user_id`, `ip`, `time`, `is_first`, `is_read`, `chat_connection_id`, `created_at`, `updated_at`) VALUES (160, 'you are now connected on chat', 17, '', 0, 1, 0, 38, NULL, '2025-02-28 05:17:25');
INSERT INTO `chat_messages` (`id`, `message`, `chat_user_id`, `ip`, `time`, `is_first`, `is_read`, `chat_connection_id`, `created_at`, `updated_at`) VALUES (161, 'Hello emma', 17, '', 0, 0, 0, 38, '2022-09-02 11:36:57', '2025-02-28 05:17:25');
INSERT INTO `chat_messages` (`id`, `message`, `chat_user_id`, `ip`, `time`, `is_first`, `is_read`, `chat_connection_id`, `created_at`, `updated_at`) VALUES (162, 'Your last month fees is pending &#44;please submit school fees.', 17, '', 0, 0, 0, 38, '2022-09-02 11:37:37', '2025-02-28 05:17:25');
INSERT INTO `chat_messages` (`id`, `message`, `chat_user_id`, `ip`, `time`, `is_first`, `is_read`, `chat_connection_id`, `created_at`, `updated_at`) VALUES (163, 'Hello Edward please submit   your homework assignment.', 2, '', 0, 0, 1, 7, '2022-09-02 11:38:59', '2025-02-28 05:17:25');
INSERT INTO `chat_messages` (`id`, `message`, `chat_user_id`, `ip`, `time`, `is_first`, `is_read`, `chat_connection_id`, `created_at`, `updated_at`) VALUES (164, 'Hello Nicolas  please submit your homework assignment', 5, '', 0, 0, 0, 9, '2022-09-02 11:39:33', '2025-02-28 05:17:25');
INSERT INTO `chat_messages` (`id`, `message`, `chat_user_id`, `ip`, `time`, `is_first`, `is_read`, `chat_connection_id`, `created_at`, `updated_at`) VALUES (165, 'Hello Robin please submit your homework assignment', 3, '', 0, 0, 1, 14, '2022-09-02 11:39:49', '2025-02-28 05:17:25');
INSERT INTO `chat_messages` (`id`, `message`, `chat_user_id`, `ip`, `time`, `is_first`, `is_read`, `chat_connection_id`, `created_at`, `updated_at`) VALUES (166, 'Hello Kriti   please submit your homework assignment.', 19, '', 0, 0, 0, 37, '2022-09-02 11:40:12', '2025-02-28 05:17:25');
INSERT INTO `chat_messages` (`id`, `message`, `chat_user_id`, `ip`, `time`, `is_first`, `is_read`, `chat_connection_id`, `created_at`, `updated_at`) VALUES (167, 'you are now connected on chat', 5, '', 0, 1, 0, 39, NULL, '2025-02-28 05:17:25');
INSERT INTO `chat_messages` (`id`, `message`, `chat_user_id`, `ip`, `time`, `is_first`, `is_read`, `chat_connection_id`, `created_at`, `updated_at`) VALUES (168, 'Hello Nicolas &#44; please submit your maths assignment.', 5, '', 0, 0, 0, 39, '2022-09-02 11:42:17', '2025-02-28 05:17:25');
INSERT INTO `chat_messages` (`id`, `message`, `chat_user_id`, `ip`, `time`, `is_first`, `is_read`, `chat_connection_id`, `created_at`, `updated_at`) VALUES (169, 'Hello Robin&#44;', 3, '', 0, 0, 0, 13, '2022-09-02 11:42:55', '2025-02-28 05:17:25');
INSERT INTO `chat_messages` (`id`, `message`, `chat_user_id`, `ip`, `time`, `is_first`, `is_read`, `chat_connection_id`, `created_at`, `updated_at`) VALUES (170, 'please submit your maths assignment.', 3, '', 0, 0, 0, 13, '2022-09-02 11:43:01', '2025-02-28 05:17:25');
INSERT INTO `chat_messages` (`id`, `message`, `chat_user_id`, `ip`, `time`, `is_first`, `is_read`, `chat_connection_id`, `created_at`, `updated_at`) VALUES (171, 'you are now connected on chat', 19, '', 0, 1, 0, 40, NULL, '2025-02-28 05:17:25');
INSERT INTO `chat_messages` (`id`, `message`, `chat_user_id`, `ip`, `time`, `is_first`, `is_read`, `chat_connection_id`, `created_at`, `updated_at`) VALUES (172, 'Hello Kriti&#44;   please submit your maths assignment.', 19, '', 0, 0, 0, 40, '2022-09-02 11:43:37', '2025-02-28 05:17:25');
INSERT INTO `chat_messages` (`id`, `message`, `chat_user_id`, `ip`, `time`, `is_first`, `is_read`, `chat_connection_id`, `created_at`, `updated_at`) VALUES (173, 'you are now connected on chat', 20, '', 0, 1, 0, 41, NULL, '2025-02-28 05:17:25');
INSERT INTO `chat_messages` (`id`, `message`, `chat_user_id`, `ip`, `time`, `is_first`, `is_read`, `chat_connection_id`, `created_at`, `updated_at`) VALUES (174, 'Hello Laura &#44; please submit your maths assignment.', 20, '', 0, 0, 0, 41, '2022-09-02 11:47:58', '2025-02-28 05:17:25');
INSERT INTO `chat_messages` (`id`, `message`, `chat_user_id`, `ip`, `time`, `is_first`, `is_read`, `chat_connection_id`, `created_at`, `updated_at`) VALUES (175, 'Yeah sure', 2, '', 0, 0, 1, 33, '2022-09-02 11:48:17', '2025-02-28 05:17:25');
INSERT INTO `chat_messages` (`id`, `message`, `chat_user_id`, `ip`, `time`, `is_first`, `is_read`, `chat_connection_id`, `created_at`, `updated_at`) VALUES (176, 'Hello Edward&#44; please submit the book in library office.', 2, '', 0, 0, 1, 25, '2022-09-02 11:49:12', '2025-02-28 05:17:25');
INSERT INTO `chat_messages` (`id`, `message`, `chat_user_id`, `ip`, `time`, `is_first`, `is_read`, `chat_connection_id`, `created_at`, `updated_at`) VALUES (177, 'books issue date is over.', 2, '', 0, 0, 1, 25, '2022-09-02 11:49:28', '2025-02-28 05:17:25');
INSERT INTO `chat_messages` (`id`, `message`, `chat_user_id`, `ip`, `time`, `is_first`, `is_read`, `chat_connection_id`, `created_at`, `updated_at`) VALUES (178, 'Hello Nicolas&#44; please submit the book in library office.', 5, '', 0, 0, 0, 29, '2022-09-02 11:49:59', '2025-02-28 05:17:25');
INSERT INTO `chat_messages` (`id`, `message`, `chat_user_id`, `ip`, `time`, `is_first`, `is_read`, `chat_connection_id`, `created_at`, `updated_at`) VALUES (179, 'Hello Emma&#44; please submit the book in library office.', 17, '', 0, 0, 0, 30, '2022-09-02 11:50:08', '2025-02-28 05:17:25');
INSERT INTO `chat_messages` (`id`, `message`, `chat_user_id`, `ip`, `time`, `is_first`, `is_read`, `chat_connection_id`, `created_at`, `updated_at`) VALUES (180, 'Hello Surya&#44; please submit the book in library office.', 4, '', 0, 0, 0, 17, '2022-09-02 11:50:22', '2025-02-28 05:17:25');
INSERT INTO `chat_messages` (`id`, `message`, `chat_user_id`, `ip`, `time`, `is_first`, `is_read`, `chat_connection_id`, `created_at`, `updated_at`) VALUES (181, 'you are now connected on chat', 21, '', 0, 1, 0, 42, NULL, '2025-02-28 05:17:25');
INSERT INTO `chat_messages` (`id`, `message`, `chat_user_id`, `ip`, `time`, `is_first`, `is_read`, `chat_connection_id`, `created_at`, `updated_at`) VALUES (182, 'Hello Rahul please submit the book in library office.', 21, '', 0, 0, 0, 42, '2022-09-02 11:50:43', '2025-02-28 05:17:25');
INSERT INTO `chat_messages` (`id`, `message`, `chat_user_id`, `ip`, `time`, `is_first`, `is_read`, `chat_connection_id`, `created_at`, `updated_at`) VALUES (183, 'you are now connected on chat', 20, '', 0, 1, 0, 43, NULL, '2025-02-28 05:17:25');
INSERT INTO `chat_messages` (`id`, `message`, `chat_user_id`, `ip`, `time`, `is_first`, `is_read`, `chat_connection_id`, `created_at`, `updated_at`) VALUES (184, 'Hello Laura', 20, '', 0, 0, 0, 43, '2022-09-02 11:50:58', '2025-02-28 05:17:25');
INSERT INTO `chat_messages` (`id`, `message`, `chat_user_id`, `ip`, `time`, `is_first`, `is_read`, `chat_connection_id`, `created_at`, `updated_at`) VALUES (185, 'please submit the book in library office.', 20, '', 0, 0, 0, 43, '2022-09-02 11:51:03', '2025-02-28 05:17:25');
INSERT INTO `chat_messages` (`id`, `message`, `chat_user_id`, `ip`, `time`, `is_first`, `is_read`, `chat_connection_id`, `created_at`, `updated_at`) VALUES (186, 'you are now connected on chat', 19, '', 0, 1, 0, 44, NULL, '2025-02-28 05:17:25');
INSERT INTO `chat_messages` (`id`, `message`, `chat_user_id`, `ip`, `time`, `is_first`, `is_read`, `chat_connection_id`, `created_at`, `updated_at`) VALUES (187, 'Hello Kriti&#44; please submit the book in library office.', 19, '', 0, 0, 0, 44, '2022-09-02 11:51:33', '2025-02-28 05:17:25');
INSERT INTO `chat_messages` (`id`, `message`, `chat_user_id`, `ip`, `time`, `is_first`, `is_read`, `chat_connection_id`, `created_at`, `updated_at`) VALUES (188, 'you are now connected on chat', 8, '', 0, 1, 0, 45, NULL, '2025-02-28 05:17:25');
INSERT INTO `chat_messages` (`id`, `message`, `chat_user_id`, `ip`, `time`, `is_first`, `is_read`, `chat_connection_id`, `created_at`, `updated_at`) VALUES (189, 'Hello sir&#44;', 8, '', 0, 0, 0, 45, '2022-09-02 11:52:01', '2025-02-28 05:17:25');
INSERT INTO `chat_messages` (`id`, `message`, `chat_user_id`, `ip`, `time`, `is_first`, `is_read`, `chat_connection_id`, `created_at`, `updated_at`) VALUES (190, 'please submit the books  in library office.', 8, '', 0, 0, 0, 45, '2022-09-02 11:52:24', '2025-02-28 05:17:25');
INSERT INTO `chat_messages` (`id`, `message`, `chat_user_id`, `ip`, `time`, `is_first`, `is_read`, `chat_connection_id`, `created_at`, `updated_at`) VALUES (191, 'you are now connected on chat', 19, '', 0, 1, 0, 46, NULL, '2025-02-28 05:17:25');
INSERT INTO `chat_messages` (`id`, `message`, `chat_user_id`, `ip`, `time`, `is_first`, `is_read`, `chat_connection_id`, `created_at`, `updated_at`) VALUES (192, 'Hello Kriti', 19, '', 0, 0, 0, 46, '2022-09-02 11:54:53', '2025-02-28 05:17:25');
INSERT INTO `chat_messages` (`id`, `message`, `chat_user_id`, `ip`, `time`, `is_first`, `is_read`, `chat_connection_id`, `created_at`, `updated_at`) VALUES (193, 'Please come school office collect your uniform dress.', 19, '', 0, 0, 0, 46, '2022-09-02 11:55:56', '2025-02-28 05:17:25');
INSERT INTO `chat_messages` (`id`, `message`, `chat_user_id`, `ip`, `time`, `is_first`, `is_read`, `chat_connection_id`, `created_at`, `updated_at`) VALUES (194, 'HelloJason please come to school for students exam reports discussion.', 6, '', 0, 0, 0, 5, '2022-09-02 11:57:29', '2025-02-28 05:17:25');
INSERT INTO `chat_messages` (`id`, `message`, `chat_user_id`, `ip`, `time`, `is_first`, `is_read`, `chat_connection_id`, `created_at`, `updated_at`) VALUES (195, 'Hello Joe', 1, '', 0, 0, 1, 15, '2022-09-02 11:58:27', '2025-02-28 05:17:25');
INSERT INTO `chat_messages` (`id`, `message`, `chat_user_id`, `ip`, `time`, `is_first`, `is_read`, `chat_connection_id`, `created_at`, `updated_at`) VALUES (196, 'you are now connected on chat', 7, '', 0, 1, 1, 47, NULL, '2025-02-28 05:17:25');
INSERT INTO `chat_messages` (`id`, `message`, `chat_user_id`, `ip`, `time`, `is_first`, `is_read`, `chat_connection_id`, `created_at`, `updated_at`) VALUES (197, 'HelloJames please come to school for students exam reports discussion.', 7, '', 0, 0, 1, 47, '2022-09-02 11:58:59', '2025-02-28 05:17:25');
INSERT INTO `chat_messages` (`id`, `message`, `chat_user_id`, `ip`, `time`, `is_first`, `is_read`, `chat_connection_id`, `created_at`, `updated_at`) VALUES (198, 'Hello Emma come to school your class attendance is very short.', 17, '', 0, 0, 1, 34, '2022-09-02 12:00:12', '2025-02-28 05:17:25');
INSERT INTO `chat_messages` (`id`, `message`, `chat_user_id`, `ip`, `time`, `is_first`, `is_read`, `chat_connection_id`, `created_at`, `updated_at`) VALUES (199, 'Good Afternoon Nicolas', 5, '', 0, 0, 1, 4, '2022-09-02 12:00:40', '2025-02-28 05:17:25');
INSERT INTO `chat_messages` (`id`, `message`, `chat_user_id`, `ip`, `time`, `is_first`, `is_read`, `chat_connection_id`, `created_at`, `updated_at`) VALUES (200, 'Hello sir', 1, '', 0, 0, 0, 1, '2022-09-02 12:01:51', '2025-02-28 05:17:25');
INSERT INTO `chat_messages` (`id`, `message`, `chat_user_id`, `ip`, `time`, `is_first`, `is_read`, `chat_connection_id`, `created_at`, `updated_at`) VALUES (201, 'My Exam form is not submit please solve this problem.', 1, '', 0, 0, 0, 1, '2022-09-02 12:02:50', '2025-02-28 05:17:25');
INSERT INTO `chat_messages` (`id`, `message`, `chat_user_id`, `ip`, `time`, `is_first`, `is_read`, `chat_connection_id`, `created_at`, `updated_at`) VALUES (202, 'Hello Sani come to school your class attendance is very short.', 15, '', 0, 0, 0, 21, '2022-09-02 12:03:51', '2025-02-28 05:17:25');
INSERT INTO `chat_messages` (`id`, `message`, `chat_user_id`, `ip`, `time`, `is_first`, `is_read`, `chat_connection_id`, `created_at`, `updated_at`) VALUES (203, 'Hello Chino come to school your class attendance is very short.', 13, '', 0, 0, 0, 19, '2022-09-02 12:04:05', '2025-02-28 05:17:25');
INSERT INTO `chat_messages` (`id`, `message`, `chat_user_id`, `ip`, `time`, `is_first`, `is_read`, `chat_connection_id`, `created_at`, `updated_at`) VALUES (204, 'Yes Sir.', 1, '', 0, 0, 1, 34, '2022-09-02 12:05:13', '2025-02-28 05:17:25');
INSERT INTO `chat_messages` (`id`, `message`, `chat_user_id`, `ip`, `time`, `is_first`, `is_read`, `chat_connection_id`, `created_at`, `updated_at`) VALUES (205, 'Hello Brandon please come principal office discussion for new books syllabus.', 12, '', 0, 0, 1, 18, '2022-09-02 12:06:39', '2025-02-28 05:17:25');
INSERT INTO `chat_messages` (`id`, `message`, `chat_user_id`, `ip`, `time`, `is_first`, `is_read`, `chat_connection_id`, `created_at`, `updated_at`) VALUES (206, 'you are now connected on chat', 8, '', 0, 1, 0, 48, NULL, '2025-02-28 05:17:25');
INSERT INTO `chat_messages` (`id`, `message`, `chat_user_id`, `ip`, `time`, `is_first`, `is_read`, `chat_connection_id`, `created_at`, `updated_at`) VALUES (207, 'Hello Goodafternoon sir&#44;', 8, '', 0, 0, 0, 48, '2022-09-02 12:10:02', '2025-02-28 05:17:25');
INSERT INTO `chat_messages` (`id`, `message`, `chat_user_id`, `ip`, `time`, `is_first`, `is_read`, `chat_connection_id`, `created_at`, `updated_at`) VALUES (208, 'Please explain math last chapter&#44;', 8, '', 0, 0, 0, 48, '2022-09-02 12:10:25', '2025-02-28 05:17:25');
INSERT INTO `chat_messages` (`id`, `message`, `chat_user_id`, `ip`, `time`, `is_first`, `is_read`, `chat_connection_id`, `created_at`, `updated_at`) VALUES (209, 'Hello shivam please come to school for health checkup information.', 8, '', 0, 0, 0, 16, '2022-10-03 16:13:40', '2025-02-28 05:17:25');
INSERT INTO `chat_messages` (`id`, `message`, `chat_user_id`, `ip`, `time`, `is_first`, `is_read`, `chat_connection_id`, `created_at`, `updated_at`) VALUES (210, 'Hello shivam please come to school for health checkup information.', 8, '', 0, 0, 0, 31, '2022-10-03 16:14:57', '2025-02-28 05:17:25');
INSERT INTO `chat_messages` (`id`, `message`, `chat_user_id`, `ip`, `time`, `is_first`, `is_read`, `chat_connection_id`, `created_at`, `updated_at`) VALUES (211, 'Hello James please come to school for health checkup information.', 7, '', 0, 0, 1, 47, '2022-10-03 16:15:14', '2025-02-28 05:17:25');
INSERT INTO `chat_messages` (`id`, `message`, `chat_user_id`, `ip`, `time`, `is_first`, `is_read`, `chat_connection_id`, `created_at`, `updated_at`) VALUES (212, 'Hello sir.', 11, '', 0, 0, 1, 15, '2022-10-03 16:15:40', '2025-02-28 05:17:25');
INSERT INTO `chat_messages` (`id`, `message`, `chat_user_id`, `ip`, `time`, `is_first`, `is_read`, `chat_connection_id`, `created_at`, `updated_at`) VALUES (213, 'Yes Sir', 6, '', 0, 0, 1, 7, '2022-10-03 16:17:06', '2025-02-28 05:17:25');
INSERT INTO `chat_messages` (`id`, `message`, `chat_user_id`, `ip`, `time`, `is_first`, `is_read`, `chat_connection_id`, `created_at`, `updated_at`) VALUES (214, 'Hello Sir please describe me math last chapter .', 8, '', 0, 0, 0, 33, '2022-10-03 16:17:43', '2025-02-28 05:17:25');
INSERT INTO `chat_messages` (`id`, `message`, `chat_user_id`, `ip`, `time`, `is_first`, `is_read`, `chat_connection_id`, `created_at`, `updated_at`) VALUES (215, 'Hello Sir please describe me Science last chapter .', 6, '', 0, 0, 1, 7, '2022-10-03 16:18:00', '2025-02-28 05:17:25');
INSERT INTO `chat_messages` (`id`, `message`, `chat_user_id`, `ip`, `time`, `is_first`, `is_read`, `chat_connection_id`, `created_at`, `updated_at`) VALUES (216, 'Yes Sir.', 12, '', 0, 0, 1, 25, '2022-10-03 16:19:04', '2025-02-28 05:17:25');
INSERT INTO `chat_messages` (`id`, `message`, `chat_user_id`, `ip`, `time`, `is_first`, `is_read`, `chat_connection_id`, `created_at`, `updated_at`) VALUES (217, 'Hello Edwards please come to library office &#44; your books due return date is over.', 2, '', 0, 0, 0, 25, '2022-10-03 16:20:09', '2025-02-28 05:17:25');
INSERT INTO `chat_messages` (`id`, `message`, `chat_user_id`, `ip`, `time`, `is_first`, `is_read`, `chat_connection_id`, `created_at`, `updated_at`) VALUES (218, 'Hello Nicolas &#44;please come to library office &#44; your books due return date is over.', 5, '', 0, 0, 0, 29, '2022-10-03 16:20:55', '2025-02-28 05:17:25');
INSERT INTO `chat_messages` (`id`, `message`, `chat_user_id`, `ip`, `time`, `is_first`, `is_read`, `chat_connection_id`, `created_at`, `updated_at`) VALUES (219, 'Hello Emma  please come to library office &#44; your books  return due date is over.', 17, '', 0, 0, 0, 30, '2022-10-03 16:21:22', '2025-02-28 05:17:25');
INSERT INTO `chat_messages` (`id`, `message`, `chat_user_id`, `ip`, `time`, `is_first`, `is_read`, `chat_connection_id`, `created_at`, `updated_at`) VALUES (220, 'Hello Laura   please come to library office &#44; your books  return due date is over.', 20, '', 0, 0, 0, 43, '2022-10-03 16:21:35', '2025-02-28 05:17:25');
INSERT INTO `chat_messages` (`id`, `message`, `chat_user_id`, `ip`, `time`, `is_first`, `is_read`, `chat_connection_id`, `created_at`, `updated_at`) VALUES (221, 'Hello Kriti  please come to library office &#44; your books  return due date is over.', 19, '', 0, 0, 0, 44, '2022-10-03 16:21:51', '2025-02-28 05:17:25');
INSERT INTO `chat_messages` (`id`, `message`, `chat_user_id`, `ip`, `time`, `is_first`, `is_read`, `chat_connection_id`, `created_at`, `updated_at`) VALUES (222, 'Hello Edwards &#44; please submit your this month school fees.', 2, '', 0, 0, 0, 8, '2022-10-03 16:22:32', '2025-02-28 05:17:25');
INSERT INTO `chat_messages` (`id`, `message`, `chat_user_id`, `ip`, `time`, `is_first`, `is_read`, `chat_connection_id`, `created_at`, `updated_at`) VALUES (223, 'Hello Emma&#44; please submit your this month school fees.', 17, '', 0, 0, 0, 38, '2022-10-03 16:22:51', '2025-02-28 05:17:25');
INSERT INTO `chat_messages` (`id`, `message`, `chat_user_id`, `ip`, `time`, `is_first`, `is_read`, `chat_connection_id`, `created_at`, `updated_at`) VALUES (224, 'Yes sir.', 11, '', 0, 0, 0, 47, '2022-10-03 16:23:17', '2025-02-28 05:17:25');
INSERT INTO `chat_messages` (`id`, `message`, `chat_user_id`, `ip`, `time`, `is_first`, `is_read`, `chat_connection_id`, `created_at`, `updated_at`) VALUES (225, 'you are now connected on chat', 11, '', 0, 1, 0, 49, NULL, '2025-02-28 05:17:25');
INSERT INTO `chat_messages` (`id`, `message`, `chat_user_id`, `ip`, `time`, `is_first`, `is_read`, `chat_connection_id`, `created_at`, `updated_at`) VALUES (226, 'Hello Shivam please come to my office for discussion monthly report.', 8, '', 0, 0, 0, 10, '2022-10-03 16:28:31', '2025-02-28 05:17:25');
INSERT INTO `chat_messages` (`id`, `message`, `chat_user_id`, `ip`, `time`, `is_first`, `is_read`, `chat_connection_id`, `created_at`, `updated_at`) VALUES (227, 'Hello Jamesh please come to my office for discussion Salary .', 6, '', 0, 0, 0, 24, '2022-10-03 16:28:45', '2025-02-28 05:17:25');
INSERT INTO `chat_messages` (`id`, `message`, `chat_user_id`, `ip`, `time`, `is_first`, `is_read`, `chat_connection_id`, `created_at`, `updated_at`) VALUES (228, 'Yes sir.', 6, '', 0, 0, 1, 14, '2022-10-03 16:30:02', '2025-02-28 05:17:25');
INSERT INTO `chat_messages` (`id`, `message`, `chat_user_id`, `ip`, `time`, `is_first`, `is_read`, `chat_connection_id`, `created_at`, `updated_at`) VALUES (229, 'Dear students&#44; sending you happy holiday wishes. I hope you all enjoy your holidays well and also continue your revisions during them.', 19, '', 0, 0, 0, 37, '2022-10-03 16:31:50', '2025-02-28 05:17:25');
INSERT INTO `chat_messages` (`id`, `message`, `chat_user_id`, `ip`, `time`, `is_first`, `is_read`, `chat_connection_id`, `created_at`, `updated_at`) VALUES (230, 'Dear students&#44; sending you happy holiday wishes. I hope you all enjoy your holidays well and also continue your revisions during them.', 17, '', 0, 0, 0, 35, '2022-10-03 16:31:56', '2025-02-28 05:17:25');
INSERT INTO `chat_messages` (`id`, `message`, `chat_user_id`, `ip`, `time`, `is_first`, `is_read`, `chat_connection_id`, `created_at`, `updated_at`) VALUES (231, 'Dear students&#44; sending you happy holiday wishes. I hope you all enjoy your holidays well and also continue your revisions during them.', 16, '', 0, 0, 1, 22, '2022-10-03 16:32:00', '2025-02-28 05:17:25');
INSERT INTO `chat_messages` (`id`, `message`, `chat_user_id`, `ip`, `time`, `is_first`, `is_read`, `chat_connection_id`, `created_at`, `updated_at`) VALUES (232, 'Dear students&#44; sending you happy holiday wishes. I hope you all enjoy your holidays well and also continue your revisions during them.', 5, '', 0, 0, 0, 9, '2022-10-03 16:32:03', '2025-02-28 05:17:25');
INSERT INTO `chat_messages` (`id`, `message`, `chat_user_id`, `ip`, `time`, `is_first`, `is_read`, `chat_connection_id`, `created_at`, `updated_at`) VALUES (233, 'Dear students&#44; sending you happy holiday wishes. I hope you all enjoy your holidays well and also continue your revisions during them.', 3, '', 0, 0, 0, 14, '2022-10-03 16:32:29', '2025-02-28 05:17:25');
INSERT INTO `chat_messages` (`id`, `message`, `chat_user_id`, `ip`, `time`, `is_first`, `is_read`, `chat_connection_id`, `created_at`, `updated_at`) VALUES (234, 'Hello Brandon please come principal office discussion for monthly reports.', 12, '', 0, 0, 1, 18, '2022-10-03 16:35:35', '2025-02-28 05:17:25');
INSERT INTO `chat_messages` (`id`, `message`, `chat_user_id`, `ip`, `time`, `is_first`, `is_read`, `chat_connection_id`, `created_at`, `updated_at`) VALUES (235, 'Hello William&#44; please come to  principal office discussion for monthly reports.', 11, '', 0, 0, 1, 15, '2022-10-03 16:36:24', '2025-02-28 05:17:25');
INSERT INTO `chat_messages` (`id`, `message`, `chat_user_id`, `ip`, `time`, `is_first`, `is_read`, `chat_connection_id`, `created_at`, `updated_at`) VALUES (236, 'Hello James &#44; please come principal office discussion for monthly reports.', 6, '', 0, 0, 0, 5, '2022-10-03 16:36:37', '2025-02-28 05:17:25');
INSERT INTO `chat_messages` (`id`, `message`, `chat_user_id`, `ip`, `time`, `is_first`, `is_read`, `chat_connection_id`, `created_at`, `updated_at`) VALUES (237, 'Hello Robbin &#44; please submit your science homework.', 3, '', 0, 0, 0, 13, '2022-10-03 16:38:59', '2025-02-28 05:17:25');
INSERT INTO `chat_messages` (`id`, `message`, `chat_user_id`, `ip`, `time`, `is_first`, `is_read`, `chat_connection_id`, `created_at`, `updated_at`) VALUES (238, 'you are now connected on chat', 7, '', 0, 1, 0, 50, NULL, '2025-02-28 05:17:25');
INSERT INTO `chat_messages` (`id`, `message`, `chat_user_id`, `ip`, `time`, `is_first`, `is_read`, `chat_connection_id`, `created_at`, `updated_at`) VALUES (239, 'Hello Good Evening Sir&#44;', 7, '', 0, 0, 0, 50, '2022-10-03 16:40:20', '2025-02-28 05:17:25');
INSERT INTO `chat_messages` (`id`, `message`, `chat_user_id`, `ip`, `time`, `is_first`, `is_read`, `chat_connection_id`, `created_at`, `updated_at`) VALUES (240, 'please explain me math last chapter is number system and Algebra equation.', 7, '', 0, 0, 0, 50, '2022-10-03 16:41:15', '2025-02-28 05:17:25');
INSERT INTO `chat_messages` (`id`, `message`, `chat_user_id`, `ip`, `time`, `is_first`, `is_read`, `chat_connection_id`, `created_at`, `updated_at`) VALUES (241, 'you are now connected on chat', 8, '', 0, 1, 0, 51, NULL, '2025-02-28 05:17:25');
INSERT INTO `chat_messages` (`id`, `message`, `chat_user_id`, `ip`, `time`, `is_first`, `is_read`, `chat_connection_id`, `created_at`, `updated_at`) VALUES (242, 'Hello sir&#44; please explain me math last chapter  .', 8, '', 0, 0, 0, 51, '2022-10-03 16:41:41', '2025-02-28 05:17:25');
INSERT INTO `chat_messages` (`id`, `message`, `chat_user_id`, `ip`, `time`, `is_first`, `is_read`, `chat_connection_id`, `created_at`, `updated_at`) VALUES (243, 'you are now connected on chat', 11, '', 0, 1, 0, 52, NULL, '2025-02-28 05:17:25');
INSERT INTO `chat_messages` (`id`, `message`, `chat_user_id`, `ip`, `time`, `is_first`, `is_read`, `chat_connection_id`, `created_at`, `updated_at`) VALUES (244, 'Hello&#44; Edward. Have you started preparing for the exam&#63;', 2, '', 0, 0, 1, 7, '2022-10-03 16:45:59', '2025-02-28 05:17:25');
INSERT INTO `chat_messages` (`id`, `message`, `chat_user_id`, `ip`, `time`, `is_first`, `is_read`, `chat_connection_id`, `created_at`, `updated_at`) VALUES (245, 'you are now connected on chat', 4, '', 0, 1, 0, 53, NULL, '2025-02-28 05:17:25');
INSERT INTO `chat_messages` (`id`, `message`, `chat_user_id`, `ip`, `time`, `is_first`, `is_read`, `chat_connection_id`, `created_at`, `updated_at`) VALUES (246, 'Hello&#44; Surya. Have you started preparing for the exam&#63;', 4, '', 0, 0, 0, 53, '2022-10-03 16:46:32', '2025-02-28 05:17:25');
INSERT INTO `chat_messages` (`id`, `message`, `chat_user_id`, `ip`, `time`, `is_first`, `is_read`, `chat_connection_id`, `created_at`, `updated_at`) VALUES (247, 'Hello sir&#44; my Fees receipt is not updated in accountant office', 11, '', 0, 0, 0, 52, '2022-10-03 16:49:17', '2025-02-28 05:17:25');
INSERT INTO `chat_messages` (`id`, `message`, `chat_user_id`, `ip`, `time`, `is_first`, `is_read`, `chat_connection_id`, `created_at`, `updated_at`) VALUES (248, 'Yeah Sure .', 1, '', 0, 0, 0, 15, '2022-10-03 16:49:43', '2025-02-28 05:17:25');
INSERT INTO `chat_messages` (`id`, `message`, `chat_user_id`, `ip`, `time`, `is_first`, `is_read`, `chat_connection_id`, `created_at`, `updated_at`) VALUES (249, 'Hello Sir &#44; this year&#8217;s theme would be the green planet and we will celebrate all the young people in the world who are working towards making this world a better place.', 1, '', 0, 0, 0, 15, '2022-10-03 16:50:06', '2025-02-28 05:17:25');
INSERT INTO `chat_messages` (`id`, `message`, `chat_user_id`, `ip`, `time`, `is_first`, `is_read`, `chat_connection_id`, `created_at`, `updated_at`) VALUES (250, 'Hello maria please come to school discusson for salary and monthly report.', 9, '', 0, 0, 0, 23, '2022-11-01 16:55:17', '2025-02-28 05:17:25');
INSERT INTO `chat_messages` (`id`, `message`, `chat_user_id`, `ip`, `time`, `is_first`, `is_read`, `chat_connection_id`, `created_at`, `updated_at`) VALUES (251, 'Hello Jason please come to account office discussion for salary  .', 6, '', 0, 0, 0, 24, '2022-11-01 16:55:58', '2025-02-28 05:17:25');
INSERT INTO `chat_messages` (`id`, `message`, `chat_user_id`, `ip`, `time`, `is_first`, `is_read`, `chat_connection_id`, `created_at`, `updated_at`) VALUES (252, 'Hello William please come to school discussion for salary .', 11, '', 0, 0, 0, 47, '2022-11-01 16:56:25', '2025-02-28 05:17:25');
INSERT INTO `chat_messages` (`id`, `message`, `chat_user_id`, `ip`, `time`, `is_first`, `is_read`, `chat_connection_id`, `created_at`, `updated_at`) VALUES (253, 'Hello Shivam please come to account office discussion for salary and monthly report.', 8, '', 0, 0, 0, 10, '2022-11-01 16:57:02', '2025-02-28 05:17:25');
INSERT INTO `chat_messages` (`id`, `message`, `chat_user_id`, `ip`, `time`, `is_first`, `is_read`, `chat_connection_id`, `created_at`, `updated_at`) VALUES (254, 'Hello Good Morning sir&#44;', 8, '', 0, 0, 0, 33, '2022-11-02 11:21:21', '2025-02-28 05:17:25');
INSERT INTO `chat_messages` (`id`, `message`, `chat_user_id`, `ip`, `time`, `is_first`, `is_read`, `chat_connection_id`, `created_at`, `updated_at`) VALUES (255, 'Please explain me science last chapter .', 8, '', 0, 0, 0, 33, '2022-11-02 11:22:31', '2025-02-28 05:17:25');
INSERT INTO `chat_messages` (`id`, `message`, `chat_user_id`, `ip`, `time`, `is_first`, `is_read`, `chat_connection_id`, `created_at`, `updated_at`) VALUES (256, 'Hello good Morning sir.', 1, '', 0, 0, 0, 1, '2022-11-02 11:22:47', '2025-02-28 05:17:25');
INSERT INTO `chat_messages` (`id`, `message`, `chat_user_id`, `ip`, `time`, `is_first`, `is_read`, `chat_connection_id`, `created_at`, `updated_at`) VALUES (257, 'Hello Bradon Good morning', 12, '', 0, 0, 1, 18, '2022-11-02 11:23:47', '2025-02-28 05:17:25');
INSERT INTO `chat_messages` (`id`, `message`, `chat_user_id`, `ip`, `time`, `is_first`, `is_read`, `chat_connection_id`, `created_at`, `updated_at`) VALUES (258, 'please come to principle office discussion for new books syllabus.', 12, '', 0, 0, 1, 18, '2022-11-02 11:24:56', '2025-02-28 05:17:25');
INSERT INTO `chat_messages` (`id`, `message`, `chat_user_id`, `ip`, `time`, `is_first`, `is_read`, `chat_connection_id`, `created_at`, `updated_at`) VALUES (259, 'Hello Edwards please come to library office &#44; please submit your library due books.', 2, '', 0, 0, 0, 25, '2022-11-02 11:26:08', '2025-02-28 05:17:25');
INSERT INTO `chat_messages` (`id`, `message`, `chat_user_id`, `ip`, `time`, `is_first`, `is_read`, `chat_connection_id`, `created_at`, `updated_at`) VALUES (260, 'Good Morning Sir', 1, '', 0, 0, 0, 18, '2022-11-02 11:26:28', '2025-02-28 05:17:25');
INSERT INTO `chat_messages` (`id`, `message`, `chat_user_id`, `ip`, `time`, `is_first`, `is_read`, `chat_connection_id`, `created_at`, `updated_at`) VALUES (261, 'Yes sir', 1, '', 0, 0, 0, 18, '2022-11-02 11:26:47', '2025-02-28 05:17:25');
INSERT INTO `chat_messages` (`id`, `message`, `chat_user_id`, `ip`, `time`, `is_first`, `is_read`, `chat_connection_id`, `created_at`, `updated_at`) VALUES (262, 'Hello Nicolas&#44; please submit the book in library office.', 5, '', 0, 0, 0, 29, '2022-11-02 11:27:03', '2025-02-28 05:17:25');
INSERT INTO `chat_messages` (`id`, `message`, `chat_user_id`, `ip`, `time`, `is_first`, `is_read`, `chat_connection_id`, `created_at`, `updated_at`) VALUES (263, 'Hello Shivam &#44; please submit the book in library office.', 8, '', 0, 0, 0, 45, '2022-11-02 11:27:19', '2025-02-28 05:17:25');
INSERT INTO `chat_messages` (`id`, `message`, `chat_user_id`, `ip`, `time`, `is_first`, `is_read`, `chat_connection_id`, `created_at`, `updated_at`) VALUES (264, 'you are now connected on chat', 6, '', 0, 1, 0, 54, NULL, '2025-02-28 05:17:25');
INSERT INTO `chat_messages` (`id`, `message`, `chat_user_id`, `ip`, `time`, `is_first`, `is_read`, `chat_connection_id`, `created_at`, `updated_at`) VALUES (265, 'Hello sir.', 6, '', 0, 0, 0, 54, '2022-11-02 11:27:35', '2025-02-28 05:17:25');
INSERT INTO `chat_messages` (`id`, `message`, `chat_user_id`, `ip`, `time`, `is_first`, `is_read`, `chat_connection_id`, `created_at`, `updated_at`) VALUES (266, 'please submit the book in library office.', 6, '', 0, 0, 0, 54, '2022-11-02 11:27:40', '2025-02-28 05:17:25');
INSERT INTO `chat_messages` (`id`, `message`, `chat_user_id`, `ip`, `time`, `is_first`, `is_read`, `chat_connection_id`, `created_at`, `updated_at`) VALUES (267, 'Hello Edward &#44; please submit your exam fees. Before due date.', 2, '', 0, 0, 0, 8, '2022-11-02 11:28:59', '2025-02-28 05:17:25');
INSERT INTO `chat_messages` (`id`, `message`, `chat_user_id`, `ip`, `time`, `is_first`, `is_read`, `chat_connection_id`, `created_at`, `updated_at`) VALUES (268, 'Hello Emma &#44; please submit your exam fees. Before due date.', 17, '', 0, 0, 0, 38, '2022-11-02 11:29:19', '2025-02-28 05:17:25');
INSERT INTO `chat_messages` (`id`, `message`, `chat_user_id`, `ip`, `time`, `is_first`, `is_read`, `chat_connection_id`, `created_at`, `updated_at`) VALUES (269, 'you are now connected on chat', 5, '', 0, 1, 0, 55, NULL, '2025-02-28 05:17:25');
INSERT INTO `chat_messages` (`id`, `message`, `chat_user_id`, `ip`, `time`, `is_first`, `is_read`, `chat_connection_id`, `created_at`, `updated_at`) VALUES (270, 'Hello Nicolas &#44; please submit your exam fees. Before due date.', 5, '', 0, 0, 0, 55, '2022-11-02 11:29:45', '2025-02-28 05:17:25');
INSERT INTO `chat_messages` (`id`, `message`, `chat_user_id`, `ip`, `time`, `is_first`, `is_read`, `chat_connection_id`, `created_at`, `updated_at`) VALUES (271, 'you are now connected on chat', 19, '', 0, 1, 1, 56, NULL, '2025-02-28 05:17:25');
INSERT INTO `chat_messages` (`id`, `message`, `chat_user_id`, `ip`, `time`, `is_first`, `is_read`, `chat_connection_id`, `created_at`, `updated_at`) VALUES (272, 'Hello kriti &#44;please submit your exam fees. Before due date.', 19, '', 0, 0, 1, 56, '2022-11-02 11:30:07', '2025-02-28 05:17:25');
INSERT INTO `chat_messages` (`id`, `message`, `chat_user_id`, `ip`, `time`, `is_first`, `is_read`, `chat_connection_id`, `created_at`, `updated_at`) VALUES (273, 'Hello good Morning sir.', 1, '', 0, 0, 0, 1, '2022-12-03 09:54:35', '2025-02-28 05:17:25');
INSERT INTO `chat_messages` (`id`, `message`, `chat_user_id`, `ip`, `time`, `is_first`, `is_read`, `chat_connection_id`, `created_at`, `updated_at`) VALUES (274, 'Yes Sir.', 6, '', 0, 0, 1, 7, '2022-12-03 09:55:03', '2025-02-28 05:17:25');
INSERT INTO `chat_messages` (`id`, `message`, `chat_user_id`, `ip`, `time`, `is_first`, `is_read`, `chat_connection_id`, `created_at`, `updated_at`) VALUES (275, 'good Morning sir.', 6, '', 0, 0, 1, 7, '2022-12-03 09:55:12', '2025-02-28 05:17:25');
INSERT INTO `chat_messages` (`id`, `message`, `chat_user_id`, `ip`, `time`, `is_first`, `is_read`, `chat_connection_id`, `created_at`, `updated_at`) VALUES (276, 'you are now connected on chat', 1, '', 0, 1, 1, 57, NULL, '2025-02-28 05:17:25');
INSERT INTO `chat_messages` (`id`, `message`, `chat_user_id`, `ip`, `time`, `is_first`, `is_read`, `chat_connection_id`, `created_at`, `updated_at`) VALUES (277, 'Hello Good Afternoon sir.', 1, '', 0, 0, 1, 57, '2022-12-03 12:22:09', '2025-02-28 05:17:25');
INSERT INTO `chat_messages` (`id`, `message`, `chat_user_id`, `ip`, `time`, `is_first`, `is_read`, `chat_connection_id`, `created_at`, `updated_at`) VALUES (278, 'you are now connected on chat', 6, '', 0, 1, 0, 58, NULL, '2025-02-28 05:17:25');
INSERT INTO `chat_messages` (`id`, `message`, `chat_user_id`, `ip`, `time`, `is_first`, `is_read`, `chat_connection_id`, `created_at`, `updated_at`) VALUES (279, 'Good Afternoon sir.', 6, '', 0, 0, 0, 58, '2022-12-03 12:22:43', '2025-02-28 05:17:25');
INSERT INTO `chat_messages` (`id`, `message`, `chat_user_id`, `ip`, `time`, `is_first`, `is_read`, `chat_connection_id`, `created_at`, `updated_at`) VALUES (280, 'please explain maths last chapter.', 6, '', 0, 0, 0, 58, '2022-12-03 12:22:59', '2025-02-28 05:17:25');
INSERT INTO `chat_messages` (`id`, `message`, `chat_user_id`, `ip`, `time`, `is_first`, `is_read`, `chat_connection_id`, `created_at`, `updated_at`) VALUES (281, 'Good Afternoon Sir', 1, '', 0, 0, 0, 12, '2022-12-03 12:23:57', '2025-02-28 05:17:25');
INSERT INTO `chat_messages` (`id`, `message`, `chat_user_id`, `ip`, `time`, `is_first`, `is_read`, `chat_connection_id`, `created_at`, `updated_at`) VALUES (282, 'Yes sir', 7, '', 0, 0, 0, 56, '2022-12-03 12:25:07', '2025-02-28 05:17:25');
INSERT INTO `chat_messages` (`id`, `message`, `chat_user_id`, `ip`, `time`, `is_first`, `is_read`, `chat_connection_id`, `created_at`, `updated_at`) VALUES (283, 'Good Afternoon sir.', 1, '', 0, 0, 0, 3, '2022-12-03 12:26:17', '2025-02-28 05:17:25');
INSERT INTO `chat_messages` (`id`, `message`, `chat_user_id`, `ip`, `time`, `is_first`, `is_read`, `chat_connection_id`, `created_at`, `updated_at`) VALUES (284, 'please forward my exam form.', 1, '', 0, 0, 0, 3, '2022-12-03 12:26:24', '2025-02-28 05:17:25');
INSERT INTO `chat_messages` (`id`, `message`, `chat_user_id`, `ip`, `time`, `is_first`, `is_read`, `chat_connection_id`, `created_at`, `updated_at`) VALUES (285, 'you are now connected on chat', 6, '', 0, 1, 0, 59, NULL, '2025-02-28 05:17:25');
INSERT INTO `chat_messages` (`id`, `message`, `chat_user_id`, `ip`, `time`, `is_first`, `is_read`, `chat_connection_id`, `created_at`, `updated_at`) VALUES (286, 'Hello Good afternoon sir&#44;', 6, '', 0, 0, 0, 59, '2022-12-03 12:41:18', '2025-02-28 05:17:25');
INSERT INTO `chat_messages` (`id`, `message`, `chat_user_id`, `ip`, `time`, `is_first`, `is_read`, `chat_connection_id`, `created_at`, `updated_at`) VALUES (287, 'please forward my exam form.', 6, '', 0, 0, 0, 59, '2022-12-03 12:41:30', '2025-02-28 05:17:25');
INSERT INTO `chat_messages` (`id`, `message`, `chat_user_id`, `ip`, `time`, `is_first`, `is_read`, `chat_connection_id`, `created_at`, `updated_at`) VALUES (288, 'you are now connected on chat', 8, '', 0, 1, 0, 60, NULL, '2025-02-28 05:17:25');
INSERT INTO `chat_messages` (`id`, `message`, `chat_user_id`, `ip`, `time`, `is_first`, `is_read`, `chat_connection_id`, `created_at`, `updated_at`) VALUES (289, 'Good Evening sir&#44;', 8, '', 0, 0, 0, 60, '2022-12-03 17:05:35', '2025-02-28 05:17:25');
INSERT INTO `chat_messages` (`id`, `message`, `chat_user_id`, `ip`, `time`, `is_first`, `is_read`, `chat_connection_id`, `created_at`, `updated_at`) VALUES (290, 'please explain me math last chapter.', 8, '', 0, 0, 0, 60, '2022-12-03 17:05:50', '2025-02-28 05:17:25');
INSERT INTO `chat_messages` (`id`, `message`, `chat_user_id`, `ip`, `time`, `is_first`, `is_read`, `chat_connection_id`, `created_at`, `updated_at`) VALUES (291, 'Hello kriti please attendance classes your &#44; attendance is very low.', 19, '', 0, 0, 0, 37, '2022-12-03 17:11:46', '2025-02-28 05:17:25');
INSERT INTO `chat_messages` (`id`, `message`, `chat_user_id`, `ip`, `time`, `is_first`, `is_read`, `chat_connection_id`, `created_at`, `updated_at`) VALUES (292, 'Hello Robin &#44; please submit your assignments.', 3, '', 0, 0, 0, 14, '2022-12-03 17:12:13', '2025-02-28 05:17:25');
INSERT INTO `chat_messages` (`id`, `message`, `chat_user_id`, `ip`, `time`, `is_first`, `is_read`, `chat_connection_id`, `created_at`, `updated_at`) VALUES (293, 'Hello sir &#44; please give me half yearly exam date details.', 1, '', 0, 0, 0, 15, '2022-12-03 17:14:10', '2025-02-28 05:17:25');
INSERT INTO `chat_messages` (`id`, `message`, `chat_user_id`, `ip`, `time`, `is_first`, `is_read`, `chat_connection_id`, `created_at`, `updated_at`) VALUES (294, 'Happy new year Edwards', 2, '', 0, 0, 1, 7, '2023-01-04 10:27:34', '2025-02-28 05:17:25');
INSERT INTO `chat_messages` (`id`, `message`, `chat_user_id`, `ip`, `time`, `is_first`, `is_read`, `chat_connection_id`, `created_at`, `updated_at`) VALUES (295, 'Happy new year Edwards', 2, '', 0, 0, 0, 26, '2023-01-04 10:28:48', '2025-02-28 05:17:25');
INSERT INTO `chat_messages` (`id`, `message`, `chat_user_id`, `ip`, `time`, `is_first`, `is_read`, `chat_connection_id`, `created_at`, `updated_at`) VALUES (296, 'Good Morning sir', 1, '', 0, 0, 0, 18, '2023-01-04 10:29:15', '2025-02-28 05:17:25');
INSERT INTO `chat_messages` (`id`, `message`, `chat_user_id`, `ip`, `time`, `is_first`, `is_read`, `chat_connection_id`, `created_at`, `updated_at`) VALUES (297, 'Good Morning Sir', 1, '', 0, 0, 0, 1, '2023-01-04 10:47:50', '2025-02-28 05:17:25');
INSERT INTO `chat_messages` (`id`, `message`, `chat_user_id`, `ip`, `time`, `is_first`, `is_read`, `chat_connection_id`, `created_at`, `updated_at`) VALUES (298, 'Happy New Year', 1, '', 0, 0, 0, 1, '2023-01-04 10:47:55', '2025-02-28 05:17:25');
INSERT INTO `chat_messages` (`id`, `message`, `chat_user_id`, `ip`, `time`, `is_first`, `is_read`, `chat_connection_id`, `created_at`, `updated_at`) VALUES (299, 'Good Morning Emma', 17, '', 0, 0, 0, 34, '2023-01-04 12:37:29', '2025-02-28 05:17:25');
INSERT INTO `chat_messages` (`id`, `message`, `chat_user_id`, `ip`, `time`, `is_first`, `is_read`, `chat_connection_id`, `created_at`, `updated_at`) VALUES (300, 'Hello shivam please come to school for student health checkup information.', 8, '', 0, 0, 0, 16, '2023-01-04 12:38:04', '2025-02-28 05:17:25');
INSERT INTO `chat_messages` (`id`, `message`, `chat_user_id`, `ip`, `time`, `is_first`, `is_read`, `chat_connection_id`, `created_at`, `updated_at`) VALUES (301, 'Hello Jason please come to school for student health checkup information.', 6, '', 0, 0, 0, 5, '2023-01-04 12:38:18', '2025-02-28 05:17:25');
INSERT INTO `chat_messages` (`id`, `message`, `chat_user_id`, `ip`, `time`, `is_first`, `is_read`, `chat_connection_id`, `created_at`, `updated_at`) VALUES (302, 'HelloJames please come to school for student health checkup information.', 7, '', 0, 0, 1, 6, '2023-01-04 12:39:05', '2025-02-28 05:17:25');
INSERT INTO `chat_messages` (`id`, `message`, `chat_user_id`, `ip`, `time`, `is_first`, `is_read`, `chat_connection_id`, `created_at`, `updated_at`) VALUES (303, 'Good Morning Sir', 1, '', 0, 0, 0, 1, '2023-02-02 10:17:31', '2025-02-28 05:17:25');
INSERT INTO `chat_messages` (`id`, `message`, `chat_user_id`, `ip`, `time`, `is_first`, `is_read`, `chat_connection_id`, `created_at`, `updated_at`) VALUES (304, 'Good Morning sir &#44;', 6, '', 0, 0, 0, 7, '2023-02-02 10:17:50', '2025-02-28 05:17:25');
INSERT INTO `chat_messages` (`id`, `message`, `chat_user_id`, `ip`, `time`, `is_first`, `is_read`, `chat_connection_id`, `created_at`, `updated_at`) VALUES (305, 'please explain me maths last chapter', 6, '', 0, 0, 0, 7, '2023-02-02 10:18:23', '2025-02-28 05:17:25');
INSERT INTO `chat_messages` (`id`, `message`, `chat_user_id`, `ip`, `time`, `is_first`, `is_read`, `chat_connection_id`, `created_at`, `updated_at`) VALUES (306, 'Good Morning sir', 6, '', 0, 0, 0, 7, '2023-04-01 10:14:30', '2025-02-28 05:17:25');
INSERT INTO `chat_messages` (`id`, `message`, `chat_user_id`, `ip`, `time`, `is_first`, `is_read`, `chat_connection_id`, `created_at`, `updated_at`) VALUES (307, 'Good Morning sir', 1, '', 0, 0, 0, 1, '2023-04-01 10:14:41', '2025-02-28 05:17:25');
INSERT INTO `chat_messages` (`id`, `message`, `chat_user_id`, `ip`, `time`, `is_first`, `is_read`, `chat_connection_id`, `created_at`, `updated_at`) VALUES (308, 'Hello Good Morning sir..', 1, '', 0, 0, 1, 57, '2023-04-01 10:48:33', '2025-02-28 05:17:25');
INSERT INTO `chat_messages` (`id`, `message`, `chat_user_id`, `ip`, `time`, `is_first`, `is_read`, `chat_connection_id`, `created_at`, `updated_at`) VALUES (309, 'Good Morning sir', 1, '', 0, 0, 0, 4, '2023-04-01 10:59:29', '2025-02-28 05:17:25');
INSERT INTO `chat_messages` (`id`, `message`, `chat_user_id`, `ip`, `time`, `is_first`, `is_read`, `chat_connection_id`, `created_at`, `updated_at`) VALUES (310, 'Good Morning sir', 1, '', 0, 0, 0, 2, '2023-04-01 11:05:57', '2025-02-28 05:17:25');
INSERT INTO `chat_messages` (`id`, `message`, `chat_user_id`, `ip`, `time`, `is_first`, `is_read`, `chat_connection_id`, `created_at`, `updated_at`) VALUES (311, 'Hello shivam please come to school for  new session start for academic.', 8, '', 0, 0, 0, 16, '2023-04-03 12:14:41', '2025-02-28 05:17:25');
INSERT INTO `chat_messages` (`id`, `message`, `chat_user_id`, `ip`, `time`, `is_first`, `is_read`, `chat_connection_id`, `created_at`, `updated_at`) VALUES (312, 'hello Jason please come to school for new syllabus discussion.', 6, '', 0, 0, 0, 5, '2023-04-03 12:14:54', '2025-02-28 05:17:25');
INSERT INTO `chat_messages` (`id`, `message`, `chat_user_id`, `ip`, `time`, `is_first`, `is_read`, `chat_connection_id`, `created_at`, `updated_at`) VALUES (313, 'Hello Edwards&#44; Good Afternoon.', 2, '', 0, 0, 0, 8, '2023-05-01 13:36:47', '2025-02-28 05:17:25');
INSERT INTO `chat_messages` (`id`, `message`, `chat_user_id`, `ip`, `time`, `is_first`, `is_read`, `chat_connection_id`, `created_at`, `updated_at`) VALUES (314, 'Hello Edwards &#44; please submit your this month school fees.', 2, '', 0, 0, 0, 8, '2023-05-01 13:36:55', '2025-02-28 05:17:25');
INSERT INTO `chat_messages` (`id`, `message`, `chat_user_id`, `ip`, `time`, `is_first`, `is_read`, `chat_connection_id`, `created_at`, `updated_at`) VALUES (315, 'Hello Emma &#44; please submit your this month school fees.', 17, '', 0, 0, 0, 38, '2023-05-01 13:37:10', '2025-02-28 05:17:25');
INSERT INTO `chat_messages` (`id`, `message`, `chat_user_id`, `ip`, `time`, `is_first`, `is_read`, `chat_connection_id`, `created_at`, `updated_at`) VALUES (316, 'Hello Maria please come to school discussion for salary and monthly report.', 9, '', 0, 0, 0, 23, '2023-05-01 13:38:24', '2025-02-28 05:17:25');
INSERT INTO `chat_messages` (`id`, `message`, `chat_user_id`, `ip`, `time`, `is_first`, `is_read`, `chat_connection_id`, `created_at`, `updated_at`) VALUES (317, 'Hello Sir&#44; Please given me new student admission form details.', 11, '', 0, 0, 0, 49, '2023-05-01 13:39:41', '2025-02-28 05:17:25');
INSERT INTO `chat_messages` (`id`, `message`, `chat_user_id`, `ip`, `time`, `is_first`, `is_read`, `chat_connection_id`, `created_at`, `updated_at`) VALUES (318, 'Good Morning sir', 6, '', 0, 0, 0, 59, '2023-05-03 10:32:35', '2025-02-28 05:17:25');
INSERT INTO `chat_messages` (`id`, `message`, `chat_user_id`, `ip`, `time`, `is_first`, `is_read`, `chat_connection_id`, `created_at`, `updated_at`) VALUES (319, 'Hello good Morning sir.', 1, '', 0, 0, 0, 1, '2023-05-03 12:38:14', '2025-02-28 05:17:25');
INSERT INTO `chat_messages` (`id`, `message`, `chat_user_id`, `ip`, `time`, `is_first`, `is_read`, `chat_connection_id`, `created_at`, `updated_at`) VALUES (320, 'Hello good Morning sir.', 8, '', 0, 0, 0, 33, '2023-05-03 12:38:20', '2025-02-28 05:17:25');
INSERT INTO `chat_messages` (`id`, `message`, `chat_user_id`, `ip`, `time`, `is_first`, `is_read`, `chat_connection_id`, `created_at`, `updated_at`) VALUES (321, 'Hello good afternoon sir&#44;', 1, '', 0, 0, 0, 15, '2023-06-01 12:36:40', '2025-02-28 05:17:25');
INSERT INTO `chat_messages` (`id`, `message`, `chat_user_id`, `ip`, `time`, `is_first`, `is_read`, `chat_connection_id`, `created_at`, `updated_at`) VALUES (322, 'I have suggestion for new Academic session program.', 1, '', 0, 0, 0, 15, '2023-06-01 12:37:25', '2025-02-28 05:17:25');
INSERT INTO `chat_messages` (`id`, `message`, `chat_user_id`, `ip`, `time`, `is_first`, `is_read`, `chat_connection_id`, `created_at`, `updated_at`) VALUES (323, 'Hello Robin please submit your homework assignment', 3, '', 0, 0, 0, 14, '2023-06-01 18:04:05', '2025-02-28 05:17:25');
INSERT INTO `chat_messages` (`id`, `message`, `chat_user_id`, `ip`, `time`, `is_first`, `is_read`, `chat_connection_id`, `created_at`, `updated_at`) VALUES (324, 'Good Afternoon sir', 1, '', 0, 0, 0, 2, '2023-06-02 12:08:17', '2025-02-28 05:17:25');
INSERT INTO `chat_messages` (`id`, `message`, `chat_user_id`, `ip`, `time`, `is_first`, `is_read`, `chat_connection_id`, `created_at`, `updated_at`) VALUES (325, 'Good Morning sir', 1, '', 0, 0, 0, 2, '2023-07-07 11:11:05', '2025-02-28 05:17:25');
INSERT INTO `chat_messages` (`id`, `message`, `chat_user_id`, `ip`, `time`, `is_first`, `is_read`, `chat_connection_id`, `created_at`, `updated_at`) VALUES (326, 'Hi Edward', 2, '', 0, 0, 0, 8, '2023-08-05 16:19:24', '2025-02-28 05:17:25');
INSERT INTO `chat_messages` (`id`, `message`, `chat_user_id`, `ip`, `time`, `is_first`, `is_read`, `chat_connection_id`, `created_at`, `updated_at`) VALUES (327, 'Hi Edward', 2, '', 0, 0, 0, 8, '2023-08-05 16:19:25', '2025-02-28 05:17:25');
INSERT INTO `chat_messages` (`id`, `message`, `chat_user_id`, `ip`, `time`, `is_first`, `is_read`, `chat_connection_id`, `created_at`, `updated_at`) VALUES (328, 'please submit your this month school fees.', 2, '', 0, 0, 0, 8, '2023-08-05 16:19:27', '2025-02-28 05:17:25');
INSERT INTO `chat_messages` (`id`, `message`, `chat_user_id`, `ip`, `time`, `is_first`, `is_read`, `chat_connection_id`, `created_at`, `updated_at`) VALUES (329, 'Hello Emma', 17, '', 0, 0, 0, 38, '2023-08-05 16:19:34', '2025-02-28 05:17:25');
INSERT INTO `chat_messages` (`id`, `message`, `chat_user_id`, `ip`, `time`, `is_first`, `is_read`, `chat_connection_id`, `created_at`, `updated_at`) VALUES (330, 'please submit your this month school fees.', 17, '', 0, 0, 0, 38, '2023-08-05 16:19:35', '2025-02-28 05:17:25');
INSERT INTO `chat_messages` (`id`, `message`, `chat_user_id`, `ip`, `time`, `is_first`, `is_read`, `chat_connection_id`, `created_at`, `updated_at`) VALUES (331, 'Hello Shivam please come to my office for discussion monthly report.', 8, '', 0, 0, 0, 10, '2023-08-05 16:19:44', '2025-02-28 05:17:25');
INSERT INTO `chat_messages` (`id`, `message`, `chat_user_id`, `ip`, `time`, `is_first`, `is_read`, `chat_connection_id`, `created_at`, `updated_at`) VALUES (332, 'Hello Edwards please come to library office .', 2, '', 0, 0, 0, 25, '2023-08-05 16:20:38', '2025-02-28 05:17:25');
INSERT INTO `chat_messages` (`id`, `message`, `chat_user_id`, `ip`, `time`, `is_first`, `is_read`, `chat_connection_id`, `created_at`, `updated_at`) VALUES (333, 'collect your books from school', 2, '', 0, 0, 0, 25, '2023-08-05 16:20:45', '2025-02-28 05:17:25');
INSERT INTO `chat_messages` (`id`, `message`, `chat_user_id`, `ip`, `time`, `is_first`, `is_read`, `chat_connection_id`, `created_at`, `updated_at`) VALUES (334, 'Hello Emma', 17, '', 0, 0, 0, 30, '2023-08-05 16:20:57', '2025-02-28 05:17:25');
INSERT INTO `chat_messages` (`id`, `message`, `chat_user_id`, `ip`, `time`, `is_first`, `is_read`, `chat_connection_id`, `created_at`, `updated_at`) VALUES (335, 'collect your books from school', 17, '', 0, 0, 0, 30, '2023-08-05 16:20:58', '2025-02-28 05:17:25');
INSERT INTO `chat_messages` (`id`, `message`, `chat_user_id`, `ip`, `time`, `is_first`, `is_read`, `chat_connection_id`, `created_at`, `updated_at`) VALUES (336, 'Hello Kriti', 19, '', 0, 0, 0, 44, '2023-08-05 16:21:10', '2025-02-28 05:17:25');
INSERT INTO `chat_messages` (`id`, `message`, `chat_user_id`, `ip`, `time`, `is_first`, `is_read`, `chat_connection_id`, `created_at`, `updated_at`) VALUES (337, 'collect your books from school', 19, '', 0, 0, 0, 44, '2023-08-05 16:21:11', '2025-02-28 05:17:25');
INSERT INTO `chat_messages` (`id`, `message`, `chat_user_id`, `ip`, `time`, `is_first`, `is_read`, `chat_connection_id`, `created_at`, `updated_at`) VALUES (338, 'you are now connected on chat', 24, '', 0, 1, 0, 61, NULL, '2025-02-28 05:17:25');
INSERT INTO `chat_messages` (`id`, `message`, `chat_user_id`, `ip`, `time`, `is_first`, `is_read`, `chat_connection_id`, `created_at`, `updated_at`) VALUES (339, 'HelloSaurabh', 24, '', 0, 0, 0, 61, '2023-08-05 16:21:29', '2025-02-28 05:17:25');
INSERT INTO `chat_messages` (`id`, `message`, `chat_user_id`, `ip`, `time`, `is_first`, `is_read`, `chat_connection_id`, `created_at`, `updated_at`) VALUES (340, 'collect your books from school', 24, '', 0, 0, 0, 61, '2023-08-05 16:21:30', '2025-02-28 05:17:25');
INSERT INTO `chat_messages` (`id`, `message`, `chat_user_id`, `ip`, `time`, `is_first`, `is_read`, `chat_connection_id`, `created_at`, `updated_at`) VALUES (341, 'Hello sir&#44; Happy Teacher&#39;s Day', 7, '', 0, 0, 0, 50, '2023-09-05 17:59:29', '2025-02-28 05:17:25');
INSERT INTO `chat_messages` (`id`, `message`, `chat_user_id`, `ip`, `time`, `is_first`, `is_read`, `chat_connection_id`, `created_at`, `updated_at`) VALUES (342, 'Thank you for making all subjects fun at school&#33;', 7, '', 0, 0, 0, 50, '2023-09-05 17:59:32', '2025-02-28 05:17:25');
INSERT INTO `chat_messages` (`id`, `message`, `chat_user_id`, `ip`, `time`, `is_first`, `is_read`, `chat_connection_id`, `created_at`, `updated_at`) VALUES (343, 'Happy Teacher&#39;s Day', 8, '', 0, 0, 0, 51, '2023-09-05 17:59:43', '2025-02-28 05:17:25');
INSERT INTO `chat_messages` (`id`, `message`, `chat_user_id`, `ip`, `time`, `is_first`, `is_read`, `chat_connection_id`, `created_at`, `updated_at`) VALUES (344, 'Happy Teacher&#39;s Day sir', 8, '', 0, 0, 0, 33, '2023-09-05 18:00:06', '2025-02-28 05:17:25');
INSERT INTO `chat_messages` (`id`, `message`, `chat_user_id`, `ip`, `time`, `is_first`, `is_read`, `chat_connection_id`, `created_at`, `updated_at`) VALUES (345, 'HelloJames please come to school for student health checkup information.', 7, '', 0, 0, 0, 6, '2023-09-06 16:58:34', '2025-02-28 05:17:25');
INSERT INTO `chat_messages` (`id`, `message`, `chat_user_id`, `ip`, `time`, `is_first`, `is_read`, `chat_connection_id`, `created_at`, `updated_at`) VALUES (346, 'Hello shivam please come to school for student health checkup information.', 8, '', 0, 0, 0, 16, '2023-09-06 16:58:51', '2025-02-28 05:17:25');
INSERT INTO `chat_messages` (`id`, `message`, `chat_user_id`, `ip`, `time`, `is_first`, `is_read`, `chat_connection_id`, `created_at`, `updated_at`) VALUES (347, 'Good Morning sir', 6, '', 0, 0, 0, 59, '2023-10-04 11:11:56', '2025-02-28 05:17:25');
INSERT INTO `chat_messages` (`id`, `message`, `chat_user_id`, `ip`, `time`, `is_first`, `is_read`, `chat_connection_id`, `created_at`, `updated_at`) VALUES (348, 'Good Afternoon Sir&#44;', 6, '', 0, 0, 0, 7, '2023-10-04 12:32:28', '2025-02-28 05:17:25');
INSERT INTO `chat_messages` (`id`, `message`, `chat_user_id`, `ip`, `time`, `is_first`, `is_read`, `chat_connection_id`, `created_at`, `updated_at`) VALUES (349, 'please explain me maths last chapter', 6, '', 0, 0, 0, 7, '2023-10-04 12:32:41', '2025-02-28 05:17:25');
INSERT INTO `chat_messages` (`id`, `message`, `chat_user_id`, `ip`, `time`, `is_first`, `is_read`, `chat_connection_id`, `created_at`, `updated_at`) VALUES (350, 'Good Afternoon Sir', 1, '', 0, 0, 0, 1, '2023-10-04 12:32:50', '2025-02-28 05:17:25');
INSERT INTO `chat_messages` (`id`, `message`, `chat_user_id`, `ip`, `time`, `is_first`, `is_read`, `chat_connection_id`, `created_at`, `updated_at`) VALUES (351, 'Thankyou sir', 6, '', 0, 0, 0, 22, '2023-11-01 13:25:56', '2025-02-28 05:17:25');
INSERT INTO `chat_messages` (`id`, `message`, `chat_user_id`, `ip`, `time`, `is_first`, `is_read`, `chat_connection_id`, `created_at`, `updated_at`) VALUES (352, 'Good Afternoon sir', 6, '', 0, 0, 0, 22, '2024-01-04 12:47:18', '2025-02-28 05:17:25');
INSERT INTO `chat_messages` (`id`, `message`, `chat_user_id`, `ip`, `time`, `is_first`, `is_read`, `chat_connection_id`, `created_at`, `updated_at`) VALUES (353, 'Good afternoon sir', 1, '', 0, 0, 0, 1, '2024-01-04 12:53:39', '2025-02-28 05:17:25');
INSERT INTO `chat_messages` (`id`, `message`, `chat_user_id`, `ip`, `time`, `is_first`, `is_read`, `chat_connection_id`, `created_at`, `updated_at`) VALUES (354, 'sir i wanted to talk to you for the marksheet.', 1, '', 0, 0, 0, 1, '2024-01-04 12:53:47', '2025-02-28 05:17:25');
INSERT INTO `chat_messages` (`id`, `message`, `chat_user_id`, `ip`, `time`, `is_first`, `is_read`, `chat_connection_id`, `created_at`, `updated_at`) VALUES (355, 'Hello Sir&#44; Good Evening', 1, '', 0, 0, 0, 1, '2024-02-02 17:34:13', '2025-02-28 05:17:25');
INSERT INTO `chat_messages` (`id`, `message`, `chat_user_id`, `ip`, `time`, `is_first`, `is_read`, `chat_connection_id`, `created_at`, `updated_at`) VALUES (356, 'sir i wanted to talk to you for the marksheet', 1, '', 0, 0, 0, 1, '2024-02-02 17:34:20', '2025-02-28 05:17:25');
INSERT INTO `chat_messages` (`id`, `message`, `chat_user_id`, `ip`, `time`, `is_first`, `is_read`, `chat_connection_id`, `created_at`, `updated_at`) VALUES (357, 'please explain me maths last chapter', 6, '', 0, 0, 0, 7, '2024-02-02 17:34:33', '2025-02-28 05:17:25');
INSERT INTO `chat_messages` (`id`, `message`, `chat_user_id`, `ip`, `time`, `is_first`, `is_read`, `chat_connection_id`, `created_at`, `updated_at`) VALUES (358, 'Hello Good Afternoon sir.', 1, '', 0, 0, 0, 57, '2024-03-02 14:42:06', '2025-02-28 05:17:25');
INSERT INTO `chat_messages` (`id`, `message`, `chat_user_id`, `ip`, `time`, `is_first`, `is_read`, `chat_connection_id`, `created_at`, `updated_at`) VALUES (359, 'Hi Edward &#44;please submit your this month school fees.', 2, '', 0, 0, 0, 8, '2024-04-04 17:49:52', '2025-02-28 05:17:25');
INSERT INTO `chat_messages` (`id`, `message`, `chat_user_id`, `ip`, `time`, `is_first`, `is_read`, `chat_connection_id`, `created_at`, `updated_at`) VALUES (360, 'Hello Robin please submit your homework assignment', 3, '', 0, 0, 0, 14, '2024-04-04 17:51:40', '2025-02-28 05:17:25');
INSERT INTO `chat_messages` (`id`, `message`, `chat_user_id`, `ip`, `time`, `is_first`, `is_read`, `chat_connection_id`, `created_at`, `updated_at`) VALUES (361, 'Good Morning sir&#44;', 1, '', 0, 0, 0, 1, '2024-04-05 11:18:28', '2025-02-28 05:17:25');
INSERT INTO `chat_messages` (`id`, `message`, `chat_user_id`, `ip`, `time`, `is_first`, `is_read`, `chat_connection_id`, `created_at`, `updated_at`) VALUES (362, 'Please give me some details for  new session admission.', 1, '', 0, 0, 0, 1, '2024-04-05 11:19:58', '2025-02-28 05:17:25');
INSERT INTO `chat_messages` (`id`, `message`, `chat_user_id`, `ip`, `time`, `is_first`, `is_read`, `chat_connection_id`, `created_at`, `updated_at`) VALUES (363, 'you are now connected on chat', 1, '', 0, 1, 0, 62, NULL, '2025-02-28 05:17:25');
INSERT INTO `chat_messages` (`id`, `message`, `chat_user_id`, `ip`, `time`, `is_first`, `is_read`, `chat_connection_id`, `created_at`, `updated_at`) VALUES (364, 'Hello Sir &#44; Please send new student admission list.', 1, '', 0, 0, 0, 62, '2024-05-04 18:03:55', '2025-02-28 05:17:25');
INSERT INTO `chat_messages` (`id`, `message`, `chat_user_id`, `ip`, `time`, `is_first`, `is_read`, `chat_connection_id`, `created_at`, `updated_at`) VALUES (365, 'Hello Sir &#44; this year&#8217;s theme would be the green planet and we will celebrate all the young people in the world .', 1, '', 0, 0, 0, 15, '2024-07-02 18:06:54', '2025-02-28 05:17:25');
INSERT INTO `chat_messages` (`id`, `message`, `chat_user_id`, `ip`, `time`, `is_first`, `is_read`, `chat_connection_id`, `created_at`, `updated_at`) VALUES (366, 'Hello Jason please come to my office for discussion monthly report.', 6, '', 0, 0, 0, 32, '2024-07-02 18:07:03', '2025-02-28 05:17:25');
INSERT INTO `chat_messages` (`id`, `message`, `chat_user_id`, `ip`, `time`, `is_first`, `is_read`, `chat_connection_id`, `created_at`, `updated_at`) VALUES (367, 'Hello shivam&#44; please come to my office for discussion monthly report.', 8, '', 0, 0, 0, 31, '2024-07-02 18:07:18', '2025-02-28 05:17:25');
INSERT INTO `chat_messages` (`id`, `message`, `chat_user_id`, `ip`, `time`, `is_first`, `is_read`, `chat_connection_id`, `created_at`, `updated_at`) VALUES (368, 'Hello kriti please attendance classes your &#44; attendance is very low', 19, '', 0, 0, 0, 37, '2024-07-02 18:08:09', '2025-02-28 05:17:25');
INSERT INTO `chat_messages` (`id`, `message`, `chat_user_id`, `ip`, `time`, `is_first`, `is_read`, `chat_connection_id`, `created_at`, `updated_at`) VALUES (369, 'Hello Edwards &#44; please submit your this month school fees.', 2, '', 0, 0, 0, 8, '2024-07-02 18:08:58', '2025-02-28 05:17:25');
INSERT INTO `chat_messages` (`id`, `message`, `chat_user_id`, `ip`, `time`, `is_first`, `is_read`, `chat_connection_id`, `created_at`, `updated_at`) VALUES (370, 'Hello Sir &#44; Please send new student admission list.', 1, '', 0, 0, 0, 62, '2024-07-02 18:09:21', '2025-02-28 05:17:25');
INSERT INTO `chat_messages` (`id`, `message`, `chat_user_id`, `ip`, `time`, `is_first`, `is_read`, `chat_connection_id`, `created_at`, `updated_at`) VALUES (371, 'Hello Kriti please submit your homework assignment.', 19, '', 0, 0, 0, 37, '2024-08-06 18:13:17', '2025-02-28 05:17:25');
INSERT INTO `chat_messages` (`id`, `message`, `chat_user_id`, `ip`, `time`, `is_first`, `is_read`, `chat_connection_id`, `created_at`, `updated_at`) VALUES (372, 'Hello Joe I have suggestion for Independence Day Programme Idea.', 1, '', 0, 0, 0, 15, '2024-08-06 18:13:50', '2025-02-28 05:17:25');
INSERT INTO `chat_messages` (`id`, `message`, `chat_user_id`, `ip`, `time`, `is_first`, `is_read`, `chat_connection_id`, `created_at`, `updated_at`) VALUES (373, 'Hello Jason please come  my office for discussion  Independence day programme.', 6, '', 0, 0, 0, 32, '2024-08-06 18:15:08', '2025-02-28 05:17:25');
INSERT INTO `chat_messages` (`id`, `message`, `chat_user_id`, `ip`, `time`, `is_first`, `is_read`, `chat_connection_id`, `created_at`, `updated_at`) VALUES (374, 'Hello Robin &#44; please submit your assignments.', 3, '', 0, 0, 0, 14, '2024-10-01 15:23:43', '2025-02-28 05:17:25');
INSERT INTO `chat_messages` (`id`, `message`, `chat_user_id`, `ip`, `time`, `is_first`, `is_read`, `chat_connection_id`, `created_at`, `updated_at`) VALUES (375, 'Hello Sir i wanted maths syllabus please share in this group.', 6, '', 0, 0, 0, 7, '2024-10-01 15:26:45', '2025-02-28 05:17:25');
INSERT INTO `chat_messages` (`id`, `message`, `chat_user_id`, `ip`, `time`, `is_first`, `is_read`, `chat_connection_id`, `created_at`, `updated_at`) VALUES (376, 'Hello Sir i wanted maths syllabus please share in this group.', 6, '', 0, 0, 0, 7, '2024-10-01 15:26:45', '2025-02-28 05:17:25');
INSERT INTO `chat_messages` (`id`, `message`, `chat_user_id`, `ip`, `time`, `is_first`, `is_read`, `chat_connection_id`, `created_at`, `updated_at`) VALUES (377, 'Good afternoon sir', 1, '', 0, 0, 0, 1, '2024-10-01 15:27:21', '2025-02-28 05:17:25');
INSERT INTO `chat_messages` (`id`, `message`, `chat_user_id`, `ip`, `time`, `is_first`, `is_read`, `chat_connection_id`, `created_at`, `updated_at`) VALUES (378, 'sir i wanted to talk to you for the marksheet.', 1, '', 0, 0, 0, 1, '2024-10-01 15:27:27', '2025-02-28 05:17:25');
INSERT INTO `chat_messages` (`id`, `message`, `chat_user_id`, `ip`, `time`, `is_first`, `is_read`, `chat_connection_id`, `created_at`, `updated_at`) VALUES (379, 'Good morning sir', 6, '', 0, 0, 0, 22, '2024-11-05 10:05:55', '2025-02-28 05:17:25');
INSERT INTO `chat_messages` (`id`, `message`, `chat_user_id`, `ip`, `time`, `is_first`, `is_read`, `chat_connection_id`, `created_at`, `updated_at`) VALUES (380, 'Wishing you a merry little Christmas and a happy New Year&#33; We love you more than all the presents on Santa&#8217;s sleigh. Thank you for making it feel like Christmas every day.', 7, '', 0, 0, 0, 6, '2024-12-02 10:05:15', '2025-02-28 05:17:25');
INSERT INTO `chat_messages` (`id`, `message`, `chat_user_id`, `ip`, `time`, `is_first`, `is_read`, `chat_connection_id`, `created_at`, `updated_at`) VALUES (381, 'Wishing you a merry little Christmas and a happy New Year&#33; We love you more than all the presents on Santa&#8217;s sleigh. Thank you for making it feel like Christmas every day.', 17, '', 0, 0, 0, 34, '2024-12-02 10:05:24', '2025-02-28 05:17:25');
INSERT INTO `chat_messages` (`id`, `message`, `chat_user_id`, `ip`, `time`, `is_first`, `is_read`, `chat_connection_id`, `created_at`, `updated_at`) VALUES (382, 'Hello Good Evening sir&#44;', 6, '', 0, 0, 0, 59, '2025-01-03 16:51:36', '2025-02-28 05:17:25');


#
# TABLE STRUCTURE FOR: chat_users
#


CREATE TABLE `chat_users` (
  `id` int NOT NULL AUTO_INCREMENT,
  `user_type` varchar(20) DEFAULT NULL,
  `staff_id` int DEFAULT NULL,
  `student_id` int DEFAULT NULL,
  `create_staff_id` int DEFAULT NULL,
  `create_student_id` int DEFAULT NULL,
  `is_active` int DEFAULT '0',
  `created_at` timestamp NOT NULL DEFAULT CURRENT_TIMESTAMP,
  `updated_at` timestamp NOT NULL DEFAULT CURRENT_TIMESTAMP ON UPDATE CURRENT_TIMESTAMP,
  PRIMARY KEY (`id`),
  KEY `staff_id` (`staff_id`),
  KEY `student_id` (`student_id`),
  KEY `create_staff_id` (`create_staff_id`),
  KEY `create_student_id` (`create_student_id`),
  CONSTRAINT `chat_users_ibfk_1` FOREIGN KEY (`staff_id`) REFERENCES `staff` (`id`) ON DELETE CASCADE,
  CONSTRAINT `chat_users_ibfk_2` FOREIGN KEY (`student_id`) REFERENCES `students` (`id`) ON DELETE CASCADE,
  CONSTRAINT `chat_users_ibfk_3` FOREIGN KEY (`create_staff_id`) REFERENCES `staff` (`id`) ON DELETE CASCADE,
  CONSTRAINT `chat_users_ibfk_4` FOREIGN KEY (`create_student_id`) REFERENCES `students` (`id`) ON DELETE CASCADE
) ENGINE=InnoDB AUTO_INCREMENT=25 DEFAULT CHARSET=utf8mb3;

INSERT INTO `chat_users` (`id`, `user_type`, `staff_id`, `student_id`, `create_staff_id`, `create_student_id`, `is_active`, `created_at`, `updated_at`) VALUES (1, 'staff', 1, NULL, NULL, NULL, 0, '2021-04-28 04:45:03', '2025-02-28 05:17:25');
INSERT INTO `chat_users` (`id`, `user_type`, `staff_id`, `student_id`, `create_staff_id`, `create_student_id`, `is_active`, `created_at`, `updated_at`) VALUES (2, 'student', NULL, 1, 1, NULL, 0, '2021-04-28 04:45:03', '2025-02-28 05:17:25');
INSERT INTO `chat_users` (`id`, `user_type`, `staff_id`, `student_id`, `create_staff_id`, `create_student_id`, `is_active`, `created_at`, `updated_at`) VALUES (3, 'student', NULL, 2, 1, NULL, 0, '2021-04-28 04:45:29', '2025-02-28 05:17:25');
INSERT INTO `chat_users` (`id`, `user_type`, `staff_id`, `student_id`, `create_staff_id`, `create_student_id`, `is_active`, `created_at`, `updated_at`) VALUES (4, 'student', NULL, 12, 1, NULL, 0, '2021-04-28 04:48:43', '2025-02-28 05:17:25');
INSERT INTO `chat_users` (`id`, `user_type`, `staff_id`, `student_id`, `create_staff_id`, `create_student_id`, `is_active`, `created_at`, `updated_at`) VALUES (5, 'student', NULL, 3, 1, NULL, 0, '2021-04-28 04:48:51', '2025-02-28 05:17:25');
INSERT INTO `chat_users` (`id`, `user_type`, `staff_id`, `student_id`, `create_staff_id`, `create_student_id`, `is_active`, `created_at`, `updated_at`) VALUES (6, 'staff', 5, NULL, 1, NULL, 0, '2021-04-28 04:49:42', '2025-02-28 05:17:25');
INSERT INTO `chat_users` (`id`, `user_type`, `staff_id`, `student_id`, `create_staff_id`, `create_student_id`, `is_active`, `created_at`, `updated_at`) VALUES (7, 'staff', 6, NULL, 1, NULL, 0, '2021-04-28 04:49:49', '2025-02-28 05:17:25');
INSERT INTO `chat_users` (`id`, `user_type`, `staff_id`, `student_id`, `create_staff_id`, `create_student_id`, `is_active`, `created_at`, `updated_at`) VALUES (8, 'staff', 2, NULL, 6, NULL, 0, '2021-10-05 12:27:38', '2025-02-28 05:17:25');
INSERT INTO `chat_users` (`id`, `user_type`, `staff_id`, `student_id`, `create_staff_id`, `create_student_id`, `is_active`, `created_at`, `updated_at`) VALUES (9, 'staff', 7, NULL, NULL, NULL, 0, '2021-11-02 09:53:59', '2025-02-28 05:17:25');
INSERT INTO `chat_users` (`id`, `user_type`, `staff_id`, `student_id`, `create_staff_id`, `create_student_id`, `is_active`, `created_at`, `updated_at`) VALUES (10, 'student', NULL, 13, 1, NULL, 0, '2021-12-02 09:29:26', '2025-02-28 05:17:25');
INSERT INTO `chat_users` (`id`, `user_type`, `staff_id`, `student_id`, `create_staff_id`, `create_student_id`, `is_active`, `created_at`, `updated_at`) VALUES (11, 'staff', 4, NULL, 1, NULL, 0, '2022-01-05 09:35:29', '2025-02-28 05:17:25');
INSERT INTO `chat_users` (`id`, `user_type`, `staff_id`, `student_id`, `create_staff_id`, `create_student_id`, `is_active`, `created_at`, `updated_at`) VALUES (12, 'staff', 3, NULL, NULL, NULL, 0, '2022-02-01 12:42:12', '2025-02-28 05:17:25');
INSERT INTO `chat_users` (`id`, `user_type`, `staff_id`, `student_id`, `create_staff_id`, `create_student_id`, `is_active`, `created_at`, `updated_at`) VALUES (13, 'student', NULL, 22, 1, NULL, 0, '2022-04-02 08:27:30', '2025-02-28 05:17:25');
INSERT INTO `chat_users` (`id`, `user_type`, `staff_id`, `student_id`, `create_staff_id`, `create_student_id`, `is_active`, `created_at`, `updated_at`) VALUES (14, 'student', NULL, 31, 1, NULL, 0, '2022-05-02 12:30:17', '2025-02-28 05:17:25');
INSERT INTO `chat_users` (`id`, `user_type`, `staff_id`, `student_id`, `create_staff_id`, `create_student_id`, `is_active`, `created_at`, `updated_at`) VALUES (15, 'student', NULL, 25, 1, NULL, 0, '2022-07-02 06:08:52', '2025-02-28 05:17:25');
INSERT INTO `chat_users` (`id`, `user_type`, `staff_id`, `student_id`, `create_staff_id`, `create_student_id`, `is_active`, `created_at`, `updated_at`) VALUES (16, 'student', NULL, 10, 5, NULL, 0, '2022-07-04 07:04:14', '2025-02-28 05:17:25');
INSERT INTO `chat_users` (`id`, `user_type`, `staff_id`, `student_id`, `create_staff_id`, `create_student_id`, `is_active`, `created_at`, `updated_at`) VALUES (17, 'student', NULL, 9, 3, NULL, 0, '2022-08-01 12:18:53', '2025-02-28 05:17:25');
INSERT INTO `chat_users` (`id`, `user_type`, `staff_id`, `student_id`, `create_staff_id`, `create_student_id`, `is_active`, `created_at`, `updated_at`) VALUES (18, 'student', NULL, 14, NULL, NULL, 0, '2022-08-01 12:37:18', '2025-02-28 05:17:25');
INSERT INTO `chat_users` (`id`, `user_type`, `staff_id`, `student_id`, `create_staff_id`, `create_student_id`, `is_active`, `created_at`, `updated_at`) VALUES (19, 'student', NULL, 11, NULL, NULL, 0, '2022-09-01 09:59:45', '2025-02-28 05:17:25');
INSERT INTO `chat_users` (`id`, `user_type`, `staff_id`, `student_id`, `create_staff_id`, `create_student_id`, `is_active`, `created_at`, `updated_at`) VALUES (20, 'student', NULL, 7, 2, NULL, 0, '2022-09-02 06:17:46', '2025-02-28 05:17:25');
INSERT INTO `chat_users` (`id`, `user_type`, `staff_id`, `student_id`, `create_staff_id`, `create_student_id`, `is_active`, `created_at`, `updated_at`) VALUES (21, 'student', NULL, 19, 3, NULL, 0, '2022-09-02 06:20:35', '2025-02-28 05:17:25');
INSERT INTO `chat_users` (`id`, `user_type`, `staff_id`, `student_id`, `create_staff_id`, `create_student_id`, `is_active`, `created_at`, `updated_at`) VALUES (22, 'student', NULL, 20, NULL, NULL, 0, '2022-10-03 11:10:07', '2025-02-28 05:17:25');
INSERT INTO `chat_users` (`id`, `user_type`, `staff_id`, `student_id`, `create_staff_id`, `create_student_id`, `is_active`, `created_at`, `updated_at`) VALUES (23, 'student', NULL, 4, NULL, NULL, 0, '2022-12-03 06:51:52', '2025-02-28 05:17:25');
INSERT INTO `chat_users` (`id`, `user_type`, `staff_id`, `student_id`, `create_staff_id`, `create_student_id`, `is_active`, `created_at`, `updated_at`) VALUES (24, 'student', NULL, 47, 3, NULL, 0, '2023-08-05 10:51:22', '2025-02-28 05:17:25');


#
# TABLE STRUCTURE FOR: class_section_times
#


CREATE TABLE `class_section_times` (
  `id` int NOT NULL AUTO_INCREMENT,
  `class_section_id` int DEFAULT NULL,
  `time` time DEFAULT NULL,
  `created_at` timestamp NOT NULL DEFAULT CURRENT_TIMESTAMP,
  `updated_at` timestamp NOT NULL DEFAULT CURRENT_TIMESTAMP ON UPDATE CURRENT_TIMESTAMP,
  PRIMARY KEY (`id`),
  KEY `class_section_id` (`class_section_id`),
  CONSTRAINT `class_section_times_ibfk_1` FOREIGN KEY (`class_section_id`) REFERENCES `class_sections` (`id`) ON DELETE CASCADE
) ENGINE=InnoDB DEFAULT CHARSET=utf8mb3;

#
# TABLE STRUCTURE FOR: class_sections
#


CREATE TABLE `class_sections` (
  `id` int NOT NULL AUTO_INCREMENT,
  `class_id` int DEFAULT NULL,
  `section_id` int DEFAULT NULL,
  `is_active` varchar(255) DEFAULT 'no',
  `created_at` timestamp NOT NULL DEFAULT CURRENT_TIMESTAMP,
  `updated_at` timestamp NOT NULL DEFAULT CURRENT_TIMESTAMP ON UPDATE CURRENT_TIMESTAMP,
  PRIMARY KEY (`id`),
  KEY `class_id` (`class_id`),
  KEY `section_id` (`section_id`),
  CONSTRAINT `class_sections_ibfk_1` FOREIGN KEY (`class_id`) REFERENCES `classes` (`id`) ON DELETE CASCADE,
  CONSTRAINT `class_sections_ibfk_2` FOREIGN KEY (`section_id`) REFERENCES `sections` (`id`) ON DELETE CASCADE
) ENGINE=InnoDB AUTO_INCREMENT=22 DEFAULT CHARSET=utf8mb3;

INSERT INTO `class_sections` (`id`, `class_id`, `section_id`, `is_active`, `created_at`, `updated_at`) VALUES (1, 1, 1, 'no', '2021-03-22 11:46:51', '2025-02-28 05:17:25');
INSERT INTO `class_sections` (`id`, `class_id`, `section_id`, `is_active`, `created_at`, `updated_at`) VALUES (2, 1, 2, 'no', '2021-03-22 11:46:57', '2025-02-28 05:17:25');
INSERT INTO `class_sections` (`id`, `class_id`, `section_id`, `is_active`, `created_at`, `updated_at`) VALUES (3, 1, 3, 'no', '2021-03-22 11:46:57', '2025-02-28 05:17:25');
INSERT INTO `class_sections` (`id`, `class_id`, `section_id`, `is_active`, `created_at`, `updated_at`) VALUES (4, 2, 1, 'no', '2021-03-22 11:47:08', '2025-02-28 05:17:25');
INSERT INTO `class_sections` (`id`, `class_id`, `section_id`, `is_active`, `created_at`, `updated_at`) VALUES (5, 2, 2, 'no', '2021-03-22 11:47:08', '2025-02-28 05:17:25');
INSERT INTO `class_sections` (`id`, `class_id`, `section_id`, `is_active`, `created_at`, `updated_at`) VALUES (6, 2, 3, 'no', '2021-03-22 11:47:08', '2025-02-28 05:17:25');
INSERT INTO `class_sections` (`id`, `class_id`, `section_id`, `is_active`, `created_at`, `updated_at`) VALUES (7, 3, 1, 'no', '2021-03-23 08:40:56', '2025-02-28 05:17:25');
INSERT INTO `class_sections` (`id`, `class_id`, `section_id`, `is_active`, `created_at`, `updated_at`) VALUES (8, 3, 2, 'no', '2021-03-23 08:40:56', '2025-02-28 05:17:25');
INSERT INTO `class_sections` (`id`, `class_id`, `section_id`, `is_active`, `created_at`, `updated_at`) VALUES (9, 4, 1, 'no', '2022-03-29 04:22:40', '2025-02-28 05:17:25');
INSERT INTO `class_sections` (`id`, `class_id`, `section_id`, `is_active`, `created_at`, `updated_at`) VALUES (10, 4, 2, 'no', '2022-03-29 04:22:40', '2025-02-28 05:17:25');
INSERT INTO `class_sections` (`id`, `class_id`, `section_id`, `is_active`, `created_at`, `updated_at`) VALUES (11, 4, 3, 'no', '2022-03-29 04:22:40', '2025-02-28 05:17:25');
INSERT INTO `class_sections` (`id`, `class_id`, `section_id`, `is_active`, `created_at`, `updated_at`) VALUES (12, 1, 4, 'no', '2023-03-29 05:26:14', '2025-02-28 05:17:25');
INSERT INTO `class_sections` (`id`, `class_id`, `section_id`, `is_active`, `created_at`, `updated_at`) VALUES (13, 2, 4, 'no', '2023-03-29 05:26:19', '2025-02-28 05:17:25');
INSERT INTO `class_sections` (`id`, `class_id`, `section_id`, `is_active`, `created_at`, `updated_at`) VALUES (14, 3, 3, 'no', '2023-03-29 05:26:26', '2025-02-28 05:17:25');
INSERT INTO `class_sections` (`id`, `class_id`, `section_id`, `is_active`, `created_at`, `updated_at`) VALUES (15, 3, 4, 'no', '2023-03-29 05:26:26', '2025-02-28 05:17:25');
INSERT INTO `class_sections` (`id`, `class_id`, `section_id`, `is_active`, `created_at`, `updated_at`) VALUES (16, 4, 4, 'no', '2023-03-29 05:26:30', '2025-02-28 05:17:25');
INSERT INTO `class_sections` (`id`, `class_id`, `section_id`, `is_active`, `created_at`, `updated_at`) VALUES (17, 5, 1, 'no', '2024-02-02 08:18:00', '2025-02-28 05:17:25');
INSERT INTO `class_sections` (`id`, `class_id`, `section_id`, `is_active`, `created_at`, `updated_at`) VALUES (18, 5, 2, 'no', '2024-02-02 08:18:00', '2025-02-28 05:17:25');
INSERT INTO `class_sections` (`id`, `class_id`, `section_id`, `is_active`, `created_at`, `updated_at`) VALUES (19, 5, 3, 'no', '2024-02-02 08:18:00', '2025-02-28 05:17:25');
INSERT INTO `class_sections` (`id`, `class_id`, `section_id`, `is_active`, `created_at`, `updated_at`) VALUES (20, 5, 4, 'no', '2024-02-02 08:18:00', '2025-02-28 05:17:25');


#
# TABLE STRUCTURE FOR: class_teacher
#


CREATE TABLE `class_teacher` (
  `id` int NOT NULL AUTO_INCREMENT,
  `session_id` int NOT NULL,
  `class_id` int NOT NULL,
  `section_id` int NOT NULL,
  `staff_id` int NOT NULL,
  PRIMARY KEY (`id`),
  KEY `class_id` (`class_id`),
  KEY `section_id` (`section_id`),
  KEY `session_id` (`session_id`),
  KEY `staff_id` (`staff_id`),
  CONSTRAINT `class_teacher_ibfk_1` FOREIGN KEY (`class_id`) REFERENCES `classes` (`id`) ON DELETE CASCADE,
  CONSTRAINT `class_teacher_ibfk_2` FOREIGN KEY (`section_id`) REFERENCES `sections` (`id`) ON DELETE CASCADE,
  CONSTRAINT `class_teacher_ibfk_3` FOREIGN KEY (`session_id`) REFERENCES `sessions` (`id`) ON DELETE CASCADE,
  CONSTRAINT `class_teacher_ibfk_4` FOREIGN KEY (`staff_id`) REFERENCES `staff` (`id`) ON DELETE CASCADE
) ENGINE=InnoDB AUTO_INCREMENT=40 DEFAULT CHARSET=utf8mb3;

INSERT INTO `class_teacher` (`id`, `session_id`, `class_id`, `section_id`, `staff_id`) VALUES (1, 16, 1, 1, 2);
INSERT INTO `class_teacher` (`id`, `session_id`, `class_id`, `section_id`, `staff_id`) VALUES (2, 16, 1, 1, 5);
INSERT INTO `class_teacher` (`id`, `session_id`, `class_id`, `section_id`, `staff_id`) VALUES (4, 16, 1, 2, 2);
INSERT INTO `class_teacher` (`id`, `session_id`, `class_id`, `section_id`, `staff_id`) VALUES (5, 16, 2, 2, 2);
INSERT INTO `class_teacher` (`id`, `session_id`, `class_id`, `section_id`, `staff_id`) VALUES (6, 16, 2, 2, 5);
INSERT INTO `class_teacher` (`id`, `session_id`, `class_id`, `section_id`, `staff_id`) VALUES (7, 18, 1, 1, 2);
INSERT INTO `class_teacher` (`id`, `session_id`, `class_id`, `section_id`, `staff_id`) VALUES (8, 18, 1, 1, 5);
INSERT INTO `class_teacher` (`id`, `session_id`, `class_id`, `section_id`, `staff_id`) VALUES (9, 18, 1, 2, 2);
INSERT INTO `class_teacher` (`id`, `session_id`, `class_id`, `section_id`, `staff_id`) VALUES (10, 18, 1, 2, 5);
INSERT INTO `class_teacher` (`id`, `session_id`, `class_id`, `section_id`, `staff_id`) VALUES (11, 18, 1, 3, 2);
INSERT INTO `class_teacher` (`id`, `session_id`, `class_id`, `section_id`, `staff_id`) VALUES (12, 18, 1, 3, 5);
INSERT INTO `class_teacher` (`id`, `session_id`, `class_id`, `section_id`, `staff_id`) VALUES (14, 18, 2, 1, 5);
INSERT INTO `class_teacher` (`id`, `session_id`, `class_id`, `section_id`, `staff_id`) VALUES (15, 18, 2, 2, 2);
INSERT INTO `class_teacher` (`id`, `session_id`, `class_id`, `section_id`, `staff_id`) VALUES (16, 18, 2, 2, 5);
INSERT INTO `class_teacher` (`id`, `session_id`, `class_id`, `section_id`, `staff_id`) VALUES (17, 18, 2, 3, 2);
INSERT INTO `class_teacher` (`id`, `session_id`, `class_id`, `section_id`, `staff_id`) VALUES (18, 18, 2, 3, 5);
INSERT INTO `class_teacher` (`id`, `session_id`, `class_id`, `section_id`, `staff_id`) VALUES (19, 18, 3, 1, 2);
INSERT INTO `class_teacher` (`id`, `session_id`, `class_id`, `section_id`, `staff_id`) VALUES (20, 18, 3, 1, 5);
INSERT INTO `class_teacher` (`id`, `session_id`, `class_id`, `section_id`, `staff_id`) VALUES (21, 18, 3, 2, 2);
INSERT INTO `class_teacher` (`id`, `session_id`, `class_id`, `section_id`, `staff_id`) VALUES (22, 18, 3, 2, 5);
INSERT INTO `class_teacher` (`id`, `session_id`, `class_id`, `section_id`, `staff_id`) VALUES (23, 18, 4, 1, 2);
INSERT INTO `class_teacher` (`id`, `session_id`, `class_id`, `section_id`, `staff_id`) VALUES (24, 18, 4, 1, 5);
INSERT INTO `class_teacher` (`id`, `session_id`, `class_id`, `section_id`, `staff_id`) VALUES (26, 19, 3, 1, 5);
INSERT INTO `class_teacher` (`id`, `session_id`, `class_id`, `section_id`, `staff_id`) VALUES (28, 20, 4, 1, 5);
INSERT INTO `class_teacher` (`id`, `session_id`, `class_id`, `section_id`, `staff_id`) VALUES (29, 20, 1, 1, 2);
INSERT INTO `class_teacher` (`id`, `session_id`, `class_id`, `section_id`, `staff_id`) VALUES (32, 20, 2, 1, 5);
INSERT INTO `class_teacher` (`id`, `session_id`, `class_id`, `section_id`, `staff_id`) VALUES (33, 20, 3, 1, 5);
INSERT INTO `class_teacher` (`id`, `session_id`, `class_id`, `section_id`, `staff_id`) VALUES (35, 20, 5, 1, 2);
INSERT INTO `class_teacher` (`id`, `session_id`, `class_id`, `section_id`, `staff_id`) VALUES (36, 20, 4, 2, 2);
INSERT INTO `class_teacher` (`id`, `session_id`, `class_id`, `section_id`, `staff_id`) VALUES (37, 20, 2, 1, 2);
INSERT INTO `class_teacher` (`id`, `session_id`, `class_id`, `section_id`, `staff_id`) VALUES (39, 20, 5, 4, 11);


#
# TABLE STRUCTURE FOR: classes
#

