
CREATE TABLE `homework_evaluation` (
  `id` int NOT NULL AUTO_INCREMENT,
  `homework_id` int NOT NULL,
  `student_id` int DEFAULT NULL,
  `student_session_id` int DEFAULT NULL,
  `marks` float(10,2) DEFAULT NULL,
  `note` varchar(255) NOT NULL,
  `date` date NOT NULL,
  `status` varchar(100) NOT NULL,
  `created_at` timestamp NOT NULL DEFAULT CURRENT_TIMESTAMP,
  `updated_at` timestamp NOT NULL DEFAULT CURRENT_TIMESTAMP ON UPDATE CURRENT_TIMESTAMP,
  PRIMARY KEY (`id`),
  KEY `homework_id` (`homework_id`),
  KEY `student_id` (`student_id`),
  KEY `student_session_id` (`student_session_id`),
  CONSTRAINT `homework_evaluation_ibfk_1` FOREIGN KEY (`homework_id`) REFERENCES `homework` (`id`) ON DELETE CASCADE,
  CONSTRAINT `homework_evaluation_ibfk_2` FOREIGN KEY (`student_id`) REFERENCES `students` (`id`) ON DELETE CASCADE,
  CONSTRAINT `homework_evaluation_ibfk_3` FOREIGN KEY (`student_session_id`) REFERENCES `student_session` (`id`) ON DELETE CASCADE
) ENGINE=InnoDB AUTO_INCREMENT=323 DEFAULT CHARSET=utf8mb3;

INSERT INTO `homework_evaluation` (`id`, `homework_id`, `student_id`, `student_session_id`, `marks`, `note`, `date`, `status`, `created_at`, `updated_at`) VALUES (69, 96, NULL, 40, NULL, '', '0000-00-00', 'Complete', '2023-01-18 06:07:18', '2025-02-28 05:17:29');
INSERT INTO `homework_evaluation` (`id`, `homework_id`, `student_id`, `student_session_id`, `marks`, `note`, `date`, `status`, `created_at`, `updated_at`) VALUES (70, 106, NULL, 44, NULL, '', '0000-00-00', 'Complete', '2023-01-18 06:07:18', '2025-02-28 05:17:29');
INSERT INTO `homework_evaluation` (`id`, `homework_id`, `student_id`, `student_session_id`, `marks`, `note`, `date`, `status`, `created_at`, `updated_at`) VALUES (72, 112, NULL, 50, NULL, '', '0000-00-00', 'Complete', '2023-01-18 06:07:18', '2025-02-28 05:17:29');
INSERT INTO `homework_evaluation` (`id`, `homework_id`, `student_id`, `student_session_id`, `marks`, `note`, `date`, `status`, `created_at`, `updated_at`) VALUES (73, 112, NULL, 48, NULL, '', '0000-00-00', 'Complete', '2023-01-18 06:07:18', '2025-02-28 05:17:29');
INSERT INTO `homework_evaluation` (`id`, `homework_id`, `student_id`, `student_session_id`, `marks`, `note`, `date`, `status`, `created_at`, `updated_at`) VALUES (74, 108, NULL, 44, NULL, '', '0000-00-00', 'Complete', '2023-01-18 06:07:18', '2025-02-28 05:17:29');
INSERT INTO `homework_evaluation` (`id`, `homework_id`, `student_id`, `student_session_id`, `marks`, `note`, `date`, `status`, `created_at`, `updated_at`) VALUES (75, 103, NULL, 43, NULL, '', '0000-00-00', 'Complete', '2023-01-18 06:07:18', '2025-02-28 05:17:29');
INSERT INTO `homework_evaluation` (`id`, `homework_id`, `student_id`, `student_session_id`, `marks`, `note`, `date`, `status`, `created_at`, `updated_at`) VALUES (76, 96, NULL, 42, NULL, '', '0000-00-00', 'Complete', '2023-01-18 06:07:18', '2025-02-28 05:17:29');
INSERT INTO `homework_evaluation` (`id`, `homework_id`, `student_id`, `student_session_id`, `marks`, `note`, `date`, `status`, `created_at`, `updated_at`) VALUES (77, 96, NULL, 41, NULL, '', '0000-00-00', 'Complete', '2023-01-18 06:07:18', '2025-02-28 05:17:29');
INSERT INTO `homework_evaluation` (`id`, `homework_id`, `student_id`, `student_session_id`, `marks`, `note`, `date`, `status`, `created_at`, `updated_at`) VALUES (78, 96, NULL, 39, NULL, '', '0000-00-00', 'Complete', '2023-01-18 06:07:18', '2025-02-28 05:17:29');
INSERT INTO `homework_evaluation` (`id`, `homework_id`, `student_id`, `student_session_id`, `marks`, `note`, `date`, `status`, `created_at`, `updated_at`) VALUES (79, 96, NULL, 31, NULL, '', '0000-00-00', 'Complete', '2023-01-18 06:07:18', '2025-02-28 05:17:29');
INSERT INTO `homework_evaluation` (`id`, `homework_id`, `student_id`, `student_session_id`, `marks`, `note`, `date`, `status`, `created_at`, `updated_at`) VALUES (80, 96, NULL, 30, NULL, '', '0000-00-00', 'Complete', '2023-01-18 06:07:18', '2025-02-28 05:17:29');
INSERT INTO `homework_evaluation` (`id`, `homework_id`, `student_id`, `student_session_id`, `marks`, `note`, `date`, `status`, `created_at`, `updated_at`) VALUES (81, 96, NULL, 26, NULL, '', '0000-00-00', 'Complete', '2023-01-18 06:07:18', '2025-02-28 05:17:29');
INSERT INTO `homework_evaluation` (`id`, `homework_id`, `student_id`, `student_session_id`, `marks`, `note`, `date`, `status`, `created_at`, `updated_at`) VALUES (97, 216, NULL, 46, NULL, '', '0000-00-00', 'Complete', '2023-01-18 06:07:18', '2025-02-28 05:17:29');
INSERT INTO `homework_evaluation` (`id`, `homework_id`, `student_id`, `student_session_id`, `marks`, `note`, `date`, `status`, `created_at`, `updated_at`) VALUES (98, 216, NULL, 45, NULL, '', '0000-00-00', 'Complete', '2023-01-18 06:07:18', '2025-02-28 05:17:29');
INSERT INTO `homework_evaluation` (`id`, `homework_id`, `student_id`, `student_session_id`, `marks`, `note`, `date`, `status`, `created_at`, `updated_at`) VALUES (99, 216, NULL, 44, NULL, '', '0000-00-00', 'Complete', '2023-01-18 06:07:18', '2025-02-28 05:17:29');
INSERT INTO `homework_evaluation` (`id`, `homework_id`, `student_id`, `student_session_id`, `marks`, `note`, `date`, `status`, `created_at`, `updated_at`) VALUES (131, 207, NULL, 67, NULL, '', '0000-00-00', 'Complete', '2023-01-18 06:07:18', '2025-02-28 05:17:29');
INSERT INTO `homework_evaluation` (`id`, `homework_id`, `student_id`, `student_session_id`, `marks`, `note`, `date`, `status`, `created_at`, `updated_at`) VALUES (132, 207, NULL, 50, NULL, '', '0000-00-00', 'Complete', '2023-01-18 06:07:18', '2025-02-28 05:17:29');
INSERT INTO `homework_evaluation` (`id`, `homework_id`, `student_id`, `student_session_id`, `marks`, `note`, `date`, `status`, `created_at`, `updated_at`) VALUES (133, 207, NULL, 48, NULL, '', '0000-00-00', 'Complete', '2023-01-18 06:07:18', '2025-02-28 05:17:29');
INSERT INTO `homework_evaluation` (`id`, `homework_id`, `student_id`, `student_session_id`, `marks`, `note`, `date`, `status`, `created_at`, `updated_at`) VALUES (137, 206, NULL, 47, NULL, '', '0000-00-00', 'Complete', '2023-01-18 06:07:18', '2025-02-28 05:17:29');
INSERT INTO `homework_evaluation` (`id`, `homework_id`, `student_id`, `student_session_id`, `marks`, `note`, `date`, `status`, `created_at`, `updated_at`) VALUES (162, 290, 1, 26, '20.00', 'remark', '2023-03-13', 'Complete', '2023-03-13 13:05:53', '2025-02-28 05:17:29');
INSERT INTO `homework_evaluation` (`id`, `homework_id`, `student_id`, `student_session_id`, `marks`, `note`, `date`, `status`, `created_at`, `updated_at`) VALUES (225, 459, 10, 94, '35.00', 'Good', '2023-12-21', 'Complete', '2023-12-04 12:18:52', '2025-02-28 05:17:29');
INSERT INTO `homework_evaluation` (`id`, `homework_id`, `student_id`, `student_session_id`, `marks`, `note`, `date`, `status`, `created_at`, `updated_at`) VALUES (226, 459, 1, 88, '40.00', 'Good', '2023-12-21', 'Complete', '2023-12-04 12:18:52', '2025-02-28 05:17:29');
INSERT INTO `homework_evaluation` (`id`, `homework_id`, `student_id`, `student_session_id`, `marks`, `note`, `date`, `status`, `created_at`, `updated_at`) VALUES (227, 475, 7, 92, '35.00', 'Good', '2024-01-04', 'Complete', '2024-01-04 12:44:42', '2025-02-28 05:17:29');
INSERT INTO `homework_evaluation` (`id`, `homework_id`, `student_id`, `student_session_id`, `marks`, `note`, `date`, `status`, `created_at`, `updated_at`) VALUES (228, 475, 2, 89, '30.00', 'Good', '2024-01-04', 'Complete', '2024-01-04 12:44:42', '2025-02-28 05:17:29');
INSERT INTO `homework_evaluation` (`id`, `homework_id`, `student_id`, `student_session_id`, `marks`, `note`, `date`, `status`, `created_at`, `updated_at`) VALUES (229, 475, 1, 88, '40.00', 'Very Good', '2024-01-04', 'Complete', '2024-01-04 12:44:42', '2025-02-28 05:17:29');
INSERT INTO `homework_evaluation` (`id`, `homework_id`, `student_id`, `student_session_id`, `marks`, `note`, `date`, `status`, `created_at`, `updated_at`) VALUES (230, 476, 2, 89, '20.00', 'Good', '2024-01-04', 'Complete', '2024-01-04 12:44:19', '2025-02-28 05:17:29');
INSERT INTO `homework_evaluation` (`id`, `homework_id`, `student_id`, `student_session_id`, `marks`, `note`, `date`, `status`, `created_at`, `updated_at`) VALUES (231, 476, 1, 88, '25.00', 'Very Good', '2024-01-04', 'Complete', '2024-01-04 12:44:19', '2025-02-28 05:17:29');
INSERT INTO `homework_evaluation` (`id`, `homework_id`, `student_id`, `student_session_id`, `marks`, `note`, `date`, `status`, `created_at`, `updated_at`) VALUES (232, 527, 1, 88, '45.00', 'Very Good', '2024-02-05', 'Complete', '2024-02-03 05:53:22', '2025-02-28 05:17:29');
INSERT INTO `homework_evaluation` (`id`, `homework_id`, `student_id`, `student_session_id`, `marks`, `note`, `date`, `status`, `created_at`, `updated_at`) VALUES (233, 527, 2, 89, '30.00', 'Good', '2024-02-05', 'Complete', '2024-02-03 05:54:06', '2025-02-28 05:17:29');
INSERT INTO `homework_evaluation` (`id`, `homework_id`, `student_id`, `student_session_id`, `marks`, `note`, `date`, `status`, `created_at`, `updated_at`) VALUES (234, 527, 18, 98, '30.00', 'Good', '2024-02-05', 'Complete', '2024-02-03 06:00:01', '2025-02-28 05:17:29');
INSERT INTO `homework_evaluation` (`id`, `homework_id`, `student_id`, `student_session_id`, `marks`, `note`, `date`, `status`, `created_at`, `updated_at`) VALUES (235, 527, 10, 94, '35.00', 'Keep Hard Working', '2024-02-05', 'Complete', '2024-02-03 06:00:01', '2025-02-28 05:17:29');
INSERT INTO `homework_evaluation` (`id`, `homework_id`, `student_id`, `student_session_id`, `marks`, `note`, `date`, `status`, `created_at`, `updated_at`) VALUES (236, 529, 1, 88, '35.00', '', '2024-03-04', 'Complete', '2024-03-04 06:13:35', '2025-02-28 05:17:29');
INSERT INTO `homework_evaluation` (`id`, `homework_id`, `student_id`, `student_session_id`, `marks`, `note`, `date`, `status`, `created_at`, `updated_at`) VALUES (247, 551, 2, 153, '25.00', '', '2024-04-03', 'Complete', '2024-04-04 04:35:36', '2025-02-28 05:17:29');
INSERT INTO `homework_evaluation` (`id`, `homework_id`, `student_id`, `student_session_id`, `marks`, `note`, `date`, `status`, `created_at`, `updated_at`) VALUES (248, 551, 1, 152, '35.00', '', '2024-04-03', 'Complete', '2024-04-04 04:35:36', '2025-02-28 05:17:29');
INSERT INTO `homework_evaluation` (`id`, `homework_id`, `student_id`, `student_session_id`, `marks`, `note`, `date`, `status`, `created_at`, `updated_at`) VALUES (249, 550, 71, 166, '25.00', '', '2024-04-03', 'Complete', '2024-04-04 04:35:13', '2025-02-28 05:17:29');
INSERT INTO `homework_evaluation` (`id`, `homework_id`, `student_id`, `student_session_id`, `marks`, `note`, `date`, `status`, `created_at`, `updated_at`) VALUES (250, 550, 15, 158, '30.00', '', '2024-04-03', 'Complete', '2024-04-04 04:35:13', '2025-02-28 05:17:29');
INSERT INTO `homework_evaluation` (`id`, `homework_id`, `student_id`, `student_session_id`, `marks`, `note`, `date`, `status`, `created_at`, `updated_at`) VALUES (251, 550, 7, 155, '25.00', '', '2024-04-03', 'Complete', '2024-04-04 04:35:13', '2025-02-28 05:17:29');
INSERT INTO `homework_evaluation` (`id`, `homework_id`, `student_id`, `student_session_id`, `marks`, `note`, `date`, `status`, `created_at`, `updated_at`) VALUES (254, 549, 71, 166, '20.00', '', '2024-04-19', 'Complete', '2024-04-04 04:35:03', '2025-02-28 05:17:29');
INSERT INTO `homework_evaluation` (`id`, `homework_id`, `student_id`, `student_session_id`, `marks`, `note`, `date`, `status`, `created_at`, `updated_at`) VALUES (255, 549, 15, 158, '25.00', '', '2024-04-19', 'Complete', '2024-04-04 04:35:03', '2025-02-28 05:17:29');
INSERT INTO `homework_evaluation` (`id`, `homework_id`, `student_id`, `student_session_id`, `marks`, `note`, `date`, `status`, `created_at`, `updated_at`) VALUES (256, 549, 7, 155, '35.00', '', '2024-04-19', 'Complete', '2024-04-04 04:35:03', '2025-02-28 05:17:29');
INSERT INTO `homework_evaluation` (`id`, `homework_id`, `student_id`, `student_session_id`, `marks`, `note`, `date`, `status`, `created_at`, `updated_at`) VALUES (257, 549, 2, 153, '30.00', '', '2024-04-19', 'Complete', '2024-04-04 04:35:03', '2025-02-28 05:17:29');
INSERT INTO `homework_evaluation` (`id`, `homework_id`, `student_id`, `student_session_id`, `marks`, `note`, `date`, `status`, `created_at`, `updated_at`) VALUES (258, 549, 1, 152, '37.00', '', '2024-04-19', 'Complete', '2024-04-04 04:35:03', '2025-02-28 05:17:29');
INSERT INTO `homework_evaluation` (`id`, `homework_id`, `student_id`, `student_session_id`, `marks`, `note`, `date`, `status`, `created_at`, `updated_at`) VALUES (259, 548, 71, 166, '35.00', ' Good', '2024-04-25', 'Complete', '2024-04-04 04:34:38', '2025-02-28 05:17:29');
INSERT INTO `homework_evaluation` (`id`, `homework_id`, `student_id`, `student_session_id`, `marks`, `note`, `date`, `status`, `created_at`, `updated_at`) VALUES (260, 548, 15, 158, '30.00', ' Good', '2024-04-25', 'Complete', '2024-04-04 04:34:38', '2025-02-28 05:17:29');
INSERT INTO `homework_evaluation` (`id`, `homework_id`, `student_id`, `student_session_id`, `marks`, `note`, `date`, `status`, `created_at`, `updated_at`) VALUES (261, 548, 7, 155, '30.00', '', '2024-04-25', 'Complete', '2024-04-04 04:34:38', '2025-02-28 05:17:29');
INSERT INTO `homework_evaluation` (`id`, `homework_id`, `student_id`, `student_session_id`, `marks`, `note`, `date`, `status`, `created_at`, `updated_at`) VALUES (262, 548, 2, 153, '20.00', '', '2024-04-25', 'Complete', '2024-04-04 04:34:38', '2025-02-28 05:17:29');
INSERT INTO `homework_evaluation` (`id`, `homework_id`, `student_id`, `student_session_id`, `marks`, `note`, `date`, `status`, `created_at`, `updated_at`) VALUES (264, 547, 71, 166, '25.00', '', '2024-04-30', 'Complete', '2024-04-04 04:34:14', '2025-02-28 05:17:29');
INSERT INTO `homework_evaluation` (`id`, `homework_id`, `student_id`, `student_session_id`, `marks`, `note`, `date`, `status`, `created_at`, `updated_at`) VALUES (265, 547, 15, 158, NULL, 'keep hard working', '2024-04-30', 'Complete', '2024-04-04 04:34:14', '2025-02-28 05:17:29');
INSERT INTO `homework_evaluation` (`id`, `homework_id`, `student_id`, `student_session_id`, `marks`, `note`, `date`, `status`, `created_at`, `updated_at`) VALUES (266, 547, 7, 155, '25.00', ' Good', '2024-04-30', 'Complete', '2024-04-04 04:34:14', '2025-02-28 05:17:29');
INSERT INTO `homework_evaluation` (`id`, `homework_id`, `student_id`, `student_session_id`, `marks`, `note`, `date`, `status`, `created_at`, `updated_at`) VALUES (267, 547, 2, 153, '30.00', ' Good', '2024-04-30', 'Complete', '2024-04-04 04:34:14', '2025-02-28 05:17:29');
INSERT INTO `homework_evaluation` (`id`, `homework_id`, `student_id`, `student_session_id`, `marks`, `note`, `date`, `status`, `created_at`, `updated_at`) VALUES (268, 547, 1, 152, '35.00', 'Very Good', '2024-04-30', 'Complete', '2024-04-04 04:34:14', '2025-02-28 05:17:29');
INSERT INTO `homework_evaluation` (`id`, `homework_id`, `student_id`, `student_session_id`, `marks`, `note`, `date`, `status`, `created_at`, `updated_at`) VALUES (269, 553, 4, 180, '25.00', '', '2024-04-05', 'Complete', '2024-04-04 04:34:45', '2025-02-28 05:17:29');
INSERT INTO `homework_evaluation` (`id`, `homework_id`, `student_id`, `student_session_id`, `marks`, `note`, `date`, `status`, `created_at`, `updated_at`) VALUES (272, 573, 10, 157, '30.00', 'Good', '2024-05-16', 'Complete', '2024-05-03 08:06:12', '2025-02-28 05:17:29');
INSERT INTO `homework_evaluation` (`id`, `homework_id`, `student_id`, `student_session_id`, `marks`, `note`, `date`, `status`, `created_at`, `updated_at`) VALUES (273, 578, 10, 157, '30.00', '', '2024-05-03', 'Complete', '2024-05-03 08:06:31', '2025-02-28 05:17:29');
INSERT INTO `homework_evaluation` (`id`, `homework_id`, `student_id`, `student_session_id`, `marks`, `note`, `date`, `status`, `created_at`, `updated_at`) VALUES (274, 573, 1, 152, '35.00', 'Good', '2024-05-16', 'Complete', '2024-05-04 06:58:04', '2025-02-28 05:17:29');
INSERT INTO `homework_evaluation` (`id`, `homework_id`, `student_id`, `student_session_id`, `marks`, `note`, `date`, `status`, `created_at`, `updated_at`) VALUES (275, 576, 1, 152, NULL, 'ok', '2024-05-06', 'Complete', '2024-05-06 05:17:27', '2025-02-28 05:17:29');
INSERT INTO `homework_evaluation` (`id`, `homework_id`, `student_id`, `student_session_id`, `marks`, `note`, `date`, `status`, `created_at`, `updated_at`) VALUES (276, 610, 18, 160, '30.00', '', '2024-06-05', 'Complete', '2024-06-05 09:31:43', '2025-02-28 05:17:29');
INSERT INTO `homework_evaluation` (`id`, `homework_id`, `student_id`, `student_session_id`, `marks`, `note`, `date`, `status`, `created_at`, `updated_at`) VALUES (277, 610, 17, 159, '25.00', '', '2024-06-05', 'Complete', '2024-06-05 09:31:43', '2025-02-28 05:17:29');
INSERT INTO `homework_evaluation` (`id`, `homework_id`, `student_id`, `student_session_id`, `marks`, `note`, `date`, `status`, `created_at`, `updated_at`) VALUES (278, 610, 1, 152, '30.00', '', '2024-06-05', 'Complete', '2024-06-05 09:31:43', '2025-02-28 05:17:29');
INSERT INTO `homework_evaluation` (`id`, `homework_id`, `student_id`, `student_session_id`, `marks`, `note`, `date`, `status`, `created_at`, `updated_at`) VALUES (279, 611, 6, 154, '30.00', '', '2024-06-12', 'Complete', '2024-06-05 09:31:58', '2025-02-28 05:17:29');
INSERT INTO `homework_evaluation` (`id`, `homework_id`, `student_id`, `student_session_id`, `marks`, `note`, `date`, `status`, `created_at`, `updated_at`) VALUES (280, 611, 1, 152, '32.00', '', '2024-06-12', 'Complete', '2024-06-05 09:31:58', '2025-02-28 05:17:29');
INSERT INTO `homework_evaluation` (`id`, `homework_id`, `student_id`, `student_session_id`, `marks`, `note`, `date`, `status`, `created_at`, `updated_at`) VALUES (281, 652, 2, 153, '28.00', 'Good', '2024-07-05', 'Complete', '2024-07-03 07:37:26', '2025-02-28 05:17:29');
INSERT INTO `homework_evaluation` (`id`, `homework_id`, `student_id`, `student_session_id`, `marks`, `note`, `date`, `status`, `created_at`, `updated_at`) VALUES (282, 652, 1, 152, '30.00', 'Good', '2024-07-05', 'Complete', '2024-07-03 07:37:26', '2025-02-28 05:17:29');
INSERT INTO `homework_evaluation` (`id`, `homework_id`, `student_id`, `student_session_id`, `marks`, `note`, `date`, `status`, `created_at`, `updated_at`) VALUES (283, 653, 1, 152, '30.00', 'Good', '2024-07-03', 'Complete', '2024-07-03 07:38:43', '2025-02-28 05:17:29');
INSERT INTO `homework_evaluation` (`id`, `homework_id`, `student_id`, `student_session_id`, `marks`, `note`, `date`, `status`, `created_at`, `updated_at`) VALUES (284, 655, 1, 152, '30.00', 'Good', '2024-07-03', 'Complete', '2024-07-03 07:39:23', '2025-02-28 05:17:29');
INSERT INTO `homework_evaluation` (`id`, `homework_id`, `student_id`, `student_session_id`, `marks`, `note`, `date`, `status`, `created_at`, `updated_at`) VALUES (285, 681, 17, 159, '25.00', '', '2024-08-05', 'Complete', '2024-08-05 12:04:05', '2025-02-28 05:17:29');
INSERT INTO `homework_evaluation` (`id`, `homework_id`, `student_id`, `student_session_id`, `marks`, `note`, `date`, `status`, `created_at`, `updated_at`) VALUES (286, 681, 15, 158, '20.00', '', '2024-08-05', 'Complete', '2024-08-05 12:04:05', '2025-02-28 05:17:29');
INSERT INTO `homework_evaluation` (`id`, `homework_id`, `student_id`, `student_session_id`, `marks`, `note`, `date`, `status`, `created_at`, `updated_at`) VALUES (287, 681, 10, 157, '30.00', '', '2024-08-05', 'Complete', '2024-08-05 12:04:05', '2025-02-28 05:17:29');
INSERT INTO `homework_evaluation` (`id`, `homework_id`, `student_id`, `student_session_id`, `marks`, `note`, `date`, `status`, `created_at`, `updated_at`) VALUES (288, 681, 1, 152, '35.00', '', '2024-08-05', 'Complete', '2024-08-05 12:04:05', '2025-02-28 05:17:29');
INSERT INTO `homework_evaluation` (`id`, `homework_id`, `student_id`, `student_session_id`, `marks`, `note`, `date`, `status`, `created_at`, `updated_at`) VALUES (289, 673, 86, 200, '35.00', '', '2024-08-06', 'Complete', '2024-08-06 11:16:02', '2025-02-28 05:17:29');
INSERT INTO `homework_evaluation` (`id`, `homework_id`, `student_id`, `student_session_id`, `marks`, `note`, `date`, `status`, `created_at`, `updated_at`) VALUES (290, 713, 1, 152, '40.00', 'Good', '2024-09-03', 'Complete', '2024-09-03 07:11:53', '2025-02-28 05:17:29');
INSERT INTO `homework_evaluation` (`id`, `homework_id`, `student_id`, `student_session_id`, `marks`, `note`, `date`, `status`, `created_at`, `updated_at`) VALUES (291, 723, 1, 152, '35.00', 'Good', '2024-09-06', 'Complete', '2024-09-03 07:13:00', '2025-02-28 05:17:29');
INSERT INTO `homework_evaluation` (`id`, `homework_id`, `student_id`, `student_session_id`, `marks`, `note`, `date`, `status`, `created_at`, `updated_at`) VALUES (292, 747, 4, 180, '30.00', '', '2024-10-05', 'Complete', '2024-10-02 07:06:54', '2025-02-28 05:17:29');
INSERT INTO `homework_evaluation` (`id`, `homework_id`, `student_id`, `student_session_id`, `marks`, `note`, `date`, `status`, `created_at`, `updated_at`) VALUES (293, 746, 10, 157, '10.00', '', '2024-10-05', 'Complete', '2024-10-02 07:07:15', '2025-02-28 05:17:29');
INSERT INTO `homework_evaluation` (`id`, `homework_id`, `student_id`, `student_session_id`, `marks`, `note`, `date`, `status`, `created_at`, `updated_at`) VALUES (294, 746, 1, 152, '25.00', '', '2024-10-05', 'Complete', '2024-10-02 07:07:15', '2025-02-28 05:17:29');
INSERT INTO `homework_evaluation` (`id`, `homework_id`, `student_id`, `student_session_id`, `marks`, `note`, `date`, `status`, `created_at`, `updated_at`) VALUES (295, 748, 10, 157, '30.00', 'Good', '2024-10-12', 'Complete', '2024-10-02 07:07:49', '2025-02-28 05:17:29');
INSERT INTO `homework_evaluation` (`id`, `homework_id`, `student_id`, `student_session_id`, `marks`, `note`, `date`, `status`, `created_at`, `updated_at`) VALUES (296, 748, 6, 154, '20.00', '', '2024-10-12', 'Complete', '2024-10-02 07:07:49', '2025-02-28 05:17:29');
INSERT INTO `homework_evaluation` (`id`, `homework_id`, `student_id`, `student_session_id`, `marks`, `note`, `date`, `status`, `created_at`, `updated_at`) VALUES (297, 748, 2, 153, '20.00', '', '2024-10-12', 'Complete', '2024-10-02 07:07:49', '2025-02-28 05:17:29');
INSERT INTO `homework_evaluation` (`id`, `homework_id`, `student_id`, `student_session_id`, `marks`, `note`, `date`, `status`, `created_at`, `updated_at`) VALUES (298, 748, 1, 152, '32.00', 'Very Good', '2024-10-12', 'Complete', '2024-10-02 07:07:49', '2025-02-28 05:17:29');
INSERT INTO `homework_evaluation` (`id`, `homework_id`, `student_id`, `student_session_id`, `marks`, `note`, `date`, `status`, `created_at`, `updated_at`) VALUES (299, 780, 18, 160, '20.00', 'Keep hard working', '2024-11-07', 'Complete', '2024-11-05 05:23:46', '2025-02-28 05:17:29');
INSERT INTO `homework_evaluation` (`id`, `homework_id`, `student_id`, `student_session_id`, `marks`, `note`, `date`, `status`, `created_at`, `updated_at`) VALUES (300, 780, 10, 157, '25.00', '', '2024-11-07', 'Complete', '2024-11-05 05:23:46', '2025-02-28 05:17:29');
INSERT INTO `homework_evaluation` (`id`, `homework_id`, `student_id`, `student_session_id`, `marks`, `note`, `date`, `status`, `created_at`, `updated_at`) VALUES (301, 780, 2, 153, '30.00', 'Good', '2024-11-07', 'Complete', '2024-11-05 05:23:46', '2025-02-28 05:17:29');
INSERT INTO `homework_evaluation` (`id`, `homework_id`, `student_id`, `student_session_id`, `marks`, `note`, `date`, `status`, `created_at`, `updated_at`) VALUES (302, 780, 1, 152, '32.00', 'Ver good', '2024-11-07', 'Complete', '2024-11-05 05:23:46', '2025-02-28 05:17:29');
INSERT INTO `homework_evaluation` (`id`, `homework_id`, `student_id`, `student_session_id`, `marks`, `note`, `date`, `status`, `created_at`, `updated_at`) VALUES (303, 782, 2, 153, '20.00', '', '2024-11-14', 'Complete', '2024-11-05 05:24:07', '2025-02-28 05:17:29');
INSERT INTO `homework_evaluation` (`id`, `homework_id`, `student_id`, `student_session_id`, `marks`, `note`, `date`, `status`, `created_at`, `updated_at`) VALUES (304, 782, 1, 152, '25.00', 'Very Good', '2024-11-14', 'Complete', '2024-11-05 05:24:07', '2025-02-28 05:17:29');
INSERT INTO `homework_evaluation` (`id`, `homework_id`, `student_id`, `student_session_id`, `marks`, `note`, `date`, `status`, `created_at`, `updated_at`) VALUES (305, 786, 10, 157, '20.00', '', '2024-11-06', 'Complete', '2024-11-06 04:51:54', '2025-02-28 05:17:29');
INSERT INTO `homework_evaluation` (`id`, `homework_id`, `student_id`, `student_session_id`, `marks`, `note`, `date`, `status`, `created_at`, `updated_at`) VALUES (306, 786, 1, 152, '25.00', 'Good', '2024-11-06', 'Complete', '2024-11-06 04:51:54', '2025-02-28 05:17:29');
INSERT INTO `homework_evaluation` (`id`, `homework_id`, `student_id`, `student_session_id`, `marks`, `note`, `date`, `status`, `created_at`, `updated_at`) VALUES (307, 788, 1, 152, '30.00', '', '2024-11-20', 'Complete', '2024-11-06 05:40:57', '2025-02-28 05:17:29');
INSERT INTO `homework_evaluation` (`id`, `homework_id`, `student_id`, `student_session_id`, `marks`, `note`, `date`, `status`, `created_at`, `updated_at`) VALUES (308, 806, 7, 155, '25.00', 'Keep Hard Working', '2024-12-07', 'Complete', '2024-12-03 11:59:21', '2025-02-28 05:17:29');
INSERT INTO `homework_evaluation` (`id`, `homework_id`, `student_id`, `student_session_id`, `marks`, `note`, `date`, `status`, `created_at`, `updated_at`) VALUES (309, 806, 2, 153, '30.00', 'Good', '2024-12-07', 'Complete', '2024-12-03 11:59:21', '2025-02-28 05:17:29');
INSERT INTO `homework_evaluation` (`id`, `homework_id`, `student_id`, `student_session_id`, `marks`, `note`, `date`, `status`, `created_at`, `updated_at`) VALUES (310, 806, 1, 152, '40.00', 'Very Good', '2024-12-07', 'Complete', '2024-12-03 11:59:21', '2025-02-28 05:17:29');
INSERT INTO `homework_evaluation` (`id`, `homework_id`, `student_id`, `student_session_id`, `marks`, `note`, `date`, `status`, `created_at`, `updated_at`) VALUES (311, 811, 7, 155, NULL, '', '2024-12-12', 'Complete', '2024-12-04 06:55:01', '2025-02-28 05:17:29');
INSERT INTO `homework_evaluation` (`id`, `homework_id`, `student_id`, `student_session_id`, `marks`, `note`, `date`, `status`, `created_at`, `updated_at`) VALUES (312, 811, 2, 153, '25.00', '', '2024-12-12', 'Complete', '2024-12-04 06:55:01', '2025-02-28 05:17:29');
INSERT INTO `homework_evaluation` (`id`, `homework_id`, `student_id`, `student_session_id`, `marks`, `note`, `date`, `status`, `created_at`, `updated_at`) VALUES (313, 811, 1, 152, '30.00', '', '2024-12-12', 'Complete', '2024-12-04 06:55:01', '2025-02-28 05:17:29');
INSERT INTO `homework_evaluation` (`id`, `homework_id`, `student_id`, `student_session_id`, `marks`, `note`, `date`, `status`, `created_at`, `updated_at`) VALUES (314, 853, 1, 152, '35.00', '', '2025-01-04', 'Complete', '2025-01-04 09:13:20', '2025-02-28 05:17:29');
INSERT INTO `homework_evaluation` (`id`, `homework_id`, `student_id`, `student_session_id`, `marks`, `note`, `date`, `status`, `created_at`, `updated_at`) VALUES (315, 858, 1, 152, '25.00', '', '2025-01-04', 'Complete', '2025-01-04 09:13:36', '2025-02-28 05:17:29');
INSERT INTO `homework_evaluation` (`id`, `homework_id`, `student_id`, `student_session_id`, `marks`, `note`, `date`, `status`, `created_at`, `updated_at`) VALUES (316, 880, 18, 160, '25.00', '', '2025-02-04', 'Complete', '2025-02-04 11:05:49', '2025-02-28 05:17:29');
INSERT INTO `homework_evaluation` (`id`, `homework_id`, `student_id`, `student_session_id`, `marks`, `note`, `date`, `status`, `created_at`, `updated_at`) VALUES (317, 880, 1, 152, '28.00', '', '2025-02-04', 'Complete', '2025-02-04 11:05:49', '2025-02-28 05:17:29');
INSERT INTO `homework_evaluation` (`id`, `homework_id`, `student_id`, `student_session_id`, `marks`, `note`, `date`, `status`, `created_at`, `updated_at`) VALUES (318, 888, 1, 152, '28.00', '', '2025-02-08', 'Complete', '2025-02-04 11:06:07', '2025-02-28 05:17:29');
INSERT INTO `homework_evaluation` (`id`, `homework_id`, `student_id`, `student_session_id`, `marks`, `note`, `date`, `status`, `created_at`, `updated_at`) VALUES (319, 911, 2, 153, '25.00', '', '2025-03-07', 'Complete', '2025-03-03 10:06:32', '2025-03-03 10:06:32');
INSERT INTO `homework_evaluation` (`id`, `homework_id`, `student_id`, `student_session_id`, `marks`, `note`, `date`, `status`, `created_at`, `updated_at`) VALUES (320, 911, 1, 152, '30.00', '', '2025-03-07', 'Complete', '2025-03-03 10:06:32', '2025-03-03 10:06:32');
INSERT INTO `homework_evaluation` (`id`, `homework_id`, `student_id`, `student_session_id`, `marks`, `note`, `date`, `status`, `created_at`, `updated_at`) VALUES (321, 921, 1, 152, '30.00', '', '2025-03-11', 'Complete', '2025-03-03 10:07:44', '2025-03-03 10:07:44');
INSERT INTO `homework_evaluation` (`id`, `homework_id`, `student_id`, `student_session_id`, `marks`, `note`, `date`, `status`, `created_at`, `updated_at`) VALUES (322, 917, 1, 152, '30.00', '', '2025-03-12', 'Complete', '2025-03-03 10:08:28', '2025-03-03 10:08:28');


#
# TABLE STRUCTURE FOR: hostel
#


CREATE TABLE `hostel` (
  `id` int NOT NULL AUTO_INCREMENT,
  `hostel_name` varchar(100) DEFAULT NULL,
  `type` varchar(50) DEFAULT NULL,
  `address` text,
  `intake` int DEFAULT NULL,
  `description` text,
  `is_active` varchar(255) DEFAULT 'no',
  `created_at` timestamp NOT NULL DEFAULT CURRENT_TIMESTAMP,
  `updated_at` timestamp NOT NULL DEFAULT CURRENT_TIMESTAMP ON UPDATE CURRENT_TIMESTAMP,
  PRIMARY KEY (`id`)
) ENGINE=InnoDB AUTO_INCREMENT=5 DEFAULT CHARSET=utf8mb3;

INSERT INTO `hostel` (`id`, `hostel_name`, `type`, `address`, `intake`, `description`, `is_active`, `created_at`, `updated_at`) VALUES (1, 'Boys Hostel 101', 'Boys', 'School Campus', 200, '', 'no', '2021-03-22 12:26:47', '2025-02-28 05:17:29');
INSERT INTO `hostel` (`id`, `hostel_name`, `type`, `address`, `intake`, `description`, `is_active`, `created_at`, `updated_at`) VALUES (2, 'Boys Hostel 102', 'Boys', 'School Campus', 200, '', 'no', '2021-03-22 12:27:06', '2025-02-28 05:17:29');
INSERT INTO `hostel` (`id`, `hostel_name`, `type`, `address`, `intake`, `description`, `is_active`, `created_at`, `updated_at`) VALUES (3, 'Girls Hostel 103', 'Girls', 'School Campus ', 150, '', 'no', '2021-03-22 12:28:01', '2025-02-28 05:17:29');
INSERT INTO `hostel` (`id`, `hostel_name`, `type`, `address`, `intake`, `description`, `is_active`, `created_at`, `updated_at`) VALUES (4, 'Girls Hostel 104', 'Girls', 'School Campus', 150, '', 'no', '2021-03-22 12:27:55', '2025-02-28 05:17:29');


#
# TABLE STRUCTURE FOR: hostel_rooms
#


CREATE TABLE `hostel_rooms` (
  `id` int NOT NULL AUTO_INCREMENT,
  `hostel_id` int DEFAULT NULL,
  `room_type_id` int DEFAULT NULL,
  `room_no` varchar(200) DEFAULT NULL,
  `no_of_bed` int DEFAULT NULL,
  `cost_per_bed` float(10,2) DEFAULT '0.00',
  `title` varchar(200) DEFAULT NULL,
  `description` text,
  `created_at` timestamp NOT NULL DEFAULT CURRENT_TIMESTAMP,
  `updated_at` timestamp NOT NULL DEFAULT CURRENT_TIMESTAMP ON UPDATE CURRENT_TIMESTAMP,
  PRIMARY KEY (`id`),
  KEY `hostel_id` (`hostel_id`),
  KEY `room_type_id` (`room_type_id`),
  CONSTRAINT `hostel_rooms_ibfk_1` FOREIGN KEY (`hostel_id`) REFERENCES `hostel` (`id`) ON DELETE CASCADE,
  CONSTRAINT `hostel_rooms_ibfk_2` FOREIGN KEY (`room_type_id`) REFERENCES `room_types` (`id`) ON DELETE CASCADE
) ENGINE=InnoDB AUTO_INCREMENT=9 DEFAULT CHARSET=utf8mb3;

INSERT INTO `hostel_rooms` (`id`, `hostel_id`, `room_type_id`, `room_no`, `no_of_bed`, `cost_per_bed`, `title`, `description`, `created_at`, `updated_at`) VALUES (1, 1, 1, 'B1', 1, '300.00', NULL, '', '2021-03-22 12:29:21', '2025-02-28 05:17:29');
INSERT INTO `hostel_rooms` (`id`, `hostel_id`, `room_type_id`, `room_no`, `no_of_bed`, `cost_per_bed`, `title`, `description`, `created_at`, `updated_at`) VALUES (2, 2, 2, 'B2', 2, '1000.00', NULL, '', '2021-03-22 12:29:54', '2025-02-28 05:17:29');
INSERT INTO `hostel_rooms` (`id`, `hostel_id`, `room_type_id`, `room_no`, `no_of_bed`, `cost_per_bed`, `title`, `description`, `created_at`, `updated_at`) VALUES (3, 1, 1, 'B3', 1, '500.00', NULL, '', '2021-03-22 12:31:47', '2025-02-28 05:17:29');
INSERT INTO `hostel_rooms` (`id`, `hostel_id`, `room_type_id`, `room_no`, `no_of_bed`, `cost_per_bed`, `title`, `description`, `created_at`, `updated_at`) VALUES (4, 2, 4, 'B4', 1, '1200.00', NULL, '', '2021-03-22 12:31:57', '2025-02-28 05:17:29');
INSERT INTO `hostel_rooms` (`id`, `hostel_id`, `room_type_id`, `room_no`, `no_of_bed`, `cost_per_bed`, `title`, `description`, `created_at`, `updated_at`) VALUES (5, 1, 1, 'G1', 1, '340.00', NULL, '', '2021-03-22 12:31:05', '2025-02-28 05:17:29');
INSERT INTO `hostel_rooms` (`id`, `hostel_id`, `room_type_id`, `room_no`, `no_of_bed`, `cost_per_bed`, `title`, `description`, `created_at`, `updated_at`) VALUES (6, 4, 1, 'G2', 1, '300.00', NULL, '', '2021-03-22 12:31:26', '2025-02-28 05:17:29');
INSERT INTO `hostel_rooms` (`id`, `hostel_id`, `room_type_id`, `room_no`, `no_of_bed`, `cost_per_bed`, `title`, `description`, `created_at`, `updated_at`) VALUES (7, 3, 2, 'G3', 2, '500.00', NULL, '', '2021-03-22 12:32:14', '2025-02-28 05:17:29');
INSERT INTO `hostel_rooms` (`id`, `hostel_id`, `room_type_id`, `room_no`, `no_of_bed`, `cost_per_bed`, `title`, `description`, `created_at`, `updated_at`) VALUES (8, 4, 3, 'G4', 2, '300.00', NULL, '', '2021-03-22 12:32:28', '2025-02-28 05:17:29');


#
# TABLE STRUCTURE FOR: id_card
#


CREATE TABLE `id_card` (
  `id` int NOT NULL AUTO_INCREMENT,
  `title` varchar(100) NOT NULL,
  `school_name` varchar(100) NOT NULL,
  `school_address` varchar(500) NOT NULL,
  `background` varchar(100) NOT NULL,
  `logo` varchar(100) NOT NULL,
  `sign_image` varchar(100) NOT NULL,
  `enable_vertical_card` int NOT NULL DEFAULT '0',
  `header_color` varchar(100) NOT NULL,
  `enable_admission_no` tinyint(1) NOT NULL COMMENT '0=disable,1=enable',
  `enable_student_name` tinyint(1) NOT NULL COMMENT '0=disable,1=enable',
  `enable_class` tinyint(1) NOT NULL COMMENT '0=disable,1=enable',
  `enable_fathers_name` tinyint(1) NOT NULL COMMENT '0=disable,1=enable',
  `enable_mothers_name` tinyint(1) NOT NULL COMMENT '0=disable,1=enable',
  `enable_address` tinyint(1) NOT NULL COMMENT '0=disable,1=enable',
  `enable_phone` tinyint(1) NOT NULL COMMENT '0=disable,1=enable',
  `enable_dob` tinyint(1) NOT NULL COMMENT '0=disable,1=enable',
  `enable_blood_group` tinyint(1) NOT NULL COMMENT '0=disable,1=enable',
  `enable_student_barcode` tinyint NOT NULL DEFAULT '1' COMMENT '0=disable,1=enable',
  `enable_student_rollno` tinyint(1) NOT NULL COMMENT '0=disable,1=enable',
  `enable_student_house_name` tinyint(1) NOT NULL DEFAULT '0' COMMENT '0=disable,1=enable',
  `status` tinyint(1) NOT NULL COMMENT '0=disable,1=enable',
  `created_at` timestamp NOT NULL DEFAULT CURRENT_TIMESTAMP,
  `updated_at` timestamp NOT NULL DEFAULT CURRENT_TIMESTAMP ON UPDATE CURRENT_TIMESTAMP,
  PRIMARY KEY (`id`)
) ENGINE=InnoDB AUTO_INCREMENT=5 DEFAULT CHARSET=utf8mb3;

INSERT INTO `id_card` (`id`, `title`, `school_name`, `school_address`, `background`, `logo`, `sign_image`, `enable_vertical_card`, `header_color`, `enable_admission_no`, `enable_student_name`, `enable_class`, `enable_fathers_name`, `enable_mothers_name`, `enable_address`, `enable_phone`, `enable_dob`, `enable_blood_group`, `enable_student_barcode`, `enable_student_rollno`, `enable_student_house_name`, `status`, `created_at`, `updated_at`) VALUES (1, 'Sample Student Identity Card', 'Mount Carmel School', '110 Kings Street, CA  Phone: 456542 Email: mount@gmail.com', '1712302301-868869147660fa8ddd3c6c!background1.png', '1712302323-1392041957660fa8f3e00c4!front_logo-.png', 'samplesign12.png', 0, '#595959', 1, 1, 1, 1, 1, 1, 1, 1, 1, 1, 1, 1, 1, '2025-02-28 05:17:29', '2025-03-01 05:14:18');
INSERT INTO `id_card` (`id`, `title`, `school_name`, `school_address`, `background`, `logo`, `sign_image`, `enable_vertical_card`, `header_color`, `enable_admission_no`, `enable_student_name`, `enable_class`, `enable_fathers_name`, `enable_mothers_name`, `enable_address`, `enable_phone`, `enable_dob`, `enable_blood_group`, `enable_student_barcode`, `enable_student_rollno`, `enable_student_house_name`, `status`, `created_at`, `updated_at`) VALUES (2, 'Sample Student Identity Card Vertical', 'Mount Carmel School', '110 Kings Street, CA  Phone: 456542 Email: mount@gmail.com', 'samplebackground12.png', 'samplelogo12.png', 'samplesign12.png', 1, '#595959', 1, 1, 1, 1, 0, 1, 1, 1, 1, 1, 1, 1, 1, '2025-02-28 05:17:29', '2025-03-01 04:50:54');
INSERT INTO `id_card` (`id`, `title`, `school_name`, `school_address`, `background`, `logo`, `sign_image`, `enable_vertical_card`, `header_color`, `enable_admission_no`, `enable_student_name`, `enable_class`, `enable_fathers_name`, `enable_mothers_name`, `enable_address`, `enable_phone`, `enable_dob`, `enable_blood_group`, `enable_student_barcode`, `enable_student_rollno`, `enable_student_house_name`, `status`, `created_at`, `updated_at`) VALUES (4, 'New Sample Student Identity Card', 'Mount Carmel School', '110 Kings Street, CA  Phone: 456542 Email: mount@gmail.com', '1709622792-115415361265e6c6082ddee!background1.png', '1709622792-16375570265e6c6082df2b!19.png', '1709622792-12906823165e6c6082dfd4!66.png', 0, '#000000', 1, 1, 1, 1, 1, 1, 1, 1, 1, 1, 0, 0, 1, '2025-02-28 05:17:29', '2025-02-28 05:17:29');


#
# TABLE STRUCTURE FOR: income
#


CREATE TABLE `income` (
  `id` int NOT NULL AUTO_INCREMENT,
  `income_head_id` int DEFAULT NULL,
  `name` varchar(50) DEFAULT NULL,
  `invoice_no` varchar(200) DEFAULT NULL,
  `date` date DEFAULT NULL,
  `amount` float(10,2) DEFAULT '0.00',
  `note` text,
  `is_active` varchar(255) DEFAULT 'yes',
  `documents` varchar(255) DEFAULT NULL,
  `is_deleted` varchar(255) DEFAULT 'no',
  `created_at` timestamp NOT NULL DEFAULT CURRENT_TIMESTAMP,
  `updated_at` timestamp NOT NULL DEFAULT CURRENT_TIMESTAMP ON UPDATE CURRENT_TIMESTAMP,
  PRIMARY KEY (`id`),
  KEY `income_head_id` (`income_head_id`),
  CONSTRAINT `income_ibfk_1` FOREIGN KEY (`income_head_id`) REFERENCES `income_head` (`id`) ON DELETE CASCADE
) ENGINE=InnoDB AUTO_INCREMENT=339 DEFAULT CHARSET=utf8mb3;

INSERT INTO `income` (`id`, `income_head_id`, `name`, `invoice_no`, `date`, `amount`, `note`, `is_active`, `documents`, `is_deleted`, `created_at`, `updated_at`) VALUES (272, 3, 'Online classes', '475', '2024-06-15', '200.00', 'Community health seminars present the latest and best information on health topics.', 'yes', NULL, 'no', '2024-06-03 11:29:10', '2025-02-28 05:17:29');
INSERT INTO `income` (`id`, `income_head_id`, `name`, `invoice_no`, `date`, `amount`, `note`, `is_active`, `documents`, `is_deleted`, `created_at`, `updated_at`) VALUES (274, 3, 'Extra curricular activates', '45352', '2024-06-25', '200.00', 'Extra curricular activates programs', 'yes', NULL, 'no', '2024-06-03 11:34:48', '2025-02-28 05:17:29');
INSERT INTO `income` (`id`, `income_head_id`, `name`, `invoice_no`, `date`, `amount`, `note`, `is_active`, `documents`, `is_deleted`, `created_at`, `updated_at`) VALUES (276, 1, 'School Fees Donation', '341', '2024-07-01', '250.00', 'Donation fee is fee which you have to give to make management quota seats so for admission .', 'yes', NULL, 'no', '2024-07-02 09:12:29', '2025-02-28 05:17:29');
INSERT INTO `income` (`id`, `income_head_id`, `name`, `invoice_no`, `date`, `amount`, `note`, `is_active`, `documents`, `is_deleted`, `created_at`, `updated_at`) VALUES (277, 2, 'School Building Maintenance', '2344', '2024-07-05', '200.00', 'Donation fee is fee which you have to give to make School Building Maintenance.', 'yes', NULL, 'no', '2024-07-02 09:13:17', '2025-02-28 05:17:29');
INSERT INTO `income` (`id`, `income_head_id`, `name`, `invoice_no`, `date`, `amount`, `note`, `is_active`, `documents`, `is_deleted`, `created_at`, `updated_at`) VALUES (278, 3, 'Online Learning Class', '3422', '2024-07-10', '200.00', 'Miscellaneous fees are charges that are separate from tuition that can be selected.', 'yes', NULL, 'no', '2024-07-02 09:13:56', '2025-02-28 05:17:29');
INSERT INTO `income` (`id`, `income_head_id`, `name`, `invoice_no`, `date`, `amount`, `note`, `is_active`, `documents`, `is_deleted`, `created_at`, `updated_at`) VALUES (279, 4, 'D. S. Public Books', '4789', '2024-07-15', '200.00', 'NCRT Books are essential materials for students of all classes.', 'yes', NULL, 'no', '2024-07-02 09:14:33', '2025-02-28 05:17:29');
INSERT INTO `income` (`id`, `income_head_id`, `name`, `invoice_no`, `date`, `amount`, `note`, `is_active`, `documents`, `is_deleted`, `created_at`, `updated_at`) VALUES (280, 5, 'Class 1st Uniform Collection', '890678', '2024-07-20', '150.00', 'Class 1st Uniform Collection', 'yes', NULL, 'no', '2024-07-02 09:15:46', '2025-02-28 05:17:29');
INSERT INTO `income` (`id`, `income_head_id`, `name`, `invoice_no`, `date`, `amount`, `note`, `is_active`, `documents`, `is_deleted`, `created_at`, `updated_at`) VALUES (281, 3, 'Extra curricular activates programs', '7899', '2024-07-25', '150.00', 'Extra curricular activates programs', 'yes', NULL, 'no', '2024-07-02 09:16:20', '2025-02-28 05:17:29');
INSERT INTO `income` (`id`, `income_head_id`, `name`, `invoice_no`, `date`, `amount`, `note`, `is_active`, `documents`, `is_deleted`, `created_at`, `updated_at`) VALUES (282, 4, 'New NCRT BOOKS', '7875', '2024-07-31', '150.00', 'New NCRT BOOKS', 'yes', NULL, 'no', '2024-07-02 09:16:49', '2025-02-28 05:17:29');
INSERT INTO `income` (`id`, `income_head_id`, `name`, `invoice_no`, `date`, `amount`, `note`, `is_active`, `documents`, `is_deleted`, `created_at`, `updated_at`) VALUES (283, 1, 'Monthly School Fees', '322', '2024-08-01', '150.00', 'Donation fee is fee which you have to give to make you eligible for admission e.g.', 'yes', NULL, 'no', '2024-08-05 09:15:01', '2025-02-28 05:17:29');
INSERT INTO `income` (`id`, `income_head_id`, `name`, `invoice_no`, `date`, `amount`, `note`, `is_active`, `documents`, `is_deleted`, `created_at`, `updated_at`) VALUES (284, 3, 'Online Learning Class', '34532', '2024-08-05', '200.00', 'Miscellaneous fees are charges that are separate from tuition that can be selected.', 'yes', NULL, 'no', '2024-08-05 09:15:28', '2025-02-28 05:17:29');
INSERT INTO `income` (`id`, `income_head_id`, `name`, `invoice_no`, `date`, `amount`, `note`, `is_active`, `documents`, `is_deleted`, `created_at`, `updated_at`) VALUES (285, 4, 'Deepak Books Sells', '67834', '2024-08-10', '150.00', 'NCRT Books are essential materials for students of all classes.', 'yes', NULL, 'no', '2024-08-05 09:16:06', '2025-02-28 05:17:29');
INSERT INTO `income` (`id`, `income_head_id`, `name`, `invoice_no`, `date`, `amount`, `note`, `is_active`, `documents`, `is_deleted`, `created_at`, `updated_at`) VALUES (286, 5, 'Student Uniform', '3452', '2024-08-15', '200.00', 'A school uniform is a uniform worn by students primarily for a school or otherwise an educational.', 'yes', NULL, 'no', '2024-08-05 09:18:24', '2025-02-28 05:17:29');
INSERT INTO `income` (`id`, `income_head_id`, `name`, `invoice_no`, `date`, `amount`, `note`, `is_active`, `documents`, `is_deleted`, `created_at`, `updated_at`) VALUES (287, 2, 'School building rent', '2341', '2024-08-20', '150.00', 'school building rent', 'yes', NULL, 'no', '2024-08-05 09:19:31', '2025-02-28 05:17:29');
INSERT INTO `income` (`id`, `income_head_id`, `name`, `invoice_no`, `date`, `amount`, `note`, `is_active`, `documents`, `is_deleted`, `created_at`, `updated_at`) VALUES (288, 3, 'Student Health Checkup', '342', '2024-08-25', '200.00', 'A personal auto policy is insurance on your personal vehicle. It may include liability, medical.', 'yes', NULL, 'no', '2024-08-05 09:20:34', '2025-02-28 05:17:29');
INSERT INTO `income` (`id`, `income_head_id`, `name`, `invoice_no`, `date`, `amount`, `note`, `is_active`, `documents`, `is_deleted`, `created_at`, `updated_at`) VALUES (289, 1, 'School Building Maintenance Fund', '435', '2024-08-30', '200.00', 'Maintenance is a continuous operation to keep the school building.', 'yes', NULL, 'no', '2024-08-05 09:22:05', '2025-02-28 05:17:29');
INSERT INTO `income` (`id`, `income_head_id`, `name`, `invoice_no`, `date`, `amount`, `note`, `is_active`, `documents`, `is_deleted`, `created_at`, `updated_at`) VALUES (290, 1, 'School Fees', '3452', '2024-09-01', '250.00', 'Donation fee is fee which you have to give to make you eligible for admission.', 'yes', NULL, 'no', '2024-09-02 05:57:09', '2025-02-28 05:17:29');
INSERT INTO `income` (`id`, `income_head_id`, `name`, `invoice_no`, `date`, `amount`, `note`, `is_active`, `documents`, `is_deleted`, `created_at`, `updated_at`) VALUES (291, 2, 'School Building Rent', '674', '2024-09-05', '200.00', 'Rent means an amount agreed to by the Company.', 'yes', NULL, 'no', '2024-09-02 05:57:45', '2025-02-28 05:17:29');
INSERT INTO `income` (`id`, `income_head_id`, `name`, `invoice_no`, `date`, `amount`, `note`, `is_active`, `documents`, `is_deleted`, `created_at`, `updated_at`) VALUES (292, 4, 'Vidya Collection', '34211', '2024-09-10', '200.00', 'NCRT Books are essential materials for students of all classes.', 'yes', NULL, 'no', '2024-09-02 06:02:59', '2025-02-28 05:17:29');
INSERT INTO `income` (`id`, `income_head_id`, `name`, `invoice_no`, `date`, `amount`, `note`, `is_active`, `documents`, `is_deleted`, `created_at`, `updated_at`) VALUES (293, 3, 'School Health Programme', '675733', '2024-09-15', '210.00', 'The School Health Programme under AYUSHMAN BHARAT is a joint collaborative programme.', 'yes', NULL, 'no', '2024-09-02 06:03:38', '2025-02-28 05:17:29');
INSERT INTO `income` (`id`, `income_head_id`, `name`, `invoice_no`, `date`, `amount`, `note`, `is_active`, `documents`, `is_deleted`, `created_at`, `updated_at`) VALUES (294, 5, 'School Student Uniform', '5463', '2024-09-20', '200.00', 'Dress codes teach women, from a young age, that their bodies are to be hidden.', 'yes', NULL, 'no', '2024-09-02 06:04:21', '2025-02-28 05:17:29');
INSERT INTO `income` (`id`, `income_head_id`, `name`, `invoice_no`, `date`, `amount`, `note`, `is_active`, `documents`, `is_deleted`, `created_at`, `updated_at`) VALUES (295, 3, 'NCC Camp', '7564', '2024-09-25', '150.00', 'The National Cadet Corps (NCC) is a youth development movement. It has enormous potential for nation building.	', 'yes', NULL, 'no', '2024-09-02 06:04:56', '2025-02-28 05:17:29');
INSERT INTO `income` (`id`, `income_head_id`, `name`, `invoice_no`, `date`, `amount`, `note`, `is_active`, `documents`, `is_deleted`, `created_at`, `updated_at`) VALUES (296, 1, 'School Donation', '5744', '2024-09-30', '150.00', 'Donation fee is fee which you have to give to make you eligible for admission e.g. there are many management.', 'yes', NULL, 'no', '2024-09-02 06:05:29', '2025-02-28 05:17:29');
INSERT INTO `income` (`id`, `income_head_id`, `name`, `invoice_no`, `date`, `amount`, `note`, `is_active`, `documents`, `is_deleted`, `created_at`, `updated_at`) VALUES (297, 5, 'Student Uniform', '3452', '2024-10-01', '150.00', 'Dress codes are used to communicate to employees what the organization considers appropriate work attire.', 'yes', NULL, 'no', '2024-10-01 06:03:52', '2025-02-28 05:17:29');
INSERT INTO `income` (`id`, `income_head_id`, `name`, `invoice_no`, `date`, `amount`, `note`, `is_active`, `documents`, `is_deleted`, `created_at`, `updated_at`) VALUES (298, 2, 'School Building Rent', '7868', '2024-10-05', '200.00', 'Rental Flats in Velammal Matriculation West School - Searching 1 BHK Houses,Flats, Apartments for Rent.', 'yes', NULL, 'no', '2024-10-01 06:05:16', '2025-02-28 05:17:29');
INSERT INTO `income` (`id`, `income_head_id`, `name`, `invoice_no`, `date`, `amount`, `note`, `is_active`, `documents`, `is_deleted`, `created_at`, `updated_at`) VALUES (299, 3, 'Student midday meal Food', '657657', '2024-10-10', '250.00', 'The National School Lunch Program (NSLP) is typically the Nation\'s second largest food and nutrition assistance program.', 'yes', NULL, 'no', '2024-10-01 06:06:05', '2025-02-28 05:17:29');
INSERT INTO `income` (`id`, `income_head_id`, `name`, `invoice_no`, `date`, `amount`, `note`, `is_active`, `documents`, `is_deleted`, `created_at`, `updated_at`) VALUES (300, 4, 'New Books Distribution', '6657', '2024-10-15', '200.00', 'Distribution refers to the process and logistics of making your book available to the customer.', 'yes', NULL, 'no', '2024-10-01 06:08:58', '2025-02-28 05:17:29');
INSERT INTO `income` (`id`, `income_head_id`, `name`, `invoice_no`, `date`, `amount`, `note`, `is_active`, `documents`, `is_deleted`, `created_at`, `updated_at`) VALUES (301, 3, 'School Health Programme', '5646', '2024-10-20', '200.00', 'The School Health Programme under AYUSHMAN BHARAT is a joint collaborative programme.', 'yes', NULL, 'no', '2024-10-01 06:16:51', '2025-02-28 05:17:29');
INSERT INTO `income` (`id`, `income_head_id`, `name`, `invoice_no`, `date`, `amount`, `note`, `is_active`, `documents`, `is_deleted`, `created_at`, `updated_at`) VALUES (302, 4, 'CBSE Books', '412645', '2024-10-25', '200.00', 'Distribution refers to the process and logistics of making your book available to the customer.', 'yes', NULL, 'no', '2024-10-01 06:17:31', '2025-02-28 05:17:29');
INSERT INTO `income` (`id`, `income_head_id`, `name`, `invoice_no`, `date`, `amount`, `note`, `is_active`, `documents`, `is_deleted`, `created_at`, `updated_at`) VALUES (303, 1, 'School Fees', '78678', '2024-10-30', '150.00', 'Donation fee is fee which you have to give to make you eligible for admission e.g.', 'yes', NULL, 'no', '2024-10-01 06:18:43', '2025-02-28 05:17:29');
INSERT INTO `income` (`id`, `income_head_id`, `name`, `invoice_no`, `date`, `amount`, `note`, `is_active`, `documents`, `is_deleted`, `created_at`, `updated_at`) VALUES (304, 3, 'Extra curricular activates programs', '4533', '2024-11-01', '200.00', 'Extra curricular activates programs', 'yes', NULL, 'no', '2024-11-02 07:28:30', '2025-02-28 05:17:29');
INSERT INTO `income` (`id`, `income_head_id`, `name`, `invoice_no`, `date`, `amount`, `note`, `is_active`, `documents`, `is_deleted`, `created_at`, `updated_at`) VALUES (305, 2, 'School Building  rent', '3242', '2024-11-05', '250.00', 'Rental Flats in Velammal Matriculation West School - Searching 1', 'yes', NULL, 'no', '2024-11-02 07:29:20', '2025-02-28 05:17:29');
INSERT INTO `income` (`id`, `income_head_id`, `name`, `invoice_no`, `date`, `amount`, `note`, `is_active`, `documents`, `is_deleted`, `created_at`, `updated_at`) VALUES (306, 4, 'New Books collection', '6564', '2024-11-10', '150.00', 'NCRT Books are essential materials for students of all classes.', 'yes', NULL, 'no', '2024-11-02 07:30:53', '2025-02-28 05:17:29');
INSERT INTO `income` (`id`, `income_head_id`, `name`, `invoice_no`, `date`, `amount`, `note`, `is_active`, `documents`, `is_deleted`, `created_at`, `updated_at`) VALUES (307, 5, 'Student uniform', '5465', '2024-11-15', '200.00', '	Dress codes are used to communicate to employees what the organization considers', 'yes', NULL, 'no', '2024-11-02 07:33:06', '2025-02-28 05:17:29');
INSERT INTO `income` (`id`, `income_head_id`, `name`, `invoice_no`, `date`, `amount`, `note`, `is_active`, `documents`, `is_deleted`, `created_at`, `updated_at`) VALUES (308, 3, 'NCC camp', '56765', '2024-11-20', '150.00', 'The National School Lunch Program (NSLP) is typically the Nation\'s second largest food and nutrition.', 'yes', NULL, 'no', '2024-11-02 07:33:57', '2025-02-28 05:17:29');
INSERT INTO `income` (`id`, `income_head_id`, `name`, `invoice_no`, `date`, `amount`, `note`, `is_active`, `documents`, `is_deleted`, `created_at`, `updated_at`) VALUES (309, 1, 'Donation fees', '678', '2024-11-25', '120.00', 'Donation fee is fee which you have to give to make you eligible for student,', 'yes', NULL, 'no', '2024-11-02 07:35:45', '2025-02-28 05:17:29');
INSERT INTO `income` (`id`, `income_head_id`, `name`, `invoice_no`, `date`, `amount`, `note`, `is_active`, `documents`, `is_deleted`, `created_at`, `updated_at`) VALUES (310, 4, 'NCRT BOOKS', '6544', '2024-11-30', '180.00', 'NCRT Books are essential materials for students of all classes.', 'yes', NULL, 'no', '2024-11-02 07:36:45', '2025-02-28 05:17:29');
INSERT INTO `income` (`id`, `income_head_id`, `name`, `invoice_no`, `date`, `amount`, `note`, `is_active`, `documents`, `is_deleted`, `created_at`, `updated_at`) VALUES (311, 3, 'Online Class', '3534', '2024-12-01', '200.00', 'Miscellaneous fees are charges that are separate from tuition that can be selected.', 'yes', NULL, 'no', '2024-12-02 05:40:48', '2025-02-28 05:17:29');
INSERT INTO `income` (`id`, `income_head_id`, `name`, `invoice_no`, `date`, `amount`, `note`, `is_active`, `documents`, `is_deleted`, `created_at`, `updated_at`) VALUES (312, 1, 'School Fees', '3234', '2024-12-05', '250.00', 'Donation fee is fee which you have to give to make you eligible for student,', 'yes', NULL, 'no', '2024-12-02 05:45:53', '2025-02-28 05:17:29');
INSERT INTO `income` (`id`, `income_head_id`, `name`, `invoice_no`, `date`, `amount`, `note`, `is_active`, `documents`, `is_deleted`, `created_at`, `updated_at`) VALUES (313, 5, 'Student Uniform', '546', '2024-12-10', '150.00', 'Dress codes are used to communicate to students', 'yes', NULL, 'no', '2024-12-02 05:48:44', '2025-02-28 05:17:29');
INSERT INTO `income` (`id`, `income_head_id`, `name`, `invoice_no`, `date`, `amount`, `note`, `is_active`, `documents`, `is_deleted`, `created_at`, `updated_at`) VALUES (314, 4, 'New Books Publication', '2342', '2024-12-15', '150.00', 'NCRT Books are essential materials for students of all classes.', 'yes', NULL, 'no', '2024-12-02 05:49:20', '2025-02-28 05:17:29');
INSERT INTO `income` (`id`, `income_head_id`, `name`, `invoice_no`, `date`, `amount`, `note`, `is_active`, `documents`, `is_deleted`, `created_at`, `updated_at`) VALUES (315, 3, 'Sports Games', '675', '2024-12-20', '200.00', 'Extra curricular activates programs.', 'yes', NULL, 'no', '2024-12-02 05:50:17', '2025-02-28 05:17:29');
INSERT INTO `income` (`id`, `income_head_id`, `name`, `invoice_no`, `date`, `amount`, `note`, `is_active`, `documents`, `is_deleted`, `created_at`, `updated_at`) VALUES (316, 2, 'School Building Rent', '3523', '2024-12-25', '200.00', 'Rental Flats in Velammal Matriculation West School - Searching 1', 'yes', NULL, 'no', '2024-12-02 05:51:21', '2025-02-28 05:17:29');
INSERT INTO `income` (`id`, `income_head_id`, `name`, `invoice_no`, `date`, `amount`, `note`, `is_active`, `documents`, `is_deleted`, `created_at`, `updated_at`) VALUES (317, 4, 'CBSE Books', '2342', '2024-12-31', '200.00', 'Distribution refers to the process and logistics of making your book available to the customer.', 'yes', NULL, 'no', '2024-12-02 05:51:48', '2025-02-28 05:17:29');
INSERT INTO `income` (`id`, `income_head_id`, `name`, `invoice_no`, `date`, `amount`, `note`, `is_active`, `documents`, `is_deleted`, `created_at`, `updated_at`) VALUES (318, 4, 'New CBSE Books', '5352', '2025-01-01', '150.00', 'NCRT Books are essential materials for students of all classes.', 'yes', NULL, 'no', '2025-01-02 08:23:38', '2025-02-28 05:17:29');
INSERT INTO `income` (`id`, `income_head_id`, `name`, `invoice_no`, `date`, `amount`, `note`, `is_active`, `documents`, `is_deleted`, `created_at`, `updated_at`) VALUES (319, 5, 'Student Uniform', '76868', '2025-01-05', '120.00', 'Dress codes teach women, from a young age, that their bodies are to be hidden.', 'yes', NULL, 'no', '2025-01-02 08:24:01', '2025-02-28 05:17:29');
INSERT INTO `income` (`id`, `income_head_id`, `name`, `invoice_no`, `date`, `amount`, `note`, `is_active`, `documents`, `is_deleted`, `created_at`, `updated_at`) VALUES (320, 1, 'Student Online Fees', '577', '2025-01-10', '200.00', 'All the teachers have to inform that they should email the parents of all the students for fees.', 'yes', NULL, 'no', '2025-01-02 08:24:33', '2025-02-28 05:17:29');
INSERT INTO `income` (`id`, `income_head_id`, `name`, `invoice_no`, `date`, `amount`, `note`, `is_active`, `documents`, `is_deleted`, `created_at`, `updated_at`) VALUES (321, 2, 'School Building Rents', '9789', '2025-01-15', '150.00', 'Rental Flats in Velammal Matriculation West School - Searching .', 'yes', NULL, 'no', '2025-01-02 08:24:59', '2025-02-28 05:17:29');
INSERT INTO `income` (`id`, `income_head_id`, `name`, `invoice_no`, `date`, `amount`, `note`, `is_active`, `documents`, `is_deleted`, `created_at`, `updated_at`) VALUES (322, 3, 'Annual Function', '97896', '2025-01-20', '180.00', 'Community health seminars present the latest and best information on health topics.', 'yes', NULL, 'no', '2025-01-02 08:25:35', '2025-02-28 05:17:29');
INSERT INTO `income` (`id`, `income_head_id`, `name`, `invoice_no`, `date`, `amount`, `note`, `is_active`, `documents`, `is_deleted`, `created_at`, `updated_at`) VALUES (323, 4, 'Vidya Books Publication', '9077', '2025-01-25', '150.00', 'NCRT Books are essential materials for students of all classes', 'yes', NULL, 'no', '2025-01-02 08:26:57', '2025-02-28 05:17:29');
INSERT INTO `income` (`id`, `income_head_id`, `name`, `invoice_no`, `date`, `amount`, `note`, `is_active`, `documents`, `is_deleted`, `created_at`, `updated_at`) VALUES (324, 3, 'Staff Uniform', '7897', '2025-01-30', '200.00', 'A school uniform is a uniform worn by students primarily for a school or otherwise an educational institution.', 'yes', NULL, 'no', '2025-01-02 08:27:33', '2025-02-28 05:17:29');
INSERT INTO `income` (`id`, `income_head_id`, `name`, `invoice_no`, `date`, `amount`, `note`, `is_active`, `documents`, `is_deleted`, `created_at`, `updated_at`) VALUES (325, 4, 'NCRT BOOK COLLECTION', '34234', '2025-02-01', '200.00', 'NCRT Books are essential materials for students of all class .', 'yes', NULL, 'no', '2025-02-03 04:42:34', '2025-02-28 05:17:29');
INSERT INTO `income` (`id`, `income_head_id`, `name`, `invoice_no`, `date`, `amount`, `note`, `is_active`, `documents`, `is_deleted`, `created_at`, `updated_at`) VALUES (326, 3, 'School Functions', '67456', '2025-02-05', '250.00', 'School functions are an integral part of school curriculum. Several functions are held every year. ', 'yes', NULL, 'no', '2025-02-03 04:43:20', '2025-02-28 05:17:29');
INSERT INTO `income` (`id`, `income_head_id`, `name`, `invoice_no`, `date`, `amount`, `note`, `is_active`, `documents`, `is_deleted`, `created_at`, `updated_at`) VALUES (327, 1, 'School Fees', '89765', '2025-02-10', '200.00', 'Donation fee is fee which you have to give to make you eligible for student.', 'yes', NULL, 'no', '2025-02-03 04:45:09', '2025-02-28 05:17:29');
INSERT INTO `income` (`id`, `income_head_id`, `name`, `invoice_no`, `date`, `amount`, `note`, `is_active`, `documents`, `is_deleted`, `created_at`, `updated_at`) VALUES (328, 5, 'Student Uniform Dress', '6733', '2025-02-15', '200.00', 'Dress codes teach women, from a young age, that their bodies are to be hidden.', 'yes', NULL, 'no', '2025-02-03 04:44:59', '2025-02-28 05:17:29');
INSERT INTO `income` (`id`, `income_head_id`, `name`, `invoice_no`, `date`, `amount`, `note`, `is_active`, `documents`, `is_deleted`, `created_at`, `updated_at`) VALUES (329, 3, 'Board examination Preparation', '5674', '2025-02-20', '200.00', 'Students to know how well they are prepared for the Board examination', 'yes', NULL, 'no', '2025-02-03 04:46:51', '2025-02-28 05:17:29');
INSERT INTO `income` (`id`, `income_head_id`, `name`, `invoice_no`, `date`, `amount`, `note`, `is_active`, `documents`, `is_deleted`, `created_at`, `updated_at`) VALUES (330, 2, 'School Bus Rent', '2342', '2025-02-25', '150.00', 'School Bus Rent', 'yes', NULL, 'no', '2025-02-03 04:47:46', '2025-02-28 05:17:29');
INSERT INTO `income` (`id`, `income_head_id`, `name`, `invoice_no`, `date`, `amount`, `note`, `is_active`, `documents`, `is_deleted`, `created_at`, `updated_at`) VALUES (331, 4, 'CBSE Books Publication', '2342', '2025-02-28', '150.00', 'CBSE Books Publication', 'yes', NULL, 'no', '2025-02-03 04:48:38', '2025-02-28 05:17:29');
INSERT INTO `income` (`id`, `income_head_id`, `name`, `invoice_no`, `date`, `amount`, `note`, `is_active`, `documents`, `is_deleted`, `created_at`, `updated_at`) VALUES (332, 3, 'School Function', '131', '2025-03-01', '200.00', 'Community health seminars present the latest and best information on health topics.', 'yes', NULL, 'no', '2025-02-28 05:33:05', '2025-02-28 05:33:05');
INSERT INTO `income` (`id`, `income_head_id`, `name`, `invoice_no`, `date`, `amount`, `note`, `is_active`, `documents`, `is_deleted`, `created_at`, `updated_at`) VALUES (333, 5, 'Student Uniform Dress', '5342', '2025-03-05', '150.00', 'Student Uniform Dress', 'yes', NULL, 'no', '2025-02-28 05:33:59', '2025-02-28 05:33:59');
INSERT INTO `income` (`id`, `income_head_id`, `name`, `invoice_no`, `date`, `amount`, `note`, `is_active`, `documents`, `is_deleted`, `created_at`, `updated_at`) VALUES (334, 4, 'New Books Collection', '5674', '2025-03-10', '150.00', 'NCRT Books are essential materials for students of all class .', 'yes', NULL, 'no', '2025-02-28 05:35:57', '2025-02-28 05:35:57');
INSERT INTO `income` (`id`, `income_head_id`, `name`, `invoice_no`, `date`, `amount`, `note`, `is_active`, `documents`, `is_deleted`, `created_at`, `updated_at`) VALUES (335, 2, 'School  Building Rent', '2341', '2025-03-15', '200.00', 'Rental Flats in Velammal Matriculation West School - Searching 1', 'yes', NULL, 'no', '2025-02-28 05:39:02', '2025-02-28 05:39:02');
INSERT INTO `income` (`id`, `income_head_id`, `name`, `invoice_no`, `date`, `amount`, `note`, `is_active`, `documents`, `is_deleted`, `created_at`, `updated_at`) VALUES (336, 1, 'School Fees', '3423', '2025-03-20', '250.00', 'All the teachers have to inform that they should email the parents of all the students for fees.', 'yes', NULL, 'no', '2025-02-28 05:47:22', '2025-02-28 05:47:22');
INSERT INTO `income` (`id`, `income_head_id`, `name`, `invoice_no`, `date`, `amount`, `note`, `is_active`, `documents`, `is_deleted`, `created_at`, `updated_at`) VALUES (337, 3, 'Online Exam Preparation', '2341', '2025-03-25', '150.00', 'Online Exam Preparation', 'yes', NULL, 'no', '2025-02-28 05:49:40', '2025-02-28 05:49:40');
INSERT INTO `income` (`id`, `income_head_id`, `name`, `invoice_no`, `date`, `amount`, `note`, `is_active`, `documents`, `is_deleted`, `created_at`, `updated_at`) VALUES (338, 2, 'School Bus Rent', '35234', '2025-03-31', '180.00', 'School Bus Rent', 'yes', NULL, 'no', '2025-02-28 05:50:40', '2025-02-28 05:50:40');


#
# TABLE STRUCTURE FOR: income_head
#


CREATE TABLE `income_head` (
  `id` int NOT NULL AUTO_INCREMENT,
  `income_category` varchar(255) DEFAULT NULL,
  `description` varchar(255) DEFAULT NULL,
  `is_active` varchar(255) NOT NULL DEFAULT 'yes',
  `is_deleted` varchar(255) NOT NULL DEFAULT 'no',
  `created_at` timestamp NOT NULL DEFAULT CURRENT_TIMESTAMP,
  `updated_at` timestamp NOT NULL DEFAULT CURRENT_TIMESTAMP ON UPDATE CURRENT_TIMESTAMP,
  PRIMARY KEY (`id`)
) ENGINE=InnoDB AUTO_INCREMENT=6 DEFAULT CHARSET=utf8mb3;

INSERT INTO `income_head` (`id`, `income_category`, `description`, `is_active`, `is_deleted`, `created_at`, `updated_at`) VALUES (1, 'Donation', '', 'yes', 'no', '2021-03-22 13:31:37', '2025-02-28 05:17:29');
INSERT INTO `income_head` (`id`, `income_category`, `description`, `is_active`, `is_deleted`, `created_at`, `updated_at`) VALUES (2, 'Rent', '', 'yes', 'no', '2021-03-22 13:31:46', '2025-02-28 05:17:29');
INSERT INTO `income_head` (`id`, `income_category`, `description`, `is_active`, `is_deleted`, `created_at`, `updated_at`) VALUES (3, 'Miscellaneous', '', 'yes', 'no', '2021-03-22 13:31:52', '2025-02-28 05:17:29');
INSERT INTO `income_head` (`id`, `income_category`, `description`, `is_active`, `is_deleted`, `created_at`, `updated_at`) VALUES (4, 'Book Sale', '', 'yes', 'no', '2021-03-22 13:31:58', '2025-02-28 05:17:29');
INSERT INTO `income_head` (`id`, `income_category`, `description`, `is_active`, `is_deleted`, `created_at`, `updated_at`) VALUES (5, 'Uniform Sale', '', 'yes', 'no', '2021-03-22 13:32:04', '2025-02-28 05:17:29');


#
# TABLE STRUCTURE FOR: item
#


CREATE TABLE `item` (
  `id` int NOT NULL AUTO_INCREMENT,
  `item_category_id` int DEFAULT NULL,
  `item_store_id` int DEFAULT NULL,
  `item_supplier_id` int DEFAULT NULL,
  `name` varchar(255) NOT NULL,
  `unit` varchar(100) NOT NULL,
  `item_photo` varchar(225) DEFAULT NULL,
  `description` text NOT NULL,
  `quantity` int NOT NULL,
  `date` date DEFAULT NULL,
  `created_at` timestamp NOT NULL DEFAULT CURRENT_TIMESTAMP,
  `updated_at` timestamp NOT NULL DEFAULT CURRENT_TIMESTAMP ON UPDATE CURRENT_TIMESTAMP,
  PRIMARY KEY (`id`),
  KEY `item_category_id` (`item_category_id`),
  KEY `item_store_id` (`item_store_id`),
  KEY `item_supplier_id` (`item_supplier_id`),
  CONSTRAINT `item_ibfk_1` FOREIGN KEY (`item_category_id`) REFERENCES `item_category` (`id`) ON DELETE CASCADE,
  CONSTRAINT `item_ibfk_2` FOREIGN KEY (`item_store_id`) REFERENCES `item_store` (`id`) ON DELETE CASCADE,
  CONSTRAINT `item_ibfk_3` FOREIGN KEY (`item_supplier_id`) REFERENCES `item_supplier` (`id`) ON DELETE CASCADE
) ENGINE=InnoDB AUTO_INCREMENT=13 DEFAULT CHARSET=utf8mb3;

INSERT INTO `item` (`id`, `item_category_id`, `item_store_id`, `item_supplier_id`, `name`, `unit`, `item_photo`, `description`, `quantity`, `date`, `created_at`, `updated_at`) VALUES (1, 1, NULL, NULL, 'Cricket Bat', 'Piece', NULL, '', 0, '0000-00-00', '2022-10-03 06:57:13', '2025-02-28 05:17:29');
INSERT INTO `item` (`id`, `item_category_id`, `item_store_id`, `item_supplier_id`, `name`, `unit`, `item_photo`, `description`, `quantity`, `date`, `created_at`, `updated_at`) VALUES (2, 2, NULL, NULL, 'Uniform', 'Piece', NULL, '', 0, '0000-00-00', '2021-03-23 07:09:50', '2025-02-28 05:17:29');
INSERT INTO `item` (`id`, `item_category_id`, `item_store_id`, `item_supplier_id`, `name`, `unit`, `item_photo`, `description`, `quantity`, `date`, `created_at`, `updated_at`) VALUES (3, 3, NULL, NULL, 'Table chair', 'Piece', NULL, '', 0, '0000-00-00', '2022-10-03 06:57:06', '2025-02-28 05:17:29');
INSERT INTO `item` (`id`, `item_category_id`, `item_store_id`, `item_supplier_id`, `name`, `unit`, `item_photo`, `description`, `quantity`, `date`, `created_at`, `updated_at`) VALUES (4, 2, NULL, NULL, 'Staff Unform', 'Piece', NULL, '', 0, '0000-00-00', '2021-12-01 07:52:44', '2025-02-28 05:17:29');
INSERT INTO `item` (`id`, `item_category_id`, `item_store_id`, `item_supplier_id`, `name`, `unit`, `item_photo`, `description`, `quantity`, `date`, `created_at`, `updated_at`) VALUES (5, 3, NULL, NULL, 'Benches', 'Piece', NULL, '', 0, '0000-00-00', '2021-12-01 07:53:16', '2025-02-28 05:17:29');
INSERT INTO `item` (`id`, `item_category_id`, `item_store_id`, `item_supplier_id`, `name`, `unit`, `item_photo`, `description`, `quantity`, `date`, `created_at`, `updated_at`) VALUES (6, 1, NULL, NULL, 'Football', 'Piece', NULL, '', 0, '0000-00-00', '2021-12-01 08:47:11', '2025-02-28 05:17:29');
INSERT INTO `item` (`id`, `item_category_id`, `item_store_id`, `item_supplier_id`, `name`, `unit`, `item_photo`, `description`, `quantity`, `date`, `created_at`, `updated_at`) VALUES (7, 4, NULL, NULL, 'Class Board', 'Piece', NULL, '', 0, '0000-00-00', '2021-12-01 09:00:07', '2025-02-28 05:17:29');
INSERT INTO `item` (`id`, `item_category_id`, `item_store_id`, `item_supplier_id`, `name`, `unit`, `item_photo`, `description`, `quantity`, `date`, `created_at`, `updated_at`) VALUES (8, 3, NULL, NULL, 'Desk', 'Piece', NULL, '', 0, '0000-00-00', '2023-01-18 11:43:06', '2025-02-28 05:17:29');
INSERT INTO `item` (`id`, `item_category_id`, `item_store_id`, `item_supplier_id`, `name`, `unit`, `item_photo`, `description`, `quantity`, `date`, `created_at`, `updated_at`) VALUES (9, 5, NULL, NULL, 'Lab Equipment', 'Piece', NULL, '', 0, '0000-00-00', '2022-09-02 05:11:44', '2025-02-28 05:17:29');
INSERT INTO `item` (`id`, `item_category_id`, `item_store_id`, `item_supplier_id`, `name`, `unit`, `item_photo`, `description`, `quantity`, `date`, `created_at`, `updated_at`) VALUES (10, 4, NULL, NULL, 'Notebooks', 'Piece', NULL, '', 0, NULL, '2024-04-03 11:24:51', '2025-02-28 05:17:29');
INSERT INTO `item` (`id`, `item_category_id`, `item_store_id`, `item_supplier_id`, `name`, `unit`, `item_photo`, `description`, `quantity`, `date`, `created_at`, `updated_at`) VALUES (11, 5, NULL, NULL, 'Projectors', 'Piece', NULL, '', 0, NULL, '2024-04-03 11:25:58', '2025-02-28 05:17:29');
INSERT INTO `item` (`id`, `item_category_id`, `item_store_id`, `item_supplier_id`, `name`, `unit`, `item_photo`, `description`, `quantity`, `date`, `created_at`, `updated_at`) VALUES (12, 4, NULL, NULL, 'Paper and Pencils', 'Piece', NULL, '', 0, NULL, '2024-04-03 11:26:57', '2025-02-28 05:17:29');


#
# TABLE STRUCTURE FOR: item_category
#


CREATE TABLE `item_category` (
  `id` int NOT NULL AUTO_INCREMENT,
  `item_category` varchar(255) NOT NULL,
  `is_active` varchar(255) NOT NULL DEFAULT 'yes',
  `description` varchar(255) NOT NULL,
  `created_at` timestamp NOT NULL DEFAULT CURRENT_TIMESTAMP,
  `updated_at` timestamp NOT NULL DEFAULT CURRENT_TIMESTAMP ON UPDATE CURRENT_TIMESTAMP,
  PRIMARY KEY (`id`)
) ENGINE=InnoDB AUTO_INCREMENT=6 DEFAULT CHARSET=utf8mb3;

INSERT INTO `item_category` (`id`, `item_category`, `is_active`, `description`, `created_at`, `updated_at`) VALUES (1, 'Sports', 'yes', '', '2021-03-23 07:09:00', '2025-02-28 05:17:29');
INSERT INTO `item_category` (`id`, `item_category`, `is_active`, `description`, `created_at`, `updated_at`) VALUES (2, 'Staff Dress', 'yes', '', '2021-03-23 07:09:04', '2025-02-28 05:17:29');
INSERT INTO `item_category` (`id`, `item_category`, `is_active`, `description`, `created_at`, `updated_at`) VALUES (3, 'Furniture', 'yes', '', '2021-03-23 07:09:11', '2025-02-28 05:17:29');
INSERT INTO `item_category` (`id`, `item_category`, `is_active`, `description`, `created_at`, `updated_at`) VALUES (4, 'Books Stationery', 'yes', '', '2021-12-01 08:59:17', '2025-02-28 05:17:29');
INSERT INTO `item_category` (`id`, `item_category`, `is_active`, `description`, `created_at`, `updated_at`) VALUES (5, 'Chemistry Lab Apparatus', 'yes', 'Chemistry Lab Apparatus', '2022-09-02 05:09:31', '2025-02-28 05:17:29');


#
# TABLE STRUCTURE FOR: item_issue
#


CREATE TABLE `item_issue` (
  `id` int NOT NULL AUTO_INCREMENT,
  `issue_type` varchar(15) DEFAULT NULL,
  `issue_to` int NOT NULL,
  `issue_by` int DEFAULT NULL,
  `issue_date` date DEFAULT NULL,
  `return_date` date DEFAULT NULL,
  `item_category_id` int DEFAULT NULL,
  `item_id` int DEFAULT NULL,
  `quantity` int NOT NULL,
  `note` text NOT NULL,
  `is_returned` int NOT NULL DEFAULT '1',
  `created_at` timestamp NOT NULL DEFAULT CURRENT_TIMESTAMP,
  `is_active` varchar(10) DEFAULT 'no',
  `updated_at` timestamp NOT NULL DEFAULT CURRENT_TIMESTAMP ON UPDATE CURRENT_TIMESTAMP,
  PRIMARY KEY (`id`),
  KEY `item_id` (`item_id`),
  KEY `item_category_id` (`item_category_id`),
  KEY `issue_to` (`issue_to`),
  KEY `issue_by` (`issue_by`),
  CONSTRAINT `item_issue_ibfk_1` FOREIGN KEY (`item_id`) REFERENCES `item` (`id`) ON DELETE CASCADE,
  CONSTRAINT `item_issue_ibfk_2` FOREIGN KEY (`item_category_id`) REFERENCES `item_category` (`id`) ON DELETE CASCADE,
  CONSTRAINT `item_issue_ibfk_3` FOREIGN KEY (`issue_to`) REFERENCES `staff` (`id`) ON DELETE CASCADE,
  CONSTRAINT `item_issue_ibfk_4` FOREIGN KEY (`issue_by`) REFERENCES `staff` (`id`) ON DELETE CASCADE
) ENGINE=InnoDB AUTO_INCREMENT=253 DEFAULT CHARSET=utf8mb3;

INSERT INTO `item_issue` (`id`, `issue_type`, `issue_to`, `issue_by`, `issue_date`, `return_date`, `item_category_id`, `item_id`, `quantity`, `note`, `is_returned`, `created_at`, `is_active`, `updated_at`) VALUES (11, '2', 5, NULL, '2021-08-03', '2021-08-06', 3, 3, 1, '', 1, '2023-01-18 06:07:18', 'no', '2025-02-28 05:17:29');
INSERT INTO `item_issue` (`id`, `issue_type`, `issue_to`, `issue_by`, `issue_date`, `return_date`, `item_category_id`, `item_id`, `quantity`, `note`, `is_returned`, `created_at`, `is_active`, `updated_at`) VALUES (15, '2', 2, NULL, '2021-10-07', '2022-06-01', 2, 2, 1, '', 0, '2023-01-18 06:07:18', 'no', '2025-02-28 05:17:29');
INSERT INTO `item_issue` (`id`, `issue_type`, `issue_to`, `issue_by`, `issue_date`, `return_date`, `item_category_id`, `item_id`, `quantity`, `note`, `is_returned`, `created_at`, `is_active`, `updated_at`) VALUES (17, '3', 6, NULL, '2021-11-11', '2022-01-05', 3, 3, 2, '', 0, '2023-01-18 06:07:18', 'no', '2025-02-28 05:17:29');
INSERT INTO `item_issue` (`id`, `issue_type`, `issue_to`, `issue_by`, `issue_date`, `return_date`, `item_category_id`, `item_id`, `quantity`, `note`, `is_returned`, `created_at`, `is_active`, `updated_at`) VALUES (19, '3', 6, NULL, '2021-12-01', '2021-12-01', 2, 4, 5, '', 0, '2023-01-18 06:07:18', 'no', '2025-02-28 05:17:29');
INSERT INTO `item_issue` (`id`, `issue_type`, `issue_to`, `issue_by`, `issue_date`, `return_date`, `item_category_id`, `item_id`, `quantity`, `note`, `is_returned`, `created_at`, `is_active`, `updated_at`) VALUES (20, '4', 3, NULL, '2021-12-01', '2021-12-04', 2, 2, 5, '', 1, '2023-01-18 06:07:18', 'no', '2025-02-28 05:17:29');
INSERT INTO `item_issue` (`id`, `issue_type`, `issue_to`, `issue_by`, `issue_date`, `return_date`, `item_category_id`, `item_id`, `quantity`, `note`, `is_returned`, `created_at`, `is_active`, `updated_at`) VALUES (21, '4', 3, NULL, '2021-12-10', '2022-01-05', 4, 7, 10, '', 0, '2023-01-18 06:07:18', 'no', '2025-02-28 05:17:29');
INSERT INTO `item_issue` (`id`, `issue_type`, `issue_to`, `issue_by`, `issue_date`, `return_date`, `item_category_id`, `item_id`, `quantity`, `note`, `is_returned`, `created_at`, `is_active`, `updated_at`) VALUES (23, '3', 6, NULL, '2021-12-20', '2021-12-25', 3, 3, 1, '', 1, '2023-01-18 06:07:18', 'no', '2025-02-28 05:17:29');
INSERT INTO `item_issue` (`id`, `issue_type`, `issue_to`, `issue_by`, `issue_date`, `return_date`, `item_category_id`, `item_id`, `quantity`, `note`, `is_returned`, `created_at`, `is_active`, `updated_at`) VALUES (24, '6', 7, NULL, '2021-12-25', '2021-12-01', 4, 7, 10, '', 0, '2023-01-18 06:07:18', 'no', '2025-02-28 05:17:29');
INSERT INTO `item_issue` (`id`, `issue_type`, `issue_to`, `issue_by`, `issue_date`, `return_date`, `item_category_id`, `item_id`, `quantity`, `note`, `is_returned`, `created_at`, `is_active`, `updated_at`) VALUES (25, '2', 5, NULL, '2021-12-25', '2021-12-30', 3, 5, 5, '', 1, '2023-01-18 06:07:18', 'no', '2025-02-28 05:17:29');
INSERT INTO `item_issue` (`id`, `issue_type`, `issue_to`, `issue_by`, `issue_date`, `return_date`, `item_category_id`, `item_id`, `quantity`, `note`, `is_returned`, `created_at`, `is_active`, `updated_at`) VALUES (27, '2', 2, NULL, '2021-12-07', '2022-01-05', 2, 2, 1, '', 0, '2023-01-18 06:07:18', 'no', '2025-02-28 05:17:29');
INSERT INTO `item_issue` (`id`, `issue_type`, `issue_to`, `issue_by`, `issue_date`, `return_date`, `item_category_id`, `item_id`, `quantity`, `note`, `is_returned`, `created_at`, `is_active`, `updated_at`) VALUES (28, '3', 6, NULL, '2021-12-15', '2022-12-03', 2, 2, 1, '', 0, '2023-01-18 06:07:18', 'no', '2025-02-28 05:17:29');
INSERT INTO `item_issue` (`id`, `issue_type`, `issue_to`, `issue_by`, `issue_date`, `return_date`, `item_category_id`, `item_id`, `quantity`, `note`, `is_returned`, `created_at`, `is_active`, `updated_at`) VALUES (29, '4', 3, NULL, '2021-12-16', '2021-12-22', 3, 3, 1, '', 1, '2023-01-18 06:07:18', 'no', '2025-02-28 05:17:29');
INSERT INTO `item_issue` (`id`, `issue_type`, `issue_to`, `issue_by`, `issue_date`, `return_date`, `item_category_id`, `item_id`, `quantity`, `note`, `is_returned`, `created_at`, `is_active`, `updated_at`) VALUES (30, '4', 3, NULL, '2021-12-15', '2022-01-05', 3, 5, 2, '', 0, '2023-01-18 06:07:18', 'no', '2025-02-28 05:17:29');
INSERT INTO `item_issue` (`id`, `issue_type`, `issue_to`, `issue_by`, `issue_date`, `return_date`, `item_category_id`, `item_id`, `quantity`, `note`, `is_returned`, `created_at`, `is_active`, `updated_at`) VALUES (33, '2', 2, NULL, '2022-01-20', '2022-03-30', 2, 2, 2, '', 0, '2023-01-18 06:07:18', 'no', '2025-02-28 05:17:29');
INSERT INTO `item_issue` (`id`, `issue_type`, `issue_to`, `issue_by`, `issue_date`, `return_date`, `item_category_id`, `item_id`, `quantity`, `note`, `is_returned`, `created_at`, `is_active`, `updated_at`) VALUES (35, '2', 2, NULL, '2022-01-06', '2022-01-11', 2, 2, 2, '', 1, '2023-01-18 06:07:18', 'no', '2025-02-28 05:17:29');
INSERT INTO `item_issue` (`id`, `issue_type`, `issue_to`, `issue_by`, `issue_date`, `return_date`, `item_category_id`, `item_id`, `quantity`, `note`, `is_returned`, `created_at`, `is_active`, `updated_at`) VALUES (37, '2', 2, NULL, '2022-01-12', '2022-01-19', 2, 2, 1, '', 1, '2023-01-18 06:07:18', 'no', '2025-02-28 05:17:29');
INSERT INTO `item_issue` (`id`, `issue_type`, `issue_to`, `issue_by`, `issue_date`, `return_date`, `item_category_id`, `item_id`, `quantity`, `note`, `is_returned`, `created_at`, `is_active`, `updated_at`) VALUES (38, '2', 2, NULL, '2022-02-01', '2022-02-01', 2, 2, 5, '', 0, '2023-01-18 06:07:18', 'no', '2025-02-28 05:17:29');
INSERT INTO `item_issue` (`id`, `issue_type`, `issue_to`, `issue_by`, `issue_date`, `return_date`, `item_category_id`, `item_id`, `quantity`, `note`, `is_returned`, `created_at`, `is_active`, `updated_at`) VALUES (44, '2', 2, NULL, '2022-02-21', '2022-03-04', 4, 7, 10, '', 0, '2023-01-18 06:07:18', 'no', '2025-02-28 05:17:29');
INSERT INTO `item_issue` (`id`, `issue_type`, `issue_to`, `issue_by`, `issue_date`, `return_date`, `item_category_id`, `item_id`, `quantity`, `note`, `is_returned`, `created_at`, `is_active`, `updated_at`) VALUES (45, '2', 5, NULL, '2022-02-24', '2022-02-26', 1, 6, 5, '', 1, '2023-01-18 06:07:18', 'no', '2025-02-28 05:17:29');
INSERT INTO `item_issue` (`id`, `issue_type`, `issue_to`, `issue_by`, `issue_date`, `return_date`, `item_category_id`, `item_id`, `quantity`, `note`, `is_returned`, `created_at`, `is_active`, `updated_at`) VALUES (46, '4', 3, NULL, '2022-02-25', '2022-02-28', 3, 5, 5, '', 1, '2023-01-18 06:07:18', 'no', '2025-02-28 05:17:29');
INSERT INTO `item_issue` (`id`, `issue_type`, `issue_to`, `issue_by`, `issue_date`, `return_date`, `item_category_id`, `item_id`, `quantity`, `note`, `is_returned`, `created_at`, `is_active`, `updated_at`) VALUES (47, '6', 7, NULL, '2022-03-21', '2022-03-25', 2, 2, 2, '', 1, '2023-01-18 06:07:18', 'no', '2025-02-28 05:17:29');
INSERT INTO `item_issue` (`id`, `issue_type`, `issue_to`, `issue_by`, `issue_date`, `return_date`, `item_category_id`, `item_id`, `quantity`, `note`, `is_returned`, `created_at`, `is_active`, `updated_at`) VALUES (50, '3', 6, NULL, '2022-03-04', '2022-03-08', 2, 4, 2, '', 1, '2023-01-18 06:07:18', 'no', '2025-02-28 05:17:29');
INSERT INTO `item_issue` (`id`, `issue_type`, `issue_to`, `issue_by`, `issue_date`, `return_date`, `item_category_id`, `item_id`, `quantity`, `note`, `is_returned`, `created_at`, `is_active`, `updated_at`) VALUES (51, '3', 6, NULL, '2022-03-04', '2022-03-07', 2, 2, 5, '', 1, '2023-01-18 06:07:18', 'no', '2025-02-28 05:17:29');
INSERT INTO `item_issue` (`id`, `issue_type`, `issue_to`, `issue_by`, `issue_date`, `return_date`, `item_category_id`, `item_id`, `quantity`, `note`, `is_returned`, `created_at`, `is_active`, `updated_at`) VALUES (54, '3', 6, NULL, '2022-04-05', '2022-04-09', 3, 3, 2, '', 1, '2023-01-18 06:07:18', 'no', '2025-02-28 05:17:29');
INSERT INTO `item_issue` (`id`, `issue_type`, `issue_to`, `issue_by`, `issue_date`, `return_date`, `item_category_id`, `item_id`, `quantity`, `note`, `is_returned`, `created_at`, `is_active`, `updated_at`) VALUES (55, '2', 2, NULL, '2022-04-18', '2022-04-21', 4, 7, 5, '', 1, '2023-01-18 06:07:18', 'no', '2025-02-28 05:17:29');
INSERT INTO `item_issue` (`id`, `issue_type`, `issue_to`, `issue_by`, `issue_date`, `return_date`, `item_category_id`, `item_id`, `quantity`, `note`, `is_returned`, `created_at`, `is_active`, `updated_at`) VALUES (58, '6', 7, NULL, '2022-04-08', '2022-04-19', 3, 5, 2, '', 1, '2023-01-18 06:07:18', 'no', '2025-02-28 05:17:29');
INSERT INTO `item_issue` (`id`, `issue_type`, `issue_to`, `issue_by`, `issue_date`, `return_date`, `item_category_id`, `item_id`, `quantity`, `note`, `is_returned`, `created_at`, `is_active`, `updated_at`) VALUES (62, '3', 6, NULL, '2022-05-13', '2022-05-18', 2, 2, 2, '', 1, '2023-01-18 06:07:18', 'no', '2025-02-28 05:17:29');
INSERT INTO `item_issue` (`id`, `issue_type`, `issue_to`, `issue_by`, `issue_date`, `return_date`, `item_category_id`, `item_id`, `quantity`, `note`, `is_returned`, `created_at`, `is_active`, `updated_at`) VALUES (63, '3', 6, NULL, '2022-05-18', '2022-05-21', 3, 3, 2, '', 1, '2023-01-18 06:07:18', 'no', '2025-02-28 05:17:29');
INSERT INTO `item_issue` (`id`, `issue_type`, `issue_to`, `issue_by`, `issue_date`, `return_date`, `item_category_id`, `item_id`, `quantity`, `note`, `is_returned`, `created_at`, `is_active`, `updated_at`) VALUES (64, '2', 2, NULL, '2022-05-12', '2022-05-16', 3, 3, 2, '', 1, '2023-01-18 06:07:18', 'no', '2025-02-28 05:17:29');
INSERT INTO `item_issue` (`id`, `issue_type`, `issue_to`, `issue_by`, `issue_date`, `return_date`, `item_category_id`, `item_id`, `quantity`, `note`, `is_returned`, `created_at`, `is_active`, `updated_at`) VALUES (65, '2', 2, NULL, '2022-05-17', '2022-05-19', 3, 3, 1, '', 1, '2023-01-18 06:07:18', 'no', '2025-02-28 05:17:29');
INSERT INTO `item_issue` (`id`, `issue_type`, `issue_to`, `issue_by`, `issue_date`, `return_date`, `item_category_id`, `item_id`, `quantity`, `note`, `is_returned`, `created_at`, `is_active`, `updated_at`) VALUES (66, '2', 2, NULL, '2022-05-18', '2022-05-21', 2, 4, 2, '', 1, '2023-01-18 06:07:18', 'no', '2025-02-28 05:17:29');
INSERT INTO `item_issue` (`id`, `issue_type`, `issue_to`, `issue_by`, `issue_date`, `return_date`, `item_category_id`, `item_id`, `quantity`, `note`, `is_returned`, `created_at`, `is_active`, `updated_at`) VALUES (68, '3', 6, NULL, '2022-06-06', '2022-06-10', 2, 4, 1, '', 1, '2023-01-18 06:07:18', 'no', '2025-02-28 05:17:29');
INSERT INTO `item_issue` (`id`, `issue_type`, `issue_to`, `issue_by`, `issue_date`, `return_date`, `item_category_id`, `item_id`, `quantity`, `note`, `is_returned`, `created_at`, `is_active`, `updated_at`) VALUES (69, '6', 7, NULL, '2022-06-10', '2022-06-15', 3, 3, 2, '', 1, '2023-01-18 06:07:18', 'no', '2025-02-28 05:17:29');
INSERT INTO `item_issue` (`id`, `issue_type`, `issue_to`, `issue_by`, `issue_date`, `return_date`, `item_category_id`, `item_id`, `quantity`, `note`, `is_returned`, `created_at`, `is_active`, `updated_at`) VALUES (70, '7', 1, NULL, '2022-06-21', '2022-06-25', 3, 3, 1, '', 1, '2023-01-18 06:07:18', 'no', '2025-02-28 05:17:29');
INSERT INTO `item_issue` (`id`, `issue_type`, `issue_to`, `issue_by`, `issue_date`, `return_date`, `item_category_id`, `item_id`, `quantity`, `note`, `is_returned`, `created_at`, `is_active`, `updated_at`) VALUES (71, '7', 1, NULL, '2022-06-22', '2022-06-29', 3, 3, 1, '', 1, '2023-01-18 06:07:18', 'no', '2025-02-28 05:17:29');
INSERT INTO `item_issue` (`id`, `issue_type`, `issue_to`, `issue_by`, `issue_date`, `return_date`, `item_category_id`, `item_id`, `quantity`, `note`, `is_returned`, `created_at`, `is_active`, `updated_at`) VALUES (73, '2', 5, NULL, '2022-07-08', '2022-07-12', 2, 4, 5, '', 1, '2023-01-18 06:07:18', 'no', '2025-02-28 05:17:29');
INSERT INTO `item_issue` (`id`, `issue_type`, `issue_to`, `issue_by`, `issue_date`, `return_date`, `item_category_id`, `item_id`, `quantity`, `note`, `is_returned`, `created_at`, `is_active`, `updated_at`) VALUES (74, '6', 7, NULL, '2022-07-15', '2022-07-20', 3, 3, 2, '', 1, '2023-01-18 06:07:18', 'no', '2025-02-28 05:17:29');
INSERT INTO `item_issue` (`id`, `issue_type`, `issue_to`, `issue_by`, `issue_date`, `return_date`, `item_category_id`, `item_id`, `quantity`, `note`, `is_returned`, `created_at`, `is_active`, `updated_at`) VALUES (75, '2', 2, NULL, '2022-07-01', '2022-07-04', 1, 1, 2, '', 0, '2023-01-18 06:07:18', 'no', '2025-02-28 05:17:29');
INSERT INTO `item_issue` (`id`, `issue_type`, `issue_to`, `issue_by`, `issue_date`, `return_date`, `item_category_id`, `item_id`, `quantity`, `note`, `is_returned`, `created_at`, `is_active`, `updated_at`) VALUES (76, '3', 6, NULL, '2022-07-05', '2022-07-10', 2, 2, 1, '', 1, '2023-01-18 06:07:18', 'no', '2025-02-28 05:17:29');
INSERT INTO `item_issue` (`id`, `issue_type`, `issue_to`, `issue_by`, `issue_date`, `return_date`, `item_category_id`, `item_id`, `quantity`, `note`, `is_returned`, `created_at`, `is_active`, `updated_at`) VALUES (77, '2', 2, NULL, '2022-08-01', '2022-08-02', 3, 8, 1, '', 0, '2023-01-18 06:07:18', 'no', '2025-02-28 05:17:29');
INSERT INTO `item_issue` (`id`, `issue_type`, `issue_to`, `issue_by`, `issue_date`, `return_date`, `item_category_id`, `item_id`, `quantity`, `note`, `is_returned`, `created_at`, `is_active`, `updated_at`) VALUES (78, '3', 6, NULL, '2022-08-05', '2022-08-15', 4, 7, 2, '', 1, '2023-01-18 06:07:18', 'no', '2025-02-28 05:17:29');
INSERT INTO `item_issue` (`id`, `issue_type`, `issue_to`, `issue_by`, `issue_date`, `return_date`, `item_category_id`, `item_id`, `quantity`, `note`, `is_returned`, `created_at`, `is_active`, `updated_at`) VALUES (79, '4', 3, NULL, '2022-08-15', '2022-08-20', 4, 7, 4, '', 1, '2023-01-18 06:07:18', 'no', '2025-02-28 05:17:29');
INSERT INTO `item_issue` (`id`, `issue_type`, `issue_to`, `issue_by`, `issue_date`, `return_date`, `item_category_id`, `item_id`, `quantity`, `note`, `is_returned`, `created_at`, `is_active`, `updated_at`) VALUES (80, '6', 7, NULL, '2022-08-20', '2022-08-25', 2, 2, 2, '', 1, '2023-01-18 06:07:18', 'no', '2025-02-28 05:17:29');
INSERT INTO `item_issue` (`id`, `issue_type`, `issue_to`, `issue_by`, `issue_date`, `return_date`, `item_category_id`, `item_id`, `quantity`, `note`, `is_returned`, `created_at`, `is_active`, `updated_at`) VALUES (81, '1', 4, NULL, '2022-09-02', '2022-09-02', 5, 9, 2, '', 0, '2023-01-18 06:07:18', 'no', '2025-02-28 05:17:29');
INSERT INTO `item_issue` (`id`, `issue_type`, `issue_to`, `issue_by`, `issue_date`, `return_date`, `item_category_id`, `item_id`, `quantity`, `note`, `is_returned`, `created_at`, `is_active`, `updated_at`) VALUES (82, '2', 5, NULL, '2022-09-05', '2022-09-20', 2, 2, 5, '', 1, '2023-01-18 06:07:18', 'no', '2025-02-28 05:17:29');
INSERT INTO `item_issue` (`id`, `issue_type`, `issue_to`, `issue_by`, `issue_date`, `return_date`, `item_category_id`, `item_id`, `quantity`, `note`, `is_returned`, `created_at`, `is_active`, `updated_at`) VALUES (83, '4', 3, NULL, '2022-09-10', '2022-09-02', 4, 7, 5, '', 0, '2023-01-18 06:07:18', 'no', '2025-02-28 05:17:29');
INSERT INTO `item_issue` (`id`, `issue_type`, `issue_to`, `issue_by`, `issue_date`, `return_date`, `item_category_id`, `item_id`, `quantity`, `note`, `is_returned`, `created_at`, `is_active`, `updated_at`) VALUES (84, '2', 2, NULL, '2022-09-20', '2022-09-26', 3, 5, 5, '', 1, '2023-01-18 06:07:18', 'no', '2025-02-28 05:17:29');
INSERT INTO `item_issue` (`id`, `issue_type`, `issue_to`, `issue_by`, `issue_date`, `return_date`, `item_category_id`, `item_id`, `quantity`, `note`, `is_returned`, `created_at`, `is_active`, `updated_at`) VALUES (85, '2', 5, NULL, '2022-10-01', '2022-10-03', 5, 9, 2, '', 0, '2023-01-18 06:07:18', 'no', '2025-02-28 05:17:29');
INSERT INTO `item_issue` (`id`, `issue_type`, `issue_to`, `issue_by`, `issue_date`, `return_date`, `item_category_id`, `item_id`, `quantity`, `note`, `is_returned`, `created_at`, `is_active`, `updated_at`) VALUES (86, '4', 3, NULL, '2022-10-05', '2022-10-10', 4, 7, 2, '', 1, '2023-01-18 06:07:18', 'no', '2025-02-28 05:17:29');
INSERT INTO `item_issue` (`id`, `issue_type`, `issue_to`, `issue_by`, `issue_date`, `return_date`, `item_category_id`, `item_id`, `quantity`, `note`, `is_returned`, `created_at`, `is_active`, `updated_at`) VALUES (87, '6', 7, NULL, '2022-10-15', '2022-10-20', 3, 8, 1, '', 1, '2023-01-18 06:07:18', 'no', '2025-02-28 05:17:29');
INSERT INTO `item_issue` (`id`, `issue_type`, `issue_to`, `issue_by`, `issue_date`, `return_date`, `item_category_id`, `item_id`, `quantity`, `note`, `is_returned`, `created_at`, `is_active`, `updated_at`) VALUES (88, '2', 2, NULL, '2022-10-20', '2022-10-26', 1, 6, 1, '', 1, '2023-01-18 06:07:18', 'no', '2025-02-28 05:17:29');
INSERT INTO `item_issue` (`id`, `issue_type`, `issue_to`, `issue_by`, `issue_date`, `return_date`, `item_category_id`, `item_id`, `quantity`, `note`, `is_returned`, `created_at`, `is_active`, `updated_at`) VALUES (89, '1', 4, NULL, '2022-10-27', '2022-10-31', 3, 5, 1, '', 1, '2023-01-18 06:07:18', 'no', '2025-02-28 05:17:29');
INSERT INTO `item_issue` (`id`, `issue_type`, `issue_to`, `issue_by`, `issue_date`, `return_date`, `item_category_id`, `item_id`, `quantity`, `note`, `is_returned`, `created_at`, `is_active`, `updated_at`) VALUES (90, '2', 2, NULL, '2022-11-01', '2022-11-01', 3, 5, 2, '', 0, '2023-01-18 06:07:18', 'no', '2025-02-28 05:17:29');
INSERT INTO `item_issue` (`id`, `issue_type`, `issue_to`, `issue_by`, `issue_date`, `return_date`, `item_category_id`, `item_id`, `quantity`, `note`, `is_returned`, `created_at`, `is_active`, `updated_at`) VALUES (91, '3', 6, NULL, '2022-11-05', '2022-11-12', 4, 7, 2, '', 1, '2023-01-18 06:07:18', 'no', '2025-02-28 05:17:29');
INSERT INTO `item_issue` (`id`, `issue_type`, `issue_to`, `issue_by`, `issue_date`, `return_date`, `item_category_id`, `item_id`, `quantity`, `note`, `is_returned`, `created_at`, `is_active`, `updated_at`) VALUES (92, '4', 3, NULL, '2022-11-15', '2022-11-01', 2, 4, 2, '', 0, '2023-01-18 06:07:18', 'no', '2025-02-28 05:17:29');
INSERT INTO `item_issue` (`id`, `issue_type`, `issue_to`, `issue_by`, `issue_date`, `return_date`, `item_category_id`, `item_id`, `quantity`, `note`, `is_returned`, `created_at`, `is_active`, `updated_at`) VALUES (93, '6', 7, NULL, '2022-11-22', '2022-11-30', 3, 3, 2, '', 1, '2023-01-18 06:07:18', 'no', '2025-02-28 05:17:29');
INSERT INTO `item_issue` (`id`, `issue_type`, `issue_to`, `issue_by`, `issue_date`, `return_date`, `item_category_id`, `item_id`, `quantity`, `note`, `is_returned`, `created_at`, `is_active`, `updated_at`) VALUES (94, '1', 4, NULL, '2022-12-01', '2022-12-03', 2, 2, 2, '', 0, '2023-01-18 06:07:18', 'no', '2025-02-28 05:17:29');
INSERT INTO `item_issue` (`id`, `issue_type`, `issue_to`, `issue_by`, `issue_date`, `return_date`, `item_category_id`, `item_id`, `quantity`, `note`, `is_returned`, `created_at`, `is_active`, `updated_at`) VALUES (95, '2', 5, NULL, '2022-12-06', '2022-12-03', 4, 7, 2, '', 0, '2023-01-18 06:07:18', 'no', '2025-02-28 05:17:29');
INSERT INTO `item_issue` (`id`, `issue_type`, `issue_to`, `issue_by`, `issue_date`, `return_date`, `item_category_id`, `item_id`, `quantity`, `note`, `is_returned`, `created_at`, `is_active`, `updated_at`) VALUES (96, '6', 7, NULL, '2022-12-12', '2022-12-16', 5, 9, 2, '', 1, '2023-01-18 06:07:18', 'no', '2025-02-28 05:17:29');
INSERT INTO `item_issue` (`id`, `issue_type`, `issue_to`, `issue_by`, `issue_date`, `return_date`, `item_category_id`, `item_id`, `quantity`, `note`, `is_returned`, `created_at`, `is_active`, `updated_at`) VALUES (97, '4', 3, NULL, '2022-12-20', '2022-12-25', 2, 4, 1, '', 1, '2023-01-18 06:07:18', 'no', '2025-02-28 05:17:29');
INSERT INTO `item_issue` (`id`, `issue_type`, `issue_to`, `issue_by`, `issue_date`, `return_date`, `item_category_id`, `item_id`, `quantity`, `note`, `is_returned`, `created_at`, `is_active`, `updated_at`) VALUES (98, '2', 2, NULL, '2022-12-25', '2022-12-31', 1, 1, 2, '', 1, '2023-01-18 06:07:18', 'no', '2025-02-28 05:17:29');
INSERT INTO `item_issue` (`id`, `issue_type`, `issue_to`, `issue_by`, `issue_date`, `return_date`, `item_category_id`, `item_id`, `quantity`, `note`, `is_returned`, `created_at`, `is_active`, `updated_at`) VALUES (99, '1', 4, NULL, '2023-01-01', '2023-01-03', 1, 1, 2, '', 1, '2023-01-18 06:07:18', 'no', '2025-02-28 05:17:29');
INSERT INTO `item_issue` (`id`, `issue_type`, `issue_to`, `issue_by`, `issue_date`, `return_date`, `item_category_id`, `item_id`, `quantity`, `note`, `is_returned`, `created_at`, `is_active`, `updated_at`) VALUES (100, '2', 2, NULL, '2023-01-05', '2023-01-07', 2, 2, 2, '', 1, '2023-01-18 06:07:18', 'no', '2025-02-28 05:17:29');
INSERT INTO `item_issue` (`id`, `issue_type`, `issue_to`, `issue_by`, `issue_date`, `return_date`, `item_category_id`, `item_id`, `quantity`, `note`, `is_returned`, `created_at`, `is_active`, `updated_at`) VALUES (101, '3', 6, NULL, '2023-01-10', '2023-01-04', 3, 3, 1, '', 0, '2023-01-18 06:07:18', 'no', '2025-02-28 05:17:29');
INSERT INTO `item_issue` (`id`, `issue_type`, `issue_to`, `issue_by`, `issue_date`, `return_date`, `item_category_id`, `item_id`, `quantity`, `note`, `is_returned`, `created_at`, `is_active`, `updated_at`) VALUES (102, '4', 3, NULL, '2023-01-20', '2023-01-03', 4, 7, 5, '', 0, '2023-01-18 06:07:18', 'no', '2025-02-28 05:17:29');
INSERT INTO `item_issue` (`id`, `issue_type`, `issue_to`, `issue_by`, `issue_date`, `return_date`, `item_category_id`, `item_id`, `quantity`, `note`, `is_returned`, `created_at`, `is_active`, `updated_at`) VALUES (103, '6', 7, NULL, '2023-01-25', '2023-01-27', 5, 9, 5, '', 1, '2023-01-18 06:07:18', 'no', '2025-02-28 05:17:29');
INSERT INTO `item_issue` (`id`, `issue_type`, `issue_to`, `issue_by`, `issue_date`, `return_date`, `item_category_id`, `item_id`, `quantity`, `note`, `is_returned`, `created_at`, `is_active`, `updated_at`) VALUES (104, '7', 1, NULL, '2023-01-30', '2023-01-03', 1, 1, 5, '', 0, '2023-01-18 06:07:18', 'no', '2025-02-28 05:17:29');
INSERT INTO `item_issue` (`id`, `issue_type`, `issue_to`, `issue_by`, `issue_date`, `return_date`, `item_category_id`, `item_id`, `quantity`, `note`, `is_returned`, `created_at`, `is_active`, `updated_at`) VALUES (105, '2', 2, NULL, '2023-01-16', '2023-01-25', 3, 5, 5, '', 1, '2023-01-18 06:07:18', 'no', '2025-02-28 05:17:29');
INSERT INTO `item_issue` (`id`, `issue_type`, `issue_to`, `issue_by`, `issue_date`, `return_date`, `item_category_id`, `item_id`, `quantity`, `note`, `is_returned`, `created_at`, `is_active`, `updated_at`) VALUES (167, '1', 4, 3, '2024-01-20', '2024-01-30', 1, 6, 2, '', 1, '2024-01-04 11:53:32', 'no', '2025-02-28 05:17:29');
INSERT INTO `item_issue` (`id`, `issue_type`, `issue_to`, `issue_by`, `issue_date`, `return_date`, `item_category_id`, `item_id`, `quantity`, `note`, `is_returned`, `created_at`, `is_active`, `updated_at`) VALUES (168, '2', 5, 3, '2024-02-01', '2024-02-02', 2, 4, 5, '', 0, '2024-02-02 12:24:37', 'no', '2025-02-28 05:17:29');
INSERT INTO `item_issue` (`id`, `issue_type`, `issue_to`, `issue_by`, `issue_date`, `return_date`, `item_category_id`, `item_id`, `quantity`, `note`, `is_returned`, `created_at`, `is_active`, `updated_at`) VALUES (172, '1', 4, 5, '2024-02-05', '2024-02-16', 1, 1, 5, '', 1, '2024-02-02 12:24:12', 'no', '2025-02-28 05:17:29');
INSERT INTO `item_issue` (`id`, `issue_type`, `issue_to`, `issue_by`, `issue_date`, `return_date`, `item_category_id`, `item_id`, `quantity`, `note`, `is_returned`, `created_at`, `is_active`, `updated_at`) VALUES (174, '1', 4, 6, '2024-03-05', '2024-03-04', 4, 7, 2, '', 0, '2024-03-04 04:33:54', 'no', '2025-02-28 05:17:29');
INSERT INTO `item_issue` (`id`, `issue_type`, `issue_to`, `issue_by`, `issue_date`, `return_date`, `item_category_id`, `item_id`, `quantity`, `note`, `is_returned`, `created_at`, `is_active`, `updated_at`) VALUES (175, '2', 5, 1, '2024-03-15', '2024-03-21', 5, 9, 3, '', 1, '2024-03-02 12:20:54', 'no', '2025-02-28 05:17:29');
INSERT INTO `item_issue` (`id`, `issue_type`, `issue_to`, `issue_by`, `issue_date`, `return_date`, `item_category_id`, `item_id`, `quantity`, `note`, `is_returned`, `created_at`, `is_active`, `updated_at`) VALUES (179, '4', 3, 6, '2024-04-05', '2024-04-04', 4, 10, 3, '', 0, '2024-04-04 08:08:26', 'no', '2025-02-28 05:17:29');
INSERT INTO `item_issue` (`id`, `issue_type`, `issue_to`, `issue_by`, `issue_date`, `return_date`, `item_category_id`, `item_id`, `quantity`, `note`, `is_returned`, `created_at`, `is_active`, `updated_at`) VALUES (181, '6', 7, 1, '2024-04-15', '2024-04-22', 3, 3, 2, '', 1, '2024-04-03 11:36:25', 'no', '2025-02-28 05:17:29');
INSERT INTO `item_issue` (`id`, `issue_type`, `issue_to`, `issue_by`, `issue_date`, `return_date`, `item_category_id`, `item_id`, `quantity`, `note`, `is_returned`, `created_at`, `is_active`, `updated_at`) VALUES (184, '4', 3, 1, '2024-05-06', '2024-05-06', 4, 10, 2, '', 0, '2024-05-06 04:57:41', 'no', '2025-02-28 05:17:29');
INSERT INTO `item_issue` (`id`, `issue_type`, `issue_to`, `issue_by`, `issue_date`, `return_date`, `item_category_id`, `item_id`, `quantity`, `note`, `is_returned`, `created_at`, `is_active`, `updated_at`) VALUES (185, '6', 7, 3, '2024-05-10', '2024-05-16', 3, 3, 2, '', 1, '2024-05-03 07:56:14', 'no', '2025-02-28 05:17:29');
INSERT INTO `item_issue` (`id`, `issue_type`, `issue_to`, `issue_by`, `issue_date`, `return_date`, `item_category_id`, `item_id`, `quantity`, `note`, `is_returned`, `created_at`, `is_active`, `updated_at`) VALUES (188, '3', 6, 2, '2024-05-26', '2024-05-31', 4, 12, 2, '', 1, '2024-05-03 07:57:37', 'no', '2025-02-28 05:17:29');
INSERT INTO `item_issue` (`id`, `issue_type`, `issue_to`, `issue_by`, `issue_date`, `return_date`, `item_category_id`, `item_id`, `quantity`, `note`, `is_returned`, `created_at`, `is_active`, `updated_at`) VALUES (189, '2', 2, 1, '2024-06-01', '2024-06-04', 4, 12, 5, '', 0, '2024-06-04 07:55:52', 'no', '2025-02-28 05:17:29');
INSERT INTO `item_issue` (`id`, `issue_type`, `issue_to`, `issue_by`, `issue_date`, `return_date`, `item_category_id`, `item_id`, `quantity`, `note`, `is_returned`, `created_at`, `is_active`, `updated_at`) VALUES (190, '4', 3, 2, '2024-06-05', '2024-06-12', 4, 7, 5, '', 1, '2024-06-04 07:49:38', 'no', '2025-02-28 05:17:29');
INSERT INTO `item_issue` (`id`, `issue_type`, `issue_to`, `issue_by`, `issue_date`, `return_date`, `item_category_id`, `item_id`, `quantity`, `note`, `is_returned`, `created_at`, `is_active`, `updated_at`) VALUES (194, '7', 1, 10, '2024-06-25', '2024-06-30', 3, 5, 2, '', 1, '2024-06-04 07:56:49', 'no', '2025-02-28 05:17:29');
INSERT INTO `item_issue` (`id`, `issue_type`, `issue_to`, `issue_by`, `issue_date`, `return_date`, `item_category_id`, `item_id`, `quantity`, `note`, `is_returned`, `created_at`, `is_active`, `updated_at`) VALUES (195, '2', 5, 3, '2024-07-01', '2024-07-03', 4, 7, 2, '', 0, '2024-07-03 08:17:31', 'no', '2025-02-28 05:17:29');
INSERT INTO `item_issue` (`id`, `issue_type`, `issue_to`, `issue_by`, `issue_date`, `return_date`, `item_category_id`, `item_id`, `quantity`, `note`, `is_returned`, `created_at`, `is_active`, `updated_at`) VALUES (196, '3', 6, 4, '2024-07-06', '2024-07-12', 2, 2, 2, '', 1, '2024-07-03 08:16:35', 'no', '2025-02-28 05:17:29');
INSERT INTO `item_issue` (`id`, `issue_type`, `issue_to`, `issue_by`, `issue_date`, `return_date`, `item_category_id`, `item_id`, `quantity`, `note`, `is_returned`, `created_at`, `is_active`, `updated_at`) VALUES (197, '4', 3, 1, '2024-07-10', '2024-07-04', 4, 10, 2, '', 0, '2024-07-04 08:16:42', 'no', '2025-02-28 05:17:29');
INSERT INTO `item_issue` (`id`, `issue_type`, `issue_to`, `issue_by`, `issue_date`, `return_date`, `item_category_id`, `item_id`, `quantity`, `note`, `is_returned`, `created_at`, `is_active`, `updated_at`) VALUES (198, '1', 4, 7, '2024-07-15', '2024-07-22', 5, 9, 5, '', 1, '2024-07-03 08:18:02', 'no', '2025-02-28 05:17:29');
INSERT INTO `item_issue` (`id`, `issue_type`, `issue_to`, `issue_by`, `issue_date`, `return_date`, `item_category_id`, `item_id`, `quantity`, `note`, `is_returned`, `created_at`, `is_active`, `updated_at`) VALUES (200, '6', 7, 2, '2024-07-25', '2024-07-31', 4, 12, 5, '', 1, '2024-07-03 08:18:49', 'no', '2025-02-28 05:17:29');
INSERT INTO `item_issue` (`id`, `issue_type`, `issue_to`, `issue_by`, `issue_date`, `return_date`, `item_category_id`, `item_id`, `quantity`, `note`, `is_returned`, `created_at`, `is_active`, `updated_at`) VALUES (201, '2', 5, 2, '2024-08-01', '2024-08-03', 1, 1, 2, '', 0, '2024-08-03 08:19:12', 'no', '2025-02-28 05:17:29');
INSERT INTO `item_issue` (`id`, `issue_type`, `issue_to`, `issue_by`, `issue_date`, `return_date`, `item_category_id`, `item_id`, `quantity`, `note`, `is_returned`, `created_at`, `is_active`, `updated_at`) VALUES (202, '3', 6, 3, '2024-08-05', '2024-08-12', 4, 10, 2, '', 1, '2024-08-03 08:18:42', 'no', '2025-02-28 05:17:29');
INSERT INTO `item_issue` (`id`, `issue_type`, `issue_to`, `issue_by`, `issue_date`, `return_date`, `item_category_id`, `item_id`, `quantity`, `note`, `is_returned`, `created_at`, `is_active`, `updated_at`) VALUES (203, '4', 3, 7, '2024-08-10', '2024-08-18', 4, 12, 2, '', 1, '2024-08-03 08:19:03', 'no', '2025-02-28 05:17:29');
INSERT INTO `item_issue` (`id`, `issue_type`, `issue_to`, `issue_by`, `issue_date`, `return_date`, `item_category_id`, `item_id`, `quantity`, `note`, `is_returned`, `created_at`, `is_active`, `updated_at`) VALUES (206, '2', 5, 6, '2024-08-26', '2024-08-31', 5, 9, 5, '', 1, '2024-08-03 08:21:20', 'no', '2025-02-28 05:17:29');
INSERT INTO `item_issue` (`id`, `issue_type`, `issue_to`, `issue_by`, `issue_date`, `return_date`, `item_category_id`, `item_id`, `quantity`, `note`, `is_returned`, `created_at`, `is_active`, `updated_at`) VALUES (208, '4', 3, 3, '2024-09-05', '2024-09-12', 4, 10, 5, '', 1, '2024-09-02 08:13:56', 'no', '2025-02-28 05:17:29');
INSERT INTO `item_issue` (`id`, `issue_type`, `issue_to`, `issue_by`, `issue_date`, `return_date`, `item_category_id`, `item_id`, `quantity`, `note`, `is_returned`, `created_at`, `is_active`, `updated_at`) VALUES (209, '2', 5, 6, '2024-09-10', '2024-09-16', 2, 4, 2, '', 1, '2024-09-02 08:16:07', 'no', '2025-02-28 05:17:29');
INSERT INTO `item_issue` (`id`, `issue_type`, `issue_to`, `issue_by`, `issue_date`, `return_date`, `item_category_id`, `item_id`, `quantity`, `note`, `is_returned`, `created_at`, `is_active`, `updated_at`) VALUES (210, '6', 7, 2, '2024-09-15', '2024-09-22', 3, 3, 5, '', 1, '2024-09-02 08:16:25', 'no', '2025-02-28 05:17:29');
INSERT INTO `item_issue` (`id`, `issue_type`, `issue_to`, `issue_by`, `issue_date`, `return_date`, `item_category_id`, `item_id`, `quantity`, `note`, `is_returned`, `created_at`, `is_active`, `updated_at`) VALUES (211, '1', 4, 3, '2024-09-20', '2024-09-25', 5, 11, 2, '', 1, '2024-09-02 08:17:03', 'no', '2025-02-28 05:17:29');
INSERT INTO `item_issue` (`id`, `issue_type`, `issue_to`, `issue_by`, `issue_date`, `return_date`, `item_category_id`, `item_id`, `quantity`, `note`, `is_returned`, `created_at`, `is_active`, `updated_at`) VALUES (212, '4', 3, 7, '2024-09-25', '2024-09-30', 4, 12, 5, '', 1, '2024-09-02 08:17:23', 'no', '2025-02-28 05:17:29');
INSERT INTO `item_issue` (`id`, `issue_type`, `issue_to`, `issue_by`, `issue_date`, `return_date`, `item_category_id`, `item_id`, `quantity`, `note`, `is_returned`, `created_at`, `is_active`, `updated_at`) VALUES (213, '2', 2, 4, '2024-10-01', '2024-10-02', 2, 4, 2, '', 0, '2024-10-02 07:35:42', 'no', '2025-02-28 05:17:29');
INSERT INTO `item_issue` (`id`, `issue_type`, `issue_to`, `issue_by`, `issue_date`, `return_date`, `item_category_id`, `item_id`, `quantity`, `note`, `is_returned`, `created_at`, `is_active`, `updated_at`) VALUES (214, '4', 3, 6, '2024-10-05', '2024-10-02', 4, 10, 5, '', 0, '2024-10-02 07:35:47', 'no', '2025-02-28 05:17:29');
INSERT INTO `item_issue` (`id`, `issue_type`, `issue_to`, `issue_by`, `issue_date`, `return_date`, `item_category_id`, `item_id`, `quantity`, `note`, `is_returned`, `created_at`, `is_active`, `updated_at`) VALUES (215, '6', 7, 10, '2024-10-12', '2024-10-15', 5, 11, 2, '', 1, '2024-10-01 09:23:57', 'no', '2025-02-28 05:17:29');
INSERT INTO `item_issue` (`id`, `issue_type`, `issue_to`, `issue_by`, `issue_date`, `return_date`, `item_category_id`, `item_id`, `quantity`, `note`, `is_returned`, `created_at`, `is_active`, `updated_at`) VALUES (216, '3', 6, 2, '2024-10-15', '2024-10-03', 2, 2, 5, '', 0, '2024-10-03 05:46:30', 'no', '2025-02-28 05:17:29');
INSERT INTO `item_issue` (`id`, `issue_type`, `issue_to`, `issue_by`, `issue_date`, `return_date`, `item_category_id`, `item_id`, `quantity`, `note`, `is_returned`, `created_at`, `is_active`, `updated_at`) VALUES (217, '2', 5, 3, '2024-10-22', '2024-10-26', 1, 1, 5, '', 1, '2024-10-01 09:25:01', 'no', '2025-02-28 05:17:29');
INSERT INTO `item_issue` (`id`, `issue_type`, `issue_to`, `issue_by`, `issue_date`, `return_date`, `item_category_id`, `item_id`, `quantity`, `note`, `is_returned`, `created_at`, `is_active`, `updated_at`) VALUES (218, '6', 7, 2, '2024-10-25', '2024-10-30', 3, 3, 5, '', 1, '2024-10-01 09:25:20', 'no', '2025-02-28 05:17:29');
INSERT INTO `item_issue` (`id`, `issue_type`, `issue_to`, `issue_by`, `issue_date`, `return_date`, `item_category_id`, `item_id`, `quantity`, `note`, `is_returned`, `created_at`, `is_active`, `updated_at`) VALUES (219, '2', 2, 4, '2024-11-01', '2024-11-05', 2, 4, 2, '', 0, '2024-11-05 06:04:27', 'no', '2025-02-28 05:17:29');
INSERT INTO `item_issue` (`id`, `issue_type`, `issue_to`, `issue_by`, `issue_date`, `return_date`, `item_category_id`, `item_id`, `quantity`, `note`, `is_returned`, `created_at`, `is_active`, `updated_at`) VALUES (220, '4', 3, 2, '2024-11-06', '2024-11-12', 4, 10, 5, '', 1, '2024-11-05 06:03:38', 'no', '2025-02-28 05:17:29');
INSERT INTO `item_issue` (`id`, `issue_type`, `issue_to`, `issue_by`, `issue_date`, `return_date`, `item_category_id`, `item_id`, `quantity`, `note`, `is_returned`, `created_at`, `is_active`, `updated_at`) VALUES (221, '6', 7, 7, '2024-11-15', '2024-11-20', 3, 3, 5, '', 1, '2024-11-05 06:04:17', 'no', '2025-02-28 05:17:29');
INSERT INTO `item_issue` (`id`, `issue_type`, `issue_to`, `issue_by`, `issue_date`, `return_date`, `item_category_id`, `item_id`, `quantity`, `note`, `is_returned`, `created_at`, `is_active`, `updated_at`) VALUES (222, '2', 5, 7, '2024-11-20', '2024-11-26', 2, 2, 2, '', 1, '2024-11-05 06:04:50', 'no', '2025-02-28 05:17:29');
INSERT INTO `item_issue` (`id`, `issue_type`, `issue_to`, `issue_by`, `issue_date`, `return_date`, `item_category_id`, `item_id`, `quantity`, `note`, `is_returned`, `created_at`, `is_active`, `updated_at`) VALUES (223, '3', 6, 10, '2024-11-25', '2024-11-30', 1, 1, 2, '', 1, '2024-11-05 06:05:14', 'no', '2025-02-28 05:17:29');
INSERT INTO `item_issue` (`id`, `issue_type`, `issue_to`, `issue_by`, `issue_date`, `return_date`, `item_category_id`, `item_id`, `quantity`, `note`, `is_returned`, `created_at`, `is_active`, `updated_at`) VALUES (224, '2', 2, 5, '2024-12-01', '2024-12-03', 2, 4, 2, '', 0, '2024-12-03 07:45:39', 'no', '2025-02-28 05:17:29');
INSERT INTO `item_issue` (`id`, `issue_type`, `issue_to`, `issue_by`, `issue_date`, `return_date`, `item_category_id`, `item_id`, `quantity`, `note`, `is_returned`, `created_at`, `is_active`, `updated_at`) VALUES (225, '2', 5, 4, '2024-12-05', '2024-12-12', 4, 10, 5, '', 1, '2024-12-03 07:43:16', 'no', '2025-02-28 05:17:29');
INSERT INTO `item_issue` (`id`, `issue_type`, `issue_to`, `issue_by`, `issue_date`, `return_date`, `item_category_id`, `item_id`, `quantity`, `note`, `is_returned`, `created_at`, `is_active`, `updated_at`) VALUES (226, '4', 3, 6, '2024-12-10', '2024-12-16', 4, 12, 5, '', 1, '2024-12-03 07:43:34', 'no', '2025-02-28 05:17:29');
INSERT INTO `item_issue` (`id`, `issue_type`, `issue_to`, `issue_by`, `issue_date`, `return_date`, `item_category_id`, `item_id`, `quantity`, `note`, `is_returned`, `created_at`, `is_active`, `updated_at`) VALUES (227, '2', 10, 2, '2024-12-15', '2024-12-04', 1, 1, 4, '', 0, '2024-12-04 08:06:26', 'no', '2025-02-28 05:17:29');
INSERT INTO `item_issue` (`id`, `issue_type`, `issue_to`, `issue_by`, `issue_date`, `return_date`, `item_category_id`, `item_id`, `quantity`, `note`, `is_returned`, `created_at`, `is_active`, `updated_at`) VALUES (228, '6', 7, 1, '2024-12-20', '2024-12-26', 3, 5, 2, '', 1, '2024-12-03 07:44:56', 'no', '2025-02-28 05:17:29');
INSERT INTO `item_issue` (`id`, `issue_type`, `issue_to`, `issue_by`, `issue_date`, `return_date`, `item_category_id`, `item_id`, `quantity`, `note`, `is_returned`, `created_at`, `is_active`, `updated_at`) VALUES (229, '2', 5, 3, '2024-12-25', '2024-12-31', 5, 11, 4, '', 1, '2024-12-03 07:45:26', 'no', '2025-02-28 05:17:29');
INSERT INTO `item_issue` (`id`, `issue_type`, `issue_to`, `issue_by`, `issue_date`, `return_date`, `item_category_id`, `item_id`, `quantity`, `note`, `is_returned`, `created_at`, `is_active`, `updated_at`) VALUES (230, '2', 5, 5, '2025-01-01', '2025-01-03', 1, 1, 2, '', 0, '2025-01-03 07:12:47', 'no', '2025-02-28 05:17:29');
INSERT INTO `item_issue` (`id`, `issue_type`, `issue_to`, `issue_by`, `issue_date`, `return_date`, `item_category_id`, `item_id`, `quantity`, `note`, `is_returned`, `created_at`, `is_active`, `updated_at`) VALUES (231, '4', 3, 2, '2025-01-06', '2025-01-04', 4, 7, 2, '', 0, '2025-01-04 10:45:39', 'no', '2025-02-28 05:17:29');
INSERT INTO `item_issue` (`id`, `issue_type`, `issue_to`, `issue_by`, `issue_date`, `return_date`, `item_category_id`, `item_id`, `quantity`, `note`, `is_returned`, `created_at`, `is_active`, `updated_at`) VALUES (232, '6', 7, 5, '2025-01-10', '2025-01-15', 3, 3, 2, '', 1, '2025-01-03 07:13:11', 'no', '2025-02-28 05:17:29');
INSERT INTO `item_issue` (`id`, `issue_type`, `issue_to`, `issue_by`, `issue_date`, `return_date`, `item_category_id`, `item_id`, `quantity`, `note`, `is_returned`, `created_at`, `is_active`, `updated_at`) VALUES (233, '2', 2, 4, '2025-01-15', '2025-01-20', 5, 9, 2, '', 1, '2025-01-03 07:13:59', 'no', '2025-02-28 05:17:29');
INSERT INTO `item_issue` (`id`, `issue_type`, `issue_to`, `issue_by`, `issue_date`, `return_date`, `item_category_id`, `item_id`, `quantity`, `note`, `is_returned`, `created_at`, `is_active`, `updated_at`) VALUES (234, '6', 7, 7, '2025-01-20', '2025-01-25', 2, 2, 4, '', 1, '2025-01-03 07:14:20', 'no', '2025-02-28 05:17:29');
INSERT INTO `item_issue` (`id`, `issue_type`, `issue_to`, `issue_by`, `issue_date`, `return_date`, `item_category_id`, `item_id`, `quantity`, `note`, `is_returned`, `created_at`, `is_active`, `updated_at`) VALUES (235, '2', 10, 5, '2025-01-25', '2025-01-31', 5, 11, 2, '', 1, '2025-01-03 07:17:52', 'no', '2025-02-28 05:17:29');
INSERT INTO `item_issue` (`id`, `issue_type`, `issue_to`, `issue_by`, `issue_date`, `return_date`, `item_category_id`, `item_id`, `quantity`, `note`, `is_returned`, `created_at`, `is_active`, `updated_at`) VALUES (236, '2', 2, 4, '2025-02-01', '2025-02-03', 4, 10, 5, '', 0, '2025-02-03 12:36:05', 'no', '2025-02-28 05:17:29');
INSERT INTO `item_issue` (`id`, `issue_type`, `issue_to`, `issue_by`, `issue_date`, `return_date`, `item_category_id`, `item_id`, `quantity`, `note`, `is_returned`, `created_at`, `is_active`, `updated_at`) VALUES (237, '2', 5, 7, '2025-02-06', '2025-02-10', 2, 2, 5, '', 1, '2025-02-03 12:33:43', 'no', '2025-02-28 05:17:29');
INSERT INTO `item_issue` (`id`, `issue_type`, `issue_to`, `issue_by`, `issue_date`, `return_date`, `item_category_id`, `item_id`, `quantity`, `note`, `is_returned`, `created_at`, `is_active`, `updated_at`) VALUES (238, '1', 4, 2, '2025-02-10', '2025-02-04', 3, 3, 5, '', 0, '2025-02-04 11:35:03', 'no', '2025-02-28 05:17:29');
INSERT INTO `item_issue` (`id`, `issue_type`, `issue_to`, `issue_by`, `issue_date`, `return_date`, `item_category_id`, `item_id`, `quantity`, `note`, `is_returned`, `created_at`, `is_active`, `updated_at`) VALUES (239, '4', 3, 4, '2025-02-15', '2025-02-20', 4, 12, 5, '', 1, '2025-02-03 12:34:29', 'no', '2025-02-28 05:17:29');
INSERT INTO `item_issue` (`id`, `issue_type`, `issue_to`, `issue_by`, `issue_date`, `return_date`, `item_category_id`, `item_id`, `quantity`, `note`, `is_returned`, `created_at`, `is_active`, `updated_at`) VALUES (240, '2', 5, 4, '2025-02-20', '2025-02-25', 5, 9, 2, '', 1, '2025-02-03 12:35:45', 'no', '2025-02-28 05:17:29');
INSERT INTO `item_issue` (`id`, `issue_type`, `issue_to`, `issue_by`, `issue_date`, `return_date`, `item_category_id`, `item_id`, `quantity`, `note`, `is_returned`, `created_at`, `is_active`, `updated_at`) VALUES (243, '2', 10, 5, '2025-02-05', '2025-02-12', 4, 12, 5, '', 1, '2025-02-28 12:17:36', 'no', '2025-02-28 12:17:36');
INSERT INTO `item_issue` (`id`, `issue_type`, `issue_to`, `issue_by`, `issue_date`, `return_date`, `item_category_id`, `item_id`, `quantity`, `note`, `is_returned`, `created_at`, `is_active`, `updated_at`) VALUES (245, '6', 7, 3, '2025-02-15', '2025-02-20', 3, 3, 5, '', 1, '2025-02-28 12:18:20', 'no', '2025-02-28 12:18:20');
INSERT INTO `item_issue` (`id`, `issue_type`, `issue_to`, `issue_by`, `issue_date`, `return_date`, `item_category_id`, `item_id`, `quantity`, `note`, `is_returned`, `created_at`, `is_active`, `updated_at`) VALUES (246, '2', 2, 5, '2025-02-20', '2025-02-25', 5, 11, 2, '', 1, '2025-02-28 12:18:38', 'no', '2025-02-28 12:18:38');
INSERT INTO `item_issue` (`id`, `issue_type`, `issue_to`, `issue_by`, `issue_date`, `return_date`, `item_category_id`, `item_id`, `quantity`, `note`, `is_returned`, `created_at`, `is_active`, `updated_at`) VALUES (247, '1', 4, 6, '2025-03-25', '2025-03-31', 1, 1, 2, '', 1, '2025-02-28 12:19:10', 'no', '2025-02-28 12:19:10');
INSERT INTO `item_issue` (`id`, `issue_type`, `issue_to`, `issue_by`, `issue_date`, `return_date`, `item_category_id`, `item_id`, `quantity`, `note`, `is_returned`, `created_at`, `is_active`, `updated_at`) VALUES (248, '2', 2, 5, '2025-03-01', '2025-03-01', 4, 7, 5, '', 0, '2025-02-28 12:22:03', 'no', '2025-03-01 12:30:02');
INSERT INTO `item_issue` (`id`, `issue_type`, `issue_to`, `issue_by`, `issue_date`, `return_date`, `item_category_id`, `item_id`, `quantity`, `note`, `is_returned`, `created_at`, `is_active`, `updated_at`) VALUES (249, '4', 3, 4, '2025-03-06', '2025-03-03', 4, 10, 5, '', 0, '2025-02-28 12:23:29', 'no', '2025-03-03 05:14:46');
INSERT INTO `item_issue` (`id`, `issue_type`, `issue_to`, `issue_by`, `issue_date`, `return_date`, `item_category_id`, `item_id`, `quantity`, `note`, `is_returned`, `created_at`, `is_active`, `updated_at`) VALUES (250, '3', 6, 4, '2025-03-15', '2025-03-20', 3, 3, 5, '', 1, '2025-02-28 12:27:17', 'no', '2025-02-28 12:27:17');
INSERT INTO `item_issue` (`id`, `issue_type`, `issue_to`, `issue_by`, `issue_date`, `return_date`, `item_category_id`, `item_id`, `quantity`, `note`, `is_returned`, `created_at`, `is_active`, `updated_at`) VALUES (252, '2', 5, 2, '2025-03-20', '2025-03-26', 5, 11, 2, '', 1, '2025-02-28 12:31:15', 'no', '2025-02-28 12:31:15');


#
# TABLE STRUCTURE FOR: item_stock
#


CREATE TABLE `item_stock` (
  `id` int NOT NULL AUTO_INCREMENT,
  `item_id` int DEFAULT NULL,
  `supplier_id` int DEFAULT NULL,
  `store_id` int DEFAULT NULL,
  `symbol` varchar(10) NOT NULL DEFAULT '+',
  `quantity` int DEFAULT NULL,
  `purchase_price` float(10,2) NOT NULL,
  `date` date NOT NULL,
  `attachment` varchar(250) DEFAULT NULL,
  `description` text NOT NULL,
  `is_active` varchar(10) DEFAULT 'yes',
  `created_at` timestamp NOT NULL DEFAULT CURRENT_TIMESTAMP,
  `updated_at` timestamp NOT NULL DEFAULT CURRENT_TIMESTAMP ON UPDATE CURRENT_TIMESTAMP,
  PRIMARY KEY (`id`),
  KEY `item_id` (`item_id`),
  KEY `supplier_id` (`supplier_id`),
  KEY `store_id` (`store_id`),
  CONSTRAINT `item_stock_ibfk_1` FOREIGN KEY (`item_id`) REFERENCES `item` (`id`) ON DELETE CASCADE,
  CONSTRAINT `item_stock_ibfk_2` FOREIGN KEY (`supplier_id`) REFERENCES `item_supplier` (`id`) ON DELETE CASCADE,
  CONSTRAINT `item_stock_ibfk_3` FOREIGN KEY (`store_id`) REFERENCES `item_store` (`id`) ON DELETE CASCADE
) ENGINE=InnoDB AUTO_INCREMENT=268 DEFAULT CHARSET=utf8mb3;

INSERT INTO `item_stock` (`id`, `item_id`, `supplier_id`, `store_id`, `symbol`, `quantity`, `purchase_price`, `date`, `attachment`, `description`, `is_active`, `created_at`, `updated_at`) VALUES (213, 2, 2, 3, '+', 10, '150.00', '2024-08-05', NULL, '', 'yes', '2024-08-03 07:50:20', '2025-02-28 05:17:29');
INSERT INTO `item_stock` (`id`, `item_id`, `supplier_id`, `store_id`, `symbol`, `quantity`, `purchase_price`, `date`, `attachment`, `description`, `is_active`, `created_at`, `updated_at`) VALUES (214, 3, 3, 4, '+', 5, '120.00', '2024-08-10', NULL, '', 'yes', '2024-08-03 07:51:50', '2025-02-28 05:17:29');
INSERT INTO `item_stock` (`id`, `item_id`, `supplier_id`, `store_id`, `symbol`, `quantity`, `purchase_price`, `date`, `attachment`, `description`, `is_active`, `created_at`, `updated_at`) VALUES (215, 9, 1, 5, '+', 10, '150.00', '2024-08-15', NULL, '', 'yes', '2024-08-03 07:52:15', '2025-02-28 05:17:29');
INSERT INTO `item_stock` (`id`, `item_id`, `supplier_id`, `store_id`, `symbol`, `quantity`, `purchase_price`, `date`, `attachment`, `description`, `is_active`, `created_at`, `updated_at`) VALUES (216, 4, 2, 3, '+', 5, '100.00', '2024-08-20', NULL, '', 'yes', '2024-08-03 07:54:26', '2025-02-28 05:17:29');
INSERT INTO `item_stock` (`id`, `item_id`, `supplier_id`, `store_id`, `symbol`, `quantity`, `purchase_price`, `date`, `attachment`, `description`, `is_active`, `created_at`, `updated_at`) VALUES (217, 5, 3, 4, '+', 10, '100.00', '2024-08-25', NULL, '', 'yes', '2024-08-03 08:00:34', '2025-02-28 05:17:29');
INSERT INTO `item_stock` (`id`, `item_id`, `supplier_id`, `store_id`, `symbol`, `quantity`, `purchase_price`, `date`, `attachment`, `description`, `is_active`, `created_at`, `updated_at`) VALUES (218, 10, 1, 1, '+', 10, '200.00', '2024-08-30', NULL, '', 'yes', '2024-08-03 08:04:40', '2025-02-28 05:17:29');
INSERT INTO `item_stock` (`id`, `item_id`, `supplier_id`, `store_id`, `symbol`, `quantity`, `purchase_price`, `date`, `attachment`, `description`, `is_active`, `created_at`, `updated_at`) VALUES (219, 1, 1, 6, '+', 50, '120.00', '2024-09-01', NULL, '', 'yes', '2024-09-02 08:01:16', '2025-02-28 05:17:29');
INSERT INTO `item_stock` (`id`, `item_id`, `supplier_id`, `store_id`, `symbol`, `quantity`, `purchase_price`, `date`, `attachment`, `description`, `is_active`, `created_at`, `updated_at`) VALUES (220, 4, 2, 3, '+', 10, '100.00', '2024-09-05', NULL, '', 'yes', '2024-09-02 08:01:34', '2025-02-28 05:17:29');
INSERT INTO `item_stock` (`id`, `item_id`, `supplier_id`, `store_id`, `symbol`, `quantity`, `purchase_price`, `date`, `attachment`, `description`, `is_active`, `created_at`, `updated_at`) VALUES (221, 3, 3, 4, '+', 10, '100.00', '2024-09-10', NULL, '', 'yes', '2024-09-02 08:01:52', '2025-02-28 05:17:29');
INSERT INTO `item_stock` (`id`, `item_id`, `supplier_id`, `store_id`, `symbol`, `quantity`, `purchase_price`, `date`, `attachment`, `description`, `is_active`, `created_at`, `updated_at`) VALUES (222, 7, 1, 2, '+', 25, '150.00', '2024-09-15', NULL, '', 'yes', '2024-09-02 08:11:52', '2025-02-28 05:17:29');
INSERT INTO `item_stock` (`id`, `item_id`, `supplier_id`, `store_id`, `symbol`, `quantity`, `purchase_price`, `date`, `attachment`, `description`, `is_active`, `created_at`, `updated_at`) VALUES (223, 9, 4, 5, '+', 10, '150.00', '2024-09-20', NULL, '', 'yes', '2024-09-02 08:12:12', '2025-02-28 05:17:29');
INSERT INTO `item_stock` (`id`, `item_id`, `supplier_id`, `store_id`, `symbol`, `quantity`, `purchase_price`, `date`, `attachment`, `description`, `is_active`, `created_at`, `updated_at`) VALUES (224, 12, 1, 2, '+', 50, '120.00', '2024-09-25', NULL, '', 'yes', '2024-09-02 08:12:37', '2025-02-28 05:17:29');
INSERT INTO `item_stock` (`id`, `item_id`, `supplier_id`, `store_id`, `symbol`, `quantity`, `purchase_price`, `date`, `attachment`, `description`, `is_active`, `created_at`, `updated_at`) VALUES (225, 6, 4, 6, '+', 12, '120.00', '2024-09-30', NULL, '', 'yes', '2024-09-02 08:13:02', '2025-02-28 05:17:29');
INSERT INTO `item_stock` (`id`, `item_id`, `supplier_id`, `store_id`, `symbol`, `quantity`, `purchase_price`, `date`, `attachment`, `description`, `is_active`, `created_at`, `updated_at`) VALUES (226, 1, 1, 6, '+', 50, '150.00', '2024-10-01', NULL, '', 'yes', '2024-10-01 08:27:27', '2025-02-28 05:17:29');
INSERT INTO `item_stock` (`id`, `item_id`, `supplier_id`, `store_id`, `symbol`, `quantity`, `purchase_price`, `date`, `attachment`, `description`, `is_active`, `created_at`, `updated_at`) VALUES (227, 2, 2, 3, '+', 50, '120.00', '2024-10-05', NULL, '', 'yes', '2024-10-01 08:27:47', '2025-02-28 05:17:29');
INSERT INTO `item_stock` (`id`, `item_id`, `supplier_id`, `store_id`, `symbol`, `quantity`, `purchase_price`, `date`, `attachment`, `description`, `is_active`, `created_at`, `updated_at`) VALUES (228, 3, 3, 4, '+', 50, '152.00', '2024-10-10', NULL, '', 'yes', '2024-10-01 08:28:07', '2025-02-28 05:17:29');
INSERT INTO `item_stock` (`id`, `item_id`, `supplier_id`, `store_id`, `symbol`, `quantity`, `purchase_price`, `date`, `attachment`, `description`, `is_active`, `created_at`, `updated_at`) VALUES (229, 11, 4, 5, '+', 45, '150.00', '2024-10-15', NULL, '', 'yes', '2024-10-01 08:28:28', '2025-02-28 05:17:29');
INSERT INTO `item_stock` (`id`, `item_id`, `supplier_id`, `store_id`, `symbol`, `quantity`, `purchase_price`, `date`, `attachment`, `description`, `is_active`, `created_at`, `updated_at`) VALUES (230, 10, 1, 1, '+', 50, '200.00', '2024-10-20', NULL, '', 'yes', '2024-10-01 08:28:51', '2025-02-28 05:17:29');
INSERT INTO `item_stock` (`id`, `item_id`, `supplier_id`, `store_id`, `symbol`, `quantity`, `purchase_price`, `date`, `attachment`, `description`, `is_active`, `created_at`, `updated_at`) VALUES (231, 4, 2, 3, '+', 10, '200.00', '2024-10-25', NULL, '', 'yes', '2024-10-01 08:29:16', '2025-02-28 05:17:29');
INSERT INTO `item_stock` (`id`, `item_id`, `supplier_id`, `store_id`, `symbol`, `quantity`, `purchase_price`, `date`, `attachment`, `description`, `is_active`, `created_at`, `updated_at`) VALUES (232, 6, 4, 6, '+', 10, '250.00', '2024-10-30', NULL, '', 'yes', '2024-10-01 08:29:42', '2025-02-28 05:17:29');
INSERT INTO `item_stock` (`id`, `item_id`, `supplier_id`, `store_id`, `symbol`, `quantity`, `purchase_price`, `date`, `attachment`, `description`, `is_active`, `created_at`, `updated_at`) VALUES (233, 1, 1, 6, '+', 10, '120.00', '2024-11-01', NULL, '', 'yes', '2024-11-05 05:56:13', '2025-02-28 05:17:29');
INSERT INTO `item_stock` (`id`, `item_id`, `supplier_id`, `store_id`, `symbol`, `quantity`, `purchase_price`, `date`, `attachment`, `description`, `is_active`, `created_at`, `updated_at`) VALUES (234, 4, 2, 3, '+', 10, '100.00', '2024-11-05', NULL, '', 'yes', '2024-11-05 05:56:37', '2025-02-28 05:17:29');
INSERT INTO `item_stock` (`id`, `item_id`, `supplier_id`, `store_id`, `symbol`, `quantity`, `purchase_price`, `date`, `attachment`, `description`, `is_active`, `created_at`, `updated_at`) VALUES (235, 3, 3, 4, '+', 10, '100.00', '2024-11-10', NULL, '', 'yes', '2024-11-05 05:57:38', '2025-02-28 05:17:29');
INSERT INTO `item_stock` (`id`, `item_id`, `supplier_id`, `store_id`, `symbol`, `quantity`, `purchase_price`, `date`, `attachment`, `description`, `is_active`, `created_at`, `updated_at`) VALUES (236, 10, 1, 2, '+', 10, '80.00', '2024-11-15', NULL, '', 'yes', '2024-11-05 05:58:01', '2025-02-28 05:17:29');
INSERT INTO `item_stock` (`id`, `item_id`, `supplier_id`, `store_id`, `symbol`, `quantity`, `purchase_price`, `date`, `attachment`, `description`, `is_active`, `created_at`, `updated_at`) VALUES (237, 9, 4, 2, '+', 5, '120.00', '2024-11-20', NULL, '', 'yes', '2024-11-05 06:00:23', '2025-02-28 05:17:29');
INSERT INTO `item_stock` (`id`, `item_id`, `supplier_id`, `store_id`, `symbol`, `quantity`, `purchase_price`, `date`, `attachment`, `description`, `is_active`, `created_at`, `updated_at`) VALUES (238, 7, 1, 1, '+', 10, '150.00', '2024-11-25', NULL, '', 'yes', '2024-11-05 06:01:22', '2025-02-28 05:17:29');
INSERT INTO `item_stock` (`id`, `item_id`, `supplier_id`, `store_id`, `symbol`, `quantity`, `purchase_price`, `date`, `attachment`, `description`, `is_active`, `created_at`, `updated_at`) VALUES (239, 6, 1, 6, '+', 10, '120.00', '2024-11-30', NULL, '', 'yes', '2024-11-05 06:02:34', '2025-02-28 05:17:29');
INSERT INTO `item_stock` (`id`, `item_id`, `supplier_id`, `store_id`, `symbol`, `quantity`, `purchase_price`, `date`, `attachment`, `description`, `is_active`, `created_at`, `updated_at`) VALUES (240, 1, 1, 6, '+', 25, '150.00', '2024-12-01', NULL, '', 'yes', '2024-12-03 07:36:35', '2025-02-28 05:17:29');
INSERT INTO `item_stock` (`id`, `item_id`, `supplier_id`, `store_id`, `symbol`, `quantity`, `purchase_price`, `date`, `attachment`, `description`, `is_active`, `created_at`, `updated_at`) VALUES (241, 4, 2, 3, '+', 20, '120.00', '2024-12-05', NULL, '', 'yes', '2024-12-03 07:36:57', '2025-02-28 05:17:29');
INSERT INTO `item_stock` (`id`, `item_id`, `supplier_id`, `store_id`, `symbol`, `quantity`, `purchase_price`, `date`, `attachment`, `description`, `is_active`, `created_at`, `updated_at`) VALUES (242, 5, 3, 4, '+', 50, '200.00', '2024-12-10', NULL, '', 'yes', '2024-12-03 07:37:15', '2025-02-28 05:17:29');
INSERT INTO `item_stock` (`id`, `item_id`, `supplier_id`, `store_id`, `symbol`, `quantity`, `purchase_price`, `date`, `attachment`, `description`, `is_active`, `created_at`, `updated_at`) VALUES (243, 12, 1, 1, '+', 50, '150.00', '2024-12-15', NULL, '', 'yes', '2024-12-03 07:37:42', '2025-02-28 05:17:29');
INSERT INTO `item_stock` (`id`, `item_id`, `supplier_id`, `store_id`, `symbol`, `quantity`, `purchase_price`, `date`, `attachment`, `description`, `is_active`, `created_at`, `updated_at`) VALUES (244, 9, 4, 5, '+', 10, '100.00', '2024-12-20', NULL, '', 'yes', '2024-12-03 07:38:07', '2025-02-28 05:17:29');
INSERT INTO `item_stock` (`id`, `item_id`, `supplier_id`, `store_id`, `symbol`, `quantity`, `purchase_price`, `date`, `attachment`, `description`, `is_active`, `created_at`, `updated_at`) VALUES (245, 3, 3, 4, '+', 50, '100.00', '2024-12-25', NULL, '', 'yes', '2024-12-03 07:42:00', '2025-02-28 05:17:29');
INSERT INTO `item_stock` (`id`, `item_id`, `supplier_id`, `store_id`, `symbol`, `quantity`, `purchase_price`, `date`, `attachment`, `description`, `is_active`, `created_at`, `updated_at`) VALUES (246, 11, 1, 5, '+', 10, '150.00', '2024-12-30', NULL, '', 'yes', '2024-12-03 07:42:17', '2025-02-28 05:17:29');
INSERT INTO `item_stock` (`id`, `item_id`, `supplier_id`, `store_id`, `symbol`, `quantity`, `purchase_price`, `date`, `attachment`, `description`, `is_active`, `created_at`, `updated_at`) VALUES (247, 1, 1, 6, '+', 10, '120.00', '2025-01-01', NULL, '', 'yes', '2025-01-03 07:08:45', '2025-02-28 05:17:29');
INSERT INTO `item_stock` (`id`, `item_id`, `supplier_id`, `store_id`, `symbol`, `quantity`, `purchase_price`, `date`, `attachment`, `description`, `is_active`, `created_at`, `updated_at`) VALUES (248, 2, 2, 3, '+', 10, '100.00', '2025-01-06', NULL, '', 'yes', '2025-01-03 07:09:05', '2025-02-28 05:17:29');
INSERT INTO `item_stock` (`id`, `item_id`, `supplier_id`, `store_id`, `symbol`, `quantity`, `purchase_price`, `date`, `attachment`, `description`, `is_active`, `created_at`, `updated_at`) VALUES (249, 3, 3, 4, '+', 15, '150.00', '2025-01-10', NULL, '', 'yes', '2025-01-03 07:09:19', '2025-02-28 05:17:29');
INSERT INTO `item_stock` (`id`, `item_id`, `supplier_id`, `store_id`, `symbol`, `quantity`, `purchase_price`, `date`, `attachment`, `description`, `is_active`, `created_at`, `updated_at`) VALUES (250, 12, 1, 1, '+', 20, '150.00', '2025-01-15', NULL, '', 'yes', '2025-01-03 07:09:44', '2025-02-28 05:17:29');
INSERT INTO `item_stock` (`id`, `item_id`, `supplier_id`, `store_id`, `symbol`, `quantity`, `purchase_price`, `date`, `attachment`, `description`, `is_active`, `created_at`, `updated_at`) VALUES (251, 9, 4, 5, '+', 10, '120.00', '2025-01-20', NULL, '', 'yes', '2025-01-03 07:10:08', '2025-02-28 05:17:29');
INSERT INTO `item_stock` (`id`, `item_id`, `supplier_id`, `store_id`, `symbol`, `quantity`, `purchase_price`, `date`, `attachment`, `description`, `is_active`, `created_at`, `updated_at`) VALUES (252, 6, 1, 6, '+', 5, '80.00', '2025-01-25', NULL, '', 'yes', '2025-01-03 07:10:40', '2025-02-28 05:17:29');
INSERT INTO `item_stock` (`id`, `item_id`, `supplier_id`, `store_id`, `symbol`, `quantity`, `purchase_price`, `date`, `attachment`, `description`, `is_active`, `created_at`, `updated_at`) VALUES (253, 10, 1, 1, '+', 10, '120.00', '2025-01-30', NULL, '', 'yes', '2025-01-03 07:11:30', '2025-02-28 05:17:29');
INSERT INTO `item_stock` (`id`, `item_id`, `supplier_id`, `store_id`, `symbol`, `quantity`, `purchase_price`, `date`, `attachment`, `description`, `is_active`, `created_at`, `updated_at`) VALUES (254, 1, 4, 6, '+', 20, '120.00', '2025-02-01', NULL, '', 'yes', '2025-02-03 12:24:22', '2025-02-28 05:17:29');
INSERT INTO `item_stock` (`id`, `item_id`, `supplier_id`, `store_id`, `symbol`, `quantity`, `purchase_price`, `date`, `attachment`, `description`, `is_active`, `created_at`, `updated_at`) VALUES (255, 2, 2, 3, '+', 10, '100.00', '2025-02-05', NULL, '', 'yes', '2025-02-03 12:30:11', '2025-02-28 05:17:29');
INSERT INTO `item_stock` (`id`, `item_id`, `supplier_id`, `store_id`, `symbol`, `quantity`, `purchase_price`, `date`, `attachment`, `description`, `is_active`, `created_at`, `updated_at`) VALUES (256, 10, 1, 2, '+', 20, '150.00', '2025-02-10', NULL, '', 'yes', '2025-02-03 12:30:40', '2025-02-28 05:17:29');
INSERT INTO `item_stock` (`id`, `item_id`, `supplier_id`, `store_id`, `symbol`, `quantity`, `purchase_price`, `date`, `attachment`, `description`, `is_active`, `created_at`, `updated_at`) VALUES (257, 3, 3, 4, '+', 15, '120.00', '2025-02-15', NULL, '', 'yes', '2025-02-03 12:30:58', '2025-02-28 05:17:29');
INSERT INTO `item_stock` (`id`, `item_id`, `supplier_id`, `store_id`, `symbol`, `quantity`, `purchase_price`, `date`, `attachment`, `description`, `is_active`, `created_at`, `updated_at`) VALUES (258, 9, 4, 5, '+', 10, '110.00', '2025-02-20', NULL, '', 'yes', '2025-02-03 12:31:15', '2025-02-28 05:17:29');
INSERT INTO `item_stock` (`id`, `item_id`, `supplier_id`, `store_id`, `symbol`, `quantity`, `purchase_price`, `date`, `attachment`, `description`, `is_active`, `created_at`, `updated_at`) VALUES (259, 6, 1, 6, '+', 15, '200.00', '2025-02-25', NULL, '', 'yes', '2025-02-03 12:31:48', '2025-02-28 05:17:29');
INSERT INTO `item_stock` (`id`, `item_id`, `supplier_id`, `store_id`, `symbol`, `quantity`, `purchase_price`, `date`, `attachment`, `description`, `is_active`, `created_at`, `updated_at`) VALUES (260, 12, 4, 2, '+', 10, '100.00', '2025-02-28', NULL, '', 'yes', '2025-02-03 12:32:27', '2025-02-28 05:17:29');
INSERT INTO `item_stock` (`id`, `item_id`, `supplier_id`, `store_id`, `symbol`, `quantity`, `purchase_price`, `date`, `attachment`, `description`, `is_active`, `created_at`, `updated_at`) VALUES (261, 1, 1, 6, '+', 15, '100.00', '2025-03-01', NULL, '', 'yes', '2025-02-28 12:14:03', '2025-02-28 12:14:03');
INSERT INTO `item_stock` (`id`, `item_id`, `supplier_id`, `store_id`, `symbol`, `quantity`, `purchase_price`, `date`, `attachment`, `description`, `is_active`, `created_at`, `updated_at`) VALUES (262, 4, 2, 3, '+', 15, '80.00', '2025-03-05', NULL, '', 'yes', '2025-02-28 12:14:22', '2025-02-28 12:14:22');
INSERT INTO `item_stock` (`id`, `item_id`, `supplier_id`, `store_id`, `symbol`, `quantity`, `purchase_price`, `date`, `attachment`, `description`, `is_active`, `created_at`, `updated_at`) VALUES (263, 3, 3, 4, '+', 20, '120.00', '2025-03-10', NULL, '', 'yes', '2025-02-28 12:14:53', '2025-02-28 12:14:53');
INSERT INTO `item_stock` (`id`, `item_id`, `supplier_id`, `store_id`, `symbol`, `quantity`, `purchase_price`, `date`, `attachment`, `description`, `is_active`, `created_at`, `updated_at`) VALUES (264, 12, 1, 2, '+', 25, '90.00', '2025-03-15', NULL, '', 'yes', '2025-02-28 12:15:29', '2025-02-28 12:15:29');
INSERT INTO `item_stock` (`id`, `item_id`, `supplier_id`, `store_id`, `symbol`, `quantity`, `purchase_price`, `date`, `attachment`, `description`, `is_active`, `created_at`, `updated_at`) VALUES (265, 11, 4, 5, '+', 20, '100.00', '2025-03-20', NULL, '', 'yes', '2025-02-28 12:15:55', '2025-02-28 12:15:55');
INSERT INTO `item_stock` (`id`, `item_id`, `supplier_id`, `store_id`, `symbol`, `quantity`, `purchase_price`, `date`, `attachment`, `description`, `is_active`, `created_at`, `updated_at`) VALUES (266, 3, 3, 4, '+', 25, '150.00', '2025-03-25', NULL, '', 'yes', '2025-02-28 12:16:18', '2025-02-28 12:16:24');
INSERT INTO `item_stock` (`id`, `item_id`, `supplier_id`, `store_id`, `symbol`, `quantity`, `purchase_price`, `date`, `attachment`, `description`, `is_active`, `created_at`, `updated_at`) VALUES (267, 7, 1, 2, '+', 20, '105.00', '2025-03-31', NULL, '', 'yes', '2025-02-28 12:16:52', '2025-02-28 12:16:52');


#
# TABLE STRUCTURE FOR: item_store
#


CREATE TABLE `item_store` (
  `id` int NOT NULL AUTO_INCREMENT,
  `item_store` varchar(255) NOT NULL,
  `code` varchar(255) NOT NULL,
  `description` text NOT NULL,
  `created_at` timestamp NOT NULL DEFAULT CURRENT_TIMESTAMP,
  `updated_at` timestamp NOT NULL DEFAULT CURRENT_TIMESTAMP ON UPDATE CURRENT_TIMESTAMP,
  PRIMARY KEY (`id`)
) ENGINE=InnoDB AUTO_INCREMENT=7 DEFAULT CHARSET=utf8mb3;

INSERT INTO `item_store` (`id`, `item_store`, `code`, `description`, `created_at`, `updated_at`) VALUES (1, 'Libraray Store', 'LB2', '', '2023-01-18 06:07:14', '2025-02-28 05:17:29');
INSERT INTO `item_store` (`id`, `item_store`, `code`, `description`, `created_at`, `updated_at`) VALUES (2, 'Science Store', 'SC2', '', '2023-01-18 06:07:14', '2025-02-28 05:17:29');
INSERT INTO `item_store` (`id`, `item_store`, `code`, `description`, `created_at`, `updated_at`) VALUES (3, 'Uniform Dress Store', 'UND23', '', '2023-01-18 06:07:14', '2025-02-28 05:17:29');
INSERT INTO `item_store` (`id`, `item_store`, `code`, `description`, `created_at`, `updated_at`) VALUES (4, 'Furniture Store', 'FS342', '', '2023-01-18 06:07:14', '2025-02-28 05:17:29');
INSERT INTO `item_store` (`id`, `item_store`, `code`, `description`, `created_at`, `updated_at`) VALUES (5, 'Chemistry  Equipment', 'Ch201', 'The basic idea about the proper and necessary chemistry lab apparatus should be cleared among the students.', '2023-01-18 06:07:14', '2025-02-28 05:17:29');
INSERT INTO `item_store` (`id`, `item_store`, `code`, `description`, `created_at`, `updated_at`) VALUES (6, 'Sports Store', 'sp55', '', '2023-12-01 13:27:59', '2025-02-28 05:17:29');


#
# TABLE STRUCTURE FOR: item_supplier
#


CREATE TABLE `item_supplier` (
  `id` int NOT NULL AUTO_INCREMENT,
  `item_supplier` varchar(255) NOT NULL,
  `phone` varchar(255) NOT NULL,
  `email` varchar(255) NOT NULL,
  `address` varchar(255) NOT NULL,
  `contact_person_name` varchar(255) NOT NULL,
  `contact_person_phone` varchar(255) NOT NULL,
  `contact_person_email` varchar(255) NOT NULL,
  `description` text NOT NULL,
  `created_at` timestamp NOT NULL DEFAULT CURRENT_TIMESTAMP,
  `updated_at` timestamp NOT NULL DEFAULT CURRENT_TIMESTAMP ON UPDATE CURRENT_TIMESTAMP,
  PRIMARY KEY (`id`)
) ENGINE=InnoDB AUTO_INCREMENT=5 DEFAULT CHARSET=utf8mb3;

INSERT INTO `item_supplier` (`id`, `item_supplier`, `phone`, `email`, `address`, `contact_person_name`, `contact_person_phone`, `contact_person_email`, `description`, `created_at`, `updated_at`) VALUES (1, 'Camlin Stationers', '8458436583', 'camlin@gmail.com', '22 Cristal Way. CA', 'Bruce Stark', '847487932', 'bruce@gmail.com', '', '2025-02-28 05:17:29', '2025-02-28 05:17:29');
INSERT INTO `item_supplier` (`id`, `item_supplier`, `phone`, `email`, `address`, `contact_person_name`, `contact_person_phone`, `contact_person_email`, `description`, `created_at`, `updated_at`) VALUES (2, 'Jhonson Uniform Dress', '8796787856', 'Jhon@gmail.com', '22 Cristal Way. CA', 'David', '87686785678', 'david@gmail.com', '', '2025-02-28 05:17:29', '2025-02-28 05:17:29');
INSERT INTO `item_supplier` (`id`, `item_supplier`, `phone`, `email`, `address`, `contact_person_name`, `contact_person_phone`, `contact_person_email`, `description`, `created_at`, `updated_at`) VALUES (3, 'David Furniture', '678678678', 'da@gmail.com', '22 Cristal Way. CA', 'Peter', '685676578', 'per@gmail.com', '', '2025-02-28 05:17:29', '2025-02-28 05:17:29');
INSERT INTO `item_supplier` (`id`, `item_supplier`, `phone`, `email`, `address`, `contact_person_name`, `contact_person_phone`, `contact_person_email`, `description`, `created_at`, `updated_at`) VALUES (4, 'Jhon smith Supplier', '8908089878', 'jhon@gmail.com', 'Delhi Road,DR', 'David ', '8987978678', 'david@gmail.com', '', '2025-02-28 05:17:29', '2025-02-28 05:17:29');


#
# TABLE STRUCTURE FOR: languages
#


CREATE TABLE `languages` (
  `id` int NOT NULL AUTO_INCREMENT,
  `language` varchar(50) DEFAULT NULL,
  `short_code` varchar(255) NOT NULL,
  `country_code` varchar(255) NOT NULL,
  `is_rtl` int NOT NULL,
  `is_deleted` varchar(10) NOT NULL DEFAULT 'yes',
  `is_active` varchar(255) DEFAULT 'no',
  `created_at` timestamp NOT NULL DEFAULT CURRENT_TIMESTAMP,
  `updated_at` timestamp NOT NULL DEFAULT CURRENT_TIMESTAMP ON UPDATE CURRENT_TIMESTAMP,
  PRIMARY KEY (`id`)
) ENGINE=InnoDB AUTO_INCREMENT=95 DEFAULT CHARSET=utf8mb3;

INSERT INTO `languages` (`id`, `language`, `short_code`, `country_code`, `is_rtl`, `is_deleted`, `is_active`, `created_at`, `updated_at`) VALUES (1, 'Azerbaijan', 'az', 'az', 0, 'no', 'no', '2019-11-20 11:23:12', '0000-00-00 00:00:00');
INSERT INTO `languages` (`id`, `language`, `short_code`, `country_code`, `is_rtl`, `is_deleted`, `is_active`, `created_at`, `updated_at`) VALUES (2, 'Albanian', 'sq', 'al', 0, 'no', 'no', '2019-11-20 11:42:42', '0000-00-00 00:00:00');
INSERT INTO `languages` (`id`, `language`, `short_code`, `country_code`, `is_rtl`, `is_deleted`, `is_active`, `created_at`, `updated_at`) VALUES (3, 'Amharic', 'am', 'am', 0, 'no', 'no', '2019-11-20 11:24:23', '0000-00-00 00:00:00');
INSERT INTO `languages` (`id`, `language`, `short_code`, `country_code`, `is_rtl`, `is_deleted`, `is_active`, `created_at`, `updated_at`) VALUES (4, 'English', 'en', 'us', 0, 'no', 'no', '2019-11-20 11:38:50', '0000-00-00 00:00:00');
INSERT INTO `languages` (`id`, `language`, `short_code`, `country_code`, `is_rtl`, `is_deleted`, `is_active`, `created_at`, `updated_at`) VALUES (5, 'Arabic', 'ar', 'sa', 0, 'no', 'no', '2019-11-20 11:47:28', '0000-00-00 00:00:00');
INSERT INTO `languages` (`id`, `language`, `short_code`, `country_code`, `is_rtl`, `is_deleted`, `is_active`, `created_at`, `updated_at`) VALUES (7, 'Afrikaans', 'af', 'af', 1, 'no', 'no', '2023-07-14 06:08:29', '0000-00-00 00:00:00');
INSERT INTO `languages` (`id`, `language`, `short_code`, `country_code`, `is_rtl`, `is_deleted`, `is_active`, `created_at`, `updated_at`) VALUES (8, 'Basque', 'eu', 'es', 0, 'no', 'no', '2019-11-20 11:54:10', '0000-00-00 00:00:00');
INSERT INTO `languages` (`id`, `language`, `short_code`, `country_code`, `is_rtl`, `is_deleted`, `is_active`, `created_at`, `updated_at`) VALUES (11, 'Bengali', 'bn', 'in', 0, 'no', 'no', '2019-11-20 11:41:53', '0000-00-00 00:00:00');
INSERT INTO `languages` (`id`, `language`, `short_code`, `country_code`, `is_rtl`, `is_deleted`, `is_active`, `created_at`, `updated_at`) VALUES (13, 'Bosnian', 'bs', 'bs', 0, 'no', 'no', '2019-11-20 11:24:23', '0000-00-00 00:00:00');
INSERT INTO `languages` (`id`, `language`, `short_code`, `country_code`, `is_rtl`, `is_deleted`, `is_active`, `created_at`, `updated_at`) VALUES (14, 'Welsh', 'cy', 'cy', 0, 'no', 'no', '2019-11-20 11:24:23', '0000-00-00 00:00:00');
INSERT INTO `languages` (`id`, `language`, `short_code`, `country_code`, `is_rtl`, `is_deleted`, `is_active`, `created_at`, `updated_at`) VALUES (15, 'Hungarian', 'hu', 'hu', 0, 'no', 'no', '2019-11-20 11:24:23', '0000-00-00 00:00:00');
INSERT INTO `languages` (`id`, `language`, `short_code`, `country_code`, `is_rtl`, `is_deleted`, `is_active`, `created_at`, `updated_at`) VALUES (16, 'Vietnamese', 'vi', 'vi', 0, 'no', 'no', '2019-11-20 11:24:23', '0000-00-00 00:00:00');
INSERT INTO `languages` (`id`, `language`, `short_code`, `country_code`, `is_rtl`, `is_deleted`, `is_active`, `created_at`, `updated_at`) VALUES (17, 'Haitian', 'ht', 'ht', 0, 'no', 'no', '2021-01-23 07:09:32', '0000-00-00 00:00:00');
INSERT INTO `languages` (`id`, `language`, `short_code`, `country_code`, `is_rtl`, `is_deleted`, `is_active`, `created_at`, `updated_at`) VALUES (18, 'Galician', 'gl', 'gl', 0, 'no', 'no', '2019-11-20 11:24:23', '0000-00-00 00:00:00');
INSERT INTO `languages` (`id`, `language`, `short_code`, `country_code`, `is_rtl`, `is_deleted`, `is_active`, `created_at`, `updated_at`) VALUES (19, 'Dutch', 'nl', 'nl', 0, 'no', 'no', '2019-11-20 11:24:23', '0000-00-00 00:00:00');
INSERT INTO `languages` (`id`, `language`, `short_code`, `country_code`, `is_rtl`, `is_deleted`, `is_active`, `created_at`, `updated_at`) VALUES (21, 'Greek', 'el', 'gr', 0, 'no', 'no', '2019-11-20 12:12:08', '0000-00-00 00:00:00');
INSERT INTO `languages` (`id`, `language`, `short_code`, `country_code`, `is_rtl`, `is_deleted`, `is_active`, `created_at`, `updated_at`) VALUES (22, 'Georgian', 'ka', 'ge', 0, 'no', 'no', '2019-11-20 12:11:40', '0000-00-00 00:00:00');
INSERT INTO `languages` (`id`, `language`, `short_code`, `country_code`, `is_rtl`, `is_deleted`, `is_active`, `created_at`, `updated_at`) VALUES (23, 'Gujarati', 'gu', 'in', 0, 'no', 'no', '2019-11-20 11:39:16', '0000-00-00 00:00:00');
INSERT INTO `languages` (`id`, `language`, `short_code`, `country_code`, `is_rtl`, `is_deleted`, `is_active`, `created_at`, `updated_at`) VALUES (24, 'Danish', 'da', 'dk', 0, 'no', 'no', '2019-11-20 12:03:25', '0000-00-00 00:00:00');
INSERT INTO `languages` (`id`, `language`, `short_code`, `country_code`, `is_rtl`, `is_deleted`, `is_active`, `created_at`, `updated_at`) VALUES (25, 'Hebrew', 'he', 'il', 0, 'no', 'no', '2019-11-20 12:13:50', '0000-00-00 00:00:00');
INSERT INTO `languages` (`id`, `language`, `short_code`, `country_code`, `is_rtl`, `is_deleted`, `is_active`, `created_at`, `updated_at`) VALUES (26, 'Yiddish', 'yi', 'il', 0, 'no', 'no', '2019-11-20 12:25:33', '0000-00-00 00:00:00');
INSERT INTO `languages` (`id`, `language`, `short_code`, `country_code`, `is_rtl`, `is_deleted`, `is_active`, `created_at`, `updated_at`) VALUES (27, 'Indonesian', 'id', 'id', 0, 'no', 'no', '2019-11-20 11:24:23', '0000-00-00 00:00:00');
INSERT INTO `languages` (`id`, `language`, `short_code`, `country_code`, `is_rtl`, `is_deleted`, `is_active`, `created_at`, `updated_at`) VALUES (28, 'Irish', 'ga', 'ga', 0, 'no', 'no', '2019-11-20 11:24:23', '0000-00-00 00:00:00');
INSERT INTO `languages` (`id`, `language`, `short_code`, `country_code`, `is_rtl`, `is_deleted`, `is_active`, `created_at`, `updated_at`) VALUES (29, 'Italian', 'it', 'it', 0, 'no', 'no', '2019-11-20 11:24:23', '0000-00-00 00:00:00');
INSERT INTO `languages` (`id`, `language`, `short_code`, `country_code`, `is_rtl`, `is_deleted`, `is_active`, `created_at`, `updated_at`) VALUES (30, 'Icelandic', 'is', 'is', 0, 'no', 'no', '2019-11-20 11:24:23', '0000-00-00 00:00:00');
INSERT INTO `languages` (`id`, `language`, `short_code`, `country_code`, `is_rtl`, `is_deleted`, `is_active`, `created_at`, `updated_at`) VALUES (31, 'Spanish', 'es', 'es', 0, 'no', 'no', '2019-11-20 11:24:23', '0000-00-00 00:00:00');
INSERT INTO `languages` (`id`, `language`, `short_code`, `country_code`, `is_rtl`, `is_deleted`, `is_active`, `created_at`, `updated_at`) VALUES (33, 'Kannada', 'kn', 'kn', 0, 'no', 'no', '2019-11-20 11:24:23', '0000-00-00 00:00:00');
INSERT INTO `languages` (`id`, `language`, `short_code`, `country_code`, `is_rtl`, `is_deleted`, `is_active`, `created_at`, `updated_at`) VALUES (34, 'Catalan', 'ca', 'ca', 0, 'no', 'no', '2019-11-20 11:24:23', '0000-00-00 00:00:00');
INSERT INTO `languages` (`id`, `language`, `short_code`, `country_code`, `is_rtl`, `is_deleted`, `is_active`, `created_at`, `updated_at`) VALUES (36, 'Chinese', 'zh', 'cn', 0, 'no', 'no', '2019-11-20 12:01:48', '0000-00-00 00:00:00');
INSERT INTO `languages` (`id`, `language`, `short_code`, `country_code`, `is_rtl`, `is_deleted`, `is_active`, `created_at`, `updated_at`) VALUES (37, 'Korean', 'ko', 'kr', 0, 'no', 'no', '2019-11-20 12:19:09', '0000-00-00 00:00:00');
INSERT INTO `languages` (`id`, `language`, `short_code`, `country_code`, `is_rtl`, `is_deleted`, `is_active`, `created_at`, `updated_at`) VALUES (38, 'Xhosa', 'xh', 'ls', 0, 'no', 'no', '2019-11-20 12:24:39', '0000-00-00 00:00:00');
INSERT INTO `languages` (`id`, `language`, `short_code`, `country_code`, `is_rtl`, `is_deleted`, `is_active`, `created_at`, `updated_at`) VALUES (39, 'Latin', 'la', 'it', 0, 'no', 'no', '2021-01-23 07:09:32', '0000-00-00 00:00:00');
INSERT INTO `languages` (`id`, `language`, `short_code`, `country_code`, `is_rtl`, `is_deleted`, `is_active`, `created_at`, `updated_at`) VALUES (40, 'Latvian', 'lv', 'lv', 0, 'no', 'no', '2019-11-20 11:24:23', '0000-00-00 00:00:00');
INSERT INTO `languages` (`id`, `language`, `short_code`, `country_code`, `is_rtl`, `is_deleted`, `is_active`, `created_at`, `updated_at`) VALUES (41, 'Lithuanian', 'lt', 'lt', 0, 'no', 'no', '2019-11-20 11:24:23', '0000-00-00 00:00:00');
INSERT INTO `languages` (`id`, `language`, `short_code`, `country_code`, `is_rtl`, `is_deleted`, `is_active`, `created_at`, `updated_at`) VALUES (43, 'Malagasy', 'mg', 'mg', 0, 'no', 'no', '2019-11-20 11:24:23', '0000-00-00 00:00:00');
INSERT INTO `languages` (`id`, `language`, `short_code`, `country_code`, `is_rtl`, `is_deleted`, `is_active`, `created_at`, `updated_at`) VALUES (44, 'Malay', 'ms', 'ms', 0, 'no', 'no', '2019-11-20 11:24:23', '0000-00-00 00:00:00');
INSERT INTO `languages` (`id`, `language`, `short_code`, `country_code`, `is_rtl`, `is_deleted`, `is_active`, `created_at`, `updated_at`) VALUES (45, 'Malayalam', 'ml', 'ml', 0, 'no', 'no', '2019-11-20 11:24:23', '0000-00-00 00:00:00');
INSERT INTO `languages` (`id`, `language`, `short_code`, `country_code`, `is_rtl`, `is_deleted`, `is_active`, `created_at`, `updated_at`) VALUES (46, 'Maltese', 'mt', 'mt', 0, 'no', 'no', '2019-11-20 11:24:23', '0000-00-00 00:00:00');
INSERT INTO `languages` (`id`, `language`, `short_code`, `country_code`, `is_rtl`, `is_deleted`, `is_active`, `created_at`, `updated_at`) VALUES (47, 'Macedonian', 'mk', 'mk', 0, 'no', 'no', '2019-11-20 11:24:23', '0000-00-00 00:00:00');
INSERT INTO `languages` (`id`, `language`, `short_code`, `country_code`, `is_rtl`, `is_deleted`, `is_active`, `created_at`, `updated_at`) VALUES (48, 'Maori', 'mi', 'nz', 0, 'no', 'no', '2019-11-20 12:20:27', '0000-00-00 00:00:00');
INSERT INTO `languages` (`id`, `language`, `short_code`, `country_code`, `is_rtl`, `is_deleted`, `is_active`, `created_at`, `updated_at`) VALUES (49, 'Marathi', 'mr', 'in', 0, 'no', 'no', '2019-11-20 11:39:51', '0000-00-00 00:00:00');
INSERT INTO `languages` (`id`, `language`, `short_code`, `country_code`, `is_rtl`, `is_deleted`, `is_active`, `created_at`, `updated_at`) VALUES (51, 'Mongolian', 'mn', 'mn', 0, 'no', 'no', '2019-11-20 11:24:23', '0000-00-00 00:00:00');
INSERT INTO `languages` (`id`, `language`, `short_code`, `country_code`, `is_rtl`, `is_deleted`, `is_active`, `created_at`, `updated_at`) VALUES (52, 'German', 'de', 'de', 0, 'no', 'no', '2019-11-20 11:24:23', '0000-00-00 00:00:00');
INSERT INTO `languages` (`id`, `language`, `short_code`, `country_code`, `is_rtl`, `is_deleted`, `is_active`, `created_at`, `updated_at`) VALUES (53, 'Nepali', 'ne', 'ne', 0, 'no', 'no', '2019-11-20 11:24:23', '0000-00-00 00:00:00');
INSERT INTO `languages` (`id`, `language`, `short_code`, `country_code`, `is_rtl`, `is_deleted`, `is_active`, `created_at`, `updated_at`) VALUES (54, 'Norwegian', 'no', 'no', 0, 'no', 'no', '2019-11-20 11:24:23', '0000-00-00 00:00:00');
INSERT INTO `languages` (`id`, `language`, `short_code`, `country_code`, `is_rtl`, `is_deleted`, `is_active`, `created_at`, `updated_at`) VALUES (55, 'Punjabi', 'pa', 'in', 0, 'no', 'no', '2019-11-20 11:40:16', '0000-00-00 00:00:00');
INSERT INTO `languages` (`id`, `language`, `short_code`, `country_code`, `is_rtl`, `is_deleted`, `is_active`, `created_at`, `updated_at`) VALUES (57, 'Persian', 'fa', 'ir', 0, 'no', 'no', '2019-11-20 12:21:17', '0000-00-00 00:00:00');
INSERT INTO `languages` (`id`, `language`, `short_code`, `country_code`, `is_rtl`, `is_deleted`, `is_active`, `created_at`, `updated_at`) VALUES (59, 'Portuguese', 'pt', 'pt', 0, 'no', 'no', '2019-11-20 11:24:23', '0000-00-00 00:00:00');
INSERT INTO `languages` (`id`, `language`, `short_code`, `country_code`, `is_rtl`, `is_deleted`, `is_active`, `created_at`, `updated_at`) VALUES (60, 'Romanian', 'ro', 'ro', 0, 'no', 'no', '2019-11-20 11:24:23', '0000-00-00 00:00:00');
INSERT INTO `languages` (`id`, `language`, `short_code`, `country_code`, `is_rtl`, `is_deleted`, `is_active`, `created_at`, `updated_at`) VALUES (61, 'Russian', 'ru', 'ru', 0, 'no', 'no', '2019-11-20 11:24:23', '0000-00-00 00:00:00');
INSERT INTO `languages` (`id`, `language`, `short_code`, `country_code`, `is_rtl`, `is_deleted`, `is_active`, `created_at`, `updated_at`) VALUES (62, 'Cebuano', 'ceb', 'ph', 0, 'no', 'no', '2019-11-20 11:59:12', '0000-00-00 00:00:00');
INSERT INTO `languages` (`id`, `language`, `short_code`, `country_code`, `is_rtl`, `is_deleted`, `is_active`, `created_at`, `updated_at`) VALUES (64, 'Sinhala', 'si', 'lk ', 0, 'no', 'no', '2021-01-23 07:09:32', '0000-00-00 00:00:00');
INSERT INTO `languages` (`id`, `language`, `short_code`, `country_code`, `is_rtl`, `is_deleted`, `is_active`, `created_at`, `updated_at`) VALUES (65, 'Slovakian', 'sk', 'sk', 0, 'no', 'no', '2019-11-20 11:24:23', '0000-00-00 00:00:00');
INSERT INTO `languages` (`id`, `language`, `short_code`, `country_code`, `is_rtl`, `is_deleted`, `is_active`, `created_at`, `updated_at`) VALUES (66, 'Slovenian', 'sl', 'sl', 0, 'no', 'no', '2019-11-20 11:24:23', '0000-00-00 00:00:00');
INSERT INTO `languages` (`id`, `language`, `short_code`, `country_code`, `is_rtl`, `is_deleted`, `is_active`, `created_at`, `updated_at`) VALUES (67, 'Swahili', 'sw', 'ke', 0, 'no', 'no', '2019-11-20 12:21:57', '0000-00-00 00:00:00');
INSERT INTO `languages` (`id`, `language`, `short_code`, `country_code`, `is_rtl`, `is_deleted`, `is_active`, `created_at`, `updated_at`) VALUES (68, 'Sundanese', 'su', 'sd', 0, 'no', 'no', '2019-12-03 11:06:57', '0000-00-00 00:00:00');
INSERT INTO `languages` (`id`, `language`, `short_code`, `country_code`, `is_rtl`, `is_deleted`, `is_active`, `created_at`, `updated_at`) VALUES (70, 'Thai', 'th', 'th', 0, 'no', 'no', '2019-11-20 11:24:23', '0000-00-00 00:00:00');
INSERT INTO `languages` (`id`, `language`, `short_code`, `country_code`, `is_rtl`, `is_deleted`, `is_active`, `created_at`, `updated_at`) VALUES (71, 'Tagalog', 'tl', 'tl', 0, 'no', 'no', '2019-11-20 11:24:23', '0000-00-00 00:00:00');
INSERT INTO `languages` (`id`, `language`, `short_code`, `country_code`, `is_rtl`, `is_deleted`, `is_active`, `created_at`, `updated_at`) VALUES (72, 'Tamil', 'ta', 'in', 0, 'no', 'no', '2019-11-20 11:40:53', '0000-00-00 00:00:00');
INSERT INTO `languages` (`id`, `language`, `short_code`, `country_code`, `is_rtl`, `is_deleted`, `is_active`, `created_at`, `updated_at`) VALUES (74, 'Telugu', 'te', 'in', 0, 'no', 'no', '2019-11-20 11:41:15', '0000-00-00 00:00:00');
INSERT INTO `languages` (`id`, `language`, `short_code`, `country_code`, `is_rtl`, `is_deleted`, `is_active`, `created_at`, `updated_at`) VALUES (75, 'Turkish', 'tr', 'tr', 0, 'no', 'no', '2019-11-20 11:24:23', '0000-00-00 00:00:00');
INSERT INTO `languages` (`id`, `language`, `short_code`, `country_code`, `is_rtl`, `is_deleted`, `is_active`, `created_at`, `updated_at`) VALUES (77, 'Uzbek', 'uz', 'uz', 0, 'no', 'no', '2019-11-20 11:24:23', '0000-00-00 00:00:00');
INSERT INTO `languages` (`id`, `language`, `short_code`, `country_code`, `is_rtl`, `is_deleted`, `is_active`, `created_at`, `updated_at`) VALUES (79, 'Urdu', 'ur', 'pk', 0, 'no', 'no', '2019-11-20 12:23:57', '0000-00-00 00:00:00');
INSERT INTO `languages` (`id`, `language`, `short_code`, `country_code`, `is_rtl`, `is_deleted`, `is_active`, `created_at`, `updated_at`) VALUES (80, 'Finnish', 'fi', 'fi', 0, 'no', 'no', '2019-11-20 11:24:23', '0000-00-00 00:00:00');
INSERT INTO `languages` (`id`, `language`, `short_code`, `country_code`, `is_rtl`, `is_deleted`, `is_active`, `created_at`, `updated_at`) VALUES (81, 'French', 'fr', 'fr', 0, 'no', 'no', '2019-11-20 11:24:23', '0000-00-00 00:00:00');
INSERT INTO `languages` (`id`, `language`, `short_code`, `country_code`, `is_rtl`, `is_deleted`, `is_active`, `created_at`, `updated_at`) VALUES (82, 'Hindi', 'hi', 'in', 0, 'no', 'no', '2019-11-20 11:36:34', '0000-00-00 00:00:00');
INSERT INTO `languages` (`id`, `language`, `short_code`, `country_code`, `is_rtl`, `is_deleted`, `is_active`, `created_at`, `updated_at`) VALUES (84, 'Czech', 'cs', 'cz', 0, 'no', 'no', '2019-11-20 12:02:36', '0000-00-00 00:00:00');
INSERT INTO `languages` (`id`, `language`, `short_code`, `country_code`, `is_rtl`, `is_deleted`, `is_active`, `created_at`, `updated_at`) VALUES (85, 'Swedish', 'sv', 'sv', 0, 'no', 'no', '2019-11-20 11:24:23', '0000-00-00 00:00:00');
INSERT INTO `languages` (`id`, `language`, `short_code`, `country_code`, `is_rtl`, `is_deleted`, `is_active`, `created_at`, `updated_at`) VALUES (86, 'Scottish', 'gd', 'gd', 0, 'no', 'no', '2019-11-20 11:24:23', '0000-00-00 00:00:00');
INSERT INTO `languages` (`id`, `language`, `short_code`, `country_code`, `is_rtl`, `is_deleted`, `is_active`, `created_at`, `updated_at`) VALUES (87, 'Estonian', 'et', 'et', 0, 'no', 'no', '2019-11-20 11:24:23', '0000-00-00 00:00:00');
INSERT INTO `languages` (`id`, `language`, `short_code`, `country_code`, `is_rtl`, `is_deleted`, `is_active`, `created_at`, `updated_at`) VALUES (88, 'Esperanto', 'eo', 'br', 0, 'no', 'no', '2019-11-21 04:49:18', '0000-00-00 00:00:00');
INSERT INTO `languages` (`id`, `language`, `short_code`, `country_code`, `is_rtl`, `is_deleted`, `is_active`, `created_at`, `updated_at`) VALUES (89, 'Javanese', 'jv', 'id', 0, 'no', 'no', '2019-11-20 12:18:29', '0000-00-00 00:00:00');
INSERT INTO `languages` (`id`, `language`, `short_code`, `country_code`, `is_rtl`, `is_deleted`, `is_active`, `created_at`, `updated_at`) VALUES (90, 'Japanese', 'ja', 'jp', 0, 'no', 'no', '2019-11-20 12:14:39', '0000-00-00 00:00:00');
INSERT INTO `languages` (`id`, `language`, `short_code`, `country_code`, `is_rtl`, `is_deleted`, `is_active`, `created_at`, `updated_at`) VALUES (91, 'Polish', 'pl', 'pl', 0, 'no', 'no', '2020-06-15 03:25:27', '0000-00-00 00:00:00');
INSERT INTO `languages` (`id`, `language`, `short_code`, `country_code`, `is_rtl`, `is_deleted`, `is_active`, `created_at`, `updated_at`) VALUES (92, 'Kurdish', 'ku', 'iq', 0, 'no', 'no', '2020-12-21 00:15:31', '0000-00-00 00:00:00');
INSERT INTO `languages` (`id`, `language`, `short_code`, `country_code`, `is_rtl`, `is_deleted`, `is_active`, `created_at`, `updated_at`) VALUES (93, 'Lao', 'lo', 'la', 0, 'no', 'no', '2020-12-21 00:15:36', '0000-00-00 00:00:00');
INSERT INTO `languages` (`id`, `language`, `short_code`, `country_code`, `is_rtl`, `is_deleted`, `is_active`, `created_at`, `updated_at`) VALUES (94, 'Croatia', 'hr', 'hr', 0, 'no', 'no', '2022-06-07 11:48:21', '2025-02-28 05:17:29');


#
# TABLE STRUCTURE FOR: leave_types
#


CREATE TABLE `leave_types` (
  `id` int NOT NULL AUTO_INCREMENT,
  `type` varchar(200) NOT NULL,
  `is_active` varchar(50) NOT NULL,
  PRIMARY KEY (`id`),
  UNIQUE KEY `type` (`type`)
) ENGINE=InnoDB AUTO_INCREMENT=5 DEFAULT CHARSET=utf8mb3;

INSERT INTO `leave_types` (`id`, `type`, `is_active`) VALUES (1, 'Medical Leave', 'yes');
INSERT INTO `leave_types` (`id`, `type`, `is_active`) VALUES (2, 'Casual Leave', 'yes');
INSERT INTO `leave_types` (`id`, `type`, `is_active`) VALUES (3, 'Maternity Leave', 'yes');
INSERT INTO `leave_types` (`id`, `type`, `is_active`) VALUES (4, 'Sick Leave', 'yes');


#
# TABLE STRUCTURE FOR: lesson
#


CREATE TABLE `lesson` (
  `id` int NOT NULL AUTO_INCREMENT,
  `session_id` int NOT NULL,
  `subject_group_subject_id` int NOT NULL,
  `subject_group_class_sections_id` int NOT NULL,
  `name` varchar(255) NOT NULL,
  `created_at` timestamp NOT NULL DEFAULT CURRENT_TIMESTAMP,
  `updated_at` timestamp NOT NULL DEFAULT CURRENT_TIMESTAMP ON UPDATE CURRENT_TIMESTAMP,
  PRIMARY KEY (`id`),
  KEY `session_id` (`session_id`),
  KEY `subject_group_subject_id` (`subject_group_subject_id`),
  KEY `subject_group_class_sections_id` (`subject_group_class_sections_id`),
  CONSTRAINT `lesson_ibfk_1` FOREIGN KEY (`session_id`) REFERENCES `sessions` (`id`) ON DELETE CASCADE,
  CONSTRAINT `lesson_ibfk_2` FOREIGN KEY (`subject_group_subject_id`) REFERENCES `subject_group_subjects` (`id`) ON DELETE CASCADE,
  CONSTRAINT `lesson_ibfk_3` FOREIGN KEY (`subject_group_class_sections_id`) REFERENCES `subject_group_class_sections` (`id`) ON DELETE CASCADE
) ENGINE=InnoDB AUTO_INCREMENT=520 DEFAULT CHARSET=utf8mb3;

INSERT INTO `lesson` (`id`, `session_id`, `subject_group_subject_id`, `subject_group_class_sections_id`, `name`, `created_at`, `updated_at`) VALUES (1, 16, 1, 1, 'Lesson - 1', '2021-03-23 10:17:03', '2025-02-28 05:17:29');
INSERT INTO `lesson` (`id`, `session_id`, `subject_group_subject_id`, `subject_group_class_sections_id`, `name`, `created_at`, `updated_at`) VALUES (2, 16, 1, 1, 'Lesson - 2', '2021-03-23 10:17:03', '2025-02-28 05:17:29');
INSERT INTO `lesson` (`id`, `session_id`, `subject_group_subject_id`, `subject_group_class_sections_id`, `name`, `created_at`, `updated_at`) VALUES (3, 16, 1, 1, 'Lesson - 3', '2021-03-23 10:17:03', '2025-02-28 05:17:29');
INSERT INTO `lesson` (`id`, `session_id`, `subject_group_subject_id`, `subject_group_class_sections_id`, `name`, `created_at`, `updated_at`) VALUES (4, 16, 1, 1, 'Lesson - 4', '2021-03-23 10:17:03', '2025-02-28 05:17:29');
INSERT INTO `lesson` (`id`, `session_id`, `subject_group_subject_id`, `subject_group_class_sections_id`, `name`, `created_at`, `updated_at`) VALUES (5, 16, 1, 1, 'Lesson - 5', '2021-03-23 10:17:03', '2025-02-28 05:17:29');
INSERT INTO `lesson` (`id`, `session_id`, `subject_group_subject_id`, `subject_group_class_sections_id`, `name`, `created_at`, `updated_at`) VALUES (6, 16, 1, 1, 'English Revision', '2021-03-23 10:17:03', '2025-02-28 05:17:29');
INSERT INTO `lesson` (`id`, `session_id`, `subject_group_subject_id`, `subject_group_class_sections_id`, `name`, `created_at`, `updated_at`) VALUES (7, 16, 1, 1, 'Lesson - 6', '2021-03-23 10:17:03', '2025-02-28 05:17:29');
INSERT INTO `lesson` (`id`, `session_id`, `subject_group_subject_id`, `subject_group_class_sections_id`, `name`, `created_at`, `updated_at`) VALUES (8, 16, 1, 1, 'Lesson - 7', '2021-03-23 10:17:03', '2025-02-28 05:17:29');
INSERT INTO `lesson` (`id`, `session_id`, `subject_group_subject_id`, `subject_group_class_sections_id`, `name`, `created_at`, `updated_at`) VALUES (9, 16, 1, 1, 'Lesson - 8', '2021-03-23 10:17:03', '2025-02-28 05:17:29');
INSERT INTO `lesson` (`id`, `session_id`, `subject_group_subject_id`, `subject_group_class_sections_id`, `name`, `created_at`, `updated_at`) VALUES (10, 16, 1, 1, 'Food Requirement', '2021-03-23 10:17:03', '2025-02-28 05:17:29');
INSERT INTO `lesson` (`id`, `session_id`, `subject_group_subject_id`, `subject_group_class_sections_id`, `name`, `created_at`, `updated_at`) VALUES (11, 16, 9, 3, 'Lesson - 4', '2021-03-23 10:18:09', '2025-02-28 05:17:29');
INSERT INTO `lesson` (`id`, `session_id`, `subject_group_subject_id`, `subject_group_class_sections_id`, `name`, `created_at`, `updated_at`) VALUES (12, 16, 9, 3, 'Lesson - 5', '2021-03-23 10:18:09', '2025-02-28 05:17:29');
INSERT INTO `lesson` (`id`, `session_id`, `subject_group_subject_id`, `subject_group_class_sections_id`, `name`, `created_at`, `updated_at`) VALUES (17, 16, 9, 3, 'Lesson -10', '2021-03-23 10:18:09', '2025-02-28 05:17:29');
INSERT INTO `lesson` (`id`, `session_id`, `subject_group_subject_id`, `subject_group_class_sections_id`, `name`, `created_at`, `updated_at`) VALUES (18, 16, 10, 3, 'Lesson - 1', '2021-03-23 10:19:53', '2025-02-28 05:17:29');
INSERT INTO `lesson` (`id`, `session_id`, `subject_group_subject_id`, `subject_group_class_sections_id`, `name`, `created_at`, `updated_at`) VALUES (19, 16, 10, 3, 'Lesson - 2', '2021-03-23 10:19:53', '2025-02-28 05:17:29');
INSERT INTO `lesson` (`id`, `session_id`, `subject_group_subject_id`, `subject_group_class_sections_id`, `name`, `created_at`, `updated_at`) VALUES (20, 16, 10, 3, 'Lesson - 3', '2021-03-23 10:19:53', '2025-02-28 05:17:29');
INSERT INTO `lesson` (`id`, `session_id`, `subject_group_subject_id`, `subject_group_class_sections_id`, `name`, `created_at`, `updated_at`) VALUES (21, 16, 10, 3, 'Lesson - 4', '2021-05-03 14:44:32', '2025-02-28 05:17:29');
INSERT INTO `lesson` (`id`, `session_id`, `subject_group_subject_id`, `subject_group_class_sections_id`, `name`, `created_at`, `updated_at`) VALUES (22, 16, 10, 3, 'Lesson - 5', '2021-03-23 10:19:53', '2025-02-28 05:17:29');
INSERT INTO `lesson` (`id`, `session_id`, `subject_group_subject_id`, `subject_group_class_sections_id`, `name`, `created_at`, `updated_at`) VALUES (23, 16, 10, 3, 'Lesson - 6', '2021-05-03 14:44:32', '2025-02-28 05:17:29');
INSERT INTO `lesson` (`id`, `session_id`, `subject_group_subject_id`, `subject_group_class_sections_id`, `name`, `created_at`, `updated_at`) VALUES (24, 16, 10, 3, 'Lesson - 7', '2021-05-03 14:44:32', '2025-02-28 05:17:29');
INSERT INTO `lesson` (`id`, `session_id`, `subject_group_subject_id`, `subject_group_class_sections_id`, `name`, `created_at`, `updated_at`) VALUES (25, 16, 10, 3, 'Lesson - 8', '2021-05-03 14:44:32', '2025-02-28 05:17:29');
INSERT INTO `lesson` (`id`, `session_id`, `subject_group_subject_id`, `subject_group_class_sections_id`, `name`, `created_at`, `updated_at`) VALUES (26, 16, 5, 1, 'Lesson - 2', '2021-03-23 10:20:40', '2025-02-28 05:17:29');
INSERT INTO `lesson` (`id`, `session_id`, `subject_group_subject_id`, `subject_group_class_sections_id`, `name`, `created_at`, `updated_at`) VALUES (27, 16, 5, 1, 'Lesson - 5', '2021-03-23 10:20:40', '2025-02-28 05:17:29');
INSERT INTO `lesson` (`id`, `session_id`, `subject_group_subject_id`, `subject_group_class_sections_id`, `name`, `created_at`, `updated_at`) VALUES (28, 16, 5, 1, 'Lesson - 6', '2021-03-23 10:20:40', '2025-02-28 05:17:29');
INSERT INTO `lesson` (`id`, `session_id`, `subject_group_subject_id`, `subject_group_class_sections_id`, `name`, `created_at`, `updated_at`) VALUES (29, 16, 5, 1, 'Lesson - 7', '2021-03-23 10:20:40', '2025-02-28 05:17:29');
INSERT INTO `lesson` (`id`, `session_id`, `subject_group_subject_id`, `subject_group_class_sections_id`, `name`, `created_at`, `updated_at`) VALUES (30, 16, 7, 3, 'Lesson - 2', '2021-03-23 10:21:18', '2025-02-28 05:17:29');
INSERT INTO `lesson` (`id`, `session_id`, `subject_group_subject_id`, `subject_group_class_sections_id`, `name`, `created_at`, `updated_at`) VALUES (31, 16, 7, 3, 'Lesson - 3', '2021-03-23 10:21:18', '2025-02-28 05:17:29');
INSERT INTO `lesson` (`id`, `session_id`, `subject_group_subject_id`, `subject_group_class_sections_id`, `name`, `created_at`, `updated_at`) VALUES (32, 16, 7, 3, 'Lesson - 4', '2021-03-23 10:21:18', '2025-02-28 05:17:29');
INSERT INTO `lesson` (`id`, `session_id`, `subject_group_subject_id`, `subject_group_class_sections_id`, `name`, `created_at`, `updated_at`) VALUES (33, 16, 7, 3, 'Lesson - 9', '2021-03-23 10:21:18', '2025-02-28 05:17:29');
INSERT INTO `lesson` (`id`, `session_id`, `subject_group_subject_id`, `subject_group_class_sections_id`, `name`, `created_at`, `updated_at`) VALUES (35, 16, 1, 2, 'Lesson 1', '2021-03-23 10:58:22', '2025-02-28 05:17:29');
INSERT INTO `lesson` (`id`, `session_id`, `subject_group_subject_id`, `subject_group_class_sections_id`, `name`, `created_at`, `updated_at`) VALUES (36, 16, 9, 3, 'Lesson 1', '2021-03-23 10:59:52', '2025-02-28 05:17:29');
INSERT INTO `lesson` (`id`, `session_id`, `subject_group_subject_id`, `subject_group_class_sections_id`, `name`, `created_at`, `updated_at`) VALUES (37, 16, 9, 3, 'Lesson 2', '2021-03-23 10:59:52', '2025-02-28 05:17:29');
INSERT INTO `lesson` (`id`, `session_id`, `subject_group_subject_id`, `subject_group_class_sections_id`, `name`, `created_at`, `updated_at`) VALUES (38, 16, 9, 3, 'Lesson 3', '2021-03-23 10:59:52', '2025-02-28 05:17:29');
INSERT INTO `lesson` (`id`, `session_id`, `subject_group_subject_id`, `subject_group_class_sections_id`, `name`, `created_at`, `updated_at`) VALUES (39, 16, 9, 3, 'Lesson 4', '2021-03-23 10:59:52', '2025-02-28 05:17:29');
INSERT INTO `lesson` (`id`, `session_id`, `subject_group_subject_id`, `subject_group_class_sections_id`, `name`, `created_at`, `updated_at`) VALUES (40, 16, 9, 3, 'Lesson 5', '2021-03-23 10:59:52', '2025-02-28 05:17:29');
INSERT INTO `lesson` (`id`, `session_id`, `subject_group_subject_id`, `subject_group_class_sections_id`, `name`, `created_at`, `updated_at`) VALUES (41, 16, 9, 3, 'Lesson 6', '2021-03-23 10:59:52', '2025-02-28 05:17:29');
INSERT INTO `lesson` (`id`, `session_id`, `subject_group_subject_id`, `subject_group_class_sections_id`, `name`, `created_at`, `updated_at`) VALUES (42, 16, 1, 2, 'Lesson 2', '2021-03-23 11:01:14', '2025-02-28 05:17:29');
INSERT INTO `lesson` (`id`, `session_id`, `subject_group_subject_id`, `subject_group_class_sections_id`, `name`, `created_at`, `updated_at`) VALUES (43, 16, 1, 2, 'Lesson 3', '2021-03-23 11:01:14', '2025-02-28 05:17:29');
INSERT INTO `lesson` (`id`, `session_id`, `subject_group_subject_id`, `subject_group_class_sections_id`, `name`, `created_at`, `updated_at`) VALUES (44, 16, 1, 2, 'Lesson 4', '2021-03-23 11:01:14', '2025-02-28 05:17:29');
INSERT INTO `lesson` (`id`, `session_id`, `subject_group_subject_id`, `subject_group_class_sections_id`, `name`, `created_at`, `updated_at`) VALUES (45, 16, 1, 2, 'Lesson 5', '2021-03-23 11:01:26', '2025-02-28 05:17:29');
INSERT INTO `lesson` (`id`, `session_id`, `subject_group_subject_id`, `subject_group_class_sections_id`, `name`, `created_at`, `updated_at`) VALUES (46, 16, 6, 1, 'Lesson 1', '2021-03-23 11:06:59', '2025-02-28 05:17:29');
INSERT INTO `lesson` (`id`, `session_id`, `subject_group_subject_id`, `subject_group_class_sections_id`, `name`, `created_at`, `updated_at`) VALUES (47, 16, 6, 1, 'Lesson 2', '2021-03-23 11:06:59', '2025-02-28 05:17:29');
INSERT INTO `lesson` (`id`, `session_id`, `subject_group_subject_id`, `subject_group_class_sections_id`, `name`, `created_at`, `updated_at`) VALUES (48, 16, 6, 1, 'Lesson 3', '2021-03-23 11:06:59', '2025-02-28 05:17:29');
INSERT INTO `lesson` (`id`, `session_id`, `subject_group_subject_id`, `subject_group_class_sections_id`, `name`, `created_at`, `updated_at`) VALUES (49, 16, 6, 1, 'Lesson 4', '2021-03-23 11:06:59', '2025-02-28 05:17:29');
INSERT INTO `lesson` (`id`, `session_id`, `subject_group_subject_id`, `subject_group_class_sections_id`, `name`, `created_at`, `updated_at`) VALUES (50, 16, 6, 1, 'Lesson 5', '2021-03-23 11:06:59', '2025-02-28 05:17:29');
INSERT INTO `lesson` (`id`, `session_id`, `subject_group_subject_id`, `subject_group_class_sections_id`, `name`, `created_at`, `updated_at`) VALUES (51, 16, 3, 1, 'Lesson 1', '2021-03-23 11:13:57', '2025-02-28 05:17:29');
INSERT INTO `lesson` (`id`, `session_id`, `subject_group_subject_id`, `subject_group_class_sections_id`, `name`, `created_at`, `updated_at`) VALUES (52, 16, 3, 1, 'Lesson 2', '2021-03-23 11:13:57', '2025-02-28 05:17:29');
INSERT INTO `lesson` (`id`, `session_id`, `subject_group_subject_id`, `subject_group_class_sections_id`, `name`, `created_at`, `updated_at`) VALUES (53, 16, 3, 1, 'Lesson 3', '2021-03-23 11:13:57', '2025-02-28 05:17:29');
INSERT INTO `lesson` (`id`, `session_id`, `subject_group_subject_id`, `subject_group_class_sections_id`, `name`, `created_at`, `updated_at`) VALUES (54, 16, 3, 1, 'Lesson 4', '2021-03-23 11:13:57', '2025-02-28 05:17:29');
INSERT INTO `lesson` (`id`, `session_id`, `subject_group_subject_id`, `subject_group_class_sections_id`, `name`, `created_at`, `updated_at`) VALUES (55, 16, 12, 3, 'Lesson 2', '2021-03-23 11:17:36', '2025-02-28 05:17:29');
INSERT INTO `lesson` (`id`, `session_id`, `subject_group_subject_id`, `subject_group_class_sections_id`, `name`, `created_at`, `updated_at`) VALUES (56, 16, 12, 3, 'Lesson 3', '2021-03-23 11:18:06', '2025-02-28 05:17:29');
INSERT INTO `lesson` (`id`, `session_id`, `subject_group_subject_id`, `subject_group_class_sections_id`, `name`, `created_at`, `updated_at`) VALUES (57, 16, 12, 3, 'Lesson 4', '2021-03-23 11:18:06', '2025-02-28 05:17:29');
INSERT INTO `lesson` (`id`, `session_id`, `subject_group_subject_id`, `subject_group_class_sections_id`, `name`, `created_at`, `updated_at`) VALUES (58, 16, 12, 3, 'Lesson 5', '2021-03-23 11:18:06', '2025-02-28 05:17:29');
INSERT INTO `lesson` (`id`, `session_id`, `subject_group_subject_id`, `subject_group_class_sections_id`, `name`, `created_at`, `updated_at`) VALUES (59, 16, 12, 3, 'Lesson 6', '2021-03-23 11:18:06', '2025-02-28 05:17:29');
INSERT INTO `lesson` (`id`, `session_id`, `subject_group_subject_id`, `subject_group_class_sections_id`, `name`, `created_at`, `updated_at`) VALUES (60, 16, 11, 3, 'Lesson 1', '2021-03-23 11:23:17', '2025-02-28 05:17:29');
INSERT INTO `lesson` (`id`, `session_id`, `subject_group_subject_id`, `subject_group_class_sections_id`, `name`, `created_at`, `updated_at`) VALUES (61, 16, 12, 3, 'Lesson 2', '2021-03-23 11:23:57', '2025-02-28 05:17:29');
INSERT INTO `lesson` (`id`, `session_id`, `subject_group_subject_id`, `subject_group_class_sections_id`, `name`, `created_at`, `updated_at`) VALUES (62, 16, 12, 3, 'Lesson 3', '2021-03-23 11:23:57', '2025-02-28 05:17:29');
INSERT INTO `lesson` (`id`, `session_id`, `subject_group_subject_id`, `subject_group_class_sections_id`, `name`, `created_at`, `updated_at`) VALUES (63, 16, 12, 3, 'Lesson 4', '2021-03-23 11:23:57', '2025-02-28 05:17:29');
INSERT INTO `lesson` (`id`, `session_id`, `subject_group_subject_id`, `subject_group_class_sections_id`, `name`, `created_at`, `updated_at`) VALUES (64, 16, 12, 3, 'Lesson 5', '2021-03-23 11:23:57', '2025-02-28 05:17:29');
INSERT INTO `lesson` (`id`, `session_id`, `subject_group_subject_id`, `subject_group_class_sections_id`, `name`, `created_at`, `updated_at`) VALUES (65, 16, 4, 1, 'Lesson 1', '2021-03-23 11:25:04', '2025-02-28 05:17:29');
INSERT INTO `lesson` (`id`, `session_id`, `subject_group_subject_id`, `subject_group_class_sections_id`, `name`, `created_at`, `updated_at`) VALUES (66, 16, 4, 1, 'Lesson 2', '2021-03-23 11:25:04', '2025-02-28 05:17:29');
INSERT INTO `lesson` (`id`, `session_id`, `subject_group_subject_id`, `subject_group_class_sections_id`, `name`, `created_at`, `updated_at`) VALUES (67, 16, 4, 1, 'Lesson 3', '2021-03-23 11:25:04', '2025-02-28 05:17:29');
INSERT INTO `lesson` (`id`, `session_id`, `subject_group_subject_id`, `subject_group_class_sections_id`, `name`, `created_at`, `updated_at`) VALUES (68, 16, 4, 1, 'Lesson 4', '2021-03-23 11:25:04', '2025-02-28 05:17:29');
INSERT INTO `lesson` (`id`, `session_id`, `subject_group_subject_id`, `subject_group_class_sections_id`, `name`, `created_at`, `updated_at`) VALUES (69, 16, 9, 3, 'Lesson 1', '2021-03-23 11:28:12', '2025-02-28 05:17:29');
INSERT INTO `lesson` (`id`, `session_id`, `subject_group_subject_id`, `subject_group_class_sections_id`, `name`, `created_at`, `updated_at`) VALUES (70, 16, 9, 3, 'Lesson 2', '2021-03-23 11:28:12', '2025-02-28 05:17:29');
INSERT INTO `lesson` (`id`, `session_id`, `subject_group_subject_id`, `subject_group_class_sections_id`, `name`, `created_at`, `updated_at`) VALUES (71, 16, 9, 3, 'Lesson 3', '2021-03-23 11:28:12', '2025-02-28 05:17:29');
INSERT INTO `lesson` (`id`, `session_id`, `subject_group_subject_id`, `subject_group_class_sections_id`, `name`, `created_at`, `updated_at`) VALUES (72, 16, 5, 1, 'Lessons 1', '2021-03-23 11:46:38', '2025-02-28 05:17:29');
INSERT INTO `lesson` (`id`, `session_id`, `subject_group_subject_id`, `subject_group_class_sections_id`, `name`, `created_at`, `updated_at`) VALUES (73, 16, 5, 1, 'Lessons 2', '2021-03-23 11:46:38', '2025-02-28 05:17:29');
INSERT INTO `lesson` (`id`, `session_id`, `subject_group_subject_id`, `subject_group_class_sections_id`, `name`, `created_at`, `updated_at`) VALUES (74, 16, 5, 1, 'Lessons 3', '2021-03-23 11:46:38', '2025-02-28 05:17:29');
INSERT INTO `lesson` (`id`, `session_id`, `subject_group_subject_id`, `subject_group_class_sections_id`, `name`, `created_at`, `updated_at`) VALUES (77, 16, 3, 2, 'Lesson 1', '2021-03-23 11:54:02', '2025-02-28 05:17:29');
INSERT INTO `lesson` (`id`, `session_id`, `subject_group_subject_id`, `subject_group_class_sections_id`, `name`, `created_at`, `updated_at`) VALUES (78, 16, 3, 2, 'Lesson 2', '2021-03-23 11:54:02', '2025-02-28 05:17:29');
INSERT INTO `lesson` (`id`, `session_id`, `subject_group_subject_id`, `subject_group_class_sections_id`, `name`, `created_at`, `updated_at`) VALUES (79, 16, 3, 2, 'Lesson 3', '2021-03-23 11:54:02', '2025-02-28 05:17:29');
INSERT INTO `lesson` (`id`, `session_id`, `subject_group_subject_id`, `subject_group_class_sections_id`, `name`, `created_at`, `updated_at`) VALUES (80, 16, 3, 2, 'Lesson 4', '2021-03-23 11:54:02', '2025-02-28 05:17:29');
INSERT INTO `lesson` (`id`, `session_id`, `subject_group_subject_id`, `subject_group_class_sections_id`, `name`, `created_at`, `updated_at`) VALUES (81, 16, 4, 2, 'Pie Chart', '2021-03-23 11:57:12', '2025-02-28 05:17:29');
INSERT INTO `lesson` (`id`, `session_id`, `subject_group_subject_id`, `subject_group_class_sections_id`, `name`, `created_at`, `updated_at`) VALUES (82, 16, 11, 3, 'Lesson 2', '2021-03-23 11:57:58', '2025-02-28 05:17:29');
INSERT INTO `lesson` (`id`, `session_id`, `subject_group_subject_id`, `subject_group_class_sections_id`, `name`, `created_at`, `updated_at`) VALUES (83, 16, 11, 3, 'Lesson 3', '2021-03-23 11:57:58', '2025-02-28 05:17:29');
INSERT INTO `lesson` (`id`, `session_id`, `subject_group_subject_id`, `subject_group_class_sections_id`, `name`, `created_at`, `updated_at`) VALUES (84, 16, 11, 3, 'Lesson 4', '2021-03-23 11:57:58', '2025-02-28 05:17:29');
INSERT INTO `lesson` (`id`, `session_id`, `subject_group_subject_id`, `subject_group_class_sections_id`, `name`, `created_at`, `updated_at`) VALUES (85, 16, 4, 2, 'Lesson 1', '2021-03-23 11:59:20', '2025-02-28 05:17:29');
INSERT INTO `lesson` (`id`, `session_id`, `subject_group_subject_id`, `subject_group_class_sections_id`, `name`, `created_at`, `updated_at`) VALUES (86, 16, 4, 2, 'Lesson 2', '2021-03-23 11:59:20', '2025-02-28 05:17:29');
INSERT INTO `lesson` (`id`, `session_id`, `subject_group_subject_id`, `subject_group_class_sections_id`, `name`, `created_at`, `updated_at`) VALUES (87, 16, 4, 2, 'Lesson 3', '2021-03-23 11:59:20', '2025-02-28 05:17:29');
INSERT INTO `lesson` (`id`, `session_id`, `subject_group_subject_id`, `subject_group_class_sections_id`, `name`, `created_at`, `updated_at`) VALUES (88, 16, 5, 2, 'Lesson 1', '2021-03-23 12:01:18', '2025-02-28 05:17:29');
INSERT INTO `lesson` (`id`, `session_id`, `subject_group_subject_id`, `subject_group_class_sections_id`, `name`, `created_at`, `updated_at`) VALUES (89, 16, 5, 2, 'Lesson 2', '2021-03-23 12:01:18', '2025-02-28 05:17:29');
INSERT INTO `lesson` (`id`, `session_id`, `subject_group_subject_id`, `subject_group_class_sections_id`, `name`, `created_at`, `updated_at`) VALUES (90, 16, 5, 2, 'Lesson 3', '2021-03-23 12:01:18', '2025-02-28 05:17:29');
INSERT INTO `lesson` (`id`, `session_id`, `subject_group_subject_id`, `subject_group_class_sections_id`, `name`, `created_at`, `updated_at`) VALUES (91, 16, 6, 2, 'Lesson 1', '2021-03-23 12:03:27', '2025-02-28 05:17:29');
INSERT INTO `lesson` (`id`, `session_id`, `subject_group_subject_id`, `subject_group_class_sections_id`, `name`, `created_at`, `updated_at`) VALUES (92, 16, 6, 2, 'Lesson 2', '2021-03-23 12:03:27', '2025-02-28 05:17:29');
INSERT INTO `lesson` (`id`, `session_id`, `subject_group_subject_id`, `subject_group_class_sections_id`, `name`, `created_at`, `updated_at`) VALUES (93, 16, 6, 2, 'Lesson 3', '2021-03-23 12:03:27', '2025-02-28 05:17:29');
INSERT INTO `lesson` (`id`, `session_id`, `subject_group_subject_id`, `subject_group_class_sections_id`, `name`, `created_at`, `updated_at`) VALUES (94, 16, 7, 3, 'Lesson 1 ', '2021-03-24 11:35:10', '2025-02-28 05:17:29');
INSERT INTO `lesson` (`id`, `session_id`, `subject_group_subject_id`, `subject_group_class_sections_id`, `name`, `created_at`, `updated_at`) VALUES (95, 16, 7, 3, 'Lesson 2', '2021-03-24 11:35:10', '2025-02-28 05:17:29');
INSERT INTO `lesson` (`id`, `session_id`, `subject_group_subject_id`, `subject_group_class_sections_id`, `name`, `created_at`, `updated_at`) VALUES (96, 16, 7, 3, 'Lesson 3', '2021-03-24 11:35:10', '2025-02-28 05:17:29');
INSERT INTO `lesson` (`id`, `session_id`, `subject_group_subject_id`, `subject_group_class_sections_id`, `name`, `created_at`, `updated_at`) VALUES (97, 16, 7, 3, 'Lesson 4', '2021-03-24 11:35:10', '2025-02-28 05:17:29');
INSERT INTO `lesson` (`id`, `session_id`, `subject_group_subject_id`, `subject_group_class_sections_id`, `name`, `created_at`, `updated_at`) VALUES (98, 16, 7, 3, 'Lesson 5', '2021-03-24 11:35:10', '2025-02-28 05:17:29');
INSERT INTO `lesson` (`id`, `session_id`, `subject_group_subject_id`, `subject_group_class_sections_id`, `name`, `created_at`, `updated_at`) VALUES (99, 16, 7, 4, 'Lesson 1', '2021-03-24 11:36:04', '2025-02-28 05:17:29');
INSERT INTO `lesson` (`id`, `session_id`, `subject_group_subject_id`, `subject_group_class_sections_id`, `name`, `created_at`, `updated_at`) VALUES (100, 16, 7, 4, 'Lesson 2', '2021-03-24 11:36:04', '2025-02-28 05:17:29');
INSERT INTO `lesson` (`id`, `session_id`, `subject_group_subject_id`, `subject_group_class_sections_id`, `name`, `created_at`, `updated_at`) VALUES (101, 16, 7, 4, 'Lesson 3', '2021-03-24 11:36:04', '2025-02-28 05:17:29');
INSERT INTO `lesson` (`id`, `session_id`, `subject_group_subject_id`, `subject_group_class_sections_id`, `name`, `created_at`, `updated_at`) VALUES (102, 16, 7, 4, 'Lesson 4', '2021-03-24 11:36:04', '2025-02-28 05:17:29');
INSERT INTO `lesson` (`id`, `session_id`, `subject_group_subject_id`, `subject_group_class_sections_id`, `name`, `created_at`, `updated_at`) VALUES (103, 16, 9, 4, 'Lesson 1', '2021-03-24 11:42:17', '2025-02-28 05:17:29');
INSERT INTO `lesson` (`id`, `session_id`, `subject_group_subject_id`, `subject_group_class_sections_id`, `name`, `created_at`, `updated_at`) VALUES (104, 16, 9, 4, 'Lesson 2', '2021-03-24 11:42:17', '2025-02-28 05:17:29');
INSERT INTO `lesson` (`id`, `session_id`, `subject_group_subject_id`, `subject_group_class_sections_id`, `name`, `created_at`, `updated_at`) VALUES (105, 16, 9, 4, 'Lesson 3', '2021-03-24 11:42:17', '2025-02-28 05:17:29');
INSERT INTO `lesson` (`id`, `session_id`, `subject_group_subject_id`, `subject_group_class_sections_id`, `name`, `created_at`, `updated_at`) VALUES (106, 16, 9, 4, 'Lesson 4', '2021-03-24 11:42:17', '2025-02-28 05:17:29');
INSERT INTO `lesson` (`id`, `session_id`, `subject_group_subject_id`, `subject_group_class_sections_id`, `name`, `created_at`, `updated_at`) VALUES (107, 16, 9, 4, 'Lesson 1', '2021-03-24 12:53:00', '2025-02-28 05:17:29');
INSERT INTO `lesson` (`id`, `session_id`, `subject_group_subject_id`, `subject_group_class_sections_id`, `name`, `created_at`, `updated_at`) VALUES (108, 16, 9, 4, 'Lesson 2', '2021-03-24 12:53:00', '2025-02-28 05:17:29');
INSERT INTO `lesson` (`id`, `session_id`, `subject_group_subject_id`, `subject_group_class_sections_id`, `name`, `created_at`, `updated_at`) VALUES (109, 16, 9, 4, 'Lesson 3', '2021-03-24 12:53:00', '2025-02-28 05:17:29');
INSERT INTO `lesson` (`id`, `session_id`, `subject_group_subject_id`, `subject_group_class_sections_id`, `name`, `created_at`, `updated_at`) VALUES (110, 16, 9, 4, 'Lesson 4', '2021-03-24 12:53:00', '2025-02-28 05:17:29');
INSERT INTO `lesson` (`id`, `session_id`, `subject_group_subject_id`, `subject_group_class_sections_id`, `name`, `created_at`, `updated_at`) VALUES (111, 16, 10, 4, 'Lesson 1', '2021-03-24 12:55:58', '2025-02-28 05:17:29');
INSERT INTO `lesson` (`id`, `session_id`, `subject_group_subject_id`, `subject_group_class_sections_id`, `name`, `created_at`, `updated_at`) VALUES (112, 16, 10, 4, 'Lesson 2', '2021-03-24 12:55:58', '2025-02-28 05:17:29');
INSERT INTO `lesson` (`id`, `session_id`, `subject_group_subject_id`, `subject_group_class_sections_id`, `name`, `created_at`, `updated_at`) VALUES (113, 16, 10, 4, 'Lesson 3', '2021-03-24 12:55:58', '2025-02-28 05:17:29');
INSERT INTO `lesson` (`id`, `session_id`, `subject_group_subject_id`, `subject_group_class_sections_id`, `name`, `created_at`, `updated_at`) VALUES (114, 16, 11, 4, 'Lesson 1', '2021-03-24 12:58:17', '2025-02-28 05:17:29');
INSERT INTO `lesson` (`id`, `session_id`, `subject_group_subject_id`, `subject_group_class_sections_id`, `name`, `created_at`, `updated_at`) VALUES (115, 16, 11, 4, 'Lesson 2', '2021-03-24 12:58:17', '2025-02-28 05:17:29');
INSERT INTO `lesson` (`id`, `session_id`, `subject_group_subject_id`, `subject_group_class_sections_id`, `name`, `created_at`, `updated_at`) VALUES (116, 16, 11, 4, 'Lesson 3', '2021-03-24 12:58:17', '2025-02-28 05:17:29');
INSERT INTO `lesson` (`id`, `session_id`, `subject_group_subject_id`, `subject_group_class_sections_id`, `name`, `created_at`, `updated_at`) VALUES (117, 16, 11, 4, 'Lesson 4', '2021-03-24 12:58:17', '2025-02-28 05:17:29');
INSERT INTO `lesson` (`id`, `session_id`, `subject_group_subject_id`, `subject_group_class_sections_id`, `name`, `created_at`, `updated_at`) VALUES (118, 16, 6, 1, 'Me and My Family', '2021-12-02 06:42:27', '2025-02-28 05:17:29');
INSERT INTO `lesson` (`id`, `session_id`, `subject_group_subject_id`, `subject_group_class_sections_id`, `name`, `created_at`, `updated_at`) VALUES (119, 16, 12, 4, 'Lesson 2', '2021-12-02 06:43:57', '2025-02-28 05:17:29');
INSERT INTO `lesson` (`id`, `session_id`, `subject_group_subject_id`, `subject_group_class_sections_id`, `name`, `created_at`, `updated_at`) VALUES (120, 16, 18, 1, 'Lesson 1', '2021-12-02 08:59:04', '2025-02-28 05:17:29');
INSERT INTO `lesson` (`id`, `session_id`, `subject_group_subject_id`, `subject_group_class_sections_id`, `name`, `created_at`, `updated_at`) VALUES (121, 16, 20, 1, 'More Not', '2022-03-04 12:31:02', '2025-02-28 05:17:29');
INSERT INTO `lesson` (`id`, `session_id`, `subject_group_subject_id`, `subject_group_class_sections_id`, `name`, `created_at`, `updated_at`) VALUES (122, 16, 19, 1, 'Paas And Fail', '2022-03-04 12:32:12', '2025-02-28 05:17:29');
INSERT INTO `lesson` (`id`, `session_id`, `subject_group_subject_id`, `subject_group_class_sections_id`, `name`, `created_at`, `updated_at`) VALUES (123, 16, 20, 1, 'Hero Sun', '2022-03-04 12:32:36', '2025-02-28 05:17:29');
INSERT INTO `lesson` (`id`, `session_id`, `subject_group_subject_id`, `subject_group_class_sections_id`, `name`, `created_at`, `updated_at`) VALUES (130, 18, 22, 8, 'झूला', '2022-03-29 12:51:03', '2025-02-28 05:17:29');
INSERT INTO `lesson` (`id`, `session_id`, `subject_group_subject_id`, `subject_group_class_sections_id`, `name`, `created_at`, `updated_at`) VALUES (132, 18, 22, 8, 'आम की कहानी', '2022-03-29 12:57:42', '2025-02-28 05:17:29');
INSERT INTO `lesson` (`id`, `session_id`, `subject_group_subject_id`, `subject_group_class_sections_id`, `name`, `created_at`, `updated_at`) VALUES (133, 18, 22, 8, 'आम की टोकरी', '2022-03-29 12:57:42', '2025-02-28 05:17:29');
INSERT INTO `lesson` (`id`, `session_id`, `subject_group_subject_id`, `subject_group_class_sections_id`, `name`, `created_at`, `updated_at`) VALUES (144, 18, 24, 8, 'Measurement', '2022-03-29 13:01:46', '2025-02-28 05:17:29');
INSERT INTO `lesson` (`id`, `session_id`, `subject_group_subject_id`, `subject_group_class_sections_id`, `name`, `created_at`, `updated_at`) VALUES (145, 18, 24, 8, 'Food Where Does It Come From', '2022-03-29 12:59:38', '2025-02-28 05:17:29');
INSERT INTO `lesson` (`id`, `session_id`, `subject_group_subject_id`, `subject_group_class_sections_id`, `name`, `created_at`, `updated_at`) VALUES (149, 18, 21, 9, 'Merry-Go-Round – Circle', '2022-03-29 13:18:12', '2025-02-28 05:17:29');
INSERT INTO `lesson` (`id`, `session_id`, `subject_group_subject_id`, `subject_group_class_sections_id`, `name`, `created_at`, `updated_at`) VALUES (150, 18, 21, 9, 'If I Were an Apple – Our Tree', '2022-03-29 13:18:12', '2025-02-28 05:17:29');
INSERT INTO `lesson` (`id`, `session_id`, `subject_group_subject_id`, `subject_group_class_sections_id`, `name`, `created_at`, `updated_at`) VALUES (158, 18, 23, 9, 'Mental Arithmetic', '2022-03-29 13:20:01', '2025-02-28 05:17:29');
INSERT INTO `lesson` (`id`, `session_id`, `subject_group_subject_id`, `subject_group_class_sections_id`, `name`, `created_at`, `updated_at`) VALUES (159, 18, 23, 9, 'Numbers from 21– 99', '2022-03-29 13:20:01', '2025-02-28 05:17:29');
INSERT INTO `lesson` (`id`, `session_id`, `subject_group_subject_id`, `subject_group_class_sections_id`, `name`, `created_at`, `updated_at`) VALUES (162, 18, 25, 9, 'Fruits and Vegetables', '2022-03-29 13:21:04', '2025-02-28 05:17:29');
INSERT INTO `lesson` (`id`, `session_id`, `subject_group_subject_id`, `subject_group_class_sections_id`, `name`, `created_at`, `updated_at`) VALUES (163, 18, 25, 9, 'Hide and Seek', '2022-03-29 13:21:04', '2025-02-28 05:17:29');
INSERT INTO `lesson` (`id`, `session_id`, `subject_group_subject_id`, `subject_group_class_sections_id`, `name`, `created_at`, `updated_at`) VALUES (166, 18, 21, 10, 'PATTERN', '2022-03-29 13:45:56', '2025-02-28 05:17:29');
INSERT INTO `lesson` (`id`, `session_id`, `subject_group_subject_id`, `subject_group_class_sections_id`, `name`, `created_at`, `updated_at`) VALUES (167, 18, 21, 10, 'Once I Saw a Little Bird – Mittu and the Yellow Mango', '2022-03-29 13:45:56', '2025-02-28 05:17:29');
INSERT INTO `lesson` (`id`, `session_id`, `subject_group_subject_id`, `subject_group_class_sections_id`, `name`, `created_at`, `updated_at`) VALUES (169, 18, 22, 10, 'खजाने की खोज', '2022-03-30 04:35:07', '2025-02-28 05:17:29');
INSERT INTO `lesson` (`id`, `session_id`, `subject_group_subject_id`, `subject_group_class_sections_id`, `name`, `created_at`, `updated_at`) VALUES (170, 18, 27, 11, 'Lost Spring ', '2022-03-30 04:48:43', '2025-02-28 05:17:29');
INSERT INTO `lesson` (`id`, `session_id`, `subject_group_subject_id`, `subject_group_class_sections_id`, `name`, `created_at`, `updated_at`) VALUES (171, 18, 27, 12, 'Teamwork', '2022-03-30 04:49:52', '2025-02-28 05:17:29');
INSERT INTO `lesson` (`id`, `session_id`, `subject_group_subject_id`, `subject_group_class_sections_id`, `name`, `created_at`, `updated_at`) VALUES (172, 18, 27, 13, 'Teamwork ', '2022-03-30 04:50:15', '2025-02-28 05:17:29');
INSERT INTO `lesson` (`id`, `session_id`, `subject_group_subject_id`, `subject_group_class_sections_id`, `name`, `created_at`, `updated_at`) VALUES (173, 18, 27, 13, 'Teamwork part 2', '2022-03-30 04:50:15', '2025-02-28 05:17:29');
INSERT INTO `lesson` (`id`, `session_id`, `subject_group_subject_id`, `subject_group_class_sections_id`, `name`, `created_at`, `updated_at`) VALUES (174, 18, 36, 14, 'Nina and the baby sparrows', '2022-03-30 04:52:33', '2025-02-28 05:17:29');
INSERT INTO `lesson` (`id`, `session_id`, `subject_group_subject_id`, `subject_group_class_sections_id`, `name`, `created_at`, `updated_at`) VALUES (175, 18, 36, 14, ' The baby sparrow chapter 2', '2022-03-30 04:52:33', '2025-02-28 05:17:29');
INSERT INTO `lesson` (`id`, `session_id`, `subject_group_subject_id`, `subject_group_class_sections_id`, `name`, `created_at`, `updated_at`) VALUES (176, 18, 36, 15, 'A SMILE', '2022-03-30 04:53:08', '2025-02-28 05:17:29');
INSERT INTO `lesson` (`id`, `session_id`, `subject_group_subject_id`, `subject_group_class_sections_id`, `name`, `created_at`, `updated_at`) VALUES (177, 18, 45, 16, 'A SMILE', '2022-03-30 04:53:25', '2025-02-28 05:17:29');
INSERT INTO `lesson` (`id`, `session_id`, `subject_group_subject_id`, `subject_group_class_sections_id`, `name`, `created_at`, `updated_at`) VALUES (178, 18, 28, 11, 'ऊँट चला', '2022-03-30 05:07:41', '2025-02-28 05:17:29');
INSERT INTO `lesson` (`id`, `session_id`, `subject_group_subject_id`, `subject_group_class_sections_id`, `name`, `created_at`, `updated_at`) VALUES (179, 18, 29, 11, 'Counting in groups', '2022-03-30 05:08:49', '2025-02-28 05:17:29');
INSERT INTO `lesson` (`id`, `session_id`, `subject_group_subject_id`, `subject_group_class_sections_id`, `name`, `created_at`, `updated_at`) VALUES (180, 18, 30, 12, 'Our Earth', '2022-03-30 05:09:53', '2025-02-28 05:17:29');
INSERT INTO `lesson` (`id`, `session_id`, `subject_group_subject_id`, `subject_group_class_sections_id`, `name`, `created_at`, `updated_at`) VALUES (181, 18, 28, 12, 'दोस्त की मदद', '2022-03-30 05:11:06', '2025-02-28 05:17:29');
INSERT INTO `lesson` (`id`, `session_id`, `subject_group_subject_id`, `subject_group_class_sections_id`, `name`, `created_at`, `updated_at`) VALUES (182, 18, 38, 14, 'Fun With Numbers', '2022-03-30 05:12:07', '2025-02-28 05:17:29');
INSERT INTO `lesson` (`id`, `session_id`, `subject_group_subject_id`, `subject_group_class_sections_id`, `name`, `created_at`, `updated_at`) VALUES (183, 18, 30, 11, 'Our Environment', '2022-03-30 05:17:31', '2025-02-28 05:17:29');
INSERT INTO `lesson` (`id`, `session_id`, `subject_group_subject_id`, `subject_group_class_sections_id`, `name`, `created_at`, `updated_at`) VALUES (184, 18, 23, 10, 'Shapes', '2022-03-30 05:27:08', '2025-02-28 05:17:29');
INSERT INTO `lesson` (`id`, `session_id`, `subject_group_subject_id`, `subject_group_class_sections_id`, `name`, `created_at`, `updated_at`) VALUES (185, 18, 25, 10, 'Early Humans', '2022-03-30 05:42:31', '2025-02-28 05:17:29');
INSERT INTO `lesson` (`id`, `session_id`, `subject_group_subject_id`, `subject_group_class_sections_id`, `name`, `created_at`, `updated_at`) VALUES (186, 18, 27, 11, 'First Day at School', '2022-03-30 06:17:55', '2025-02-28 05:17:29');
INSERT INTO `lesson` (`id`, `session_id`, `subject_group_subject_id`, `subject_group_class_sections_id`, `name`, `created_at`, `updated_at`) VALUES (191, 18, 27, 12, 'Rain', '2022-03-30 06:18:34', '2025-02-28 05:17:29');
INSERT INTO `lesson` (`id`, `session_id`, `subject_group_subject_id`, `subject_group_class_sections_id`, `name`, `created_at`, `updated_at`) VALUES (195, 18, 28, 11, 'दोस्त की मदद', '2022-03-30 06:21:06', '2025-02-28 05:17:29');
INSERT INTO `lesson` (`id`, `session_id`, `subject_group_subject_id`, `subject_group_class_sections_id`, `name`, `created_at`, `updated_at`) VALUES (200, 18, 22, 10, ' बस के नीचे बाघ', '2022-03-30 06:21:32', '2025-02-28 05:17:29');
INSERT INTO `lesson` (`id`, `session_id`, `subject_group_subject_id`, `subject_group_class_sections_id`, `name`, `created_at`, `updated_at`) VALUES (203, 18, 28, 12, ' तितली और कली', '2022-03-30 06:21:58', '2025-02-28 05:17:29');
INSERT INTO `lesson` (`id`, `session_id`, `subject_group_subject_id`, `subject_group_class_sections_id`, `name`, `created_at`, `updated_at`) VALUES (213, 18, 35, 11, 'Typology', '2022-03-30 06:28:04', '2025-02-28 05:17:29');
INSERT INTO `lesson` (`id`, `session_id`, `subject_group_subject_id`, `subject_group_class_sections_id`, `name`, `created_at`, `updated_at`) VALUES (214, 18, 35, 11, 'Literary Texts and Long Reading', '2022-03-30 06:28:04', '2025-02-28 05:17:29');
INSERT INTO `lesson` (`id`, `session_id`, `subject_group_subject_id`, `subject_group_class_sections_id`, `name`, `created_at`, `updated_at`) VALUES (225, 18, 34, 11, 'Introduction Computer', '2022-12-03 11:57:09', '2025-02-28 05:17:29');
INSERT INTO `lesson` (`id`, `session_id`, `subject_group_subject_id`, `subject_group_class_sections_id`, `name`, `created_at`, `updated_at`) VALUES (226, 18, 34, 11, 'Types Of Computer Branch', '2022-12-03 11:57:43', '2025-02-28 05:17:29');
INSERT INTO `lesson` (`id`, `session_id`, `subject_group_subject_id`, `subject_group_class_sections_id`, `name`, `created_at`, `updated_at`) VALUES (227, 18, 33, 11, 'School Events', '2022-12-03 11:59:51', '2025-02-28 05:17:29');
INSERT INTO `lesson` (`id`, `session_id`, `subject_group_subject_id`, `subject_group_class_sections_id`, `name`, `created_at`, `updated_at`) VALUES (228, 18, 33, 11, 'Festivals', '2022-12-03 11:59:51', '2025-02-28 05:17:29');
INSERT INTO `lesson` (`id`, `session_id`, `subject_group_subject_id`, `subject_group_class_sections_id`, `name`, `created_at`, `updated_at`) VALUES (229, 18, 32, 11, 'Beginner and Intermediate ', '2022-12-03 12:02:58', '2025-02-28 05:17:29');
INSERT INTO `lesson` (`id`, `session_id`, `subject_group_subject_id`, `subject_group_class_sections_id`, `name`, `created_at`, `updated_at`) VALUES (230, 18, 32, 11, 'Chapter 2', '2022-12-03 12:02:58', '2025-02-28 05:17:29');
INSERT INTO `lesson` (`id`, `session_id`, `subject_group_subject_id`, `subject_group_class_sections_id`, `name`, `created_at`, `updated_at`) VALUES (233, 18, 38, 14, 'Counting in groups', '2023-01-18 09:42:49', '2025-02-28 05:17:29');
INSERT INTO `lesson` (`id`, `session_id`, `subject_group_subject_id`, `subject_group_class_sections_id`, `name`, `created_at`, `updated_at`) VALUES (235, 18, 45, 16, 'Lost Spring ', '2023-01-18 09:43:15', '2025-02-28 05:17:29');
INSERT INTO `lesson` (`id`, `session_id`, `subject_group_subject_id`, `subject_group_class_sections_id`, `name`, `created_at`, `updated_at`) VALUES (237, 18, 26, 8, 'Lesson - 6', '2023-02-06 05:41:02', '2025-02-28 05:17:29');
INSERT INTO `lesson` (`id`, `session_id`, `subject_group_subject_id`, `subject_group_class_sections_id`, `name`, `created_at`, `updated_at`) VALUES (242, 18, 29, 13, 'Lesson - 1', '2023-02-06 06:53:07', '2025-02-28 05:17:29');
INSERT INTO `lesson` (`id`, `session_id`, `subject_group_subject_id`, `subject_group_class_sections_id`, `name`, `created_at`, `updated_at`) VALUES (243, 18, 29, 13, 'Lesson - 1', '2023-02-06 06:53:07', '2025-02-28 05:17:29');
INSERT INTO `lesson` (`id`, `session_id`, `subject_group_subject_id`, `subject_group_class_sections_id`, `name`, `created_at`, `updated_at`) VALUES (261, 19, 54, 19, 'Identify the learning objectives', '2023-03-29 06:07:00', '2025-02-28 05:17:29');
INSERT INTO `lesson` (`id`, `session_id`, `subject_group_subject_id`, `subject_group_class_sections_id`, `name`, `created_at`, `updated_at`) VALUES (263, 19, 54, 19, 'Three Little Pigs', '2023-03-29 06:07:00', '2025-02-28 05:17:29');
INSERT INTO `lesson` (`id`, `session_id`, `subject_group_subject_id`, `subject_group_class_sections_id`, `name`, `created_at`, `updated_at`) VALUES (266, 19, 55, 19, 'झूला', '2023-03-29 06:08:39', '2025-02-28 05:17:29');
INSERT INTO `lesson` (`id`, `session_id`, `subject_group_subject_id`, `subject_group_class_sections_id`, `name`, `created_at`, `updated_at`) VALUES (267, 19, 55, 19, 'आम की कहानी', '2023-03-29 06:08:39', '2025-02-28 05:17:29');
INSERT INTO `lesson` (`id`, `session_id`, `subject_group_subject_id`, `subject_group_class_sections_id`, `name`, `created_at`, `updated_at`) VALUES (271, 19, 56, 19, 'Real Numbers', '2023-03-29 06:10:31', '2025-02-28 05:17:29');
INSERT INTO `lesson` (`id`, `session_id`, `subject_group_subject_id`, `subject_group_class_sections_id`, `name`, `created_at`, `updated_at`) VALUES (272, 19, 56, 19, 'Quadratic Equations', '2023-03-29 06:10:31', '2025-02-28 05:17:29');
INSERT INTO `lesson` (`id`, `session_id`, `subject_group_subject_id`, `subject_group_class_sections_id`, `name`, `created_at`, `updated_at`) VALUES (276, 19, 57, 19, 'Measurement', '2023-03-29 06:14:09', '2025-02-28 05:17:29');
INSERT INTO `lesson` (`id`, `session_id`, `subject_group_subject_id`, `subject_group_class_sections_id`, `name`, `created_at`, `updated_at`) VALUES (277, 19, 57, 19, 'Food Where Does It Come From', '2023-03-29 06:14:09', '2025-02-28 05:17:29');
INSERT INTO `lesson` (`id`, `session_id`, `subject_group_subject_id`, `subject_group_class_sections_id`, `name`, `created_at`, `updated_at`) VALUES (280, 19, 60, 22, 'First Day at School', '2023-03-29 06:15:26', '2025-02-28 05:17:29');
INSERT INTO `lesson` (`id`, `session_id`, `subject_group_subject_id`, `subject_group_class_sections_id`, `name`, `created_at`, `updated_at`) VALUES (281, 19, 60, 22, 'The Wind and the Sun', '2023-03-29 06:15:26', '2025-02-28 05:17:29');
INSERT INTO `lesson` (`id`, `session_id`, `subject_group_subject_id`, `subject_group_class_sections_id`, `name`, `created_at`, `updated_at`) VALUES (285, 19, 61, 22, 'दोस्त की मदद', '2023-03-29 06:16:38', '2025-02-28 05:17:29');
INSERT INTO `lesson` (`id`, `session_id`, `subject_group_subject_id`, `subject_group_class_sections_id`, `name`, `created_at`, `updated_at`) VALUES (286, 19, 61, 22, 'मेरी किताब', '2023-03-29 06:16:38', '2025-02-28 05:17:29');
INSERT INTO `lesson` (`id`, `session_id`, `subject_group_subject_id`, `subject_group_class_sections_id`, `name`, `created_at`, `updated_at`) VALUES (289, 19, 62, 22, 'Counting in groups', '2023-03-29 06:18:14', '2025-02-28 05:17:29');
INSERT INTO `lesson` (`id`, `session_id`, `subject_group_subject_id`, `subject_group_class_sections_id`, `name`, `created_at`, `updated_at`) VALUES (290, 19, 62, 22, 'Counting in Tens', '2023-03-29 06:18:14', '2025-02-28 05:17:29');
INSERT INTO `lesson` (`id`, `session_id`, `subject_group_subject_id`, `subject_group_class_sections_id`, `name`, `created_at`, `updated_at`) VALUES (293, 19, 63, 22, 'Our Environment', '2023-03-29 06:26:13', '2025-02-28 05:17:29');
INSERT INTO `lesson` (`id`, `session_id`, `subject_group_subject_id`, `subject_group_class_sections_id`, `name`, `created_at`, `updated_at`) VALUES (294, 19, 63, 22, 'Global Warming', '2023-03-29 06:26:13', '2025-02-28 05:17:29');
INSERT INTO `lesson` (`id`, `session_id`, `subject_group_subject_id`, `subject_group_class_sections_id`, `name`, `created_at`, `updated_at`) VALUES (295, 19, 64, 22, ' The Basic introduction of art ', '2023-03-29 06:27:22', '2025-02-28 05:17:29');
INSERT INTO `lesson` (`id`, `session_id`, `subject_group_subject_id`, `subject_group_class_sections_id`, `name`, `created_at`, `updated_at`) VALUES (296, 19, 68, 26, 'Fun With Numbers', '2023-03-29 06:28:10', '2025-02-28 05:17:29');
INSERT INTO `lesson` (`id`, `session_id`, `subject_group_subject_id`, `subject_group_class_sections_id`, `name`, `created_at`, `updated_at`) VALUES (297, 19, 68, 26, 'Counting in groups', '2023-03-29 06:28:10', '2025-02-28 05:17:29');
INSERT INTO `lesson` (`id`, `session_id`, `subject_group_subject_id`, `subject_group_class_sections_id`, `name`, `created_at`, `updated_at`) VALUES (299, 19, 66, 26, 'Nina and the baby sparrows', '2023-03-29 06:30:04', '2025-02-28 05:17:29');
INSERT INTO `lesson` (`id`, `session_id`, `subject_group_subject_id`, `subject_group_class_sections_id`, `name`, `created_at`, `updated_at`) VALUES (300, 19, 66, 26, 'The baby sparrow chapter 2', '2023-03-29 06:30:04', '2025-02-28 05:17:29');
INSERT INTO `lesson` (`id`, `session_id`, `subject_group_subject_id`, `subject_group_class_sections_id`, `name`, `created_at`, `updated_at`) VALUES (304, 19, 69, 26, 'Games We Play', '2023-03-29 06:34:22', '2025-02-28 05:17:29');
INSERT INTO `lesson` (`id`, `session_id`, `subject_group_subject_id`, `subject_group_class_sections_id`, `name`, `created_at`, `updated_at`) VALUES (305, 19, 69, 26, 'Flying High', '2023-03-29 06:34:22', '2025-02-28 05:17:29');
INSERT INTO `lesson` (`id`, `session_id`, `subject_group_subject_id`, `subject_group_class_sections_id`, `name`, `created_at`, `updated_at`) VALUES (308, 19, 55, 20, 'एक बुढ़िया', '2023-03-29 06:40:25', '2025-02-28 05:17:29');
INSERT INTO `lesson` (`id`, `session_id`, `subject_group_subject_id`, `subject_group_class_sections_id`, `name`, `created_at`, `updated_at`) VALUES (309, 19, 55, 20, 'लालू और पीलू', '2023-03-29 06:40:25', '2025-02-28 05:17:29');
INSERT INTO `lesson` (`id`, `session_id`, `subject_group_subject_id`, `subject_group_class_sections_id`, `name`, `created_at`, `updated_at`) VALUES (310, 19, 67, 26, 'अक्ल बड़ी या भैंस', '2023-03-29 06:42:49', '2025-02-28 05:17:29');
INSERT INTO `lesson` (`id`, `session_id`, `subject_group_subject_id`, `subject_group_class_sections_id`, `name`, `created_at`, `updated_at`) VALUES (311, 19, 67, 26, 'चाँद वाली अम्मा', '2023-03-29 06:42:49', '2025-02-28 05:17:29');
INSERT INTO `lesson` (`id`, `session_id`, `subject_group_subject_id`, `subject_group_class_sections_id`, `name`, `created_at`, `updated_at`) VALUES (314, 19, 76, 30, 'सबसे अच्छा पेड़', '2023-03-29 06:44:12', '2025-02-28 05:17:29');
INSERT INTO `lesson` (`id`, `session_id`, `subject_group_subject_id`, `subject_group_class_sections_id`, `name`, `created_at`, `updated_at`) VALUES (315, 19, 76, 30, 'मन के भोले-भाले बादल', '2023-03-29 06:44:12', '2025-02-28 05:17:29');
INSERT INTO `lesson` (`id`, `session_id`, `subject_group_subject_id`, `subject_group_class_sections_id`, `name`, `created_at`, `updated_at`) VALUES (318, 19, 54, 21, 'Clap, Clap, Clap', '2023-03-29 06:44:54', '2025-02-28 05:17:29');
INSERT INTO `lesson` (`id`, `session_id`, `subject_group_subject_id`, `subject_group_class_sections_id`, `name`, `created_at`, `updated_at`) VALUES (319, 19, 54, 21, 'PATTERN', '2023-03-29 06:44:54', '2025-02-28 05:17:29');
INSERT INTO `lesson` (`id`, `session_id`, `subject_group_subject_id`, `subject_group_class_sections_id`, `name`, `created_at`, `updated_at`) VALUES (322, 19, 61, 23, 'मेरी किताब', '2023-03-29 06:46:11', '2025-02-28 05:17:29');
INSERT INTO `lesson` (`id`, `session_id`, `subject_group_subject_id`, `subject_group_class_sections_id`, `name`, `created_at`, `updated_at`) VALUES (323, 19, 61, 23, 'बहुत हुआ', '2023-03-29 06:46:11', '2025-02-28 05:17:29');
INSERT INTO `lesson` (`id`, `session_id`, `subject_group_subject_id`, `subject_group_class_sections_id`, `name`, `created_at`, `updated_at`) VALUES (324, 19, 61, 23, 'दोस्त की मदद', '2023-03-29 06:46:11', '2025-02-28 05:17:29');
INSERT INTO `lesson` (`id`, `session_id`, `subject_group_subject_id`, `subject_group_class_sections_id`, `name`, `created_at`, `updated_at`) VALUES (325, 19, 75, 30, 'Alarm Clock ', '2023-03-29 06:46:18', '2025-02-28 05:17:29');
INSERT INTO `lesson` (`id`, `session_id`, `subject_group_subject_id`, `subject_group_class_sections_id`, `name`, `created_at`, `updated_at`) VALUES (326, 19, 75, 30, 'Alice in Wonderland', '2023-03-29 06:46:18', '2025-02-28 05:17:29');
INSERT INTO `lesson` (`id`, `session_id`, `subject_group_subject_id`, `subject_group_class_sections_id`, `name`, `created_at`, `updated_at`) VALUES (329, 19, 62, 24, 'Lesson - 1', '2023-03-29 06:46:52', '2025-02-28 05:17:29');
INSERT INTO `lesson` (`id`, `session_id`, `subject_group_subject_id`, `subject_group_class_sections_id`, `name`, `created_at`, `updated_at`) VALUES (330, 19, 62, 24, 'Lesson - 2', '2023-03-29 06:46:52', '2025-02-28 05:17:29');
INSERT INTO `lesson` (`id`, `session_id`, `subject_group_subject_id`, `subject_group_class_sections_id`, `name`, `created_at`, `updated_at`) VALUES (331, 19, 77, 30, 'Play With Patterns', '2023-03-29 06:47:50', '2025-02-28 05:17:29');
INSERT INTO `lesson` (`id`, `session_id`, `subject_group_subject_id`, `subject_group_class_sections_id`, `name`, `created_at`, `updated_at`) VALUES (332, 19, 77, 30, 'Long and Short ', '2023-03-29 06:47:50', '2025-02-28 05:17:29');
INSERT INTO `lesson` (`id`, `session_id`, `subject_group_subject_id`, `subject_group_class_sections_id`, `name`, `created_at`, `updated_at`) VALUES (333, 19, 77, 30, 'Quarters Play ', '2023-03-29 06:47:50', '2025-02-28 05:17:29');
INSERT INTO `lesson` (`id`, `session_id`, `subject_group_subject_id`, `subject_group_class_sections_id`, `name`, `created_at`, `updated_at`) VALUES (334, 19, 61, 25, 'एक्की-दोक्की', '2023-03-29 06:48:01', '2025-02-28 05:17:29');
INSERT INTO `lesson` (`id`, `session_id`, `subject_group_subject_id`, `subject_group_class_sections_id`, `name`, `created_at`, `updated_at`) VALUES (335, 19, 61, 25, 'बुलबुल', '2023-03-29 06:48:01', '2025-02-28 05:17:29');
INSERT INTO `lesson` (`id`, `session_id`, `subject_group_subject_id`, `subject_group_class_sections_id`, `name`, `created_at`, `updated_at`) VALUES (338, 19, 66, 27, 'A SMILE', '2023-03-29 06:49:08', '2025-02-28 05:17:29');
INSERT INTO `lesson` (`id`, `session_id`, `subject_group_subject_id`, `subject_group_class_sections_id`, `name`, `created_at`, `updated_at`) VALUES (339, 19, 67, 29, 'सूरज जल्दी आना जी', '2023-03-29 06:49:28', '2025-02-28 05:17:29');
INSERT INTO `lesson` (`id`, `session_id`, `subject_group_subject_id`, `subject_group_class_sections_id`, `name`, `created_at`, `updated_at`) VALUES (342, 19, 78, 31, 'Our Environment', '2023-03-29 06:50:23', '2025-02-28 05:17:29');
INSERT INTO `lesson` (`id`, `session_id`, `subject_group_subject_id`, `subject_group_class_sections_id`, `name`, `created_at`, `updated_at`) VALUES (343, 19, 75, 32, 'Teamwork part 2', '2023-03-29 06:50:48', '2025-02-28 05:17:29');
INSERT INTO `lesson` (`id`, `session_id`, `subject_group_subject_id`, `subject_group_class_sections_id`, `name`, `created_at`, `updated_at`) VALUES (344, 19, 75, 32, 'Teamwork', '2023-03-29 06:50:48', '2025-02-28 05:17:29');
INSERT INTO `lesson` (`id`, `session_id`, `subject_group_subject_id`, `subject_group_class_sections_id`, `name`, `created_at`, `updated_at`) VALUES (345, 19, 77, 33, 'Counting in Tens', '2023-03-29 06:51:34', '2025-02-28 05:17:29');
INSERT INTO `lesson` (`id`, `session_id`, `subject_group_subject_id`, `subject_group_class_sections_id`, `name`, `created_at`, `updated_at`) VALUES (346, 19, 77, 33, 'Patterns', '2023-03-29 06:51:34', '2025-02-28 05:17:29');
INSERT INTO `lesson` (`id`, `session_id`, `subject_group_subject_id`, `subject_group_class_sections_id`, `name`, `created_at`, `updated_at`) VALUES (347, 19, 79, 30, 'Globes and Maps.', '2023-03-29 06:55:17', '2025-02-28 05:17:29');
INSERT INTO `lesson` (`id`, `session_id`, `subject_group_subject_id`, `subject_group_class_sections_id`, `name`, `created_at`, `updated_at`) VALUES (348, 19, 79, 30, 'The Climate Of India.', '2023-03-29 06:55:17', '2025-02-28 05:17:29');
INSERT INTO `lesson` (`id`, `session_id`, `subject_group_subject_id`, `subject_group_class_sections_id`, `name`, `created_at`, `updated_at`) VALUES (351, 19, 70, 26, 'The Earth – An Introduction.', '2023-03-29 12:59:30', '2025-02-28 05:17:29');
INSERT INTO `lesson` (`id`, `session_id`, `subject_group_subject_id`, `subject_group_class_sections_id`, `name`, `created_at`, `updated_at`) VALUES (352, 19, 70, 26, 'The Environment – An Introduction.', '2023-03-29 12:59:30', '2025-02-28 05:17:29');
INSERT INTO `lesson` (`id`, `session_id`, `subject_group_subject_id`, `subject_group_class_sections_id`, `name`, `created_at`, `updated_at`) VALUES (355, 19, 54, 20, 'A Little Turtle', '2023-09-05 07:20:10', '2025-02-28 05:17:29');
INSERT INTO `lesson` (`id`, `session_id`, `subject_group_subject_id`, `subject_group_class_sections_id`, `name`, `created_at`, `updated_at`) VALUES (356, 19, 56, 20, 'Numbers form One to Nine', '2023-03-31 06:09:56', '2025-02-28 05:17:29');
INSERT INTO `lesson` (`id`, `session_id`, `subject_group_subject_id`, `subject_group_class_sections_id`, `name`, `created_at`, `updated_at`) VALUES (357, 19, 54, 21, 'Hide and Seek', '2023-03-31 06:28:49', '2025-02-28 05:17:29');
INSERT INTO `lesson` (`id`, `session_id`, `subject_group_subject_id`, `subject_group_class_sections_id`, `name`, `created_at`, `updated_at`) VALUES (358, 19, 56, 21, 'Numbers from Ten to Twenty', '2023-03-31 06:32:12', '2025-02-28 05:17:29');
INSERT INTO `lesson` (`id`, `session_id`, `subject_group_subject_id`, `subject_group_class_sections_id`, `name`, `created_at`, `updated_at`) VALUES (359, 19, 62, 23, ' Data Handing', '2023-03-31 06:34:56', '2025-02-28 05:17:29');
INSERT INTO `lesson` (`id`, `session_id`, `subject_group_subject_id`, `subject_group_class_sections_id`, `name`, `created_at`, `updated_at`) VALUES (360, 19, 60, 24, 'Bubbles', '2023-03-31 06:46:24', '2025-02-28 05:17:29');
INSERT INTO `lesson` (`id`, `session_id`, `subject_group_subject_id`, `subject_group_class_sections_id`, `name`, `created_at`, `updated_at`) VALUES (361, 19, 62, 24, 'Measurement', '2023-03-31 06:52:14', '2025-02-28 05:17:29');
INSERT INTO `lesson` (`id`, `session_id`, `subject_group_subject_id`, `subject_group_class_sections_id`, `name`, `created_at`, `updated_at`) VALUES (362, 19, 66, 27, 'Lost Spring ', '2023-03-31 07:38:59', '2025-02-28 05:17:29');
INSERT INTO `lesson` (`id`, `session_id`, `subject_group_subject_id`, `subject_group_class_sections_id`, `name`, `created_at`, `updated_at`) VALUES (363, 19, 66, 27, 'Lost Spring ', '2023-03-31 07:38:59', '2025-02-28 05:17:29');
INSERT INTO `lesson` (`id`, `session_id`, `subject_group_subject_id`, `subject_group_class_sections_id`, `name`, `created_at`, `updated_at`) VALUES (364, 19, 62, 23, 'Counting in groups', '2023-03-31 07:41:16', '2025-02-28 05:17:29');
INSERT INTO `lesson` (`id`, `session_id`, `subject_group_subject_id`, `subject_group_class_sections_id`, `name`, `created_at`, `updated_at`) VALUES (365, 19, 62, 23, 'Counting in groups', '2023-03-31 07:41:16', '2025-02-28 05:17:29');
INSERT INTO `lesson` (`id`, `session_id`, `subject_group_subject_id`, `subject_group_class_sections_id`, `name`, `created_at`, `updated_at`) VALUES (366, 19, 71, 26, 'The Basic introduction of art', '2023-03-31 13:01:24', '2025-02-28 05:17:29');
INSERT INTO `lesson` (`id`, `session_id`, `subject_group_subject_id`, `subject_group_class_sections_id`, `name`, `created_at`, `updated_at`) VALUES (367, 19, 73, 26, 'The Environment ', '2023-03-31 13:03:07', '2025-02-28 05:17:29');
INSERT INTO `lesson` (`id`, `session_id`, `subject_group_subject_id`, `subject_group_class_sections_id`, `name`, `created_at`, `updated_at`) VALUES (368, 19, 72, 26, 'Basics of Computers', '2023-03-31 13:04:52', '2025-02-28 05:17:29');
INSERT INTO `lesson` (`id`, `session_id`, `subject_group_subject_id`, `subject_group_class_sections_id`, `name`, `created_at`, `updated_at`) VALUES (369, 19, 57, 20, 'Human Body', '2023-04-03 05:47:52', '2025-02-28 05:17:29');
INSERT INTO `lesson` (`id`, `session_id`, `subject_group_subject_id`, `subject_group_class_sections_id`, `name`, `created_at`, `updated_at`) VALUES (370, 19, 57, 20, 'Chapter 2', '2023-04-03 05:47:52', '2025-02-28 05:17:29');
INSERT INTO `lesson` (`id`, `session_id`, `subject_group_subject_id`, `subject_group_class_sections_id`, `name`, `created_at`, `updated_at`) VALUES (371, 19, 57, 21, 'Acids Bases and Salts', '2023-04-03 05:58:18', '2025-02-28 05:17:29');
INSERT INTO `lesson` (`id`, `session_id`, `subject_group_subject_id`, `subject_group_class_sections_id`, `name`, `created_at`, `updated_at`) VALUES (372, 19, 57, 21, 'Lesson 2', '2023-04-03 05:58:18', '2025-02-28 05:17:29');
INSERT INTO `lesson` (`id`, `session_id`, `subject_group_subject_id`, `subject_group_class_sections_id`, `name`, `created_at`, `updated_at`) VALUES (373, 19, 55, 21, 'दोस्त की मदद', '2023-04-03 06:09:22', '2025-02-28 05:17:29');
INSERT INTO `lesson` (`id`, `session_id`, `subject_group_subject_id`, `subject_group_class_sections_id`, `name`, `created_at`, `updated_at`) VALUES (378, 20, 134, 61, 'A Happy Child', '2024-04-02 10:07:31', '2025-02-28 05:17:29');
INSERT INTO `lesson` (`id`, `session_id`, `subject_group_subject_id`, `subject_group_class_sections_id`, `name`, `created_at`, `updated_at`) VALUES (379, 20, 134, 61, 'A Little Turtle ', '2024-04-02 10:07:31', '2025-02-28 05:17:29');
INSERT INTO `lesson` (`id`, `session_id`, `subject_group_subject_id`, `subject_group_class_sections_id`, `name`, `created_at`, `updated_at`) VALUES (380, 20, 134, 61, 'Flying Man ', '2024-04-02 10:07:31', '2025-02-28 05:17:29');
INSERT INTO `lesson` (`id`, `session_id`, `subject_group_subject_id`, `subject_group_class_sections_id`, `name`, `created_at`, `updated_at`) VALUES (381, 20, 134, 61, 'The Bubble, the Straw, and the Shoe.', '2024-04-02 10:07:31', '2025-02-28 05:17:29');
INSERT INTO `lesson` (`id`, `session_id`, `subject_group_subject_id`, `subject_group_class_sections_id`, `name`, `created_at`, `updated_at`) VALUES (382, 20, 134, 61, 'A Kite (Poem)', '2024-04-02 10:07:31', '2025-02-28 05:17:29');
INSERT INTO `lesson` (`id`, `session_id`, `subject_group_subject_id`, `subject_group_class_sections_id`, `name`, `created_at`, `updated_at`) VALUES (383, 20, 134, 61, 'The Tailor and his Friend', '2024-04-02 10:07:31', '2025-02-28 05:17:29');
INSERT INTO `lesson` (`id`, `session_id`, `subject_group_subject_id`, `subject_group_class_sections_id`, `name`, `created_at`, `updated_at`) VALUES (384, 20, 134, 62, 'The Tailor and his Friend', '2024-04-02 10:08:47', '2025-02-28 05:17:29');
INSERT INTO `lesson` (`id`, `session_id`, `subject_group_subject_id`, `subject_group_class_sections_id`, `name`, `created_at`, `updated_at`) VALUES (385, 20, 134, 62, 'Our Tree', '2024-04-02 10:08:47', '2025-02-28 05:17:29');
INSERT INTO `lesson` (`id`, `session_id`, `subject_group_subject_id`, `subject_group_class_sections_id`, `name`, `created_at`, `updated_at`) VALUES (386, 20, 134, 62, 'Anandi’s Rainbow', '2024-04-02 10:08:47', '2025-02-28 05:17:29');
INSERT INTO `lesson` (`id`, `session_id`, `subject_group_subject_id`, `subject_group_class_sections_id`, `name`, `created_at`, `updated_at`) VALUES (387, 20, 126, 57, 'First Day at School', '2024-04-02 10:10:59', '2025-02-28 05:17:29');
INSERT INTO `lesson` (`id`, `session_id`, `subject_group_subject_id`, `subject_group_class_sections_id`, `name`, `created_at`, `updated_at`) VALUES (388, 20, 126, 57, 'The Wind and the Sun', '2024-04-02 10:10:59', '2025-02-28 05:17:29');
INSERT INTO `lesson` (`id`, `session_id`, `subject_group_subject_id`, `subject_group_class_sections_id`, `name`, `created_at`, `updated_at`) VALUES (389, 20, 126, 57, 'Storm in the Garden', '2024-04-02 10:10:59', '2025-02-28 05:17:29');
INSERT INTO `lesson` (`id`, `session_id`, `subject_group_subject_id`, `subject_group_class_sections_id`, `name`, `created_at`, `updated_at`) VALUES (390, 20, 126, 57, 'The Grasshopper and the Ant', '2024-04-02 10:10:59', '2025-02-28 05:17:29');
INSERT INTO `lesson` (`id`, `session_id`, `subject_group_subject_id`, `subject_group_class_sections_id`, `name`, `created_at`, `updated_at`) VALUES (391, 20, 126, 57, 'Rain', '2024-04-02 10:10:59', '2025-02-28 05:17:29');
INSERT INTO `lesson` (`id`, `session_id`, `subject_group_subject_id`, `subject_group_class_sections_id`, `name`, `created_at`, `updated_at`) VALUES (392, 20, 126, 57, 'A Smile', '2024-04-02 10:10:59', '2025-02-28 05:17:29');
INSERT INTO `lesson` (`id`, `session_id`, `subject_group_subject_id`, `subject_group_class_sections_id`, `name`, `created_at`, `updated_at`) VALUES (393, 20, 126, 58, 'A Smile', '2024-04-02 10:11:44', '2025-02-28 05:17:29');
INSERT INTO `lesson` (`id`, `session_id`, `subject_group_subject_id`, `subject_group_class_sections_id`, `name`, `created_at`, `updated_at`) VALUES (394, 20, 126, 58, 'Haldis Adventure', '2024-04-02 10:11:44', '2025-02-28 05:17:29');
INSERT INTO `lesson` (`id`, `session_id`, `subject_group_subject_id`, `subject_group_class_sections_id`, `name`, `created_at`, `updated_at`) VALUES (395, 20, 126, 58, 'Curlylocks and the Three Bears', '2024-04-02 10:11:44', '2025-02-28 05:17:29');
INSERT INTO `lesson` (`id`, `session_id`, `subject_group_subject_id`, `subject_group_class_sections_id`, `name`, `created_at`, `updated_at`) VALUES (396, 20, 126, 59, 'Curlylocks and the Three Bears', '2024-04-02 10:12:15', '2025-02-28 05:17:29');
INSERT INTO `lesson` (`id`, `session_id`, `subject_group_subject_id`, `subject_group_class_sections_id`, `name`, `created_at`, `updated_at`) VALUES (397, 20, 126, 59, 'The Magic Porridge Pot', '2024-04-02 10:12:15', '2025-02-28 05:17:29');
INSERT INTO `lesson` (`id`, `session_id`, `subject_group_subject_id`, `subject_group_class_sections_id`, `name`, `created_at`, `updated_at`) VALUES (398, 20, 126, 59, 'The Grasshopper and the Ant', '2024-04-02 10:12:15', '2025-02-28 05:17:29');
INSERT INTO `lesson` (`id`, `session_id`, `subject_group_subject_id`, `subject_group_class_sections_id`, `name`, `created_at`, `updated_at`) VALUES (399, 20, 118, 53, 'Nina and the Baby Sparrows', '2024-04-02 10:15:19', '2025-02-28 05:17:29');
INSERT INTO `lesson` (`id`, `session_id`, `subject_group_subject_id`, `subject_group_class_sections_id`, `name`, `created_at`, `updated_at`) VALUES (400, 20, 118, 53, 'Sea Song', '2024-04-02 10:15:19', '2025-02-28 05:17:29');
INSERT INTO `lesson` (`id`, `session_id`, `subject_group_subject_id`, `subject_group_class_sections_id`, `name`, `created_at`, `updated_at`) VALUES (401, 20, 118, 53, 'The Balloon Man', '2024-04-02 10:15:19', '2025-02-28 05:17:29');
INSERT INTO `lesson` (`id`, `session_id`, `subject_group_subject_id`, `subject_group_class_sections_id`, `name`, `created_at`, `updated_at`) VALUES (402, 20, 118, 53, 'Trains', '2024-04-02 10:15:19', '2025-02-28 05:17:29');
INSERT INTO `lesson` (`id`, `session_id`, `subject_group_subject_id`, `subject_group_class_sections_id`, `name`, `created_at`, `updated_at`) VALUES (403, 20, 118, 53, 'What’s in the Mailbox?', '2024-04-02 10:15:19', '2025-02-28 05:17:29');
INSERT INTO `lesson` (`id`, `session_id`, `subject_group_subject_id`, `subject_group_class_sections_id`, `name`, `created_at`, `updated_at`) VALUES (404, 20, 118, 54, 'The Balloon Man', '2024-04-02 10:17:11', '2025-02-28 05:17:29');
INSERT INTO `lesson` (`id`, `session_id`, `subject_group_subject_id`, `subject_group_class_sections_id`, `name`, `created_at`, `updated_at`) VALUES (405, 20, 118, 54, 'Sea Song', '2024-04-02 10:17:11', '2025-02-28 05:17:29');
INSERT INTO `lesson` (`id`, `session_id`, `subject_group_subject_id`, `subject_group_class_sections_id`, `name`, `created_at`, `updated_at`) VALUES (406, 20, 118, 54, 'Curlylocks and the Three Bears', '2024-04-02 10:17:11', '2025-02-28 05:17:29');
INSERT INTO `lesson` (`id`, `session_id`, `subject_group_subject_id`, `subject_group_class_sections_id`, `name`, `created_at`, `updated_at`) VALUES (407, 20, 118, 55, 'Curlylocks and the Three Bears', '2024-04-02 10:17:36', '2025-02-28 05:17:29');
INSERT INTO `lesson` (`id`, `session_id`, `subject_group_subject_id`, `subject_group_class_sections_id`, `name`, `created_at`, `updated_at`) VALUES (408, 20, 118, 55, 'The Balloon Man', '2024-04-02 10:17:36', '2025-02-28 05:17:29');
INSERT INTO `lesson` (`id`, `session_id`, `subject_group_subject_id`, `subject_group_class_sections_id`, `name`, `created_at`, `updated_at`) VALUES (409, 20, 118, 55, 'Storm in the Garden', '2024-04-02 10:17:36', '2025-02-28 05:17:29');
INSERT INTO `lesson` (`id`, `session_id`, `subject_group_subject_id`, `subject_group_class_sections_id`, `name`, `created_at`, `updated_at`) VALUES (410, 20, 110, 49, 'The Little fir tree', '2024-04-02 10:22:28', '2025-02-28 05:17:29');
INSERT INTO `lesson` (`id`, `session_id`, `subject_group_subject_id`, `subject_group_class_sections_id`, `name`, `created_at`, `updated_at`) VALUES (411, 20, 110, 49, 'Alice In Wonderland', '2024-04-02 10:22:28', '2025-02-28 05:17:29');
INSERT INTO `lesson` (`id`, `session_id`, `subject_group_subject_id`, `subject_group_class_sections_id`, `name`, `created_at`, `updated_at`) VALUES (412, 20, 110, 49, 'The Milkman’s Cow', '2024-04-02 10:22:28', '2025-02-28 05:17:29');
INSERT INTO `lesson` (`id`, `session_id`, `subject_group_subject_id`, `subject_group_class_sections_id`, `name`, `created_at`, `updated_at`) VALUES (413, 20, 110, 49, 'A Watering Rhyme', '2024-04-02 10:22:28', '2025-02-28 05:17:29');
INSERT INTO `lesson` (`id`, `session_id`, `subject_group_subject_id`, `subject_group_class_sections_id`, `name`, `created_at`, `updated_at`) VALUES (414, 20, 110, 49, 'I Had a Little Pony', '2024-04-02 10:22:28', '2025-02-28 05:17:29');
INSERT INTO `lesson` (`id`, `session_id`, `subject_group_subject_id`, `subject_group_class_sections_id`, `name`, `created_at`, `updated_at`) VALUES (415, 20, 110, 50, 'I Had a Little Pony', '2024-04-02 10:23:20', '2025-02-28 05:17:29');
INSERT INTO `lesson` (`id`, `session_id`, `subject_group_subject_id`, `subject_group_class_sections_id`, `name`, `created_at`, `updated_at`) VALUES (416, 20, 110, 50, 'Helen Keller', '2024-04-02 10:23:20', '2025-02-28 05:17:29');
INSERT INTO `lesson` (`id`, `session_id`, `subject_group_subject_id`, `subject_group_class_sections_id`, `name`, `created_at`, `updated_at`) VALUES (417, 20, 110, 51, 'Helen Keller', '2024-04-02 10:23:50', '2025-02-28 05:17:29');
INSERT INTO `lesson` (`id`, `session_id`, `subject_group_subject_id`, `subject_group_class_sections_id`, `name`, `created_at`, `updated_at`) VALUES (418, 20, 110, 51, 'The Scholars Mother Tongue', '2024-04-02 10:23:50', '2025-02-28 05:17:29');
INSERT INTO `lesson` (`id`, `session_id`, `subject_group_subject_id`, `subject_group_class_sections_id`, `name`, `created_at`, `updated_at`) VALUES (419, 20, 110, 51, 'Alice In Wonderland', '2024-04-02 10:23:50', '2025-02-28 05:17:29');
INSERT INTO `lesson` (`id`, `session_id`, `subject_group_subject_id`, `subject_group_class_sections_id`, `name`, `created_at`, `updated_at`) VALUES (420, 20, 98, 45, 'My Elder Brother', '2024-04-02 10:25:41', '2025-02-28 05:17:29');
INSERT INTO `lesson` (`id`, `session_id`, `subject_group_subject_id`, `subject_group_class_sections_id`, `name`, `created_at`, `updated_at`) VALUES (421, 20, 98, 45, 'Ice Cream Man', '2024-04-02 10:25:41', '2025-02-28 05:17:29');
INSERT INTO `lesson` (`id`, `session_id`, `subject_group_subject_id`, `subject_group_class_sections_id`, `name`, `created_at`, `updated_at`) VALUES (422, 20, 98, 45, 'The Little Bully', '2024-04-02 10:25:41', '2025-02-28 05:17:29');
INSERT INTO `lesson` (`id`, `session_id`, `subject_group_subject_id`, `subject_group_class_sections_id`, `name`, `created_at`, `updated_at`) VALUES (423, 20, 98, 45, 'Flying Together', '2024-04-02 10:25:41', '2025-02-28 05:17:29');
INSERT INTO `lesson` (`id`, `session_id`, `subject_group_subject_id`, `subject_group_class_sections_id`, `name`, `created_at`, `updated_at`) VALUES (424, 20, 98, 45, 'Sing a Song of People', '2024-04-02 10:25:41', '2025-02-28 05:17:29');
INSERT INTO `lesson` (`id`, `session_id`, `subject_group_subject_id`, `subject_group_class_sections_id`, `name`, `created_at`, `updated_at`) VALUES (425, 20, 98, 46, 'Sing a Song of People', '2024-04-02 10:26:14', '2025-02-28 05:17:29');
INSERT INTO `lesson` (`id`, `session_id`, `subject_group_subject_id`, `subject_group_class_sections_id`, `name`, `created_at`, `updated_at`) VALUES (426, 20, 98, 46, 'The Lazy Frog', '2024-04-02 10:26:14', '2025-02-28 05:17:29');
INSERT INTO `lesson` (`id`, `session_id`, `subject_group_subject_id`, `subject_group_class_sections_id`, `name`, `created_at`, `updated_at`) VALUES (427, 20, 98, 46, 'Teamwork', '2024-04-02 10:26:14', '2025-02-28 05:17:29');
INSERT INTO `lesson` (`id`, `session_id`, `subject_group_subject_id`, `subject_group_class_sections_id`, `name`, `created_at`, `updated_at`) VALUES (428, 20, 98, 47, 'Teamwork', '2024-04-02 10:26:32', '2025-02-28 05:17:29');
INSERT INTO `lesson` (`id`, `session_id`, `subject_group_subject_id`, `subject_group_class_sections_id`, `name`, `created_at`, `updated_at`) VALUES (429, 20, 98, 47, 'Sing a Song of People', '2024-04-02 10:26:32', '2025-02-28 05:17:29');
INSERT INTO `lesson` (`id`, `session_id`, `subject_group_subject_id`, `subject_group_class_sections_id`, `name`, `created_at`, `updated_at`) VALUES (430, 20, 98, 47, 'Ice Cream Man', '2024-04-02 10:26:32', '2025-02-28 05:17:29');
INSERT INTO `lesson` (`id`, `session_id`, `subject_group_subject_id`, `subject_group_class_sections_id`, `name`, `created_at`, `updated_at`) VALUES (431, 20, 135, 61, 'आम की कहानी', '2024-04-02 10:32:32', '2025-02-28 05:17:29');
INSERT INTO `lesson` (`id`, `session_id`, `subject_group_subject_id`, `subject_group_class_sections_id`, `name`, `created_at`, `updated_at`) VALUES (432, 20, 135, 61, 'आम की टोकरी', '2024-04-02 10:32:32', '2025-02-28 05:17:29');
INSERT INTO `lesson` (`id`, `session_id`, `subject_group_subject_id`, `subject_group_class_sections_id`, `name`, `created_at`, `updated_at`) VALUES (433, 20, 135, 61, 'खजाने की खोज', '2024-04-02 10:32:32', '2025-02-28 05:17:29');
INSERT INTO `lesson` (`id`, `session_id`, `subject_group_subject_id`, `subject_group_class_sections_id`, `name`, `created_at`, `updated_at`) VALUES (434, 20, 135, 61, 'बंदर और गिलहरी', '2024-04-02 10:32:32', '2025-02-28 05:17:29');
INSERT INTO `lesson` (`id`, `session_id`, `subject_group_subject_id`, `subject_group_class_sections_id`, `name`, `created_at`, `updated_at`) VALUES (435, 20, 135, 61, 'रसोईघर', '2024-04-02 10:32:32', '2025-02-28 05:17:29');
INSERT INTO `lesson` (`id`, `session_id`, `subject_group_subject_id`, `subject_group_class_sections_id`, `name`, `created_at`, `updated_at`) VALUES (436, 20, 127, 57, 'दोस्त की मदद', '2024-04-02 10:33:59', '2025-02-28 05:17:29');
INSERT INTO `lesson` (`id`, `session_id`, `subject_group_subject_id`, `subject_group_class_sections_id`, `name`, `created_at`, `updated_at`) VALUES (437, 20, 127, 57, 'मेरी किताब', '2024-04-02 10:33:59', '2025-02-28 05:17:29');
INSERT INTO `lesson` (`id`, `session_id`, `subject_group_subject_id`, `subject_group_class_sections_id`, `name`, `created_at`, `updated_at`) VALUES (438, 20, 127, 57, 'नटखट चूहा', '2024-04-02 10:33:59', '2025-02-28 05:17:29');
INSERT INTO `lesson` (`id`, `session_id`, `subject_group_subject_id`, `subject_group_class_sections_id`, `name`, `created_at`, `updated_at`) VALUES (439, 20, 127, 57, 'भालू ने खेली फुटबॉल', '2024-04-02 10:33:59', '2025-02-28 05:17:29');
INSERT INTO `lesson` (`id`, `session_id`, `subject_group_subject_id`, `subject_group_class_sections_id`, `name`, `created_at`, `updated_at`) VALUES (440, 20, 119, 53, 'सबसे अच्छा पेड़', '2024-04-02 10:36:32', '2025-02-28 05:17:29');
INSERT INTO `lesson` (`id`, `session_id`, `subject_group_subject_id`, `subject_group_class_sections_id`, `name`, `created_at`, `updated_at`) VALUES (441, 20, 119, 53, 'अक्ल बड़ी या भैंस', '2024-04-02 10:36:32', '2025-02-28 05:17:29');
INSERT INTO `lesson` (`id`, `session_id`, `subject_group_subject_id`, `subject_group_class_sections_id`, `name`, `created_at`, `updated_at`) VALUES (442, 20, 119, 53, 'बहादुर बिट्टो', '2024-04-02 10:36:32', '2025-02-28 05:17:29');
INSERT INTO `lesson` (`id`, `session_id`, `subject_group_subject_id`, `subject_group_class_sections_id`, `name`, `created_at`, `updated_at`) VALUES (443, 20, 119, 53, 'मिर्च का मजा', '2024-04-02 10:36:32', '2025-02-28 05:17:29');
INSERT INTO `lesson` (`id`, `session_id`, `subject_group_subject_id`, `subject_group_class_sections_id`, `name`, `created_at`, `updated_at`) VALUES (444, 20, 119, 53, 'नटखट चूहा', '2024-04-02 10:36:32', '2025-02-28 05:17:29');
INSERT INTO `lesson` (`id`, `session_id`, `subject_group_subject_id`, `subject_group_class_sections_id`, `name`, `created_at`, `updated_at`) VALUES (445, 20, 111, 49, 'जैसा सवाल वैसा जवाब', '2024-04-02 10:38:40', '2025-02-28 05:17:29');
INSERT INTO `lesson` (`id`, `session_id`, `subject_group_subject_id`, `subject_group_class_sections_id`, `name`, `created_at`, `updated_at`) VALUES (446, 20, 111, 49, 'दोस्त की पोशाक', '2024-04-02 10:38:40', '2025-02-28 05:17:29');
INSERT INTO `lesson` (`id`, `session_id`, `subject_group_subject_id`, `subject_group_class_sections_id`, `name`, `created_at`, `updated_at`) VALUES (447, 20, 111, 49, 'दान का हिसाब', '2024-04-02 10:38:40', '2025-02-28 05:17:29');
INSERT INTO `lesson` (`id`, `session_id`, `subject_group_subject_id`, `subject_group_class_sections_id`, `name`, `created_at`, `updated_at`) VALUES (448, 20, 111, 49, 'मन के भोले भले बादल', '2024-04-02 10:38:40', '2025-02-28 05:17:29');
INSERT INTO `lesson` (`id`, `session_id`, `subject_group_subject_id`, `subject_group_class_sections_id`, `name`, `created_at`, `updated_at`) VALUES (449, 20, 111, 49, 'स्वतंत्रता की ओर', '2024-04-02 10:38:40', '2025-02-28 05:17:29');
INSERT INTO `lesson` (`id`, `session_id`, `subject_group_subject_id`, `subject_group_class_sections_id`, `name`, `created_at`, `updated_at`) VALUES (450, 20, 99, 45, 'फसलों का त्यौहार', '2024-04-02 10:40:32', '2025-02-28 05:17:29');
INSERT INTO `lesson` (`id`, `session_id`, `subject_group_subject_id`, `subject_group_class_sections_id`, `name`, `created_at`, `updated_at`) VALUES (451, 20, 99, 45, 'नन्हा फनकार', '2024-04-02 10:40:32', '2025-02-28 05:17:29');
INSERT INTO `lesson` (`id`, `session_id`, `subject_group_subject_id`, `subject_group_class_sections_id`, `name`, `created_at`, `updated_at`) VALUES (452, 20, 99, 45, 'खिलौनेवाला ', '2024-04-02 10:40:32', '2025-02-28 05:17:29');
INSERT INTO `lesson` (`id`, `session_id`, `subject_group_subject_id`, `subject_group_class_sections_id`, `name`, `created_at`, `updated_at`) VALUES (453, 20, 99, 45, 'चिट्ठी का सफ़र', '2024-04-02 10:40:32', '2025-02-28 05:17:29');
INSERT INTO `lesson` (`id`, `session_id`, `subject_group_subject_id`, `subject_group_class_sections_id`, `name`, `created_at`, `updated_at`) VALUES (454, 20, 136, 61, 'Real Numbers', '2024-04-02 10:41:29', '2025-02-28 05:17:29');
INSERT INTO `lesson` (`id`, `session_id`, `subject_group_subject_id`, `subject_group_class_sections_id`, `name`, `created_at`, `updated_at`) VALUES (455, 20, 136, 61, 'Quadratic Equations', '2024-04-02 10:41:29', '2025-02-28 05:17:29');
INSERT INTO `lesson` (`id`, `session_id`, `subject_group_subject_id`, `subject_group_class_sections_id`, `name`, `created_at`, `updated_at`) VALUES (456, 20, 136, 61, 'Variables', '2024-04-02 10:41:29', '2025-02-28 05:17:29');
INSERT INTO `lesson` (`id`, `session_id`, `subject_group_subject_id`, `subject_group_class_sections_id`, `name`, `created_at`, `updated_at`) VALUES (457, 20, 136, 61, 'Shape', '2024-04-02 10:41:29', '2025-02-28 05:17:29');
INSERT INTO `lesson` (`id`, `session_id`, `subject_group_subject_id`, `subject_group_class_sections_id`, `name`, `created_at`, `updated_at`) VALUES (458, 20, 128, 57, 'Counting in Groups', '2024-04-02 10:42:49', '2025-02-28 05:17:29');
INSERT INTO `lesson` (`id`, `session_id`, `subject_group_subject_id`, `subject_group_class_sections_id`, `name`, `created_at`, `updated_at`) VALUES (459, 20, 128, 57, 'Footprints', '2024-04-02 10:42:49', '2025-02-28 05:17:29');
INSERT INTO `lesson` (`id`, `session_id`, `subject_group_subject_id`, `subject_group_class_sections_id`, `name`, `created_at`, `updated_at`) VALUES (460, 20, 128, 57, 'Patterns', '2024-04-02 10:42:49', '2025-02-28 05:17:29');
INSERT INTO `lesson` (`id`, `session_id`, `subject_group_subject_id`, `subject_group_class_sections_id`, `name`, `created_at`, `updated_at`) VALUES (461, 20, 128, 57, 'The Longest Step', '2024-04-02 10:42:49', '2025-02-28 05:17:29');
INSERT INTO `lesson` (`id`, `session_id`, `subject_group_subject_id`, `subject_group_class_sections_id`, `name`, `created_at`, `updated_at`) VALUES (462, 20, 120, 53, 'Fun With Numbers', '2024-04-02 10:44:30', '2025-02-28 05:17:29');
INSERT INTO `lesson` (`id`, `session_id`, `subject_group_subject_id`, `subject_group_class_sections_id`, `name`, `created_at`, `updated_at`) VALUES (463, 20, 120, 53, 'Play With Patterns', '2024-04-02 10:44:30', '2025-02-28 05:17:29');
INSERT INTO `lesson` (`id`, `session_id`, `subject_group_subject_id`, `subject_group_class_sections_id`, `name`, `created_at`, `updated_at`) VALUES (464, 20, 120, 53, 'Rupees And Paise', '2024-04-02 10:44:30', '2025-02-28 05:17:29');
INSERT INTO `lesson` (`id`, `session_id`, `subject_group_subject_id`, `subject_group_class_sections_id`, `name`, `created_at`, `updated_at`) VALUES (465, 20, 120, 53, 'Shapes And Designs', '2024-04-02 10:44:30', '2025-02-28 05:17:29');
INSERT INTO `lesson` (`id`, `session_id`, `subject_group_subject_id`, `subject_group_class_sections_id`, `name`, `created_at`, `updated_at`) VALUES (466, 20, 112, 49, 'Tables and Shares', '2024-04-02 10:46:13', '2025-02-28 05:17:29');
INSERT INTO `lesson` (`id`, `session_id`, `subject_group_subject_id`, `subject_group_class_sections_id`, `name`, `created_at`, `updated_at`) VALUES (467, 20, 112, 49, 'Building with Bricks', '2024-04-02 10:46:13', '2025-02-28 05:17:29');
INSERT INTO `lesson` (`id`, `session_id`, `subject_group_subject_id`, `subject_group_class_sections_id`, `name`, `created_at`, `updated_at`) VALUES (468, 20, 112, 49, 'Carts and Wheels', '2024-04-02 10:46:13', '2025-02-28 05:17:29');
INSERT INTO `lesson` (`id`, `session_id`, `subject_group_subject_id`, `subject_group_class_sections_id`, `name`, `created_at`, `updated_at`) VALUES (469, 20, 112, 49, 'Halves and Quarters', '2024-04-02 10:46:13', '2025-02-28 05:17:29');
INSERT INTO `lesson` (`id`, `session_id`, `subject_group_subject_id`, `subject_group_class_sections_id`, `name`, `created_at`, `updated_at`) VALUES (470, 20, 112, 49, 'Long and Short', '2024-04-02 10:46:13', '2025-02-28 05:17:29');
INSERT INTO `lesson` (`id`, `session_id`, `subject_group_subject_id`, `subject_group_class_sections_id`, `name`, `created_at`, `updated_at`) VALUES (471, 20, 100, 45, 'Shapes And Angles', '2024-04-02 10:47:28', '2025-02-28 05:17:29');
INSERT INTO `lesson` (`id`, `session_id`, `subject_group_subject_id`, `subject_group_class_sections_id`, `name`, `created_at`, `updated_at`) VALUES (472, 20, 100, 45, 'Parts and Wholes', '2024-04-02 10:47:28', '2025-02-28 05:17:29');
INSERT INTO `lesson` (`id`, `session_id`, `subject_group_subject_id`, `subject_group_class_sections_id`, `name`, `created_at`, `updated_at`) VALUES (473, 20, 100, 45, 'Area and Its Boundary', '2024-04-02 10:47:28', '2025-02-28 05:17:29');
INSERT INTO `lesson` (`id`, `session_id`, `subject_group_subject_id`, `subject_group_class_sections_id`, `name`, `created_at`, `updated_at`) VALUES (474, 20, 137, 61, 'Food and Shelter.', '2024-04-02 10:49:25', '2025-02-28 05:17:29');
INSERT INTO `lesson` (`id`, `session_id`, `subject_group_subject_id`, `subject_group_class_sections_id`, `name`, `created_at`, `updated_at`) VALUES (475, 20, 137, 61, 'What are animals?', '2024-04-02 10:49:25', '2025-02-28 05:17:29');
INSERT INTO `lesson` (`id`, `session_id`, `subject_group_subject_id`, `subject_group_class_sections_id`, `name`, `created_at`, `updated_at`) VALUES (476, 20, 140, 61, 'Care of Body Part.', '2024-04-02 10:50:09', '2025-02-28 05:17:29');
INSERT INTO `lesson` (`id`, `session_id`, `subject_group_subject_id`, `subject_group_class_sections_id`, `name`, `created_at`, `updated_at`) VALUES (477, 20, 140, 61, 'My Family.', '2024-04-02 10:50:09', '2025-02-28 05:17:29');
INSERT INTO `lesson` (`id`, `session_id`, `subject_group_subject_id`, `subject_group_class_sections_id`, `name`, `created_at`, `updated_at`) VALUES (478, 20, 140, 61, 'My School.', '2024-04-02 10:50:09', '2025-02-28 05:17:29');
INSERT INTO `lesson` (`id`, `session_id`, `subject_group_subject_id`, `subject_group_class_sections_id`, `name`, `created_at`, `updated_at`) VALUES (479, 20, 139, 61, 'Basics of Computers', '2024-04-02 10:50:52', '2025-02-28 05:17:29');
INSERT INTO `lesson` (`id`, `session_id`, `subject_group_subject_id`, `subject_group_class_sections_id`, `name`, `created_at`, `updated_at`) VALUES (480, 20, 129, 57, 'Plants around us', '2024-04-02 10:52:36', '2025-02-28 05:17:29');
INSERT INTO `lesson` (`id`, `session_id`, `subject_group_subject_id`, `subject_group_class_sections_id`, `name`, `created_at`, `updated_at`) VALUES (481, 20, 129, 57, 'Water and the Sun', '2024-04-02 10:52:36', '2025-02-28 05:17:29');
INSERT INTO `lesson` (`id`, `session_id`, `subject_group_subject_id`, `subject_group_class_sections_id`, `name`, `created_at`, `updated_at`) VALUES (482, 20, 129, 57, 'Houses and Clothes', '2024-04-02 10:52:36', '2025-02-28 05:17:29');
INSERT INTO `lesson` (`id`, `session_id`, `subject_group_subject_id`, `subject_group_class_sections_id`, `name`, `created_at`, `updated_at`) VALUES (483, 20, 129, 57, ' Bones and Muscles', '2024-04-02 10:52:36', '2025-02-28 05:17:29');
INSERT INTO `lesson` (`id`, `session_id`, `subject_group_subject_id`, `subject_group_class_sections_id`, `name`, `created_at`, `updated_at`) VALUES (484, 20, 121, 53, 'The Plant Fairy', '2024-04-02 10:55:17', '2025-02-28 05:17:29');
INSERT INTO `lesson` (`id`, `session_id`, `subject_group_subject_id`, `subject_group_class_sections_id`, `name`, `created_at`, `updated_at`) VALUES (485, 20, 121, 53, 'It’s Raining', '2024-04-02 10:55:17', '2025-02-28 05:17:29');
INSERT INTO `lesson` (`id`, `session_id`, `subject_group_subject_id`, `subject_group_class_sections_id`, `name`, `created_at`, `updated_at`) VALUES (486, 20, 121, 53, 'Sharing Our Feelings', '2024-04-02 10:55:17', '2025-02-28 05:17:29');
INSERT INTO `lesson` (`id`, `session_id`, `subject_group_subject_id`, `subject_group_class_sections_id`, `name`, `created_at`, `updated_at`) VALUES (487, 20, 121, 53, 'The Story Of Food', '2024-04-02 10:55:17', '2025-02-28 05:17:29');
INSERT INTO `lesson` (`id`, `session_id`, `subject_group_subject_id`, `subject_group_class_sections_id`, `name`, `created_at`, `updated_at`) VALUES (488, 20, 113, 49, 'Adaptations in plants', '2024-04-02 10:57:17', '2025-02-28 05:17:29');
INSERT INTO `lesson` (`id`, `session_id`, `subject_group_subject_id`, `subject_group_class_sections_id`, `name`, `created_at`, `updated_at`) VALUES (489, 20, 113, 49, 'Measurement', '2024-04-02 10:57:17', '2025-02-28 05:17:29');
INSERT INTO `lesson` (`id`, `session_id`, `subject_group_subject_id`, `subject_group_class_sections_id`, `name`, `created_at`, `updated_at`) VALUES (490, 20, 113, 49, 'Universe', '2024-04-02 10:57:17', '2025-02-28 05:17:29');
INSERT INTO `lesson` (`id`, `session_id`, `subject_group_subject_id`, `subject_group_class_sections_id`, `name`, `created_at`, `updated_at`) VALUES (491, 20, 113, 49, 'Teeth and Microbes', '2024-04-02 10:57:17', '2025-02-28 05:17:29');
INSERT INTO `lesson` (`id`, `session_id`, `subject_group_subject_id`, `subject_group_class_sections_id`, `name`, `created_at`, `updated_at`) VALUES (492, 20, 104, 45, 'Natural environment', '2024-04-02 10:58:16', '2025-02-28 05:17:29');
INSERT INTO `lesson` (`id`, `session_id`, `subject_group_subject_id`, `subject_group_class_sections_id`, `name`, `created_at`, `updated_at`) VALUES (493, 20, 104, 45, 'Bones and muscles', '2024-04-02 10:58:16', '2025-02-28 05:17:29');
INSERT INTO `lesson` (`id`, `session_id`, `subject_group_subject_id`, `subject_group_class_sections_id`, `name`, `created_at`, `updated_at`) VALUES (494, 20, 104, 45, 'Force and energy', '2024-04-02 10:58:16', '2025-02-28 05:17:29');
INSERT INTO `lesson` (`id`, `session_id`, `subject_group_subject_id`, `subject_group_class_sections_id`, `name`, `created_at`, `updated_at`) VALUES (495, 20, 113, 50, 'Bones and muscles', '2024-04-02 10:58:29', '2025-02-28 05:17:29');
INSERT INTO `lesson` (`id`, `session_id`, `subject_group_subject_id`, `subject_group_class_sections_id`, `name`, `created_at`, `updated_at`) VALUES (496, 20, 122, 53, 'Weather and Climate.', '2024-04-02 11:07:45', '2025-02-28 05:17:29');
INSERT INTO `lesson` (`id`, `session_id`, `subject_group_subject_id`, `subject_group_class_sections_id`, `name`, `created_at`, `updated_at`) VALUES (497, 20, 122, 53, 'The Land of Sand.', '2024-04-02 11:07:45', '2025-02-28 05:17:29');
INSERT INTO `lesson` (`id`, `session_id`, `subject_group_subject_id`, `subject_group_class_sections_id`, `name`, `created_at`, `updated_at`) VALUES (498, 20, 122, 53, 'Transport and Communication.', '2024-04-02 11:07:45', '2025-02-28 05:17:29');
INSERT INTO `lesson` (`id`, `session_id`, `subject_group_subject_id`, `subject_group_class_sections_id`, `name`, `created_at`, `updated_at`) VALUES (499, 20, 122, 53, 'The Temperate Grasslands.', '2024-04-02 11:07:45', '2025-02-28 05:17:29');
INSERT INTO `lesson` (`id`, `session_id`, `subject_group_subject_id`, `subject_group_class_sections_id`, `name`, `created_at`, `updated_at`) VALUES (500, 20, 114, 49, 'The Temperate Grasslands.', '2024-04-02 11:08:52', '2025-02-28 05:17:29');
INSERT INTO `lesson` (`id`, `session_id`, `subject_group_subject_id`, `subject_group_class_sections_id`, `name`, `created_at`, `updated_at`) VALUES (501, 20, 114, 49, 'The Climate in Our Country', '2024-04-02 11:08:52', '2025-02-28 05:17:29');
INSERT INTO `lesson` (`id`, `session_id`, `subject_group_subject_id`, `subject_group_class_sections_id`, `name`, `created_at`, `updated_at`) VALUES (502, 20, 114, 49, 'The Great Indian Desert.', '2024-04-02 11:08:52', '2025-02-28 05:17:29');
INSERT INTO `lesson` (`id`, `session_id`, `subject_group_subject_id`, `subject_group_class_sections_id`, `name`, `created_at`, `updated_at`) VALUES (503, 20, 114, 49, 'The Coastal Plains and Islands.', '2024-04-02 11:08:52', '2025-02-28 05:17:29');
INSERT INTO `lesson` (`id`, `session_id`, `subject_group_subject_id`, `subject_group_class_sections_id`, `name`, `created_at`, `updated_at`) VALUES (504, 20, 114, 49, 'Water Resources.', '2024-04-02 11:08:52', '2025-02-28 05:17:29');
INSERT INTO `lesson` (`id`, `session_id`, `subject_group_subject_id`, `subject_group_class_sections_id`, `name`, `created_at`, `updated_at`) VALUES (505, 20, 105, 45, 'Water Resources.', '2024-04-02 11:09:29', '2025-02-28 05:17:29');
INSERT INTO `lesson` (`id`, `session_id`, `subject_group_subject_id`, `subject_group_class_sections_id`, `name`, `created_at`, `updated_at`) VALUES (506, 20, 105, 45, 'The Climate in Our Country', '2024-04-02 11:09:29', '2025-02-28 05:17:29');
INSERT INTO `lesson` (`id`, `session_id`, `subject_group_subject_id`, `subject_group_class_sections_id`, `name`, `created_at`, `updated_at`) VALUES (507, 20, 105, 45, 'The Temperate Grasslands.', '2024-04-02 11:09:29', '2025-02-28 05:17:29');
INSERT INTO `lesson` (`id`, `session_id`, `subject_group_subject_id`, `subject_group_class_sections_id`, `name`, `created_at`, `updated_at`) VALUES (508, 20, 116, 49, 'Going To School', '2024-04-02 11:18:48', '2025-02-28 05:17:29');
INSERT INTO `lesson` (`id`, `session_id`, `subject_group_subject_id`, `subject_group_class_sections_id`, `name`, `created_at`, `updated_at`) VALUES (509, 20, 116, 49, 'From the Window.', '2024-04-02 11:18:48', '2025-02-28 05:17:29');
INSERT INTO `lesson` (`id`, `session_id`, `subject_group_subject_id`, `subject_group_class_sections_id`, `name`, `created_at`, `updated_at`) VALUES (510, 20, 124, 53, 'From the Window.', '2024-04-02 11:18:58', '2025-02-28 05:17:29');
INSERT INTO `lesson` (`id`, `session_id`, `subject_group_subject_id`, `subject_group_class_sections_id`, `name`, `created_at`, `updated_at`) VALUES (511, 20, 115, 49, ' History of Computer', '2024-04-02 11:20:18', '2025-02-28 05:17:29');
INSERT INTO `lesson` (`id`, `session_id`, `subject_group_subject_id`, `subject_group_class_sections_id`, `name`, `created_at`, `updated_at`) VALUES (512, 20, 115, 49, 'MS Windows', '2024-04-02 11:20:18', '2025-02-28 05:17:29');
INSERT INTO `lesson` (`id`, `session_id`, `subject_group_subject_id`, `subject_group_class_sections_id`, `name`, `created_at`, `updated_at`) VALUES (513, 20, 132, 58, ' History of Computer', '2024-04-02 11:20:45', '2025-02-28 05:17:29');
INSERT INTO `lesson` (`id`, `session_id`, `subject_group_subject_id`, `subject_group_class_sections_id`, `name`, `created_at`, `updated_at`) VALUES (514, 20, 139, 63, ' History of Computer', '2024-04-02 11:20:55', '2025-02-28 05:17:29');
INSERT INTO `lesson` (`id`, `session_id`, `subject_group_subject_id`, `subject_group_class_sections_id`, `name`, `created_at`, `updated_at`) VALUES (515, 20, 138, 62, 'Basic Outline Practice.', '2024-04-02 11:21:39', '2025-02-28 05:17:29');
INSERT INTO `lesson` (`id`, `session_id`, `subject_group_subject_id`, `subject_group_class_sections_id`, `name`, `created_at`, `updated_at`) VALUES (516, 20, 138, 62, ' Vegetable Print Tortoise', '2024-04-02 11:21:39', '2025-02-28 05:17:29');
INSERT INTO `lesson` (`id`, `session_id`, `subject_group_subject_id`, `subject_group_class_sections_id`, `name`, `created_at`, `updated_at`) VALUES (517, 20, 123, 55, 'Internet', '2024-04-02 11:22:14', '2025-02-28 05:17:29');
INSERT INTO `lesson` (`id`, `session_id`, `subject_group_subject_id`, `subject_group_class_sections_id`, `name`, `created_at`, `updated_at`) VALUES (518, 20, 138, 61, 'Basic Art Skill', '2024-04-05 04:31:01', '2025-02-28 05:17:29');
INSERT INTO `lesson` (`id`, `session_id`, `subject_group_subject_id`, `subject_group_class_sections_id`, `name`, `created_at`, `updated_at`) VALUES (519, 20, 117, 49, 'General Knowledge', '2024-08-06 07:48:03', '2025-02-28 05:17:29');


#
# TABLE STRUCTURE FOR: lesson_plan_forum
#


CREATE TABLE `lesson_plan_forum` (
  `id` int NOT NULL AUTO_INCREMENT,
  `subject_syllabus_id` int NOT NULL,
  `type` varchar(20) NOT NULL COMMENT 'staff,student',
  `staff_id` int DEFAULT NULL,
  `student_id` int DEFAULT NULL,
  `message` text NOT NULL,
  `created_date` timestamp NULL DEFAULT CURRENT_TIMESTAMP,
  PRIMARY KEY (`id`),
  KEY `subject_syllabus_id` (`subject_syllabus_id`),
  KEY `student_id` (`student_id`),
  KEY `staff_id` (`staff_id`),
  CONSTRAINT `lesson_plan_forum_ibfk_1` FOREIGN KEY (`subject_syllabus_id`) REFERENCES `subject_syllabus` (`id`) ON DELETE CASCADE,
  CONSTRAINT `lesson_plan_forum_ibfk_2` FOREIGN KEY (`student_id`) REFERENCES `students` (`id`) ON DELETE CASCADE,
  CONSTRAINT `lesson_plan_forum_ibfk_3` FOREIGN KEY (`staff_id`) REFERENCES `staff` (`id`) ON DELETE CASCADE
) ENGINE=InnoDB AUTO_INCREMENT=236 DEFAULT CHARSET=utf8mb3;

INSERT INTO `lesson_plan_forum` (`id`, `subject_syllabus_id`, `type`, `staff_id`, `student_id`, `message`, `created_date`) VALUES (3, 5046, 'student', NULL, 1, 'good morning ', '2023-02-04 07:52:48');
INSERT INTO `lesson_plan_forum` (`id`, `subject_syllabus_id`, `type`, `staff_id`, `student_id`, `message`, `created_date`) VALUES (4, 5046, 'staff', 1, NULL, 'good Morning thomas', '2023-02-04 13:23:31');
INSERT INTO `lesson_plan_forum` (`id`, `subject_syllabus_id`, `type`, `staff_id`, `student_id`, `message`, `created_date`) VALUES (5, 5046, 'student', NULL, 1, 'Hello Sir', '2023-02-04 13:24:09');
INSERT INTO `lesson_plan_forum` (`id`, `subject_syllabus_id`, `type`, `staff_id`, `student_id`, `message`, `created_date`) VALUES (8, 5062, 'student', NULL, 1, 'hello sir ', '2023-02-11 06:51:21');
INSERT INTO `lesson_plan_forum` (`id`, `subject_syllabus_id`, `type`, `staff_id`, `student_id`, `message`, `created_date`) VALUES (9, 5062, 'student', NULL, 1, 'good morning ', '2023-02-11 06:51:30');
INSERT INTO `lesson_plan_forum` (`id`, `subject_syllabus_id`, `type`, `staff_id`, `student_id`, `message`, `created_date`) VALUES (10, 5057, 'student', NULL, 1, 'best lessons ', '2023-02-11 10:21:31');
INSERT INTO `lesson_plan_forum` (`id`, `subject_syllabus_id`, `type`, `staff_id`, `student_id`, `message`, `created_date`) VALUES (11, 5055, 'student', NULL, 1, 'hello sir ', '2023-02-13 12:33:57');
INSERT INTO `lesson_plan_forum` (`id`, `subject_syllabus_id`, `type`, `staff_id`, `student_id`, `message`, `created_date`) VALUES (25, 5067, 'student', NULL, 4, 'nice learning lessons ', '2023-03-02 08:05:23');
INSERT INTO `lesson_plan_forum` (`id`, `subject_syllabus_id`, `type`, `staff_id`, `student_id`, `message`, `created_date`) VALUES (27, 5069, 'student', NULL, 4, 'good lesson ', '2023-03-15 09:38:18');
INSERT INTO `lesson_plan_forum` (`id`, `subject_syllabus_id`, `type`, `staff_id`, `student_id`, `message`, `created_date`) VALUES (28, 5069, 'student', NULL, 4, 'yes best', '2023-03-15 15:14:07');
INSERT INTO `lesson_plan_forum` (`id`, `subject_syllabus_id`, `type`, `staff_id`, `student_id`, `message`, `created_date`) VALUES (29, 5069, 'staff', 1, NULL, 'sdfffs', '2023-03-18 11:17:25');
INSERT INTO `lesson_plan_forum` (`id`, `subject_syllabus_id`, `type`, `staff_id`, `student_id`, `message`, `created_date`) VALUES (30, 5070, 'staff', 1, NULL, 'hello', '2023-03-21 11:37:15');
INSERT INTO `lesson_plan_forum` (`id`, `subject_syllabus_id`, `type`, `staff_id`, `student_id`, `message`, `created_date`) VALUES (31, 5070, 'student', NULL, 4, 'hi ', '2023-03-21 06:08:00');
INSERT INTO `lesson_plan_forum` (`id`, `subject_syllabus_id`, `type`, `staff_id`, `student_id`, `message`, `created_date`) VALUES (32, 5070, 'staff', 1, NULL, 'dfdsf', '2023-03-21 11:38:22');
INSERT INTO `lesson_plan_forum` (`id`, `subject_syllabus_id`, `type`, `staff_id`, `student_id`, `message`, `created_date`) VALUES (33, 5070, 'student', NULL, 4, 'good morning ', '2023-03-22 04:56:59');
INSERT INTO `lesson_plan_forum` (`id`, `subject_syllabus_id`, `type`, `staff_id`, `student_id`, `message`, `created_date`) VALUES (34, 5070, 'student', NULL, 4, 'hii', '2023-03-22 04:57:07');
INSERT INTO `lesson_plan_forum` (`id`, `subject_syllabus_id`, `type`, `staff_id`, `student_id`, `message`, `created_date`) VALUES (35, 5070, 'student', NULL, 4, 'keep hard', '2023-03-22 10:27:29');
INSERT INTO `lesson_plan_forum` (`id`, `subject_syllabus_id`, `type`, `staff_id`, `student_id`, `message`, `created_date`) VALUES (36, 5070, 'student', NULL, 4, 'good morning ', '2023-03-23 07:11:42');
INSERT INTO `lesson_plan_forum` (`id`, `subject_syllabus_id`, `type`, `staff_id`, `student_id`, `message`, `created_date`) VALUES (37, 5070, 'student', NULL, 1, 'hello', '2023-03-23 12:50:05');
INSERT INTO `lesson_plan_forum` (`id`, `subject_syllabus_id`, `type`, `staff_id`, `student_id`, `message`, `created_date`) VALUES (38, 5070, 'student', NULL, 1, 'HELLO', '2023-03-23 18:21:20');
INSERT INTO `lesson_plan_forum` (`id`, `subject_syllabus_id`, `type`, `staff_id`, `student_id`, `message`, `created_date`) VALUES (39, 5070, 'student', NULL, 1, 'hiiiii', '2023-03-23 12:57:19');
INSERT INTO `lesson_plan_forum` (`id`, `subject_syllabus_id`, `type`, `staff_id`, `student_id`, `message`, `created_date`) VALUES (40, 5069, 'student', NULL, 1, 'hiii', '2023-03-23 12:57:39');
INSERT INTO `lesson_plan_forum` (`id`, `subject_syllabus_id`, `type`, `staff_id`, `student_id`, `message`, `created_date`) VALUES (42, 5069, 'student', NULL, 1, 'hiii', '2023-03-23 13:04:48');
INSERT INTO `lesson_plan_forum` (`id`, `subject_syllabus_id`, `type`, `staff_id`, `student_id`, `message`, `created_date`) VALUES (44, 5070, 'student', NULL, 1, 'hii', '2023-03-23 13:12:08');
INSERT INTO `lesson_plan_forum` (`id`, `subject_syllabus_id`, `type`, `staff_id`, `student_id`, `message`, `created_date`) VALUES (45, 5070, 'student', NULL, 1, 'hello ji', NULL);
INSERT INTO `lesson_plan_forum` (`id`, `subject_syllabus_id`, `type`, `staff_id`, `student_id`, `message`, `created_date`) VALUES (46, 5070, 'student', NULL, 1, 'hello', '2023-03-23 18:45:50');
INSERT INTO `lesson_plan_forum` (`id`, `subject_syllabus_id`, `type`, `staff_id`, `student_id`, `message`, `created_date`) VALUES (47, 5070, 'student', NULL, 1, 'hii', NULL);
INSERT INTO `lesson_plan_forum` (`id`, `subject_syllabus_id`, `type`, `staff_id`, `student_id`, `message`, `created_date`) VALUES (48, 5070, 'student', NULL, 1, 'hii', '2023-03-23 13:18:00');
INSERT INTO `lesson_plan_forum` (`id`, `subject_syllabus_id`, `type`, `staff_id`, `student_id`, `message`, `created_date`) VALUES (50, 5070, 'student', NULL, 1, 'hii', '2023-03-23 18:57:57');
INSERT INTO `lesson_plan_forum` (`id`, `subject_syllabus_id`, `type`, `staff_id`, `student_id`, `message`, `created_date`) VALUES (52, 5070, 'student', NULL, 1, 'hii', '2023-03-24 05:46:02');
INSERT INTO `lesson_plan_forum` (`id`, `subject_syllabus_id`, `type`, `staff_id`, `student_id`, `message`, `created_date`) VALUES (53, 5073, 'student', NULL, 1, 'https://demo.smart-school.in/', '2023-03-24 06:55:31');
INSERT INTO `lesson_plan_forum` (`id`, `subject_syllabus_id`, `type`, `staff_id`, `student_id`, `message`, `created_date`) VALUES (57, 5072, 'student', NULL, 1, 'https://demo.smart-school.in/', '2023-03-24 07:09:44');
INSERT INTO `lesson_plan_forum` (`id`, `subject_syllabus_id`, `type`, `staff_id`, `student_id`, `message`, `created_date`) VALUES (58, 5070, 'student', NULL, 4, 'hii', '2023-03-24 07:31:46');
INSERT INTO `lesson_plan_forum` (`id`, `subject_syllabus_id`, `type`, `staff_id`, `student_id`, `message`, `created_date`) VALUES (59, 5072, 'staff', 1, NULL, 'hello', '2023-03-24 16:46:23');
INSERT INTO `lesson_plan_forum` (`id`, `subject_syllabus_id`, `type`, `staff_id`, `student_id`, `message`, `created_date`) VALUES (60, 5073, 'student', NULL, 1, 'hello', '2023-03-25 21:45:51');
INSERT INTO `lesson_plan_forum` (`id`, `subject_syllabus_id`, `type`, `staff_id`, `student_id`, `message`, `created_date`) VALUES (61, 5073, 'student', NULL, 1, 'iiiiii', '2023-03-25 22:11:44');
INSERT INTO `lesson_plan_forum` (`id`, `subject_syllabus_id`, `type`, `staff_id`, `student_id`, `message`, `created_date`) VALUES (62, 6364, 'student', NULL, 18, 'Amazing lesson on Communication, covering all the aspects, scenarios and the ways on improving the communication skills to communicate better!', '2023-06-02 13:34:10');
INSERT INTO `lesson_plan_forum` (`id`, `subject_syllabus_id`, `type`, `staff_id`, `student_id`, `message`, `created_date`) VALUES (63, 6364, 'student', NULL, 1, 'It\'s a wonderful and comprehensive lesson , you have done your best for the topic', '2023-06-02 13:34:41');
INSERT INTO `lesson_plan_forum` (`id`, `subject_syllabus_id`, `type`, `staff_id`, `student_id`, `message`, `created_date`) VALUES (69, 6614, 'staff', 1, NULL, 'listens to the comments and ideas of others without interrupting.', '2023-06-06 10:41:34');
INSERT INTO `lesson_plan_forum` (`id`, `subject_syllabus_id`, `type`, `staff_id`, `student_id`, `message`, `created_date`) VALUES (74, 6614, 'student', NULL, 47, 'Amazing lesson on Communication, covering all the aspects, scenarios and the ways on improving the communication skills to communicate better!', '2023-06-06 10:42:47');
INSERT INTO `lesson_plan_forum` (`id`, `subject_syllabus_id`, `type`, `staff_id`, `student_id`, `message`, `created_date`) VALUES (81, 6413, 'staff', 1, NULL, 'listens to the comments and ideas of others without interrupting.', '2023-06-06 10:46:59');
INSERT INTO `lesson_plan_forum` (`id`, `subject_syllabus_id`, `type`, `staff_id`, `student_id`, `message`, `created_date`) VALUES (86, 6371, 'student', NULL, 47, 'Amazing lesson on Communication, covering all the aspects, scenarios and the ways on improving the communication skills to communicate better!', '2023-06-06 10:48:20');
INSERT INTO `lesson_plan_forum` (`id`, `subject_syllabus_id`, `type`, `staff_id`, `student_id`, `message`, `created_date`) VALUES (88, 6371, 'student', NULL, 1, 'It\'s a wonderful and comprehensive lesson , you have done your best for the topic', '2023-06-06 10:54:46');
INSERT INTO `lesson_plan_forum` (`id`, `subject_syllabus_id`, `type`, `staff_id`, `student_id`, `message`, `created_date`) VALUES (89, 6369, 'student', NULL, 1, 'It\'s a wonderful and comprehensive lesson , you have done your best for the topic', '2023-06-06 10:54:51');
INSERT INTO `lesson_plan_forum` (`id`, `subject_syllabus_id`, `type`, `staff_id`, `student_id`, `message`, `created_date`) VALUES (92, 6464, 'staff', 1, NULL, 'frequently discusses concepts about which they have read.', '2023-06-06 10:55:45');
INSERT INTO `lesson_plan_forum` (`id`, `subject_syllabus_id`, `type`, `staff_id`, `student_id`, `message`, `created_date`) VALUES (96, 6523, 'staff', 1, NULL, 'writes clearly and with purpose.', '2023-06-06 10:56:19');
INSERT INTO `lesson_plan_forum` (`id`, `subject_syllabus_id`, `type`, `staff_id`, `student_id`, `message`, `created_date`) VALUES (105, 6372, 'student', NULL, 1, 'Amazing lesson on Communication, covering all the aspects, scenarios and the ways on improving the communication skills to communicate better!', '2023-06-06 10:58:38');
INSERT INTO `lesson_plan_forum` (`id`, `subject_syllabus_id`, `type`, `staff_id`, `student_id`, `message`, `created_date`) VALUES (106, 6374, 'student', NULL, 1, 'Amazing lesson on Communication, covering all the aspects, scenarios and the ways on improving the communication skills to communicate better!', '2023-06-06 10:58:43');
INSERT INTO `lesson_plan_forum` (`id`, `subject_syllabus_id`, `type`, `staff_id`, `student_id`, `message`, `created_date`) VALUES (108, 6371, 'staff', 1, NULL, 'frequently discusses concepts about which they have read.', '2023-06-06 10:59:14');
INSERT INTO `lesson_plan_forum` (`id`, `subject_syllabus_id`, `type`, `staff_id`, `student_id`, `message`, `created_date`) VALUES (110, 6374, 'staff', 1, NULL, 'frequently discusses concepts about which they have read.', '2023-06-06 11:01:03');
INSERT INTO `lesson_plan_forum` (`id`, `subject_syllabus_id`, `type`, `staff_id`, `student_id`, `message`, `created_date`) VALUES (112, 6519, 'staff', 1, NULL, 'frequently discusses concepts about which they have read.', '2023-06-06 11:02:42');
INSERT INTO `lesson_plan_forum` (`id`, `subject_syllabus_id`, `type`, `staff_id`, `student_id`, `message`, `created_date`) VALUES (115, 6585, 'staff', 1, NULL, 'frequently discusses concepts about which they have read.', '2023-06-06 11:03:44');
INSERT INTO `lesson_plan_forum` (`id`, `subject_syllabus_id`, `type`, `staff_id`, `student_id`, `message`, `created_date`) VALUES (117, 6587, 'staff', 1, NULL, 'follows directions.', '2023-06-06 11:04:02');
INSERT INTO `lesson_plan_forum` (`id`, `subject_syllabus_id`, `type`, `staff_id`, `student_id`, `message`, `created_date`) VALUES (119, 6625, 'staff', 1, NULL, 'frequently discusses concepts about which they have read.', '2023-06-06 11:04:12');
INSERT INTO `lesson_plan_forum` (`id`, `subject_syllabus_id`, `type`, `staff_id`, `student_id`, `message`, `created_date`) VALUES (124, 6141, 'staff', 1, NULL, 'frequently discusses concepts about which they have read.', '2023-06-06 11:04:54');
INSERT INTO `lesson_plan_forum` (`id`, `subject_syllabus_id`, `type`, `staff_id`, `student_id`, `message`, `created_date`) VALUES (125, 6369, 'student', NULL, 17, 'Amazing lesson on Communication, covering all the aspects, scenarios and the ways on improving the communication skills to communicate better!', '2023-06-06 11:05:19');
INSERT INTO `lesson_plan_forum` (`id`, `subject_syllabus_id`, `type`, `staff_id`, `student_id`, `message`, `created_date`) VALUES (128, 6372, 'student', NULL, 6, 'It\'s a wonderful and comprehensive lesson , you have done your best for the topic', '2023-06-06 11:10:21');
INSERT INTO `lesson_plan_forum` (`id`, `subject_syllabus_id`, `type`, `staff_id`, `student_id`, `message`, `created_date`) VALUES (133, 6157, 'staff', 1, NULL, 'frequently discusses concepts about which they have read.', '2023-06-06 11:11:06');
INSERT INTO `lesson_plan_forum` (`id`, `subject_syllabus_id`, `type`, `staff_id`, `student_id`, `message`, `created_date`) VALUES (136, 6251, 'staff', 1, NULL, 'frequently discusses concepts about which they have read.', '2023-06-06 11:11:25');
INSERT INTO `lesson_plan_forum` (`id`, `subject_syllabus_id`, `type`, `staff_id`, `student_id`, `message`, `created_date`) VALUES (138, 6396, 'staff', 1, NULL, 'frequently discusses concepts about which they have read.', '2023-06-06 11:11:48');
INSERT INTO `lesson_plan_forum` (`id`, `subject_syllabus_id`, `type`, `staff_id`, `student_id`, `message`, `created_date`) VALUES (140, 6394, 'staff', 1, NULL, 'writes clearly and with purpose.', '2023-06-06 11:12:00');
INSERT INTO `lesson_plan_forum` (`id`, `subject_syllabus_id`, `type`, `staff_id`, `student_id`, `message`, `created_date`) VALUES (141, 6393, 'staff', 1, NULL, 'writes clearly and with purpose.', '2023-06-06 11:12:06');
INSERT INTO `lesson_plan_forum` (`id`, `subject_syllabus_id`, `type`, `staff_id`, `student_id`, `message`, `created_date`) VALUES (142, 6403, 'staff', 1, NULL, 'writes clearly and with purpose.', '2023-06-06 11:16:41');
INSERT INTO `lesson_plan_forum` (`id`, `subject_syllabus_id`, `type`, `staff_id`, `student_id`, `message`, `created_date`) VALUES (144, 6405, 'staff', 1, NULL, 'frequently discusses concepts about which they have read.', '2023-06-06 11:16:54');
INSERT INTO `lesson_plan_forum` (`id`, `subject_syllabus_id`, `type`, `staff_id`, `student_id`, `message`, `created_date`) VALUES (152, 6985, 'staff', 1, NULL, 'frequently discusses concepts about which they have read.', '2023-07-08 11:06:57');
INSERT INTO `lesson_plan_forum` (`id`, `subject_syllabus_id`, `type`, `staff_id`, `student_id`, `message`, `created_date`) VALUES (162, 6824, 'staff', 1, NULL, 'listens to the comments and ideas of others without interrupting', '2023-07-08 11:13:38');
INSERT INTO `lesson_plan_forum` (`id`, `subject_syllabus_id`, `type`, `staff_id`, `student_id`, `message`, `created_date`) VALUES (173, 6989, 'staff', 1, NULL, 'listens to the comments and ideas of others without interrupting', '2023-07-08 11:16:56');
INSERT INTO `lesson_plan_forum` (`id`, `subject_syllabus_id`, `type`, `staff_id`, `student_id`, `message`, `created_date`) VALUES (175, 6990, 'staff', 1, NULL, 'listens to the comments and ideas of others without interrupting', '2023-07-08 11:17:09');
INSERT INTO `lesson_plan_forum` (`id`, `subject_syllabus_id`, `type`, `staff_id`, `student_id`, `message`, `created_date`) VALUES (177, 6948, 'staff', 1, NULL, 'frequently discusses concepts about which they have read.', '2023-07-08 11:17:30');
INSERT INTO `lesson_plan_forum` (`id`, `subject_syllabus_id`, `type`, `staff_id`, `student_id`, `message`, `created_date`) VALUES (179, 6993, 'staff', 1, NULL, 'listens to the comments and ideas of others without interrupting', '2023-07-08 11:19:30');
INSERT INTO `lesson_plan_forum` (`id`, `subject_syllabus_id`, `type`, `staff_id`, `student_id`, `message`, `created_date`) VALUES (188, 6829, 'staff', 1, NULL, 'listens to the comments and ideas of others without interrupting', '2023-07-08 11:21:21');
INSERT INTO `lesson_plan_forum` (`id`, `subject_syllabus_id`, `type`, `staff_id`, `student_id`, `message`, `created_date`) VALUES (194, 6826, 'student', NULL, 1, 'It\'s a wonderful and comprehensive lesson , you have done your best for the topic', '2023-07-08 11:22:24');
INSERT INTO `lesson_plan_forum` (`id`, `subject_syllabus_id`, `type`, `staff_id`, `student_id`, `message`, `created_date`) VALUES (197, 6820, 'student', NULL, 10, 'It\'s a wonderful and comprehensive lesson , you have done your best for the topic', '2023-07-08 11:27:09');
INSERT INTO `lesson_plan_forum` (`id`, `subject_syllabus_id`, `type`, `staff_id`, `student_id`, `message`, `created_date`) VALUES (198, 6799, 'student', NULL, 8, 'It\'s a wonderful and comprehensive lesson , you have done your best for the topic', '2023-07-08 11:27:47');
INSERT INTO `lesson_plan_forum` (`id`, `subject_syllabus_id`, `type`, `staff_id`, `student_id`, `message`, `created_date`) VALUES (201, 7053, 'staff', 1, NULL, 'The daily lesson goals and objectives are clearly stated.', '2023-08-07 14:41:53');
INSERT INTO `lesson_plan_forum` (`id`, `subject_syllabus_id`, `type`, `staff_id`, `student_id`, `message`, `created_date`) VALUES (203, 7375, 'staff', 1, NULL, 'The daily lesson goals and objectives are clearly stated.', '2023-08-07 14:42:18');
INSERT INTO `lesson_plan_forum` (`id`, `subject_syllabus_id`, `type`, `staff_id`, `student_id`, `message`, `created_date`) VALUES (209, 7268, 'staff', 1, NULL, 'The daily lesson goals and objectives are clearly stated', '2023-08-07 14:49:41');
INSERT INTO `lesson_plan_forum` (`id`, `subject_syllabus_id`, `type`, `staff_id`, `student_id`, `message`, `created_date`) VALUES (220, 7311, 'staff', 1, NULL, 'The lesson plan evidences in-depth thought, planning and organization', '2023-08-07 14:53:30');
INSERT INTO `lesson_plan_forum` (`id`, `subject_syllabus_id`, `type`, `staff_id`, `student_id`, `message`, `created_date`) VALUES (224, 7313, 'staff', 1, NULL, 'The lesson plan evidences in-depth thought, planning and organization', '2023-08-07 14:53:53');
INSERT INTO `lesson_plan_forum` (`id`, `subject_syllabus_id`, `type`, `staff_id`, `student_id`, `message`, `created_date`) VALUES (225, 7334, 'staff', 1, NULL, 'The lesson plan evidences in-depth thought, planning and organization', '2023-08-07 14:54:06');
INSERT INTO `lesson_plan_forum` (`id`, `subject_syllabus_id`, `type`, `staff_id`, `student_id`, `message`, `created_date`) VALUES (226, 7314, 'staff', 1, NULL, 'The lesson plan evidences in-depth thought, planning and organization', '2023-08-07 14:54:13');
INSERT INTO `lesson_plan_forum` (`id`, `subject_syllabus_id`, `type`, `staff_id`, `student_id`, `message`, `created_date`) VALUES (230, 7309, 'staff', 1, NULL, 'The lesson plan evidences in-depth thought, planning and organization.', '2023-08-07 14:55:27');
INSERT INTO `lesson_plan_forum` (`id`, `subject_syllabus_id`, `type`, `staff_id`, `student_id`, `message`, `created_date`) VALUES (234, 10114, 'student', NULL, 1, 'It was really great lesson ..', '2024-04-05 12:54:20');
INSERT INTO `lesson_plan_forum` (`id`, `subject_syllabus_id`, `type`, `staff_id`, `student_id`, `message`, `created_date`) VALUES (235, 10118, 'student', NULL, 1, 'It was little bit tough chapter but through this lesson we have learned it very well.... Thankyou', '2024-04-05 12:57:23');


#
# TABLE STRUCTURE FOR: libarary_members
#

